{"id":24573,"date":"2016-06-17T11:39:09","date_gmt":"2016-06-17T11:39:09","guid":{"rendered":"https:\/\/www.urlaubcornwall.de\/blog\/?page_id=24573"},"modified":"2024-05-29T12:19:46","modified_gmt":"2024-05-29T12:19:46","slug":"urlaub-torquay-unterkunft-sehenswuerdigkeiten-und-geschichte","status":"publish","type":"page","link":"https:\/\/www.urlaubcornwall.de\/blog\/urlaub-torquay-unterkunft-sehenswuerdigkeiten-und-geschichte\/","title":{"rendered":"Urlaub Torquay: Unterkunft, Sehensw\u00fcrdigkeiten und Geschichte"},"content":{"rendered":"<p style=\"text-align: left;\"><img loading=\"lazy\" class=\"aligncenter size-full wp-image-47875\" src=\"https:\/\/www.urlaubcornwall.de\/blog\/wp-content\/uploads\/2024\/03\/torquay.jpg\" alt=\"torquay\" width=\"750\" height=\"500\" srcset=\"https:\/\/www.urlaubcornwall.de\/blog\/wp-content\/uploads\/2024\/03\/torquay.jpg 750w, https:\/\/www.urlaubcornwall.de\/blog\/wp-content\/uploads\/2024\/03\/torquay-300x200.jpg 300w\" sizes=\"(max-width: 750px) 100vw, 750px\" \/><\/p>\n<p><a href=\"https:\/\/www.urlaubcornwall.de\/ferienhaeuser-fewos\/eng\/sued-devon\/torquay.html\">Torquay<\/a>, <a href=\"https:\/\/www.urlaubcornwall.de\/ferienhaeuser-fewos\/eng\/sued-devon\/paignton.html\">Paignton<\/a> und <a href=\"https:\/\/www.urlaubcornwall.de\/ferienhaeuser-fewos\/eng\/sued-devon\/brixham.html\">Brixham<\/a> bilden gemeinsam Tor Bay, eine der beliebtesten Urlaubsregionen des UK f\u00fcr Urlaube am Meer. Palmen und weitere subtropische Pflanzen gedeihen im milden Klima und mit Hunderten von Jachten und kleinen Booten im Hafen ist es unschwer zu erkennen, weshalb es die <a href=\"https:\/\/www.urlaubcornwall.de\/blog\/urlaub-in-devon\/\">Englische Riviera<\/a> genannt wird.<\/p>\n<p><strong>Sehensw\u00fcrdigkeiten in Torquay<\/strong><\/p>\n<p><strong>Torquay Hafen &amp; Marina:<\/strong> Der <a href=\"https:\/\/www.urlaubcornwall.de\/ferienhaeuser-fewos\/eng\/sued-devon\/torquay-am-meer.html\">Hafen Torquays<\/a> wird von zwei Kais gesch\u00fctzt, dem Princess Kai im Westen und Haldon Kai im S\u00fcden. Der Princess Kai ist ein beliebter Ort, um zu promenieren, mit einer Menge an Sitzm\u00f6glichkeiten, um den Blick zu genie\u00dfen. Er eignet sich auch gro\u00dfartig zum Angeln. Die markante Millennium Fu\u00dfbr\u00fccke \u00fcberspannt die Einfahrt zum inneren Hafen und ist bei Nacht beleuchtet. Die Hafengegend ist voller Caf\u00e9s, Restaurants, Bars und Shops, und das gesamte Gebiet vermittelt ein lebendiges Gef\u00fchl und l\u00e4sst den Hafen zum wichtigsten Knotenpunkt der Stadt werden.<\/p>\n<div class=\"snippet\"> <a class=\"featured-item\" href=\"https:\/\/www.urlaubcornwall.de\/ferienhaeuser\/suedengland.php\"> <span class=\"image-holder\" style=\"background-image: url('https:\/\/www.urlaubcornwall.de\/blog\/wp-content\/uploads\/2018\/12\/ferienhaus-cornwall-mit-hund.jpg');\"><\/span> <span class=\"featured-content\"> \n<h2 class=\"featured-title\">Ferienh\u00e4user in Torquay &#038; durch S\u00fcdengland<\/h2>\n<p class=\"featured-body\">Bei uns finden Sie Ferienh\u00e4user zum Verlieben &#8211; so einfach ist das! Dank seiner langen Geschichte, der reizvollen Landschaften und seinen vielen Attraktionen ist S\u00fcdengland ein wahres Mekka f\u00fcr Urlauber&#8230;..<\/p><\/span> <span class=\"featured-link-holder\"> <span class=\"featured-extra-info\"> \n<p>Pers\u00f6nlich inspizierter Ferienh\u00e4user<\/p>\n<\/span> \n<p class=\"featured-link\">DETAILS<\/p>\n<\/span> <\/a><\/div>\n<p><strong>Cockington:<\/strong> Lediglich ein paar Meilen westlich von Torquay befindet sich das malerische, fundamentale Dorf Cockington mit seinen reetgedeckten H\u00e4usern und der Gr\u00fcnfl\u00e4che.&nbsp; Cockington Court, das sich lediglich eine Meile vom Meeresufer entfernt befindet, ist ein historisches Herrenhaus mit Kunststudios, Kunstgalerien, einem Tudor-Rosengarten und Teer\u00e4umen.<\/p>\n<p><strong>Torre Abbey und Spanish Barn:<\/strong> Torre Abbey wurde 1196 als Kloster gegr\u00fcndet, wurde dann sp\u00e4ter Ruine und 1662 von der Cary Familie gekauft und war f\u00fcr 300 Jahre privates Familienzuhause. Das Geb\u00e4ude wurde 1930 von der Stadt&nbsp; erworben und in eine Kunstgalerie verwandelt. Sie verf\u00fcgt \u00fcber 122 R\u00e4ume auf 20 verschiedenen Ebenen mit 265 Stufen. Der Spanish Barn (Spanische Schuppen), der sich ebenfalls an der Abtei befindet, ist ein weiteres der ber\u00fchmtesten Geb\u00e4ude der Englischen Riviera. Es war eine mittelalterliche Zehntscheune, urspr\u00fcnglich erbaut, um die Steuern aufzubewahren, welche an die Abtei in Form von Getreide, Heu oder weiteren landwirtschaftlichen Produkten gezahlt wurden. W\u00e4hrend der spanischen Armada wurde es dazu benutzt, 397 Gefangene unterzubringen, die von Sir Francis Drake gefangen genommen wurden. Heute finden hier Ausstellungen und Musikveranstaltungen statt.<\/p>\n<p><script async src=\"https:\/\/pagead2.googlesyndication.com\/pagead\/js\/adsbygoogle.js?client=ca-pub-3901089389175725\"\n     crossorigin=\"anonymous\"><\/script><br \/>\n<!-- New UC --><br \/>\n<ins class=\"adsbygoogle\"\n     style=\"display:block\"\n     data-ad-client=\"ca-pub-3901089389175725\"\n     data-ad-slot=\"8080314818\"\n     data-ad-format=\"auto\"\n     data-full-width-responsive=\"true\"><\/ins><br \/>\n<script>\n     (adsbygoogle = window.adsbygoogle || []).push({});\n<\/script><\/p>\n<p><strong>Agatha Christie Festival:<\/strong> Agatha Christie, eine der Bestseller-Autoren der Welt, wurde 1890 in Torquay geboren; sie schrieb mehr als 80 B\u00fccher und viele der Orte in den B\u00fcchern bildeten den Rahmen ihrer Krimis. Folgen Sie der Agatha Christie Meile durch die Stadt und halten Sie Ausschau nach Orten, die sie in ihrem Leben und Arbeiten inspiriert haben. Details zur Wanderung sind im Besucherinformationszentrum am Hafen erh\u00e4ltlich. Das Agatha Christie Festival wird von September 2017 an ein jedes zweite Jahr stattfindende einw\u00f6chige Festival sein, um ihr Leben, ihre Literatur und ihr Erbe mit besonderen Feierlichkeiten zu ihrem Geburtstag am 15. September zu ehren.<\/p>\n<div class=\"snippet\"> <a class=\"featured-item\" href=\"https:\/\/www.urlaubcornwall.de\/rundreisen\/cornwall-suedengland.php\"> <span class=\"image-holder\" style=\"background-image: url('https:\/\/www.urlaubcornwall.de\/blog\/wp-content\/uploads\/2019\/01\/DiTn0QVWsAIOgjG.jpg');\"><\/span> <span class=\"featured-content\"> \n<h2 class=\"featured-title\">Rundreisen Devon &#038; S\u00fcdengland eine perfekte Kombination<\/h2>\n<p class=\"featured-body\">Die perfekte Reisem\u00f6glichkeit und erm\u00f6glicht es Ihnen, Entdeckungen zu machen und einen Urlaub im eigenen Schritttempo&#8230;.<\/p><\/span> <span class=\"featured-link-holder\"> <span class=\"featured-extra-info\"> \n<p>F\u00fcr Paare, Familien &#038; Gruppen<\/p>\n<\/span> \n<p class=\"featured-link\">DETAILS<\/p>\n<\/span> <\/a><\/div>\n<p><strong>Babbacombe Modelldorf:<\/strong> Das Modelldorf Babbacombe ist ein entz\u00fcckender Ort f\u00fcr einen Besuch am Tage oder am Abend. Nach der D\u00e4mmerung beleuchten Tausende winziger Lichter die kleinen Geb\u00e4ude, Stra\u00dfen und G\u00e4rten und schaffen so eine magische Atmosph\u00e4re. Die 4 Ar G\u00e4rten und englisches Leben in Miniatur bieten einen gro\u00dfartigen Tagesausflug f\u00fcr die Familie.<\/p>\n<p style=\"text-align: center;\"><a class=\"tidycta\" href=\"https:\/\/www.urlaubcornwall.de\/ferienhaeuser-fewos\/eng\/sued-devon\/torquay.html\">Suche Ferienh\u00e4user Torquay ><\/a><\/p>\n","protected":false},"excerpt":{"rendered":"<p>Torquay, Paignton und Brixham bilden gemeinsam Tor Bay, eine der beliebtesten Urlaubsregionen des UK f\u00fcr Urlaube am Meer. Palmen und weitere subtropische Pflanzen gedeihen im milden Klima und mit Hunderten von Jachten und kleinen Booten im Hafen ist es unschwer zu erkennen, weshalb es die Englische Riviera genannt wird. Sehensw\u00fcrdigkeiten in Torquay Torquay Hafen &amp; [&hellip;]<\/p>\n","protected":false},"author":1,"featured_media":0,"parent":0,"menu_order":0,"comment_status":"closed","ping_status":"closed","template":"single-four.php","meta":[],"acf":[],"yoast_head":"<!-- This site is optimized with the Yoast SEO plugin v19.4 - https:\/\/yoast.com\/wordpress\/plugins\/seo\/ -->\n<title>Urlaub Torquay: Unterkunft, Sehensw\u00fcrdigkeiten und Geschichte - Urlaub &amp; Reisen<\/title>\n<meta name=\"robots\" content=\"index, follow, max-snippet:-1, max-image-preview:large, max-video-preview:-1\" \/>\n<link rel=\"canonical\" href=\"https:\/\/www.urlaubcornwall.de\/blog\/urlaub-torquay-unterkunft-sehenswuerdigkeiten-und-geschichte\/\" \/>\n<meta property=\"og:locale\" content=\"en_US\" \/>\n<meta property=\"og:type\" content=\"article\" \/>\n<meta property=\"og:title\" content=\"Urlaub Torquay: Unterkunft, Sehensw\u00fcrdigkeiten und Geschichte - Urlaub &amp; Reisen\" \/>\n<meta property=\"og:description\" content=\"Torquay, Paignton und Brixham bilden gemeinsam Tor Bay, eine der beliebtesten Urlaubsregionen des UK f\u00fcr Urlaube am Meer. Palmen und weitere subtropische Pflanzen gedeihen im milden Klima und mit Hunderten von Jachten und kleinen Booten im Hafen ist es unschwer zu erkennen, weshalb es die Englische Riviera genannt wird. Sehensw\u00fcrdigkeiten in Torquay Torquay Hafen &amp; [&hellip;]\" \/>\n<meta property=\"og:url\" content=\"https:\/\/www.urlaubcornwall.de\/blog\/urlaub-torquay-unterkunft-sehenswuerdigkeiten-und-geschichte\/\" \/>\n<meta property=\"og:site_name\" content=\"Urlaub &amp; Reisen\" \/>\n<meta property=\"article:modified_time\" content=\"2024-05-29T12:19:46+00:00\" \/>\n<meta property=\"og:image\" content=\"https:\/\/www.urlaubcornwall.de\/blog\/wp-content\/uploads\/2024\/03\/torquay.jpg\" \/>\n<meta name=\"twitter:card\" content=\"summary\" \/>\n<meta name=\"twitter:label1\" content=\"Est. reading time\" \/>\n\t<meta name=\"twitter:data1\" content=\"3 minutes\" \/>\n<script type=\"application\/ld+json\" class=\"yoast-schema-graph\">{\"@context\":\"https:\/\/schema.org\",\"@graph\":[{\"@type\":\"WebSite\",\"@id\":\"https:\/\/www.urlaubcornwall.de\/blog\/#website\",\"url\":\"https:\/\/www.urlaubcornwall.de\/blog\/\",\"name\":\"Urlaub &amp; Reisen\",\"description\":\"Urlaub, Reisen, Cornwall und S\u00fcdengland: eine perfekte Kombination\",\"potentialAction\":[{\"@type\":\"SearchAction\",\"target\":{\"@type\":\"EntryPoint\",\"urlTemplate\":\"https:\/\/www.urlaubcornwall.de\/blog\/?s={search_term_string}\"},\"query-input\":\"required name=search_term_string\"}],\"inLanguage\":\"en-US\"},{\"@type\":\"WebPage\",\"@id\":\"https:\/\/www.urlaubcornwall.de\/blog\/urlaub-torquay-unterkunft-sehenswuerdigkeiten-und-geschichte\/\",\"url\":\"https:\/\/www.urlaubcornwall.de\/blog\/urlaub-torquay-unterkunft-sehenswuerdigkeiten-und-geschichte\/\",\"name\":\"Urlaub Torquay: Unterkunft, Sehensw\u00fcrdigkeiten und Geschichte - Urlaub &amp; Reisen\",\"isPartOf\":{\"@id\":\"https:\/\/www.urlaubcornwall.de\/blog\/#website\"},\"datePublished\":\"2016-06-17T11:39:09+00:00\",\"dateModified\":\"2024-05-29T12:19:46+00:00\",\"breadcrumb\":{\"@id\":\"https:\/\/www.urlaubcornwall.de\/blog\/urlaub-torquay-unterkunft-sehenswuerdigkeiten-und-geschichte\/#breadcrumb\"},\"inLanguage\":\"en-US\",\"potentialAction\":[{\"@type\":\"ReadAction\",\"target\":[\"https:\/\/www.urlaubcornwall.de\/blog\/urlaub-torquay-unterkunft-sehenswuerdigkeiten-und-geschichte\/\"]}]},{\"@type\":\"BreadcrumbList\",\"@id\":\"https:\/\/www.urlaubcornwall.de\/blog\/urlaub-torquay-unterkunft-sehenswuerdigkeiten-und-geschichte\/#breadcrumb\",\"itemListElement\":[{\"@type\":\"ListItem\",\"position\":1,\"name\":\"Home\",\"item\":\"https:\/\/www.urlaubcornwall.de\/blog\/\"},{\"@type\":\"ListItem\",\"position\":2,\"name\":\"Urlaub Torquay: Unterkunft, Sehensw\u00fcrdigkeiten und Geschichte\"}]}]}<\/script>\n<!-- \/ Yoast SEO plugin. -->","yoast_head_json":{"title":"Urlaub Torquay: Unterkunft, Sehensw\u00fcrdigkeiten und Geschichte - Urlaub &amp; Reisen","robots":{"index":"index","follow":"follow","max-snippet":"max-snippet:-1","max-image-preview":"max-image-preview:large","max-video-preview":"max-video-preview:-1"},"canonical":"https:\/\/www.urlaubcornwall.de\/blog\/urlaub-torquay-unterkunft-sehenswuerdigkeiten-und-geschichte\/","og_locale":"en_US","og_type":"article","og_title":"Urlaub Torquay: Unterkunft, Sehensw\u00fcrdigkeiten und Geschichte - Urlaub &amp; Reisen","og_description":"Torquay, Paignton und Brixham bilden gemeinsam Tor Bay, eine der beliebtesten Urlaubsregionen des UK f\u00fcr Urlaube am Meer. Palmen und weitere subtropische Pflanzen gedeihen im milden Klima und mit Hunderten von Jachten und kleinen Booten im Hafen ist es unschwer zu erkennen, weshalb es die Englische Riviera genannt wird. Sehensw\u00fcrdigkeiten in Torquay Torquay Hafen &amp; [&hellip;]","og_url":"https:\/\/www.urlaubcornwall.de\/blog\/urlaub-torquay-unterkunft-sehenswuerdigkeiten-und-geschichte\/","og_site_name":"Urlaub &amp; Reisen","article_modified_time":"2024-05-29T12:19:46+00:00","og_image":[{"url":"https:\/\/www.urlaubcornwall.de\/blog\/wp-content\/uploads\/2024\/03\/torquay.jpg"}],"twitter_card":"summary","twitter_misc":{"Est. reading time":"3 minutes"},"schema":{"@context":"https:\/\/schema.org","@graph":[{"@type":"WebSite","@id":"https:\/\/www.urlaubcornwall.de\/blog\/#website","url":"https:\/\/www.urlaubcornwall.de\/blog\/","name":"Urlaub &amp; Reisen","description":"Urlaub, Reisen, Cornwall und S\u00fcdengland: eine perfekte Kombination","potentialAction":[{"@type":"SearchAction","target":{"@type":"EntryPoint","urlTemplate":"https:\/\/www.urlaubcornwall.de\/blog\/?s={search_term_string}"},"query-input":"required name=search_term_string"}],"inLanguage":"en-US"},{"@type":"WebPage","@id":"https:\/\/www.urlaubcornwall.de\/blog\/urlaub-torquay-unterkunft-sehenswuerdigkeiten-und-geschichte\/","url":"https:\/\/www.urlaubcornwall.de\/blog\/urlaub-torquay-unterkunft-sehenswuerdigkeiten-und-geschichte\/","name":"Urlaub Torquay: Unterkunft, Sehensw\u00fcrdigkeiten und Geschichte - Urlaub &amp; Reisen","isPartOf":{"@id":"https:\/\/www.urlaubcornwall.de\/blog\/#website"},"datePublished":"2016-06-17T11:39:09+00:00","dateModified":"2024-05-29T12:19:46+00:00","breadcrumb":{"@id":"https:\/\/www.urlaubcornwall.de\/blog\/urlaub-torquay-unterkunft-sehenswuerdigkeiten-und-geschichte\/#breadcrumb"},"inLanguage":"en-US","potentialAction":[{"@type":"ReadAction","target":["https:\/\/www.urlaubcornwall.de\/blog\/urlaub-torquay-unterkunft-sehenswuerdigkeiten-und-geschichte\/"]}]},{"@type":"BreadcrumbList","@id":"https:\/\/www.urlaubcornwall.de\/blog\/urlaub-torquay-unterkunft-sehenswuerdigkeiten-und-geschichte\/#breadcrumb","itemListElement":[{"@type":"ListItem","position":1,"name":"Home","item":"https:\/\/www.urlaubcornwall.de\/blog\/"},{"@type":"ListItem","position":2,"name":"Urlaub Torquay: Unterkunft, Sehensw\u00fcrdigkeiten und Geschichte"}]}]}},"_links":{"self":[{"href":"https:\/\/www.urlaubcornwall.de\/blog\/wp-json\/wp\/v2\/pages\/24573"}],"collection":[{"href":"https:\/\/www.urlaubcornwall.de\/blog\/wp-json\/wp\/v2\/pages"}],"about":[{"href":"https:\/\/www.urlaubcornwall.de\/blog\/wp-json\/wp\/v2\/types\/page"}],"author":[{"embeddable":true,"href":"https:\/\/www.urlaubcornwall.de\/blog\/wp-json\/wp\/v2\/users\/1"}],"replies":[{"embeddable":true,"href":"https:\/\/www.urlaubcornwall.de\/blog\/wp-json\/wp\/v2\/comments?post=24573"}],"version-history":[{"count":16,"href":"https:\/\/www.urlaubcornwall.de\/blog\/wp-json\/wp\/v2\/pages\/24573\/revisions"}],"predecessor-version":[{"id":50647,"href":"https:\/\/www.urlaubcornwall.de\/blog\/wp-json\/wp\/v2\/pages\/24573\/revisions\/50647"}],"wp:attachment":[{"href":"https:\/\/www.urlaubcornwall.de\/blog\/wp-json\/wp\/v2\/media?parent=24573"}],"curies":[{"name":"wp","href":"https:\/\/api.w.org\/{rel}","templated":true}]}}