{"id":24549,"date":"2016-06-17T08:20:53","date_gmt":"2016-06-17T08:20:53","guid":{"rendered":"https:\/\/www.urlaubcornwall.de\/blog\/?page_id=24549"},"modified":"2024-05-29T12:23:02","modified_gmt":"2024-05-29T12:23:02","slug":"urlaub-kingsbridge-unterkunft-sehenswuerdigkeiten-und-geschichte","status":"publish","type":"page","link":"https:\/\/www.urlaubcornwall.de\/blog\/urlaub-kingsbridge-unterkunft-sehenswuerdigkeiten-und-geschichte\/","title":{"rendered":"Urlaub Kingsbridge: Unterkunft, Sehensw\u00fcrdigkeiten und Geschichte"},"content":{"rendered":"<p><a href=\"https:\/\/www.urlaubcornwall.de\/blog\/wp-content\/uploads\/2018\/03\/lastminute-sonderangebote-devon.jpg\"><img loading=\"lazy\" src=\"https:\/\/www.urlaubcornwall.de\/blog\/wp-content\/uploads\/2018\/03\/lastminute-sonderangebote-devon.jpg\" alt=\"devon am meer kingswear\" width=\"751\" height=\"360\" class=\"alignnone size-full wp-image-33394\" srcset=\"https:\/\/www.urlaubcornwall.de\/blog\/wp-content\/uploads\/2018\/03\/lastminute-sonderangebote-devon.jpg 751w, https:\/\/www.urlaubcornwall.de\/blog\/wp-content\/uploads\/2018\/03\/lastminute-sonderangebote-devon-300x144.jpg 300w\" sizes=\"(max-width: 751px) 100vw, 751px\" \/><\/a><\/p>\n<p>Kingsbridge in <a href=\"https:\/\/www.urlaubcornwall.de\/blog\/urlaub-in-devon\/\">Devon<\/a>, liegt an seiner ganz eigenen Flussm\u00fcndung in einem Gebiet besonderer Natursch\u00f6nheit. Diese interessante alte Marktstadt zieht eine Menge Besucher an und bewahrt sich dennoch einen friedlichen Charme und eine freundliche Atmosph\u00e4re. Es ist am sch\u00f6nsten dort, wenn die Flut die Schlammb\u00e4nke der Bucht bedeckt und die kleinen Boote im Hafen vor Anker liegen. Es ist bekannt f\u00fcr seine M\u00e4rkte, wo Sie eine erstaunliche Vielfalt \u00f6rtlicher Produkte kaufen k\u00f6nnen.<\/p>\n<p><strong>Sehensw\u00fcrdigkeiten in Kingsbridge &amp; S\u00fcddevon<\/strong><\/p>\n<p><img loading=\"lazy\" class=\"aligncenter size-full wp-image-24551\" src=\"https:\/\/www.urlaubcornwall.de\/blog\/wp-content\/uploads\/2016\/06\/bigbury-am-meer.jpg\" alt=\"bigbury devon urlaub\" width=\"749\" height=\"427\" \/><\/p>\n<p><strong>Bigbury on Sea:<\/strong> In der N\u00e4he befindet sich das Dorf Bigbury on Sea, und vom Bigbury Strand aus k\u00f6nnen Sie bei Ebbe zur Insel Burgh spazieren. Bei Flut bringt Sie ein einzigartiger \u201eMeerestraktor\u201c hin\u00fcber zur Insel, die einst das Zuhause von Scmugglern und Fischern war. Burgh Island wurde auch bekannt als Schauplatz f\u00fcr Agatha Christies Novelle \u2018Evil under the Sun\u2019.<\/p>\n<p><strong>Soar Mill Cove:<\/strong> Ein 10 min\u00fctiger Spaziergang ein tiefes Seitental hinunter f\u00fchrt zu einer entz\u00fcckenden Bucht mit Sandabschnitten, die von Wasserl\u00e4ufen durchzogen sind, Felsenpools und niederen Klippen; die Wanderung dorthin lohnt sich auf alle F\u00e4lle. Hunde sind am Strand erlaubt.<\/p>\n<p><script async src=\"https:\/\/pagead2.googlesyndication.com\/pagead\/js\/adsbygoogle.js?client=ca-pub-3901089389175725\"\n     crossorigin=\"anonymous\"><\/script><br \/>\n<!-- New UC --><br \/>\n<ins class=\"adsbygoogle\"\n     style=\"display:block\"\n     data-ad-client=\"ca-pub-3901089389175725\"\n     data-ad-slot=\"8080314818\"\n     data-ad-format=\"auto\"\n     data-full-width-responsive=\"true\"><\/ins><br \/>\n<script>\n     (adsbygoogle = window.adsbygoogle || []).push({});\n<\/script><\/p>\n<p><strong>Bolberry Down:<\/strong> Bolberry Down, mehr als 200 m \u00fcber dem Meeresspiegel gelegen, ist der Ausgangspunkt, um einen spektakul\u00e4ren K\u00fcstenabschnitt zwischen Salcombe und Hope Cove zu entdecken. Es umfasst auch die Landspitzen von Bolt Head, Bolt Tail, sowie den Sandstrand bei Soar Cove. Es ist der perfekte Ort f\u00fcr ein Picknick und bietet herrlichen Blick der K\u00fcste entlang.<\/p>\n<p><strong>South Milton Sands:<\/strong> South Milton Sands bei Thurlestone ist ein beliebter Strand mit einem langen Abschnitt goldenen Sandes und Felsenpools. Die windgesch\u00fctzte Bucht hat kristallklares Wasser und blickt auf den ikonischen\u00a0 Thurlestone Rock. Das nahegelegene Feuchtgebiet ist das Zuhause vieler Vogelarten und ein idealer Ort f\u00fcr Vogelkundler und Naturliebhaber.<\/p>\n<h2 style=\"text-align: center;\">Bei uns finden Sie Ferienh\u00e4user zum Verlieben; so einfach ist das!<\/h2>\n<p style=\"text-align: center;\"><a class=\"tidycta\" href=\"https:\/\/www.urlaubcornwall.de\/ferienhaeuser-fewos\/eng\/sued-devon\/kingsbridge.html\">Suche Ferienh\u00e4user Kingsbridge ><\/a><\/p>\n<p style=\"text-align: center;\">Pers\u00f6nlich inspizierte <a href=\"https:\/\/www.urlaubcornwall.de\/ferienhaeuser\/devon.php\">Ferienh\u00e4user und Ferienwohnungen in Devon<\/a> f\u00fcr Ihren Urlaub.<\/p>\n","protected":false},"excerpt":{"rendered":"<p>Kingsbridge in Devon, liegt an seiner ganz eigenen Flussm\u00fcndung in einem Gebiet besonderer Natursch\u00f6nheit. Diese interessante alte Marktstadt zieht eine Menge Besucher an und bewahrt sich dennoch einen friedlichen Charme und eine freundliche Atmosph\u00e4re. Es ist am sch\u00f6nsten dort, wenn die Flut die Schlammb\u00e4nke der Bucht bedeckt und die kleinen Boote im Hafen vor Anker [&hellip;]<\/p>\n","protected":false},"author":1,"featured_media":0,"parent":0,"menu_order":0,"comment_status":"closed","ping_status":"closed","template":"single-four.php","meta":[],"acf":[],"yoast_head":"<!-- This site is optimized with the Yoast SEO plugin v19.4 - https:\/\/yoast.com\/wordpress\/plugins\/seo\/ -->\n<title>Urlaub Kingsbridge: Unterkunft, Sehensw\u00fcrdigkeiten und Geschichte - Urlaub &amp; Reisen<\/title>\n<meta name=\"robots\" content=\"index, follow, max-snippet:-1, max-image-preview:large, max-video-preview:-1\" \/>\n<link rel=\"canonical\" href=\"https:\/\/www.urlaubcornwall.de\/blog\/urlaub-kingsbridge-unterkunft-sehenswuerdigkeiten-und-geschichte\/\" \/>\n<meta property=\"og:locale\" content=\"en_US\" \/>\n<meta property=\"og:type\" content=\"article\" \/>\n<meta property=\"og:title\" content=\"Urlaub Kingsbridge: Unterkunft, Sehensw\u00fcrdigkeiten und Geschichte - Urlaub &amp; Reisen\" \/>\n<meta property=\"og:description\" content=\"Kingsbridge in Devon, liegt an seiner ganz eigenen Flussm\u00fcndung in einem Gebiet besonderer Natursch\u00f6nheit. Diese interessante alte Marktstadt zieht eine Menge Besucher an und bewahrt sich dennoch einen friedlichen Charme und eine freundliche Atmosph\u00e4re. Es ist am sch\u00f6nsten dort, wenn die Flut die Schlammb\u00e4nke der Bucht bedeckt und die kleinen Boote im Hafen vor Anker [&hellip;]\" \/>\n<meta property=\"og:url\" content=\"https:\/\/www.urlaubcornwall.de\/blog\/urlaub-kingsbridge-unterkunft-sehenswuerdigkeiten-und-geschichte\/\" \/>\n<meta property=\"og:site_name\" content=\"Urlaub &amp; Reisen\" \/>\n<meta property=\"article:modified_time\" content=\"2024-05-29T12:23:02+00:00\" \/>\n<meta property=\"og:image\" content=\"https:\/\/www.urlaubcornwall.de\/blog\/wp-content\/uploads\/2018\/03\/lastminute-sonderangebote-devon.jpg\" \/>\n<meta name=\"twitter:card\" content=\"summary\" \/>\n<meta name=\"twitter:label1\" content=\"Est. reading time\" \/>\n\t<meta name=\"twitter:data1\" content=\"2 minutes\" \/>\n<script type=\"application\/ld+json\" class=\"yoast-schema-graph\">{\"@context\":\"https:\/\/schema.org\",\"@graph\":[{\"@type\":\"WebSite\",\"@id\":\"https:\/\/www.urlaubcornwall.de\/blog\/#website\",\"url\":\"https:\/\/www.urlaubcornwall.de\/blog\/\",\"name\":\"Urlaub &amp; Reisen\",\"description\":\"Urlaub, Reisen, Cornwall und S\u00fcdengland: eine perfekte Kombination\",\"potentialAction\":[{\"@type\":\"SearchAction\",\"target\":{\"@type\":\"EntryPoint\",\"urlTemplate\":\"https:\/\/www.urlaubcornwall.de\/blog\/?s={search_term_string}\"},\"query-input\":\"required name=search_term_string\"}],\"inLanguage\":\"en-US\"},{\"@type\":\"WebPage\",\"@id\":\"https:\/\/www.urlaubcornwall.de\/blog\/urlaub-kingsbridge-unterkunft-sehenswuerdigkeiten-und-geschichte\/\",\"url\":\"https:\/\/www.urlaubcornwall.de\/blog\/urlaub-kingsbridge-unterkunft-sehenswuerdigkeiten-und-geschichte\/\",\"name\":\"Urlaub Kingsbridge: Unterkunft, Sehensw\u00fcrdigkeiten und Geschichte - Urlaub &amp; Reisen\",\"isPartOf\":{\"@id\":\"https:\/\/www.urlaubcornwall.de\/blog\/#website\"},\"datePublished\":\"2016-06-17T08:20:53+00:00\",\"dateModified\":\"2024-05-29T12:23:02+00:00\",\"breadcrumb\":{\"@id\":\"https:\/\/www.urlaubcornwall.de\/blog\/urlaub-kingsbridge-unterkunft-sehenswuerdigkeiten-und-geschichte\/#breadcrumb\"},\"inLanguage\":\"en-US\",\"potentialAction\":[{\"@type\":\"ReadAction\",\"target\":[\"https:\/\/www.urlaubcornwall.de\/blog\/urlaub-kingsbridge-unterkunft-sehenswuerdigkeiten-und-geschichte\/\"]}]},{\"@type\":\"BreadcrumbList\",\"@id\":\"https:\/\/www.urlaubcornwall.de\/blog\/urlaub-kingsbridge-unterkunft-sehenswuerdigkeiten-und-geschichte\/#breadcrumb\",\"itemListElement\":[{\"@type\":\"ListItem\",\"position\":1,\"name\":\"Home\",\"item\":\"https:\/\/www.urlaubcornwall.de\/blog\/\"},{\"@type\":\"ListItem\",\"position\":2,\"name\":\"Urlaub Kingsbridge: Unterkunft, Sehensw\u00fcrdigkeiten und Geschichte\"}]}]}<\/script>\n<!-- \/ Yoast SEO plugin. -->","yoast_head_json":{"title":"Urlaub Kingsbridge: Unterkunft, Sehensw\u00fcrdigkeiten und Geschichte - Urlaub &amp; Reisen","robots":{"index":"index","follow":"follow","max-snippet":"max-snippet:-1","max-image-preview":"max-image-preview:large","max-video-preview":"max-video-preview:-1"},"canonical":"https:\/\/www.urlaubcornwall.de\/blog\/urlaub-kingsbridge-unterkunft-sehenswuerdigkeiten-und-geschichte\/","og_locale":"en_US","og_type":"article","og_title":"Urlaub Kingsbridge: Unterkunft, Sehensw\u00fcrdigkeiten und Geschichte - Urlaub &amp; Reisen","og_description":"Kingsbridge in Devon, liegt an seiner ganz eigenen Flussm\u00fcndung in einem Gebiet besonderer Natursch\u00f6nheit. Diese interessante alte Marktstadt zieht eine Menge Besucher an und bewahrt sich dennoch einen friedlichen Charme und eine freundliche Atmosph\u00e4re. Es ist am sch\u00f6nsten dort, wenn die Flut die Schlammb\u00e4nke der Bucht bedeckt und die kleinen Boote im Hafen vor Anker [&hellip;]","og_url":"https:\/\/www.urlaubcornwall.de\/blog\/urlaub-kingsbridge-unterkunft-sehenswuerdigkeiten-und-geschichte\/","og_site_name":"Urlaub &amp; Reisen","article_modified_time":"2024-05-29T12:23:02+00:00","og_image":[{"url":"https:\/\/www.urlaubcornwall.de\/blog\/wp-content\/uploads\/2018\/03\/lastminute-sonderangebote-devon.jpg"}],"twitter_card":"summary","twitter_misc":{"Est. reading time":"2 minutes"},"schema":{"@context":"https:\/\/schema.org","@graph":[{"@type":"WebSite","@id":"https:\/\/www.urlaubcornwall.de\/blog\/#website","url":"https:\/\/www.urlaubcornwall.de\/blog\/","name":"Urlaub &amp; Reisen","description":"Urlaub, Reisen, Cornwall und S\u00fcdengland: eine perfekte Kombination","potentialAction":[{"@type":"SearchAction","target":{"@type":"EntryPoint","urlTemplate":"https:\/\/www.urlaubcornwall.de\/blog\/?s={search_term_string}"},"query-input":"required name=search_term_string"}],"inLanguage":"en-US"},{"@type":"WebPage","@id":"https:\/\/www.urlaubcornwall.de\/blog\/urlaub-kingsbridge-unterkunft-sehenswuerdigkeiten-und-geschichte\/","url":"https:\/\/www.urlaubcornwall.de\/blog\/urlaub-kingsbridge-unterkunft-sehenswuerdigkeiten-und-geschichte\/","name":"Urlaub Kingsbridge: Unterkunft, Sehensw\u00fcrdigkeiten und Geschichte - Urlaub &amp; Reisen","isPartOf":{"@id":"https:\/\/www.urlaubcornwall.de\/blog\/#website"},"datePublished":"2016-06-17T08:20:53+00:00","dateModified":"2024-05-29T12:23:02+00:00","breadcrumb":{"@id":"https:\/\/www.urlaubcornwall.de\/blog\/urlaub-kingsbridge-unterkunft-sehenswuerdigkeiten-und-geschichte\/#breadcrumb"},"inLanguage":"en-US","potentialAction":[{"@type":"ReadAction","target":["https:\/\/www.urlaubcornwall.de\/blog\/urlaub-kingsbridge-unterkunft-sehenswuerdigkeiten-und-geschichte\/"]}]},{"@type":"BreadcrumbList","@id":"https:\/\/www.urlaubcornwall.de\/blog\/urlaub-kingsbridge-unterkunft-sehenswuerdigkeiten-und-geschichte\/#breadcrumb","itemListElement":[{"@type":"ListItem","position":1,"name":"Home","item":"https:\/\/www.urlaubcornwall.de\/blog\/"},{"@type":"ListItem","position":2,"name":"Urlaub Kingsbridge: Unterkunft, Sehensw\u00fcrdigkeiten und Geschichte"}]}]}},"_links":{"self":[{"href":"https:\/\/www.urlaubcornwall.de\/blog\/wp-json\/wp\/v2\/pages\/24549"}],"collection":[{"href":"https:\/\/www.urlaubcornwall.de\/blog\/wp-json\/wp\/v2\/pages"}],"about":[{"href":"https:\/\/www.urlaubcornwall.de\/blog\/wp-json\/wp\/v2\/types\/page"}],"author":[{"embeddable":true,"href":"https:\/\/www.urlaubcornwall.de\/blog\/wp-json\/wp\/v2\/users\/1"}],"replies":[{"embeddable":true,"href":"https:\/\/www.urlaubcornwall.de\/blog\/wp-json\/wp\/v2\/comments?post=24549"}],"version-history":[{"count":9,"href":"https:\/\/www.urlaubcornwall.de\/blog\/wp-json\/wp\/v2\/pages\/24549\/revisions"}],"predecessor-version":[{"id":50649,"href":"https:\/\/www.urlaubcornwall.de\/blog\/wp-json\/wp\/v2\/pages\/24549\/revisions\/50649"}],"wp:attachment":[{"href":"https:\/\/www.urlaubcornwall.de\/blog\/wp-json\/wp\/v2\/media?parent=24549"}],"curies":[{"name":"wp","href":"https:\/\/api.w.org\/{rel}","templated":true}]}}