{"id":24509,"date":"2016-06-14T12:53:45","date_gmt":"2016-06-14T12:53:45","guid":{"rendered":"https:\/\/www.urlaubcornwall.de\/blog\/?page_id=24509"},"modified":"2024-05-29T12:24:32","modified_gmt":"2024-05-29T12:24:32","slug":"urlaub-brixham-unterkunft-sehenswuerdigkeiten-und-geschichte","status":"publish","type":"page","link":"https:\/\/www.urlaubcornwall.de\/blog\/urlaub-brixham-unterkunft-sehenswuerdigkeiten-und-geschichte\/","title":{"rendered":"Urlaub Brixham: Unterkunft, Sehensw\u00fcrdigkeiten und Geschichte"},"content":{"rendered":"<p><img loading=\"lazy\" class=\"aligncenter size-full wp-image-47870\" src=\"https:\/\/www.urlaubcornwall.de\/blog\/wp-content\/uploads\/2024\/03\/hafen-brixham.jpg\" alt=\"hafen-brixham\" width=\"750\" height=\"563\" srcset=\"https:\/\/www.urlaubcornwall.de\/blog\/wp-content\/uploads\/2024\/03\/hafen-brixham.jpg 750w, https:\/\/www.urlaubcornwall.de\/blog\/wp-content\/uploads\/2024\/03\/hafen-brixham-300x225.jpg 300w\" sizes=\"(max-width: 750px) 100vw, 750px\" \/><\/p>\n<p>Brixham befindet sich an der <a href=\"https:\/\/www.urlaubcornwall.de\/blog\/urlaub-in-devon\/\">S\u00fcdk\u00fcste Devons<\/a> in einem Gebiet, das als die Englische Riviera bekannt ist. Die Geschichte des Fischfangs dieses lebendigen Fischerdorfs reicht zur\u00fcck ins 12. Jahrhundert. Der \u00a0Brixham Fischkutter mit seinen roten Segeln war Prototyp f\u00fcr Fischkutter im 19. Jahrhundert. Spazieren Sie um den Hafen herum, wo sich nun Jachten mit Fischerbooten vermischen und probieren Sie vor Ort gefangenen Fisch in einem der zahlreichen Restaurants in den engen Gassen der Stadt. Die Stadt ist in zwei Teile geteilt; Fishtown und Cowtown, die das Erbe der Fischerei und Landwirtschaft widerspiegeln. Heute ist <a href=\"https:\/\/www.urlaubcornwall.de\/ferienhaeuser-fewos\/eng\/sued-devon\/brixham.html\">Brixham ein gro\u00dfartiger Ort<\/a>, um Familienurlaub zu verbringen, da es so Vieles zu sehen und zu tun gibt.<\/p>\n<p><strong>Sehensw\u00fcrdigkeiten in<\/strong> <strong>Brixham<\/strong><\/p>\n<p>Die Golden Hind: Das hervorstechendste Merkmal im Hafen ist die massgetreue Nachbildung der Golden Hind, des Schiffes, in dem Sir Francis Drake 1577-80 um die Welt segelte. Das Schiff ist bei jedem Wetter ge\u00f6ffnet. Kommen Sie an Bord und erleben Sie, wie es sich einst auf einem Tudor Schiff anf\u00fchlte.<\/p>\n<p>Dartmouth Tageskreuzfahrt: Machen Sie eine Tagesfahrt von Brixham aus hin zum wundersch\u00f6nen historischen Hafen Dartmouth; Kreuzfahrtschiffe sind vom 1. April bis zum 31. Oktober in Betrieb.<\/p>\n<div class=\"snippet\"> <a class=\"featured-item\" href=\"https:\/\/www.urlaubcornwall.de\/ferienhaeuser\/suedengland.php\"> <span class=\"image-holder\" style=\"background-image: url('https:\/\/www.urlaubcornwall.de\/blog\/wp-content\/uploads\/2018\/12\/ferienhaus-cornwall-mit-hund.jpg');\"><\/span> <span class=\"featured-content\"> \n<h2 class=\"featured-title\">Ferienh\u00e4user in S\u00fcdengland<\/h2>\n<p class=\"featured-body\">Bei uns finden Sie Ferienh\u00e4user zum Verlieben &#8211; so einfach ist das! Dank seiner langen Geschichte, der reizvollen Landschaften und seinen vielen Attraktionen ist S\u00fcdengland ein wahres Mekka f\u00fcr Urlauber&#8230;..<\/p><\/span> <span class=\"featured-link-holder\"> <span class=\"featured-extra-info\"> \n<p>Pers\u00f6nlich inspizierter Ferienh\u00e4user<\/p>\n<\/span> \n<p class=\"featured-link\">DETAILS<\/p>\n<\/span> <\/a><\/div>\n<p>Bootsfahrten: Es gibt zahlreiche Vergn\u00fcgungsboote, auf denen Sie die Englische Riviera erleben k\u00f6nnen. Ob Sie nun an Sehensw\u00fcrdigkeiten oder der Fischerei interessiert sind, so gibt es Bootsfahrten f\u00fcr Jedermann. Bei Kindern beliebt sind die Sea-Fari\u00a0 Wildlife Cruises, wo Sie die M\u00f6glichkeit haben, Meeresv\u00f6gel zu f\u00fcttern oder Delfine zu sehen.<\/p>\n<p>Brixham Kunst- und Handwerksmarkt: Der Kunst- und Handwerksmarkt in Brixham findet von Ostern bis Ende Oktober jeden Samstag unter dem Alten Fischmarkt statt. Hier finden Sie einige der besten Kunst- und Handwerksartikel des Westens, einzigartige, handgearbeitete und ungew\u00f6hnliche Geschenke f\u00fcr jeden Geldbeutel. Angeleinte Hunde sind willkommen.<\/p>\n<p>Shoalstone Beach: Am Shoalstone Strand gibt es einen offenen Meereswasser-Swimming Pool, einer der wenigen im Lande, wo Sie Liegest\u00fchle mieten und den Blick \u00fcber die Tor Bucht genie\u00dfen k\u00f6nnen. Es ist ein Kieselstrand mit zahlreichen Felsenpools, die bei Ebbe in Erscheinung treten. Hunde d\u00fcrfen mit zum Strand genommen werden, nicht jedoch um den Swimming Pool herum.<\/p>\n<p><script async src=\"https:\/\/pagead2.googlesyndication.com\/pagead\/js\/adsbygoogle.js?client=ca-pub-3901089389175725\"\n     crossorigin=\"anonymous\"><\/script><br \/>\n<!-- New UC --><br \/>\n<ins class=\"adsbygoogle\"\n     style=\"display:block\"\n     data-ad-client=\"ca-pub-3901089389175725\"\n     data-ad-slot=\"8080314818\"\n     data-ad-format=\"auto\"\n     data-full-width-responsive=\"true\"><\/ins><br \/>\n<script>\n     (adsbygoogle = window.adsbygoogle || []).push({});\n<\/script><\/p>\n<p>Berry Head Nationalnaturreservat: Berry Head Nationalnaturreservat ist ein international anerkanntes Kulturerbe mit einer faszinierenden Vielfalt an Tierleben. Es gibt auch die j\u00fcngst wieder restaurierten Festungen aus dem napoleanischen Krieg, von wo aus Sie einen atemberaubenden Blick \u00fcber die Bucht haben. Es ist auch eine gro\u00dfartige Gegend zum Klettern oder Kajakfahren. Es ist eintrittsfrei und das ganze Jahr \u00fcber ge\u00f6ffnet. Angeleinte Hunde sind willkommen.<\/p>\n<p>Str\u00e4nde: In und um Brixham herum gibt es zahlreiche Str\u00e4nde, wobei Breakwater Beach einer der saubersten und sichersten Str\u00e4nde der <a href=\"https:\/\/www.urlaubcornwall.de\/ferienhaeuser-fewos\/eng\/mitteldevon-und-ostdevon\/torquay.html\">Englischen Riviera<\/a> ist. Er ist bei Familien beliebt, sowie bei Tauchern aufgrund der fantastischen Vielfalt an Unterwasserleben und Schiffswracks in der Bucht. Die Bucht Fishcombe ist ein kleiner ruhiger Kieselstrand mit hohen roten Klippen im Hintergrund. Die St Marys Bucht ist ein entz\u00fcckender abgeschiedener Sandstrand am S\u00fcdwestk\u00fcstenpfad.<\/p>\n<div class=\"snippet\"> <a class=\"featured-item\" href=\"https:\/\/www.urlaubcornwall.de\/rundreisen\/cornwall-suedengland.php\"> <span class=\"image-holder\" style=\"background-image: url('https:\/\/www.urlaubcornwall.de\/blog\/wp-content\/uploads\/2019\/01\/DiTn0QVWsAIOgjG.jpg');\"><\/span> <span class=\"featured-content\"> \n<h2 class=\"featured-title\">Rundreisen Cornwall &#038; S\u00fcdengland eine perfekte Kombination<\/h2>\n<p class=\"featured-body\">Die perfekte Reisem\u00f6glichkeit und erm\u00f6glicht es Ihnen, Entdeckungen zu machen und einen Urlaub im eigenen Schritttempo&#8230;.<\/p><\/span> <span class=\"featured-link-holder\"> <span class=\"featured-extra-info\"> \n<p>F\u00fcr Paare, Familien &#038; Gruppen<\/p>\n<\/span> \n<p class=\"featured-link\">DETAILS<\/p>\n<\/span> <\/a><\/div>\n<p>Um Brixham in Ihre Rundreise durch S\u00fcdengland mit einzugliedern, stellen Sie Ihre <a href=\"http:\/\/www.urlaubcornwall.de\/anfrage.php\">Anfrage<\/a> hier oder w\u00e4hlen Sie ein Ferienhaus aus unserer besten Auswahl <a href=\"http:\/\/www.urlaubcornwall.de\/ferienhaeuser-fewos\/brixham.html\">handverlesener und inspizierter H\u00e4user<\/a> aus.<\/p>\n","protected":false},"excerpt":{"rendered":"<p>Brixham befindet sich an der S\u00fcdk\u00fcste Devons in einem Gebiet, das als die Englische Riviera bekannt ist. Die Geschichte des Fischfangs dieses lebendigen Fischerdorfs reicht zur\u00fcck ins 12. Jahrhundert. Der \u00a0Brixham Fischkutter mit seinen roten Segeln war Prototyp f\u00fcr Fischkutter im 19. Jahrhundert. Spazieren Sie um den Hafen herum, wo sich nun Jachten mit Fischerbooten [&hellip;]<\/p>\n","protected":false},"author":1,"featured_media":0,"parent":0,"menu_order":0,"comment_status":"closed","ping_status":"closed","template":"single-four.php","meta":[],"acf":[],"yoast_head":"<!-- This site is optimized with the Yoast SEO plugin v19.4 - https:\/\/yoast.com\/wordpress\/plugins\/seo\/ -->\n<title>Urlaub Brixham: Unterkunft, Sehensw\u00fcrdigkeiten und Geschichte - Urlaub &amp; Reisen<\/title>\n<meta name=\"robots\" content=\"index, follow, max-snippet:-1, max-image-preview:large, max-video-preview:-1\" \/>\n<link rel=\"canonical\" href=\"https:\/\/www.urlaubcornwall.de\/blog\/urlaub-brixham-unterkunft-sehenswuerdigkeiten-und-geschichte\/\" \/>\n<meta property=\"og:locale\" content=\"en_US\" \/>\n<meta property=\"og:type\" content=\"article\" \/>\n<meta property=\"og:title\" content=\"Urlaub Brixham: Unterkunft, Sehensw\u00fcrdigkeiten und Geschichte - Urlaub &amp; Reisen\" \/>\n<meta property=\"og:description\" content=\"Brixham befindet sich an der S\u00fcdk\u00fcste Devons in einem Gebiet, das als die Englische Riviera bekannt ist. Die Geschichte des Fischfangs dieses lebendigen Fischerdorfs reicht zur\u00fcck ins 12. Jahrhundert. Der \u00a0Brixham Fischkutter mit seinen roten Segeln war Prototyp f\u00fcr Fischkutter im 19. Jahrhundert. Spazieren Sie um den Hafen herum, wo sich nun Jachten mit Fischerbooten [&hellip;]\" \/>\n<meta property=\"og:url\" content=\"https:\/\/www.urlaubcornwall.de\/blog\/urlaub-brixham-unterkunft-sehenswuerdigkeiten-und-geschichte\/\" \/>\n<meta property=\"og:site_name\" content=\"Urlaub &amp; Reisen\" \/>\n<meta property=\"article:modified_time\" content=\"2024-05-29T12:24:32+00:00\" \/>\n<meta property=\"og:image\" content=\"https:\/\/www.urlaubcornwall.de\/blog\/wp-content\/uploads\/2024\/03\/hafen-brixham.jpg\" \/>\n<meta name=\"twitter:card\" content=\"summary\" \/>\n<meta name=\"twitter:label1\" content=\"Est. reading time\" \/>\n\t<meta name=\"twitter:data1\" content=\"3 minutes\" \/>\n<script type=\"application\/ld+json\" class=\"yoast-schema-graph\">{\"@context\":\"https:\/\/schema.org\",\"@graph\":[{\"@type\":\"WebSite\",\"@id\":\"https:\/\/www.urlaubcornwall.de\/blog\/#website\",\"url\":\"https:\/\/www.urlaubcornwall.de\/blog\/\",\"name\":\"Urlaub &amp; Reisen\",\"description\":\"Urlaub, Reisen, Cornwall und S\u00fcdengland: eine perfekte Kombination\",\"potentialAction\":[{\"@type\":\"SearchAction\",\"target\":{\"@type\":\"EntryPoint\",\"urlTemplate\":\"https:\/\/www.urlaubcornwall.de\/blog\/?s={search_term_string}\"},\"query-input\":\"required name=search_term_string\"}],\"inLanguage\":\"en-US\"},{\"@type\":\"WebPage\",\"@id\":\"https:\/\/www.urlaubcornwall.de\/blog\/urlaub-brixham-unterkunft-sehenswuerdigkeiten-und-geschichte\/\",\"url\":\"https:\/\/www.urlaubcornwall.de\/blog\/urlaub-brixham-unterkunft-sehenswuerdigkeiten-und-geschichte\/\",\"name\":\"Urlaub Brixham: Unterkunft, Sehensw\u00fcrdigkeiten und Geschichte - Urlaub &amp; Reisen\",\"isPartOf\":{\"@id\":\"https:\/\/www.urlaubcornwall.de\/blog\/#website\"},\"datePublished\":\"2016-06-14T12:53:45+00:00\",\"dateModified\":\"2024-05-29T12:24:32+00:00\",\"breadcrumb\":{\"@id\":\"https:\/\/www.urlaubcornwall.de\/blog\/urlaub-brixham-unterkunft-sehenswuerdigkeiten-und-geschichte\/#breadcrumb\"},\"inLanguage\":\"en-US\",\"potentialAction\":[{\"@type\":\"ReadAction\",\"target\":[\"https:\/\/www.urlaubcornwall.de\/blog\/urlaub-brixham-unterkunft-sehenswuerdigkeiten-und-geschichte\/\"]}]},{\"@type\":\"BreadcrumbList\",\"@id\":\"https:\/\/www.urlaubcornwall.de\/blog\/urlaub-brixham-unterkunft-sehenswuerdigkeiten-und-geschichte\/#breadcrumb\",\"itemListElement\":[{\"@type\":\"ListItem\",\"position\":1,\"name\":\"Home\",\"item\":\"https:\/\/www.urlaubcornwall.de\/blog\/\"},{\"@type\":\"ListItem\",\"position\":2,\"name\":\"Urlaub Brixham: Unterkunft, Sehensw\u00fcrdigkeiten und Geschichte\"}]}]}<\/script>\n<!-- \/ Yoast SEO plugin. -->","yoast_head_json":{"title":"Urlaub Brixham: Unterkunft, Sehensw\u00fcrdigkeiten und Geschichte - Urlaub &amp; Reisen","robots":{"index":"index","follow":"follow","max-snippet":"max-snippet:-1","max-image-preview":"max-image-preview:large","max-video-preview":"max-video-preview:-1"},"canonical":"https:\/\/www.urlaubcornwall.de\/blog\/urlaub-brixham-unterkunft-sehenswuerdigkeiten-und-geschichte\/","og_locale":"en_US","og_type":"article","og_title":"Urlaub Brixham: Unterkunft, Sehensw\u00fcrdigkeiten und Geschichte - Urlaub &amp; Reisen","og_description":"Brixham befindet sich an der S\u00fcdk\u00fcste Devons in einem Gebiet, das als die Englische Riviera bekannt ist. Die Geschichte des Fischfangs dieses lebendigen Fischerdorfs reicht zur\u00fcck ins 12. Jahrhundert. Der \u00a0Brixham Fischkutter mit seinen roten Segeln war Prototyp f\u00fcr Fischkutter im 19. Jahrhundert. Spazieren Sie um den Hafen herum, wo sich nun Jachten mit Fischerbooten [&hellip;]","og_url":"https:\/\/www.urlaubcornwall.de\/blog\/urlaub-brixham-unterkunft-sehenswuerdigkeiten-und-geschichte\/","og_site_name":"Urlaub &amp; Reisen","article_modified_time":"2024-05-29T12:24:32+00:00","og_image":[{"url":"https:\/\/www.urlaubcornwall.de\/blog\/wp-content\/uploads\/2024\/03\/hafen-brixham.jpg"}],"twitter_card":"summary","twitter_misc":{"Est. reading time":"3 minutes"},"schema":{"@context":"https:\/\/schema.org","@graph":[{"@type":"WebSite","@id":"https:\/\/www.urlaubcornwall.de\/blog\/#website","url":"https:\/\/www.urlaubcornwall.de\/blog\/","name":"Urlaub &amp; Reisen","description":"Urlaub, Reisen, Cornwall und S\u00fcdengland: eine perfekte Kombination","potentialAction":[{"@type":"SearchAction","target":{"@type":"EntryPoint","urlTemplate":"https:\/\/www.urlaubcornwall.de\/blog\/?s={search_term_string}"},"query-input":"required name=search_term_string"}],"inLanguage":"en-US"},{"@type":"WebPage","@id":"https:\/\/www.urlaubcornwall.de\/blog\/urlaub-brixham-unterkunft-sehenswuerdigkeiten-und-geschichte\/","url":"https:\/\/www.urlaubcornwall.de\/blog\/urlaub-brixham-unterkunft-sehenswuerdigkeiten-und-geschichte\/","name":"Urlaub Brixham: Unterkunft, Sehensw\u00fcrdigkeiten und Geschichte - Urlaub &amp; Reisen","isPartOf":{"@id":"https:\/\/www.urlaubcornwall.de\/blog\/#website"},"datePublished":"2016-06-14T12:53:45+00:00","dateModified":"2024-05-29T12:24:32+00:00","breadcrumb":{"@id":"https:\/\/www.urlaubcornwall.de\/blog\/urlaub-brixham-unterkunft-sehenswuerdigkeiten-und-geschichte\/#breadcrumb"},"inLanguage":"en-US","potentialAction":[{"@type":"ReadAction","target":["https:\/\/www.urlaubcornwall.de\/blog\/urlaub-brixham-unterkunft-sehenswuerdigkeiten-und-geschichte\/"]}]},{"@type":"BreadcrumbList","@id":"https:\/\/www.urlaubcornwall.de\/blog\/urlaub-brixham-unterkunft-sehenswuerdigkeiten-und-geschichte\/#breadcrumb","itemListElement":[{"@type":"ListItem","position":1,"name":"Home","item":"https:\/\/www.urlaubcornwall.de\/blog\/"},{"@type":"ListItem","position":2,"name":"Urlaub Brixham: Unterkunft, Sehensw\u00fcrdigkeiten und Geschichte"}]}]}},"_links":{"self":[{"href":"https:\/\/www.urlaubcornwall.de\/blog\/wp-json\/wp\/v2\/pages\/24509"}],"collection":[{"href":"https:\/\/www.urlaubcornwall.de\/blog\/wp-json\/wp\/v2\/pages"}],"about":[{"href":"https:\/\/www.urlaubcornwall.de\/blog\/wp-json\/wp\/v2\/types\/page"}],"author":[{"embeddable":true,"href":"https:\/\/www.urlaubcornwall.de\/blog\/wp-json\/wp\/v2\/users\/1"}],"replies":[{"embeddable":true,"href":"https:\/\/www.urlaubcornwall.de\/blog\/wp-json\/wp\/v2\/comments?post=24509"}],"version-history":[{"count":10,"href":"https:\/\/www.urlaubcornwall.de\/blog\/wp-json\/wp\/v2\/pages\/24509\/revisions"}],"predecessor-version":[{"id":50652,"href":"https:\/\/www.urlaubcornwall.de\/blog\/wp-json\/wp\/v2\/pages\/24509\/revisions\/50652"}],"wp:attachment":[{"href":"https:\/\/www.urlaubcornwall.de\/blog\/wp-json\/wp\/v2\/media?parent=24509"}],"curies":[{"name":"wp","href":"https:\/\/api.w.org\/{rel}","templated":true}]}}