{"id":24388,"date":"2016-06-01T08:49:57","date_gmt":"2016-06-01T08:49:57","guid":{"rendered":"https:\/\/www.urlaubcornwall.de\/blog\/?page_id=24388"},"modified":"2024-05-29T12:27:43","modified_gmt":"2024-05-29T12:27:43","slug":"sehenswuerdigkeiten-am-meer-in-suedengland","status":"publish","type":"page","link":"https:\/\/www.urlaubcornwall.de\/blog\/sehenswuerdigkeiten-am-meer-in-suedengland\/","title":{"rendered":"Sehensw\u00fcrdigkeiten am Meer in S\u00fcdengland"},"content":{"rendered":"<p><strong>10 von Britanniens besten Seebr\u00fccken:<\/strong> Die ikonischen Piers um die <a href=\"https:\/\/www.urlaubcornwall.de\/ferienhaeuser\/suedengland-am-meer.php\">K\u00fcste S\u00fcdenglands<\/a> herum erinnern gewaltig an die Erfolge viktorianischer Ingenieure und Erfinder.<\/p>\n<p><img loading=\"lazy\" class=\"aligncenter size-full wp-image-24389\" src=\"https:\/\/www.urlaubcornwall.de\/blog\/wp-content\/uploads\/2016\/06\/Seebr\u00fccken-S\u00fcdengland.jpg\" alt=\"Seebr\u00fccken S\u00fcdengland\" width=\"748\" height=\"497\" srcset=\"https:\/\/www.urlaubcornwall.de\/blog\/wp-content\/uploads\/2016\/06\/Seebr\u00fccken-S\u00fcdengland.jpg 746w, https:\/\/www.urlaubcornwall.de\/blog\/wp-content\/uploads\/2016\/06\/Seebr\u00fccken-S\u00fcdengland-300x200.jpg 300w\" sizes=\"(max-width: 748px) 100vw, 748px\" \/><\/p>\n<p>Piers wurden individuell designt dem Charakter des speziellen Urlaubsortes entsprechend, wo sie aufgebaut wurden. Die Hauptfunktion der meisten war allerdings, Raum zu schaffen zum Prominieren oder um Luft zu schnappen. Viele haben heutzutage Unterhaltungsangebote verschiedener Art, von Kirmes und Theatern bis hin zu Vergn\u00fcgungsarkaden und Restaurants.<\/p>\n<p>Hier finden Sie unsere Auswahl einiger der besten Piers, die Sie w\u00e4hrend eines Urlaubs an Englands S\u00fcdk\u00fcste besuchen k\u00f6nnen.<\/p>\n<p><strong><a href=\"https:\/\/www.urlaubcornwall.de\/ferienhaeuser-fewos\/eng\/suffolk\/southwold.html\">Southwold, Suffolk<\/a><\/strong> &#8211; Der Pier in Southwold, <a href=\"https:\/\/www.urlaubcornwall.de\/blog\/urlaub-in-suffolk-die-grafschaft-von-constable-und-das-zuhause-mittelalterlicher-staedte-und-doerfer\/\">Suffolk<\/a>, wurde 1900 erbaut und war urspr\u00fcnglich 246 Meter lang. Er wurde als Landungssteg f\u00fcr Dampfschiffe errichtet, die Urlauber aus London brachten. In den 1980ern war er aufgrund schwerer St\u00fcrme bis auf lediglich 18 Meter geschrumpft. Zwischen 1999 und 2001 wurde der Pier restauriert und ist nun 190 Meter lang und mit Caf\u00e9s, Vergn\u00fcgungshallen, Shows und Shops eine gro\u00dfartige Besucherattraktion.<\/p>\n<p><strong><a href=\"https:\/\/www.urlaubcornwall.de\/ferienhaeuser-fewos\/eng\/sussex\/hastings.html\">Hastings, Sussex<\/a><\/strong> &#8211; Hastings Pier in <a href=\"https:\/\/www.urlaubcornwall.de\/reiseziel\/sussex.php\">East Sussex<\/a> wurde erstmals 1872 er\u00f6ffnet. W\u00e4hrend seiner viktorianischen Bl\u00fctezeit hatte dieser 277m lange Pier einen Pavillon mit 2000 Sitzpl\u00e4tzen, einen Schie\u00dfstand, Spielautomaten und \u201eanimierte Bilder\u201c. 2010 wurde der Pier durch Feuer zerst\u00f6rt, doch nach einer \u00a314,2 Millionen teuren Sanierung &nbsp;2016 wieder er\u00f6ffnet. Der vollkommen wiederhergestellte Pavillon ist nun ein Restaurant, und auf dem Pier befindet sich eine altmodische Kirmes.<\/p>\n<p><img loading=\"lazy\" class=\"aligncenter size-full wp-image-48028\" src=\"https:\/\/www.urlaubcornwall.de\/blog\/wp-content\/uploads\/2024\/03\/brighton-pier.jpg\" alt=\"brighton pier\" width=\"750\" height=\"542\" srcset=\"https:\/\/www.urlaubcornwall.de\/blog\/wp-content\/uploads\/2024\/03\/brighton-pier.jpg 750w, https:\/\/www.urlaubcornwall.de\/blog\/wp-content\/uploads\/2024\/03\/brighton-pier-300x217.jpg 300w\" sizes=\"(max-width: 750px) 100vw, 750px\" \/><\/p>\n<p><a href=\"http:\/\/www.urlaubcornwall.de\/reiseziel\/sussex.php\"><strong>Brighton, Sussex<\/strong><\/a> &#8211; Der Brighton Pier wurde erstmals 1899 er\u00f6ffnet und kostete damals \u00a3137 000. Um &nbsp;1901 wurde er erweitert. Heute zieht der Pier mehr als 3 Millionen Menschen pro Jahr an und hat eine Kirmes mit Fahrgesch\u00e4ften und somit der gesamten Familie etwas zu bieten. Es gibt auch eine Vergn\u00fcgungsarkade, Restaurants und Bars, oder Sie k\u00f6nnen sich einfach nur in einem der vielen Liegest\u00fchle niederlassen und den Blick genie\u00dfen.<\/p>\n<p><a href=\"https:\/\/www.urlaubcornwall.de\/blog\/wp-content\/uploads\/2015\/08\/Southend-Pier2.jpg\"><img loading=\"lazy\" class=\"aligncenter size-full wp-image-47998\" src=\"https:\/\/www.urlaubcornwall.de\/blog\/wp-content\/uploads\/2024\/03\/southwold-pier.jpg\" alt=\"\" width=\"750\" height=\"422\" srcset=\"https:\/\/www.urlaubcornwall.de\/blog\/wp-content\/uploads\/2024\/03\/southwold-pier.jpg 750w, https:\/\/www.urlaubcornwall.de\/blog\/wp-content\/uploads\/2024\/03\/southwold-pier-300x169.jpg 300w\" sizes=\"(max-width: 750px) 100vw, 750px\" \/><\/a><\/p>\n<p><strong><a href=\"https:\/\/www.urlaubcornwall.de\/ferienhaeuser-fewos\/eng\/essex\/essex.html\">Southend on Sea, Essex<\/a><\/strong> &#8211; \u2018Der Pier ist Southend, Southend ist der Pier\u2019 \u2013 Sir John Betjeman. Der Pier bei <a href=\"https:\/\/www.urlaubcornwall.de\/blog\/urlaub-in-essex-geschichte-landschaft-und-straende\/\">Southend on Sea in Essex<\/a> ist der l\u00e4ngste der Welt und erstreckt sich \u00fcber mehr als 2 km hinein in die Flussm\u00fcndung der Thames. Der derzeitige Pier reicht zur\u00fcck ins Jahr 1889, als er einen h\u00f6lzernen ersetzte, der seit den 1830ern vorhanden war. Eine Bahnstrecke f\u00fchrt der L\u00e4nge des Piers entlang, und dies schon seit den 1890ern, so dass Sie nicht die gesamte Strecke bis zum Ende erwandern m\u00fcssen.<\/p>\n<div class=\"snippet\"> <a class=\"featured-item\" href=\" https:\/\/www.urlaubcornwall.de\/ferienhaeuser\/suedengland.php\"> <span class=\"image-holder\" style=\"background-image: url('https:\/\/www.urlaubcornwall.de\/blog\/wp-content\/uploads\/2018\/11\/landhaus-cornwall-1.jpg');\"><\/span> <span class=\"featured-content\"> \n<h2 class=\"featured-title\">Ferienh\u00e4user in England<\/h2>\n<p class=\"featured-body\">Bei uns finden Sie Ferienh\u00e4user zum Verlieben! Dank seiner langen Geschichte, der reizvollen Landschaften und seinen vielen Attraktionen ist S\u00fcdengland ein wahres Mekka f\u00fcr Urlauber&#8230;.<\/p>\n<\/span> <span class=\"featured-link-holder\"> <span class=\"featured-extra-info\"> \n<p> F\u00fcr Paare, Familien &#038; Gruppen<\/p>\n<\/span> \n<p class=\"featured-link\">DETAILS<\/p>\n<\/span> <\/a><\/div>\n<p><strong><a href=\"https:\/\/www.urlaubcornwall.de\/ferienhaeuser-fewos\/eng\/isle-of-wight\/ryde.html\">Ryde, Isle of Wight<\/a><\/strong> &#8211; Englands erster Pier wurde im Juli 1814 in Ryde er\u00f6ffnet. Er wurde f\u00fcr Passagiere errichtet, die vom Festland aus mit dem Boot ankamen. Da Ryde w\u00e4hrend viktorianischer Zeiten an Beliebtheit zunahm, wurde der Pier um 0,8km erweitert, sowie eine Zug- und Wagenstrecke hinzugef\u00fcgt, sowie ein Konzertpavillon. Heute wird der Pier f\u00fcr die Katamarane benutzt, die von Portsmouth kommen, und ein Zug bringt Passagiere entlang des Piers zur Ryde Strandpromenade. Der Pier bietet spektakul\u00e4ren Blick hinaus aufs Meer und hin zum herrlichen Panorama von Rydes eleganten, georgianischen Terrassen.<\/p>\n<p><img loading=\"lazy\" class=\"aligncenter size-full wp-image-24390\" src=\"https:\/\/www.urlaubcornwall.de\/blog\/wp-content\/uploads\/2016\/06\/Sehensw\u00fcrdigkeiten-am-Meer-in-S\u00fcdengland.jpg\" alt=\"Sehensw\u00fcrdigkeiten am Meer in S\u00fcdengland\" width=\"749\" height=\"497\"\/><\/p>\n<p><strong><a href=\"https:\/\/www.urlaubcornwall.de\/ferienhaeuser-fewos\/eng\/norfolk\/cromer.html\">Cromer, Norfolk<\/a><\/strong> &#8211; <a href=\"https:\/\/www.urlaubcornwall.de\/ferienhaeuser-fewos\/eng\/norfolk\/cromer.html\">Cromer Pier in East Anglia<\/a> er\u00f6ffnete 1901 und&nbsp; ist lediglich 150 Meter lang. Der viktorianische Pavillon zeigt noch immer ganzj\u00e4hrig Shows; in der Tat ist es das letzte Ende der Piershows in Europa. Die Sommershows sind traditionellerweise eine Mischung aus Musik, Tanz, Magie und Kom\u00f6die und stets bei Familien sehr beliebt.<\/p>\n<p><strong><a href=\"https:\/\/www.urlaubcornwall.de\/ferienhaeuser-fewos\/eng\/somerset\/clevedon.html\">Clevedon, Somerset<\/a><\/strong> &#8211; Beschrieben als der wundersch\u00f6nste Pier Britanniens ist der Pier bei <a href=\"https:\/\/www.urlaubcornwall.de\/ferienhaeuser-fewos\/eng\/somerset\/clevedon.html\">Clevedon, Somerset<\/a>, der einzige denkmalgesch\u00fctzte Pier, der in Britannien intakt erhalten ist. Er ist sehr charmant und die Pf\u00e4hle wurden aus dem Schmiedeeisen hergestellt, das von Brunels Bahnstrecke in <a href=\"https:\/\/www.urlaubcornwall.de\/ferienhaeuser-fewos\/wal\/westwales\/westwales-am-meer.html\">S\u00fcdwestwales<\/a> \u00fcbrig geblieben war. Der Pier er\u00f6ffnete 1869 f\u00fcr Raddampfer aus Devon und Wales. Noch heute k\u00f6nnen Sie eine Bootsfahrt auf der MV Balmoral oder der PS Waverley entlang des &nbsp;Bristolkanals und der <a href=\"https:\/\/www.urlaubcornwall.de\/ferienhaeuser-fewos\/eng\/nord-devon\/ilfracombe-am-meer.html\">K\u00fcste Devons nach Ilfracombe<\/a> oder Lundy machen. Das Pierende eignet sich auch hervorragend zum Angeln, und vom Caf\u00e9 aus l\u00e4sst es sich herrlich den Sonnenuntergang beobachten.<\/p>\n<p><img loading=\"lazy\" class=\"aligncenter size-full wp-image-24392\" src=\"https:\/\/www.urlaubcornwall.de\/blog\/wp-content\/uploads\/2016\/06\/urlaub-dorset-am-meer.jpg\" alt=\"urlaub dorset am meer\" width=\"749\" height=\"497\"\/><\/p>\n<p><strong><a href=\"https:\/\/www.urlaubcornwall.de\/ferienhaeuser-fewos\/eng\/dorset\/swanage.html\">Swanage, Dorset<\/a><\/strong> &#8211; <a href=\"http:\/\/www.urlaubcornwall.de\/reiseziel\/dorset.php\">Swanage Pier in Dorset<\/a> ist ein ungew\u00f6hnlich geschwungener Pier, der ins Jahr 1859 zur\u00fcckreicht. Er wurde urspr\u00fcnglich errichtet f\u00fcr Boote, die mit Kalkstein aus <a href=\"https:\/\/www.urlaubcornwall.de\/ferienhaeuser-fewos\/eng\/dorset\/isle-of-purbeck.html\">Purbeck<\/a> beladen wurden, der mit Pferdekarren von den nahegelegenen Steinbr\u00fcchen kam. Heute benutzen Vergn\u00fcgungsboote den Pier, um Urlauber auf Fahrten um die Bucht herum mitzunehmen. Der Pier hat auch eine Unterwasserkamera mit Bildschirm im Shop, wo Sie das Meeresleben betrachten k\u00f6nnen, wie Aale, Pollack und Steckenfische, die allesamt vorbeischwimmen.<\/p>\n<p><strong><a href=\"https:\/\/www.urlaubcornwall.de\/ferienhaeuser-fewos\/eng\/essex\/essex.html\">Clacton, Essex<\/a><\/strong> &#8211; Der <a href=\"https:\/\/www.urlaubcornwall.de\/blog\/urlaub-in-essex-geschichte-landschaft-und-straende\/\">Clacton Pier in Essex<\/a> reicht zur\u00fcck ins Jahr 1871 und ist f\u00fcr seine Kirmes bekannt. Die Kirmes ist \u00fcberdacht und bietet bei jedem Wetter Unterhaltung. Es gibt auch ein Meeresaquarium mit vielen Meerestierarten, die in den K\u00fcstengew\u00e4ssern leben. Es wird gesagt, dass es sich hier vom Pier aus am besten entlang der gesamten K\u00fcstenstrecke angeln l\u00e4sst. Auch k\u00f6nnen Sie eine Fahrt auf dem Dampfer PS Waverley buchen und eine Fahrt von Clacton oder Southend um den Fluss Thames genie\u00dfen und zuzusehen, wie sich die Tower Bridge ganz speziell f\u00fcr Sie \u00f6ffnet!<\/p>\n<p><img loading=\"lazy\" class=\"aligncenter size-full wp-image-25686\" src=\"https:\/\/www.urlaubcornwall.de\/blog\/wp-content\/uploads\/2016\/12\/penarth-ferienhaus-am-meer.jpg\" alt=\"penarth-ferienhaus-am-meer\" width=\"748\" height=\"347\"\/><\/p>\n<p><strong><a href=\"https:\/\/www.urlaubcornwall.de\/ferienhaeuser-fewos\/wal\/suedwales\/penarth.html\">Penarth, S\u00fcdwales<\/a><\/strong>  &#8211; <a href=\"https:\/\/www.urlaubcornwall.de\/ferienhaeuser-fewos\/wal\/suedwales\/penarth.html\">Penarth<\/a> befindet sich weniger als 1km s\u00fcdwestlich von <a href=\"https:\/\/www.urlaubcornwall.de\/blog\/besuchen-sie-wales-entdecken-sie-die-mythen-und-legenden\/\">Cardiff, der Hauptstadt von Wales<\/a>. Der viktorianische Pier reicht zur\u00fcck ins Jahr 1895 und wurde 1998 vollst\u00e4ndig restauriert. Der Pierpavillon&nbsp; ist ein beliebter Unterhaltungsort mit einem Theater, einer Kunstgalerie, einem Kino, Caf\u00e9s und einem Restaurant mit Blick \u00fcber den Bristolkanal. Im Sommer legen die Vergn\u00fcgungskreuzer, die&nbsp; PS Waverley und die MV Balmoral hier an, und Sie k\u00f6nnen eine Fahrt machen, um die Insel Lundy oder Ilfracombe in Devon zu besuchen.<\/p>\n<div class=\"snippet\"> <a class=\"featured-item\" href=\" https:\/\/www.urlaubcornwall.de\/rundreisenservice.php\"> <span class=\"image-holder\" style=\"background-image: url(' https:\/\/www.urlaubcornwall.de\/blog\/wp-content\/uploads\/2018\/11\/rundreise-cornwall.jpg ');\"><\/span> <span class=\"featured-content\"> \n<h2 class=\"featured-title\">Rundreisen durch England<\/h2>\n<p class=\"featured-body\">Autoreisen eignen sich perfekt, um das meiste aus Ihrem Urlaub in England zu machen. Gehen Sie in eigenem Schritttempo im eigenen Auto auf Erkundung oder fliegen Sie und mieten ein Auto&#8230;<\/p>\n<\/span> <span class=\"featured-link-holder\"> <span class=\"featured-extra-info\"> \n<p>Teilen Sie uns Ihre Urlaubspl\u00e4ne<\/p>\n<\/span> \n<p class=\"featured-link\">MEHR INFO<\/p>\n<\/span> <\/a><\/div>\n<p><iframe loading=\"lazy\" src=\"https:\/\/www.google.com\/maps\/d\/u\/0\/embed?mid=1q7yHlLZcK2_ez4kKKlIFX1dxuLM\" width=\"740\" height=\"480\"><\/iframe><\/p>\n","protected":false},"excerpt":{"rendered":"<p>10 von Britanniens besten Seebr\u00fccken: Die ikonischen Piers um die K\u00fcste S\u00fcdenglands herum erinnern gewaltig an die Erfolge viktorianischer Ingenieure und Erfinder. Piers wurden individuell designt dem Charakter des speziellen Urlaubsortes entsprechend, wo sie aufgebaut wurden. Die Hauptfunktion der meisten war allerdings, Raum zu schaffen zum Prominieren oder um Luft zu schnappen. Viele haben heutzutage [&hellip;]<\/p>\n","protected":false},"author":1,"featured_media":0,"parent":0,"menu_order":0,"comment_status":"closed","ping_status":"closed","template":"single-four.php","meta":[],"acf":[],"yoast_head":"<!-- This site is optimized with the Yoast SEO plugin v19.4 - https:\/\/yoast.com\/wordpress\/plugins\/seo\/ -->\n<title>Sehensw\u00fcrdigkeiten am Meer in S\u00fcdengland - Urlaub &amp; Reisen<\/title>\n<meta name=\"robots\" content=\"index, follow, max-snippet:-1, max-image-preview:large, max-video-preview:-1\" \/>\n<link rel=\"canonical\" href=\"https:\/\/www.urlaubcornwall.de\/blog\/sehenswuerdigkeiten-am-meer-in-suedengland\/\" \/>\n<meta property=\"og:locale\" content=\"en_US\" \/>\n<meta property=\"og:type\" content=\"article\" \/>\n<meta property=\"og:title\" content=\"Sehensw\u00fcrdigkeiten am Meer in S\u00fcdengland - Urlaub &amp; Reisen\" \/>\n<meta property=\"og:description\" content=\"10 von Britanniens besten Seebr\u00fccken: Die ikonischen Piers um die K\u00fcste S\u00fcdenglands herum erinnern gewaltig an die Erfolge viktorianischer Ingenieure und Erfinder. Piers wurden individuell designt dem Charakter des speziellen Urlaubsortes entsprechend, wo sie aufgebaut wurden. Die Hauptfunktion der meisten war allerdings, Raum zu schaffen zum Prominieren oder um Luft zu schnappen. Viele haben heutzutage [&hellip;]\" \/>\n<meta property=\"og:url\" content=\"https:\/\/www.urlaubcornwall.de\/blog\/sehenswuerdigkeiten-am-meer-in-suedengland\/\" \/>\n<meta property=\"og:site_name\" content=\"Urlaub &amp; Reisen\" \/>\n<meta property=\"article:modified_time\" content=\"2024-05-29T12:27:43+00:00\" \/>\n<meta property=\"og:image\" content=\"https:\/\/www.urlaubcornwall.de\/blog\/wp-content\/uploads\/2024\/03\/brighton-pier.jpg\" \/>\n<meta name=\"twitter:card\" content=\"summary\" \/>\n<meta name=\"twitter:label1\" content=\"Est. reading time\" \/>\n\t<meta name=\"twitter:data1\" content=\"6 minutes\" \/>\n<script type=\"application\/ld+json\" class=\"yoast-schema-graph\">{\"@context\":\"https:\/\/schema.org\",\"@graph\":[{\"@type\":\"WebSite\",\"@id\":\"https:\/\/www.urlaubcornwall.de\/blog\/#website\",\"url\":\"https:\/\/www.urlaubcornwall.de\/blog\/\",\"name\":\"Urlaub &amp; Reisen\",\"description\":\"Urlaub, Reisen, Cornwall und S\u00fcdengland: eine perfekte Kombination\",\"potentialAction\":[{\"@type\":\"SearchAction\",\"target\":{\"@type\":\"EntryPoint\",\"urlTemplate\":\"https:\/\/www.urlaubcornwall.de\/blog\/?s={search_term_string}\"},\"query-input\":\"required name=search_term_string\"}],\"inLanguage\":\"en-US\"},{\"@type\":\"WebPage\",\"@id\":\"https:\/\/www.urlaubcornwall.de\/blog\/sehenswuerdigkeiten-am-meer-in-suedengland\/\",\"url\":\"https:\/\/www.urlaubcornwall.de\/blog\/sehenswuerdigkeiten-am-meer-in-suedengland\/\",\"name\":\"Sehensw\u00fcrdigkeiten am Meer in S\u00fcdengland - Urlaub &amp; Reisen\",\"isPartOf\":{\"@id\":\"https:\/\/www.urlaubcornwall.de\/blog\/#website\"},\"datePublished\":\"2016-06-01T08:49:57+00:00\",\"dateModified\":\"2024-05-29T12:27:43+00:00\",\"breadcrumb\":{\"@id\":\"https:\/\/www.urlaubcornwall.de\/blog\/sehenswuerdigkeiten-am-meer-in-suedengland\/#breadcrumb\"},\"inLanguage\":\"en-US\",\"potentialAction\":[{\"@type\":\"ReadAction\",\"target\":[\"https:\/\/www.urlaubcornwall.de\/blog\/sehenswuerdigkeiten-am-meer-in-suedengland\/\"]}]},{\"@type\":\"BreadcrumbList\",\"@id\":\"https:\/\/www.urlaubcornwall.de\/blog\/sehenswuerdigkeiten-am-meer-in-suedengland\/#breadcrumb\",\"itemListElement\":[{\"@type\":\"ListItem\",\"position\":1,\"name\":\"Home\",\"item\":\"https:\/\/www.urlaubcornwall.de\/blog\/\"},{\"@type\":\"ListItem\",\"position\":2,\"name\":\"Sehensw\u00fcrdigkeiten am Meer in S\u00fcdengland\"}]}]}<\/script>\n<!-- \/ Yoast SEO plugin. -->","yoast_head_json":{"title":"Sehensw\u00fcrdigkeiten am Meer in S\u00fcdengland - Urlaub &amp; Reisen","robots":{"index":"index","follow":"follow","max-snippet":"max-snippet:-1","max-image-preview":"max-image-preview:large","max-video-preview":"max-video-preview:-1"},"canonical":"https:\/\/www.urlaubcornwall.de\/blog\/sehenswuerdigkeiten-am-meer-in-suedengland\/","og_locale":"en_US","og_type":"article","og_title":"Sehensw\u00fcrdigkeiten am Meer in S\u00fcdengland - Urlaub &amp; Reisen","og_description":"10 von Britanniens besten Seebr\u00fccken: Die ikonischen Piers um die K\u00fcste S\u00fcdenglands herum erinnern gewaltig an die Erfolge viktorianischer Ingenieure und Erfinder. Piers wurden individuell designt dem Charakter des speziellen Urlaubsortes entsprechend, wo sie aufgebaut wurden. Die Hauptfunktion der meisten war allerdings, Raum zu schaffen zum Prominieren oder um Luft zu schnappen. Viele haben heutzutage [&hellip;]","og_url":"https:\/\/www.urlaubcornwall.de\/blog\/sehenswuerdigkeiten-am-meer-in-suedengland\/","og_site_name":"Urlaub &amp; Reisen","article_modified_time":"2024-05-29T12:27:43+00:00","og_image":[{"url":"https:\/\/www.urlaubcornwall.de\/blog\/wp-content\/uploads\/2024\/03\/brighton-pier.jpg"}],"twitter_card":"summary","twitter_misc":{"Est. reading time":"6 minutes"},"schema":{"@context":"https:\/\/schema.org","@graph":[{"@type":"WebSite","@id":"https:\/\/www.urlaubcornwall.de\/blog\/#website","url":"https:\/\/www.urlaubcornwall.de\/blog\/","name":"Urlaub &amp; Reisen","description":"Urlaub, Reisen, Cornwall und S\u00fcdengland: eine perfekte Kombination","potentialAction":[{"@type":"SearchAction","target":{"@type":"EntryPoint","urlTemplate":"https:\/\/www.urlaubcornwall.de\/blog\/?s={search_term_string}"},"query-input":"required name=search_term_string"}],"inLanguage":"en-US"},{"@type":"WebPage","@id":"https:\/\/www.urlaubcornwall.de\/blog\/sehenswuerdigkeiten-am-meer-in-suedengland\/","url":"https:\/\/www.urlaubcornwall.de\/blog\/sehenswuerdigkeiten-am-meer-in-suedengland\/","name":"Sehensw\u00fcrdigkeiten am Meer in S\u00fcdengland - Urlaub &amp; Reisen","isPartOf":{"@id":"https:\/\/www.urlaubcornwall.de\/blog\/#website"},"datePublished":"2016-06-01T08:49:57+00:00","dateModified":"2024-05-29T12:27:43+00:00","breadcrumb":{"@id":"https:\/\/www.urlaubcornwall.de\/blog\/sehenswuerdigkeiten-am-meer-in-suedengland\/#breadcrumb"},"inLanguage":"en-US","potentialAction":[{"@type":"ReadAction","target":["https:\/\/www.urlaubcornwall.de\/blog\/sehenswuerdigkeiten-am-meer-in-suedengland\/"]}]},{"@type":"BreadcrumbList","@id":"https:\/\/www.urlaubcornwall.de\/blog\/sehenswuerdigkeiten-am-meer-in-suedengland\/#breadcrumb","itemListElement":[{"@type":"ListItem","position":1,"name":"Home","item":"https:\/\/www.urlaubcornwall.de\/blog\/"},{"@type":"ListItem","position":2,"name":"Sehensw\u00fcrdigkeiten am Meer in S\u00fcdengland"}]}]}},"_links":{"self":[{"href":"https:\/\/www.urlaubcornwall.de\/blog\/wp-json\/wp\/v2\/pages\/24388"}],"collection":[{"href":"https:\/\/www.urlaubcornwall.de\/blog\/wp-json\/wp\/v2\/pages"}],"about":[{"href":"https:\/\/www.urlaubcornwall.de\/blog\/wp-json\/wp\/v2\/types\/page"}],"author":[{"embeddable":true,"href":"https:\/\/www.urlaubcornwall.de\/blog\/wp-json\/wp\/v2\/users\/1"}],"replies":[{"embeddable":true,"href":"https:\/\/www.urlaubcornwall.de\/blog\/wp-json\/wp\/v2\/comments?post=24388"}],"version-history":[{"count":22,"href":"https:\/\/www.urlaubcornwall.de\/blog\/wp-json\/wp\/v2\/pages\/24388\/revisions"}],"predecessor-version":[{"id":50655,"href":"https:\/\/www.urlaubcornwall.de\/blog\/wp-json\/wp\/v2\/pages\/24388\/revisions\/50655"}],"wp:attachment":[{"href":"https:\/\/www.urlaubcornwall.de\/blog\/wp-json\/wp\/v2\/media?parent=24388"}],"curies":[{"name":"wp","href":"https:\/\/api.w.org\/{rel}","templated":true}]}}