{"id":23951,"date":"2016-05-06T15:22:20","date_gmt":"2016-05-06T15:22:20","guid":{"rendered":"https:\/\/www.urlaubcornwall.de\/blog\/?page_id=23951"},"modified":"2026-01-06T14:02:00","modified_gmt":"2026-01-06T14:02:00","slug":"6-von-cornwalls-versteckt-gelegenen-buchten-und-straenden","status":"publish","type":"page","link":"https:\/\/www.urlaubcornwall.de\/blog\/6-von-cornwalls-versteckt-gelegenen-buchten-und-straenden\/","title":{"rendered":"6 von Cornwalls versteckt gelegenen Buchten und Str\u00e4nden"},"content":{"rendered":"<p>Cornwall ist weltweit bekannt f\u00fcr die Qualit\u00e4t seiner Sandstr\u00e4nde und wundersch\u00f6ner Buchten. Mit Firmensitz in <a href=\"http:\/\/www.urlaubcornwall.de\/reiseziel\/cornwall.php\"><span style=\"text-decoration: underline;\">Cornwall<\/span><\/a> haben wir eine Liste unserer 6 Favoriten zusammengestellt, perfekt f\u00fcr all jene Reisende, die sich von den Massen entfernen wollen, um eine weitere Seite dieser herrlichen Urlaubsregion zu sehen.<\/p>\n<p><img loading=\"lazy\" class=\"aligncenter size-full wp-image-23952\" src=\"https:\/\/www.urlaubcornwall.de\/blog\/wp-content\/uploads\/2016\/05\/Penberth-bucht.jpg\" alt=\"Penberth-bucht\" height=\"500\" width=\"748\"\/><\/p>\n<p><strong>Penberth Cove<\/strong> &#8211; Penberth ist eine winzige malerische Fischerbucht bei <a href=\"https:\/\/www.urlaubcornwall.de\/ferienhaeuser-fewos\/porthcurno.html\">Porthcurno<\/a>. Der Fluss Penberth flie\u00dft durch das bewaldete Tal hinunter zur Bucht. Es gibt noch immer eine kleine Fischerflotte hier und die Fischer bringen ihren t\u00e4glichen Fang an Krabben, Makrelen und Hummern an Land. Sehr viel des Gebietes geh\u00f6rt zum National Trust. Es gibt keinen Parkplatz, doch Sie k\u00f6nnen entlang der Stra\u00dfe parken, die zur Bucht f\u00fchrt.<\/p>\n<p><img loading=\"lazy\" class=\"aligncenter size-full wp-image-23953\" src=\"https:\/\/www.urlaubcornwall.de\/blog\/wp-content\/uploads\/2016\/05\/Prussia-cove.jpg\" alt=\"Prussia-cove\" height=\"425\" width=\"744\" srcset=\"https:\/\/www.urlaubcornwall.de\/blog\/wp-content\/uploads\/2016\/05\/Prussia-cove.jpg 744w, https:\/\/www.urlaubcornwall.de\/blog\/wp-content\/uploads\/2016\/05\/Prussia-cove-300x171.jpg 300w\" sizes=\"(max-width: 744px) 100vw, 744px\" \/><\/p>\n<p><strong>Prussia Cove &amp; Piskies Cove<\/strong> &#8211; Piskies Cove ist eine winzige einsame Bucht und geh\u00f6rt zu den drei Buchten der Prussia Cove Gruppe. Bei Flut gibt es keinen Strand, doch auch dann ist sie gut geeignet zum Schwimmen und Sonnenbaden auf den Felsen. Dies ist einer der Orte, an dem der ber\u00fchmte Schmuggler John Carter und seine Br\u00fcder ihre Schmuggelware an Land gebracht haben. Parken Sie Ihr Auto an der Prussia Cove und spazieren Sie dann entlang des Fu\u00dfpfades durch ein Gebiet, das reich ist an romantischen Geschichten der Schmuggler und Fischer, die hier lebten.<\/p>\n<p><img loading=\"lazy\" class=\"aligncenter size-full wp-image-23954\" src=\"https:\/\/www.urlaubcornwall.de\/blog\/wp-content\/uploads\/2016\/05\/lamorna_cove_cornwall.jpg\" alt=\"lamorna_cove_cornwall\" height=\"377\" width=\"748\"\/><\/p>\n<p><strong>Lamorna Cove<\/strong> &#8211; Die Natursch\u00f6nheit war es, die die Lamorna Cove so beliebt sein lie\u00df bei den K\u00fcnstlern, die hier im fr\u00fchen 20. Jahrhundert lebten. Die Bucht befindet sich am Ende eines satten Tales mit einem Bach, der bis zum Meer hinunter l\u00e4uft. <\/p>\n<div class=\"snippet\"> <a class=\"featured-item\" href=\"https:\/\/www.urlaubcornwall.de\/ferienhaeuser\/suedengland.php\"> <span class=\"image-holder\" style=\"background-image: url('https:\/\/www.urlaubcornwall.de\/blog\/wp-content\/uploads\/2018\/12\/ferienhaus-cornwall-mit-hund.jpg');\"><\/span> <span class=\"featured-content\"> \n<h2 class=\"featured-title\">Ferienh\u00e4user in Cornwall &#038; S\u00fcdengland<\/h2>\n<p class=\"featured-body\">Bei uns finden Sie Ferienh\u00e4user zum Verlieben &#8211; so einfach ist das! Dank seiner langen Geschichte, der reizvollen Landschaften und seinen vielen Attraktionen ist S\u00fcdengland ein wahres Mekka f\u00fcr Urlauber&#8230;..<\/p><\/span> <span class=\"featured-link-holder\"> <span class=\"featured-extra-info\"> \n<p>Pers\u00f6nlich inspizierter Ferienh\u00e4user<\/p>\n<\/span> \n<p class=\"featured-link\">DETAILS<\/p>\n<\/span> <\/a><\/div>\n<p>Auf dem Weg hinunter zur Bucht befindet sich der Wink Inn, eine klassische cornische Kneipe; \u2018wink\u2019, das Zwinkern, bezieht sich darauf, dass der niedere Adel und die Ortspfarrer oft ein Auge zugedr\u00fcckt haben, was die Schmugglerei betrifft.<\/p>\n<p><img loading=\"lazy\" class=\"aligncenter size-full wp-image-23957\" src=\"https:\/\/www.urlaubcornwall.de\/blog\/wp-content\/uploads\/2016\/05\/lantic-bay.jpg\" alt=\"lantic-bay\" height=\"421\" width=\"748\"\/><\/p>\n<p><strong>Lantic Bay<\/strong> &#8211; Lantic Bay ist ein versteckt gelegenes Juwel eines Strandes; wundersch\u00f6n hufeisenf\u00f6rmig, eine windgesch\u00fctzte Bucht mit wei\u00dfen Sandstr\u00e4nden und kristallblauem Wasser. Parken Sie Ihr Auto in <a href=\"https:\/\/www.urlaubcornwall.de\/ferienhaeuser-fewos\/polruan.html\">Polruan<\/a> bei <a href=\"https:\/\/www.urlaubcornwall.de\/ferienhaeuser-fewos\/fowey.html\">Fowey<\/a> und folgen Sie dann dem gut ausgeschilderten Fu\u00dfweg. Sie brauchen ungef\u00e4hr 20 Minuten, und wenn Sie \u00fcber den H\u00fcgel spaziert sind, wird sich die Bucht vor Ihnen auftun. Es ist eine wahrhaft malerische Lage und ein herrlicher Ort, um den Sonnenuntergang zu sehen.<\/p>\n<p><img loading=\"lazy\" class=\"aligncenter size-full wp-image-23956\" src=\"https:\/\/www.urlaubcornwall.de\/blog\/wp-content\/uploads\/2016\/05\/st-loy-cornwall.jpg\" alt=\"st loy-cornwall\" height=\"404\" width=\"744\" srcset=\"https:\/\/www.urlaubcornwall.de\/blog\/wp-content\/uploads\/2016\/05\/st-loy-cornwall.jpg 744w, https:\/\/www.urlaubcornwall.de\/blog\/wp-content\/uploads\/2016\/05\/st-loy-cornwall-300x163.jpg 300w\" sizes=\"(max-width: 744px) 100vw, 744px\" \/><\/p>\n<p><strong>St Loys Cove <\/strong> &#8211; St Loys Cove ist bestbekannt f\u00fcr sein bewaldetes Tal, das hinunter zur Bucht f\u00fchrt. Es ist ein h\u00fcbscher Spaziergang,vor allem im Fr\u00fchling, wenn die Sternhyazinthen bl\u00fchen. Es ist eine felsige Bucht ohne Sand, doch eine Sonnenfalle, und sie soll das w\u00e4rmste Meer Britanniens haben.<\/p>\n<p><img loading=\"lazy\" class=\"aligncenter size-full wp-image-23964\" src=\"https:\/\/www.urlaubcornwall.de\/blog\/wp-content\/uploads\/2016\/05\/strangles-cornwall.jpg\" alt=\"strangles-cornwall\" height=\"401\" width=\"744\" srcset=\"https:\/\/www.urlaubcornwall.de\/blog\/wp-content\/uploads\/2016\/05\/strangles-cornwall.jpg 744w, https:\/\/www.urlaubcornwall.de\/blog\/wp-content\/uploads\/2016\/05\/strangles-cornwall-300x162.jpg 300w\" sizes=\"(max-width: 744px) 100vw, 744px\" \/><\/p>\n<p><strong>Strangles Beach<\/strong> &#8211; Strangles Beach ist ein langer, nach Westen hin gelegener Sandstrand bei Crackington Haven. Es f\u00fchrt ein recht steiler Weg hinunter zum Strand, so dass es selbst in der Hochsaison ein ruhiger Strand ist. Strangles Beach befindet sich in einem Gebiet dramatischer K\u00fcste mit hohen Klippen, Landspitzen und versteckten bewaldeten T\u00e4lern. High Cliff ist mit mehr als 200 Metern die h\u00f6chste Klippe Cornwalls. Der Strand eignet sich gro\u00dfartig, um Robben zu beobachten und die Felsenpools zu erkunden. Ein Teil des Strandes wird h\u00e4ufig von FKK-Anh\u00e4ngern genutzt.<\/p>\n<p>Cornwall ist bekannt f\u00fcr die Qualit\u00e4t und Vielfalt an Str\u00e4nden. Die langen Sandstr\u00e4nde der Nordk\u00fcste wie <a href=\"https:\/\/www.urlaubcornwall.de\/ferienhaeuser-fewos\/perranporth.html\">Perranporth<\/a> und Godrevy bieten hervorragende Surfbedingungen&#8230;.<a href=\"https:\/\/www.urlaubcornwall.de\/blog\/ferienhaeuser-naehe-der-besten-straende-an-cornwalls-kueste\/\">Ferienh\u00e4user in der N\u00e4he der besten Str\u00e4nde an Cornwalls K\u00fcste.<\/a><\/p>\n<div class=\"snippet\"> <a class=\"featured-item\" href=\"https:\/\/www.urlaubcornwall.de\/rundreisen\/cornwall-suedengland.php\"> <span class=\"image-holder\" style=\"background-image: url('https:\/\/www.urlaubcornwall.de\/blog\/wp-content\/uploads\/2019\/01\/DiTn0QVWsAIOgjG.jpg');\"><\/span> <span class=\"featured-content\"> \n<h2 class=\"featured-title\">Rundreisen Cornwall &#038; S\u00fcdengland eine perfekte Kombination<\/h2>\n<p class=\"featured-body\">Die perfekte Reisem\u00f6glichkeit und erm\u00f6glicht es Ihnen, Entdeckungen zu machen und einen Urlaub im eigenen Schritttempo&#8230;.<\/p><\/span> <span class=\"featured-link-holder\"> <span class=\"featured-extra-info\"> \n<p>F\u00fcr Paare, Familien &#038; Gruppen<\/p>\n<\/span> \n<p class=\"featured-link\">DETAILS<\/p>\n<\/span> <\/a><\/div>\n","protected":false},"excerpt":{"rendered":"<p>Cornwall ist weltweit bekannt f\u00fcr die Qualit\u00e4t seiner Sandstr\u00e4nde und wundersch\u00f6ner Buchten. Mit Firmensitz in Cornwall haben wir eine Liste unserer 6 Favoriten zusammengestellt, perfekt f\u00fcr all jene Reisende, die sich von den Massen entfernen wollen, um eine weitere Seite dieser herrlichen Urlaubsregion zu sehen. Penberth Cove &#8211; Penberth ist eine winzige malerische Fischerbucht bei [&hellip;]<\/p>\n","protected":false},"author":1,"featured_media":0,"parent":0,"menu_order":0,"comment_status":"closed","ping_status":"closed","template":"single-four.php","meta":[],"acf":[],"yoast_head":"<!-- This site is optimized with the Yoast SEO plugin v19.4 - https:\/\/yoast.com\/wordpress\/plugins\/seo\/ -->\n<title>6 von Cornwalls versteckt gelegenen Buchten und Str\u00e4nden - Urlaub &amp; Reisen<\/title>\n<meta name=\"robots\" content=\"index, follow, max-snippet:-1, max-image-preview:large, max-video-preview:-1\" \/>\n<link rel=\"canonical\" href=\"https:\/\/www.urlaubcornwall.de\/blog\/6-von-cornwalls-versteckt-gelegenen-buchten-und-straenden\/\" \/>\n<meta property=\"og:locale\" content=\"en_US\" \/>\n<meta property=\"og:type\" content=\"article\" \/>\n<meta property=\"og:title\" content=\"6 von Cornwalls versteckt gelegenen Buchten und Str\u00e4nden - Urlaub &amp; Reisen\" \/>\n<meta property=\"og:description\" content=\"Cornwall ist weltweit bekannt f\u00fcr die Qualit\u00e4t seiner Sandstr\u00e4nde und wundersch\u00f6ner Buchten. Mit Firmensitz in Cornwall haben wir eine Liste unserer 6 Favoriten zusammengestellt, perfekt f\u00fcr all jene Reisende, die sich von den Massen entfernen wollen, um eine weitere Seite dieser herrlichen Urlaubsregion zu sehen. Penberth Cove &#8211; Penberth ist eine winzige malerische Fischerbucht bei [&hellip;]\" \/>\n<meta property=\"og:url\" content=\"https:\/\/www.urlaubcornwall.de\/blog\/6-von-cornwalls-versteckt-gelegenen-buchten-und-straenden\/\" \/>\n<meta property=\"og:site_name\" content=\"Urlaub &amp; Reisen\" \/>\n<meta property=\"article:modified_time\" content=\"2026-01-06T14:02:00+00:00\" \/>\n<meta property=\"og:image\" content=\"https:\/\/www.urlaubcornwall.de\/blog\/wp-content\/uploads\/2016\/05\/Penberth-bucht.jpg\" \/>\n<meta name=\"twitter:card\" content=\"summary\" \/>\n<meta name=\"twitter:label1\" content=\"Est. reading time\" \/>\n\t<meta name=\"twitter:data1\" content=\"4 minutes\" \/>\n<script type=\"application\/ld+json\" class=\"yoast-schema-graph\">{\"@context\":\"https:\/\/schema.org\",\"@graph\":[{\"@type\":\"WebSite\",\"@id\":\"https:\/\/www.urlaubcornwall.de\/blog\/#website\",\"url\":\"https:\/\/www.urlaubcornwall.de\/blog\/\",\"name\":\"Urlaub &amp; Reisen\",\"description\":\"Urlaub, Reisen, Cornwall und S\u00fcdengland: eine perfekte Kombination\",\"potentialAction\":[{\"@type\":\"SearchAction\",\"target\":{\"@type\":\"EntryPoint\",\"urlTemplate\":\"https:\/\/www.urlaubcornwall.de\/blog\/?s={search_term_string}\"},\"query-input\":\"required name=search_term_string\"}],\"inLanguage\":\"en-US\"},{\"@type\":\"WebPage\",\"@id\":\"https:\/\/www.urlaubcornwall.de\/blog\/6-von-cornwalls-versteckt-gelegenen-buchten-und-straenden\/\",\"url\":\"https:\/\/www.urlaubcornwall.de\/blog\/6-von-cornwalls-versteckt-gelegenen-buchten-und-straenden\/\",\"name\":\"6 von Cornwalls versteckt gelegenen Buchten und Str\u00e4nden - Urlaub &amp; Reisen\",\"isPartOf\":{\"@id\":\"https:\/\/www.urlaubcornwall.de\/blog\/#website\"},\"datePublished\":\"2016-05-06T15:22:20+00:00\",\"dateModified\":\"2026-01-06T14:02:00+00:00\",\"breadcrumb\":{\"@id\":\"https:\/\/www.urlaubcornwall.de\/blog\/6-von-cornwalls-versteckt-gelegenen-buchten-und-straenden\/#breadcrumb\"},\"inLanguage\":\"en-US\",\"potentialAction\":[{\"@type\":\"ReadAction\",\"target\":[\"https:\/\/www.urlaubcornwall.de\/blog\/6-von-cornwalls-versteckt-gelegenen-buchten-und-straenden\/\"]}]},{\"@type\":\"BreadcrumbList\",\"@id\":\"https:\/\/www.urlaubcornwall.de\/blog\/6-von-cornwalls-versteckt-gelegenen-buchten-und-straenden\/#breadcrumb\",\"itemListElement\":[{\"@type\":\"ListItem\",\"position\":1,\"name\":\"Home\",\"item\":\"https:\/\/www.urlaubcornwall.de\/blog\/\"},{\"@type\":\"ListItem\",\"position\":2,\"name\":\"6 von Cornwalls versteckt gelegenen Buchten und Str\u00e4nden\"}]}]}<\/script>\n<!-- \/ Yoast SEO plugin. -->","yoast_head_json":{"title":"6 von Cornwalls versteckt gelegenen Buchten und Str\u00e4nden - Urlaub &amp; Reisen","robots":{"index":"index","follow":"follow","max-snippet":"max-snippet:-1","max-image-preview":"max-image-preview:large","max-video-preview":"max-video-preview:-1"},"canonical":"https:\/\/www.urlaubcornwall.de\/blog\/6-von-cornwalls-versteckt-gelegenen-buchten-und-straenden\/","og_locale":"en_US","og_type":"article","og_title":"6 von Cornwalls versteckt gelegenen Buchten und Str\u00e4nden - Urlaub &amp; Reisen","og_description":"Cornwall ist weltweit bekannt f\u00fcr die Qualit\u00e4t seiner Sandstr\u00e4nde und wundersch\u00f6ner Buchten. Mit Firmensitz in Cornwall haben wir eine Liste unserer 6 Favoriten zusammengestellt, perfekt f\u00fcr all jene Reisende, die sich von den Massen entfernen wollen, um eine weitere Seite dieser herrlichen Urlaubsregion zu sehen. Penberth Cove &#8211; Penberth ist eine winzige malerische Fischerbucht bei [&hellip;]","og_url":"https:\/\/www.urlaubcornwall.de\/blog\/6-von-cornwalls-versteckt-gelegenen-buchten-und-straenden\/","og_site_name":"Urlaub &amp; Reisen","article_modified_time":"2026-01-06T14:02:00+00:00","og_image":[{"url":"https:\/\/www.urlaubcornwall.de\/blog\/wp-content\/uploads\/2016\/05\/Penberth-bucht.jpg"}],"twitter_card":"summary","twitter_misc":{"Est. reading time":"4 minutes"},"schema":{"@context":"https:\/\/schema.org","@graph":[{"@type":"WebSite","@id":"https:\/\/www.urlaubcornwall.de\/blog\/#website","url":"https:\/\/www.urlaubcornwall.de\/blog\/","name":"Urlaub &amp; Reisen","description":"Urlaub, Reisen, Cornwall und S\u00fcdengland: eine perfekte Kombination","potentialAction":[{"@type":"SearchAction","target":{"@type":"EntryPoint","urlTemplate":"https:\/\/www.urlaubcornwall.de\/blog\/?s={search_term_string}"},"query-input":"required name=search_term_string"}],"inLanguage":"en-US"},{"@type":"WebPage","@id":"https:\/\/www.urlaubcornwall.de\/blog\/6-von-cornwalls-versteckt-gelegenen-buchten-und-straenden\/","url":"https:\/\/www.urlaubcornwall.de\/blog\/6-von-cornwalls-versteckt-gelegenen-buchten-und-straenden\/","name":"6 von Cornwalls versteckt gelegenen Buchten und Str\u00e4nden - Urlaub &amp; Reisen","isPartOf":{"@id":"https:\/\/www.urlaubcornwall.de\/blog\/#website"},"datePublished":"2016-05-06T15:22:20+00:00","dateModified":"2026-01-06T14:02:00+00:00","breadcrumb":{"@id":"https:\/\/www.urlaubcornwall.de\/blog\/6-von-cornwalls-versteckt-gelegenen-buchten-und-straenden\/#breadcrumb"},"inLanguage":"en-US","potentialAction":[{"@type":"ReadAction","target":["https:\/\/www.urlaubcornwall.de\/blog\/6-von-cornwalls-versteckt-gelegenen-buchten-und-straenden\/"]}]},{"@type":"BreadcrumbList","@id":"https:\/\/www.urlaubcornwall.de\/blog\/6-von-cornwalls-versteckt-gelegenen-buchten-und-straenden\/#breadcrumb","itemListElement":[{"@type":"ListItem","position":1,"name":"Home","item":"https:\/\/www.urlaubcornwall.de\/blog\/"},{"@type":"ListItem","position":2,"name":"6 von Cornwalls versteckt gelegenen Buchten und Str\u00e4nden"}]}]}},"_links":{"self":[{"href":"https:\/\/www.urlaubcornwall.de\/blog\/wp-json\/wp\/v2\/pages\/23951"}],"collection":[{"href":"https:\/\/www.urlaubcornwall.de\/blog\/wp-json\/wp\/v2\/pages"}],"about":[{"href":"https:\/\/www.urlaubcornwall.de\/blog\/wp-json\/wp\/v2\/types\/page"}],"author":[{"embeddable":true,"href":"https:\/\/www.urlaubcornwall.de\/blog\/wp-json\/wp\/v2\/users\/1"}],"replies":[{"embeddable":true,"href":"https:\/\/www.urlaubcornwall.de\/blog\/wp-json\/wp\/v2\/comments?post=23951"}],"version-history":[{"count":20,"href":"https:\/\/www.urlaubcornwall.de\/blog\/wp-json\/wp\/v2\/pages\/23951\/revisions"}],"predecessor-version":[{"id":51954,"href":"https:\/\/www.urlaubcornwall.de\/blog\/wp-json\/wp\/v2\/pages\/23951\/revisions\/51954"}],"wp:attachment":[{"href":"https:\/\/www.urlaubcornwall.de\/blog\/wp-json\/wp\/v2\/media?parent=23951"}],"curies":[{"name":"wp","href":"https:\/\/api.w.org\/{rel}","templated":true}]}}