{"id":23401,"date":"2016-03-27T15:55:55","date_gmt":"2016-03-27T15:55:55","guid":{"rendered":"https:\/\/www.urlaubcornwall.de\/blog\/?page_id=23401"},"modified":"2026-01-06T20:21:42","modified_gmt":"2026-01-06T20:21:42","slug":"st-ives-geschichte-sehenswuerdigkeiten-und-unterkunft","status":"publish","type":"page","link":"https:\/\/www.urlaubcornwall.de\/blog\/st-ives-geschichte-sehenswuerdigkeiten-und-unterkunft\/","title":{"rendered":"Urlaub in St Ives: Geschichte, Sehensw\u00fcrdigkeiten und Unterkunft"},"content":{"rendered":"<p><img loading=\"lazy\" class=\"aligncenter size-full wp-image-48084\" src=\"https:\/\/www.urlaubcornwall.de\/blog\/wp-content\/uploads\/2024\/03\/st-ives-mmer.jpg\" alt=\"st ives meer\" width=\"750\" height=\"486\" srcset=\"https:\/\/www.urlaubcornwall.de\/blog\/wp-content\/uploads\/2024\/03\/st-ives-mmer.jpg 750w, https:\/\/www.urlaubcornwall.de\/blog\/wp-content\/uploads\/2024\/03\/st-ives-mmer-300x194.jpg 300w\" sizes=\"(max-width: 750px) 100vw, 750px\" \/><\/p>\n<p>Ein Reisef\u00fchrer f\u00fcr Ihren <a href=\"https:\/\/www.urlaubcornwall.de\/ferienhaeuser-fewos\/st-ives-umgebung.html\">Urlaub in St Ives<\/a>: Insider Tipps zur Geschichte, den Sehensw\u00fcrdigkeiten und Dingen, die es in St Ives w\u00e4hrend eines Urlaubs in diesem wundersch\u00f6nen Teil <a href=\"https:\/\/www.urlaubcornwall.de\/ferienhaeuser-fewos\/west-cornwall.html\">Westcornwalls<\/a> zu tun gibt. St Ives ist einzigartig und ungvergleichbar mit irgendeinem anderen Ort Britanniens. Dies r\u00fchrt her von seiner Fischertradition, dem Kunsterbe und der Tourismusindustrie. Sein Hafen ist typisch cornisch; auch hat es wunderbare Sandstr\u00e4nde und zahlreiche Kunstgalerien, einschlie\u00dflich der Tate St Ives. Die gepflasterten Gassen und Wege haben faszinierende Namen, wie zum Beispiel Salubrious Terrace, Teetotal Street und The Digey, die allesamt zum Charme von St Ives beitragen.<\/p>\n<p><strong>St Ives Attraktionen<\/strong><\/p>\n<p>Tate St Ives wurde 1993 er\u00f6ffnet und befindet sich oberhalb des Porthmeor Strandes. Die ausgestellten Gem\u00e4lde stammen von f\u00fchrenden K\u00fcnstlern der St Ives School. Das Dachcaf\u00e9 ist ein idealer Ort, um das Panorama zu genie\u00dfen. In der ehemaligen Mariners Church befindet sich die \u201eSt Ives Society of Artists\u201c Galerie, und hier k\u00f6nnen Sie zeitgen\u00f6ssische Arbeiten der Mitglieder sehen. Bildhauerin Barbara Hepworth bildete Mitte des 20. Jahrhunderts das Zentrum der Kunstszene in St Ives. Ihr Studio und Skulpturengarten bieten Einblick in ihr Leben und Arbeiten.<\/p>\n<p><img loading=\"lazy\" class=\"aligncenter size-full wp-image-23403\" src=\"https:\/\/www.urlaubcornwall.de\/blog\/wp-content\/uploads\/2016\/03\/Sehensw\u00fcrdigkeiten-st-ives.jpg\" alt=\"Sehensw\u00fcrdigkeiten st ives\" width=\"748\" height=\"404\"\/><\/p>\n<p>In der Leach T\u00f6pferei, gegr\u00fcndet von einem der bekanntesten und einflussreichsten T\u00f6pfer Britanniens, Bernard Leach, k\u00f6nnen Sie einen Teil seiner Werke sehen und zeitgen\u00f6ssischen Keramikern bei der Arbeit zusehen.<\/p>\n<p>Das St Ives Museum, versteckt gelegen inmitten der alten Stra\u00dfen im Herzen der Stadt, deckt jeden Aspekt der Ortsgeschichte, von Geologie und Arch\u00e4ologie bis hin zum Bergbau, der Fischerei, Landwirtschaft und Schiffswracks.<\/p>\n<p>Die subtropischen G\u00e4rten Trewyn im Herzen von St Ives sind ein ruhiger R\u00fcckzugsort und selbst in der Hochsaison ein friedvoller Platz f\u00fcr ein Picknick.<\/p>\n<div class=\"snippet\"> <a class=\"featured-item\" href=\" https:\/\/www.urlaubcornwall.de\/ferienhaeuser-fewos\/st-ives-umgebung.html\"> <span class=\"image-holder\" style=\"background-image: url(' https:\/\/www.urlaubcornwall.de\/blog\/wp-content\/uploads\/2019\/08\/ferienhaus-lands-end.jpg ');\"><\/span> <span class=\"featured-content\"> \n<h2 class=\"featured-title\">Ferienh\u00e4user und Ferienwohnungen in St Ives<\/h2>\n<p class=\"featured-body\">St Ives eines der Juwelen der britischen Krone. St Ives ist ein Labyrinth mit gepflasterten Stra\u00dfen, Fischerh\u00e4uschen, Gesch\u00e4ften, Galerien und Restaurants, die alle f\u00f6rmlich darauf warten, entdeckt zu werden&#8230;&#8230;<\/p>\n<\/span> <span class=\"featured-link-holder\"> <span class=\"featured-extra-info\"> \n<p>F\u00fcr Paare, Familien &#038; Gruppen<\/p>\n<\/span> \n<p class=\"featured-link\">DETAILS<\/p>\n<\/span> <\/a><\/div>\n<p>Die Str\u00e4nde Porthminster und Porthmeor befinden sich beide in der Stadt. Porthminster ist im S\u00fcden der Stadt, gesch\u00fctzt und ruhig, gro\u00dfartig zum Schwimmen und Sandburgen Bauen. Porthmeor befindet sich am Ostende und ist beliebter bei Surfern.<\/p>\n<p>Aufgrund der engen Stra\u00dfen ist es schwierig, mit dem Auto durch St Ives zu fahren. Am Besten parken Sie am \u2018Park and Ride\u2019 oder nehmen den Zug von Lelant. Dies ist eine der malerischsten Bahnstrecken, vorbei an den goldenen Str\u00e4nden von Hayle Towans und <a href=\"https:\/\/www.urlaubcornwall.de\/ferienhaeuser-fewos\/carbis-bay.html\">Carbis Bay<\/a>, bevor Sie in St Ives ankommen.<\/p>\n<p>Kommen Sie im September zum 15t\u00e4gigen Septemberfestival mit Kom\u00f6dien, Bands, lokaler Volksmusik und afrikanischem Tanz.<\/p>\n<p><strong>Orte, die es in der N\u00e4he zu besichtigen gibt<\/strong><\/p>\n<p>Die Hayle Flussm\u00fcndung ist ein wichtiger Futterplatz f\u00fcr V\u00f6gel im Winter und im Fr\u00fchling und Sommer herrlich zum Vogelbeobachten. W\u00e4hrend der Herbstmigrationen gibt es sogar einige sehr seltene Sichtungen.<\/p>\n<p><img loading=\"lazy\" class=\"aligncenter size-full wp-image-32759\" src=\"https:\/\/www.urlaubcornwall.de\/blog\/wp-content\/uploads\/2018\/03\/Godrevy-strand-hayle.jpg\" alt=\"Godrevy strand hayle\" width=\"749\" height=\"409\"\/><\/p>\n<p>Neben den Str\u00e4nden der Stadt St Ives gibt es etliche mehr entlang der St Ives Bucht; Carbis Bay, Hayle Towans, Porth Kidney Sands, Gwithian und Godrevy. Der \u00f6stliche Teile der Bucht von Porth Kidney nach Godrevy ist ein 5km langer Sandstrand mit Sandd\u00fcnen im Hintergrund. Bei Godrevy befindet sich am&nbsp; Godrevy Head der ber\u00fchmte Leuchtturm, der Virginia Woolf dazu inspiriert haben soll, \u201aZum Leuchtturm\u2018 zu schreiben.<\/p>\n<p>Der Paradise Park bei <a href=\"https:\/\/www.urlaubcornwall.de\/ferienhaeuser-fewos\/hayle.html\">Hayle<\/a> ist eine preisgekr\u00f6nte Tierrettungsstation mit \u00fcber 650 Tieren und V\u00f6geln und das Zuhause des World Parrot Trust. Es hat auch einen Innenspielplatz. All dies befindet sich um gesch\u00fctzte viktorianische G\u00e4rten herum und ist perfekt f\u00fcr Tierfreunde, Gartenliebhaber und Kinder jeden Alters.<\/p>\n<p>Cornwall Gold ist eine Besucherattraktion im Herzen des cornischen Zinnbergbaus. Der Eintritt ist frei, und Sie k\u00f6nnen die Gesschichte der Zinnproduktion kennenlernen und dabei zusehen, wie einzigartiges cornisches Schmuckwerk aus Zinn der Tolgus Zinnm\u00fchle hergestellt wird.<\/p>\n<div class=\"snippet\"> <a class=\"featured-item\" href=\" https:\/\/www.urlaubcornwall.de\/rundreisen\/cornwall-suedengland.php\"> <span class=\"image-holder\" style=\"background-image: url(' https:\/\/www.urlaubcornwall.de\/blog\/wp-content\/uploads\/2018\/11\/rundreise-cornwall.jpg ');\"><\/span> <span class=\"featured-content\"> \n<h2 class=\"featured-title\">Individuelle Rundreise in Cornwall &#038; S\u00fcdengland<\/h2>\n<p class=\"featured-body\"> Bei dieser Cornwall Rundreise entdecken Sie die H\u00f6hepunkte S\u00fcdenglands. Kultur, Geschichte, Landschaft und heutiges Leben werden Sie hierbei kennenlernen&#8230;<\/p>\n<\/span> <span class=\"featured-link-holder\"> <span class=\"featured-extra-info\"> \n<p>Urlaub im eigenen Schritttempo<\/p>\n<\/span> \n<p class=\"featured-link\">DETAILS<\/p>\n<\/span> <\/a><\/div>\n","protected":false},"excerpt":{"rendered":"<p>Ein Reisef\u00fchrer f\u00fcr Ihren Urlaub in St Ives: Insider Tipps zur Geschichte, den Sehensw\u00fcrdigkeiten und Dingen, die es in St Ives w\u00e4hrend eines Urlaubs in diesem wundersch\u00f6nen Teil Westcornwalls zu tun gibt. St Ives ist einzigartig und ungvergleichbar mit irgendeinem anderen Ort Britanniens. Dies r\u00fchrt her von seiner Fischertradition, dem Kunsterbe und der Tourismusindustrie. Sein [&hellip;]<\/p>\n","protected":false},"author":1,"featured_media":0,"parent":0,"menu_order":0,"comment_status":"closed","ping_status":"closed","template":"single-four.php","meta":[],"acf":[],"yoast_head":"<!-- This site is optimized with the Yoast SEO plugin v19.4 - https:\/\/yoast.com\/wordpress\/plugins\/seo\/ -->\n<title>Urlaub in St Ives: Geschichte, Sehensw\u00fcrdigkeiten und Unterkunft - Urlaub &amp; Reisen<\/title>\n<meta name=\"robots\" content=\"index, follow, max-snippet:-1, max-image-preview:large, max-video-preview:-1\" \/>\n<link rel=\"canonical\" href=\"https:\/\/www.urlaubcornwall.de\/blog\/st-ives-geschichte-sehenswuerdigkeiten-und-unterkunft\/\" \/>\n<meta property=\"og:locale\" content=\"en_US\" \/>\n<meta property=\"og:type\" content=\"article\" \/>\n<meta property=\"og:title\" content=\"Urlaub in St Ives: Geschichte, Sehensw\u00fcrdigkeiten und Unterkunft - Urlaub &amp; Reisen\" \/>\n<meta property=\"og:description\" content=\"Ein Reisef\u00fchrer f\u00fcr Ihren Urlaub in St Ives: Insider Tipps zur Geschichte, den Sehensw\u00fcrdigkeiten und Dingen, die es in St Ives w\u00e4hrend eines Urlaubs in diesem wundersch\u00f6nen Teil Westcornwalls zu tun gibt. St Ives ist einzigartig und ungvergleichbar mit irgendeinem anderen Ort Britanniens. Dies r\u00fchrt her von seiner Fischertradition, dem Kunsterbe und der Tourismusindustrie. Sein [&hellip;]\" \/>\n<meta property=\"og:url\" content=\"https:\/\/www.urlaubcornwall.de\/blog\/st-ives-geschichte-sehenswuerdigkeiten-und-unterkunft\/\" \/>\n<meta property=\"og:site_name\" content=\"Urlaub &amp; Reisen\" \/>\n<meta property=\"article:modified_time\" content=\"2026-01-06T20:21:42+00:00\" \/>\n<meta property=\"og:image\" content=\"https:\/\/www.urlaubcornwall.de\/blog\/wp-content\/uploads\/2024\/03\/st-ives-mmer.jpg\" \/>\n<meta name=\"twitter:card\" content=\"summary\" \/>\n<meta name=\"twitter:label1\" content=\"Est. reading time\" \/>\n\t<meta name=\"twitter:data1\" content=\"4 minutes\" \/>\n<script type=\"application\/ld+json\" class=\"yoast-schema-graph\">{\"@context\":\"https:\/\/schema.org\",\"@graph\":[{\"@type\":\"WebSite\",\"@id\":\"https:\/\/www.urlaubcornwall.de\/blog\/#website\",\"url\":\"https:\/\/www.urlaubcornwall.de\/blog\/\",\"name\":\"Urlaub &amp; Reisen\",\"description\":\"Urlaub, Reisen, Cornwall und S\u00fcdengland: eine perfekte Kombination\",\"potentialAction\":[{\"@type\":\"SearchAction\",\"target\":{\"@type\":\"EntryPoint\",\"urlTemplate\":\"https:\/\/www.urlaubcornwall.de\/blog\/?s={search_term_string}\"},\"query-input\":\"required name=search_term_string\"}],\"inLanguage\":\"en-US\"},{\"@type\":\"WebPage\",\"@id\":\"https:\/\/www.urlaubcornwall.de\/blog\/st-ives-geschichte-sehenswuerdigkeiten-und-unterkunft\/\",\"url\":\"https:\/\/www.urlaubcornwall.de\/blog\/st-ives-geschichte-sehenswuerdigkeiten-und-unterkunft\/\",\"name\":\"Urlaub in St Ives: Geschichte, Sehensw\u00fcrdigkeiten und Unterkunft - Urlaub &amp; Reisen\",\"isPartOf\":{\"@id\":\"https:\/\/www.urlaubcornwall.de\/blog\/#website\"},\"datePublished\":\"2016-03-27T15:55:55+00:00\",\"dateModified\":\"2026-01-06T20:21:42+00:00\",\"breadcrumb\":{\"@id\":\"https:\/\/www.urlaubcornwall.de\/blog\/st-ives-geschichte-sehenswuerdigkeiten-und-unterkunft\/#breadcrumb\"},\"inLanguage\":\"en-US\",\"potentialAction\":[{\"@type\":\"ReadAction\",\"target\":[\"https:\/\/www.urlaubcornwall.de\/blog\/st-ives-geschichte-sehenswuerdigkeiten-und-unterkunft\/\"]}]},{\"@type\":\"BreadcrumbList\",\"@id\":\"https:\/\/www.urlaubcornwall.de\/blog\/st-ives-geschichte-sehenswuerdigkeiten-und-unterkunft\/#breadcrumb\",\"itemListElement\":[{\"@type\":\"ListItem\",\"position\":1,\"name\":\"Home\",\"item\":\"https:\/\/www.urlaubcornwall.de\/blog\/\"},{\"@type\":\"ListItem\",\"position\":2,\"name\":\"Urlaub in St Ives: Geschichte, Sehensw\u00fcrdigkeiten und Unterkunft\"}]}]}<\/script>\n<!-- \/ Yoast SEO plugin. -->","yoast_head_json":{"title":"Urlaub in St Ives: Geschichte, Sehensw\u00fcrdigkeiten und Unterkunft - Urlaub &amp; Reisen","robots":{"index":"index","follow":"follow","max-snippet":"max-snippet:-1","max-image-preview":"max-image-preview:large","max-video-preview":"max-video-preview:-1"},"canonical":"https:\/\/www.urlaubcornwall.de\/blog\/st-ives-geschichte-sehenswuerdigkeiten-und-unterkunft\/","og_locale":"en_US","og_type":"article","og_title":"Urlaub in St Ives: Geschichte, Sehensw\u00fcrdigkeiten und Unterkunft - Urlaub &amp; Reisen","og_description":"Ein Reisef\u00fchrer f\u00fcr Ihren Urlaub in St Ives: Insider Tipps zur Geschichte, den Sehensw\u00fcrdigkeiten und Dingen, die es in St Ives w\u00e4hrend eines Urlaubs in diesem wundersch\u00f6nen Teil Westcornwalls zu tun gibt. St Ives ist einzigartig und ungvergleichbar mit irgendeinem anderen Ort Britanniens. Dies r\u00fchrt her von seiner Fischertradition, dem Kunsterbe und der Tourismusindustrie. Sein [&hellip;]","og_url":"https:\/\/www.urlaubcornwall.de\/blog\/st-ives-geschichte-sehenswuerdigkeiten-und-unterkunft\/","og_site_name":"Urlaub &amp; Reisen","article_modified_time":"2026-01-06T20:21:42+00:00","og_image":[{"url":"https:\/\/www.urlaubcornwall.de\/blog\/wp-content\/uploads\/2024\/03\/st-ives-mmer.jpg"}],"twitter_card":"summary","twitter_misc":{"Est. reading time":"4 minutes"},"schema":{"@context":"https:\/\/schema.org","@graph":[{"@type":"WebSite","@id":"https:\/\/www.urlaubcornwall.de\/blog\/#website","url":"https:\/\/www.urlaubcornwall.de\/blog\/","name":"Urlaub &amp; Reisen","description":"Urlaub, Reisen, Cornwall und S\u00fcdengland: eine perfekte Kombination","potentialAction":[{"@type":"SearchAction","target":{"@type":"EntryPoint","urlTemplate":"https:\/\/www.urlaubcornwall.de\/blog\/?s={search_term_string}"},"query-input":"required name=search_term_string"}],"inLanguage":"en-US"},{"@type":"WebPage","@id":"https:\/\/www.urlaubcornwall.de\/blog\/st-ives-geschichte-sehenswuerdigkeiten-und-unterkunft\/","url":"https:\/\/www.urlaubcornwall.de\/blog\/st-ives-geschichte-sehenswuerdigkeiten-und-unterkunft\/","name":"Urlaub in St Ives: Geschichte, Sehensw\u00fcrdigkeiten und Unterkunft - Urlaub &amp; Reisen","isPartOf":{"@id":"https:\/\/www.urlaubcornwall.de\/blog\/#website"},"datePublished":"2016-03-27T15:55:55+00:00","dateModified":"2026-01-06T20:21:42+00:00","breadcrumb":{"@id":"https:\/\/www.urlaubcornwall.de\/blog\/st-ives-geschichte-sehenswuerdigkeiten-und-unterkunft\/#breadcrumb"},"inLanguage":"en-US","potentialAction":[{"@type":"ReadAction","target":["https:\/\/www.urlaubcornwall.de\/blog\/st-ives-geschichte-sehenswuerdigkeiten-und-unterkunft\/"]}]},{"@type":"BreadcrumbList","@id":"https:\/\/www.urlaubcornwall.de\/blog\/st-ives-geschichte-sehenswuerdigkeiten-und-unterkunft\/#breadcrumb","itemListElement":[{"@type":"ListItem","position":1,"name":"Home","item":"https:\/\/www.urlaubcornwall.de\/blog\/"},{"@type":"ListItem","position":2,"name":"Urlaub in St Ives: Geschichte, Sehensw\u00fcrdigkeiten und Unterkunft"}]}]}},"_links":{"self":[{"href":"https:\/\/www.urlaubcornwall.de\/blog\/wp-json\/wp\/v2\/pages\/23401"}],"collection":[{"href":"https:\/\/www.urlaubcornwall.de\/blog\/wp-json\/wp\/v2\/pages"}],"about":[{"href":"https:\/\/www.urlaubcornwall.de\/blog\/wp-json\/wp\/v2\/types\/page"}],"author":[{"embeddable":true,"href":"https:\/\/www.urlaubcornwall.de\/blog\/wp-json\/wp\/v2\/users\/1"}],"replies":[{"embeddable":true,"href":"https:\/\/www.urlaubcornwall.de\/blog\/wp-json\/wp\/v2\/comments?post=23401"}],"version-history":[{"count":33,"href":"https:\/\/www.urlaubcornwall.de\/blog\/wp-json\/wp\/v2\/pages\/23401\/revisions"}],"predecessor-version":[{"id":51989,"href":"https:\/\/www.urlaubcornwall.de\/blog\/wp-json\/wp\/v2\/pages\/23401\/revisions\/51989"}],"wp:attachment":[{"href":"https:\/\/www.urlaubcornwall.de\/blog\/wp-json\/wp\/v2\/media?parent=23401"}],"curies":[{"name":"wp","href":"https:\/\/api.w.org\/{rel}","templated":true}]}}