{"id":23125,"date":"2016-02-17T10:52:15","date_gmt":"2016-02-17T10:52:15","guid":{"rendered":"https:\/\/www.urlaubcornwall.de\/blog\/?page_id=23125"},"modified":"2024-05-31T12:35:10","modified_gmt":"2024-05-31T12:35:10","slug":"atemberaubender-blick-in-cornwall-restaurants-und-kneipen-am-meer","status":"publish","type":"page","link":"https:\/\/www.urlaubcornwall.de\/blog\/atemberaubender-blick-in-cornwall-restaurants-und-kneipen-am-meer\/","title":{"rendered":"Atemberaubender Blick in Cornwall: Restaurants und Kneipen am Meer"},"content":{"rendered":"<p>Genie\u00dfen Sie herrlichsten Meeresblick in <a href=\"http:\/\/www.urlaubcornwall.de\/reiseziel\/cornwall.php\">Cornwall<\/a> bei einer Mahlzeit und einem Getr\u00e4nk in einer der folgenden gro\u00dfartigen Kneipen oder den Restaurants.<\/p>\n<p><img loading=\"lazy\" class=\"aligncenter size-full wp-image-23139\" src=\"https:\/\/www.urlaubcornwall.de\/blog\/wp-content\/uploads\/2016\/02\/schoene-Blick-in-Cornwall.jpg\" alt=\"schoene Blick in Cornwall\" width=\"748\" height=\"366\"\/><\/p>\n<p><strong><a href=\"http:\/\/www.pandorainn.com\/\" rel=\"nofollow\">Pandora Inn, Restronguet<\/a><\/strong> &#8211; Der Inn befindet sich in einer der feinsten Flusslagen in Cornwall and den Ufern des Restronguet Wasserlaufs. Teile des Gasthauses reichen zur\u00fcck ins 13. Jahrhundert, und aufgrund der gepflasterten B\u00f6den, tiefliegenden Balkendecken und reetgedecktem Dach ist es nicht schwer zu glauben, dass sich seit jenen Zeiten wenig ge\u00e4ndert hat. Die Kneipe hat sogar ihren eigenen Ponton, der von der Terrasse zum Fluss hin f\u00fchrt, wo Kinder Krabben fangen k\u00f6nnen, w\u00e4hrend die Eltern eine Mahlzeit oder ein erfrischendes Ma\u00df Bier genie\u00dfen.<\/p>\n<p><a href=\"https:\/\/www.urlaubcornwall.de\/blog\/wp-content\/uploads\/2023\/10\/rashleigh-inn-polkerris.jpg\"><img loading=\"lazy\" src=\"https:\/\/www.urlaubcornwall.de\/blog\/wp-content\/uploads\/2023\/10\/rashleigh-inn-polkerris.jpg\" alt=\"rashleigh-inn-polkerris\" width=\"750\" height=\"500\" class=\"alignnone size-full wp-image-47054\" srcset=\"https:\/\/www.urlaubcornwall.de\/blog\/wp-content\/uploads\/2023\/10\/rashleigh-inn-polkerris.jpg 750w, https:\/\/www.urlaubcornwall.de\/blog\/wp-content\/uploads\/2023\/10\/rashleigh-inn-polkerris-300x200.jpg 300w\" sizes=\"(max-width: 750px) 100vw, 750px\" \/><\/a><br \/>\nimage credit rashleigh inn<\/p>\n<p><strong><a href=\"http:\/\/www.therashleighinnpolkerris.co.uk\/\" rel=\"nofollow\">R<\/a><\/strong><strong><a href=\"http:\/\/www.therashleighinnpolkerris.co.uk\/\" rel=\"nofollow\">ashleigh Inn, Polkerris<\/a><\/strong> &#8211; Der Rashleigh Inn befindet sich in der St Austell Bucht mit Blick \u00fcber den gesch\u00fctzten Hafen und Strand des kleinen Dorfes Polkerris. Indem er nach S\u00fcdwesten hin gelegen ist, ist er das ganze Jahr \u00fcber geradezu perfekt an sp\u00e4ten Nachmittagen und zu herrlichen Sonnenunterg\u00e4ngen. Die Kneipe hat frischen Fisch, \u00f6rtlich gebrautes Bier, Apfelpunsch und cornische Cream Teas im Angebot. Indem sie sich zwischen dem Dorf Par und dem historischen Hafen Foweys befindet, ist sie somit lediglich 3 Meilen vom <a href=\"https:\/\/www.urlaubcornwall.de\/blog\/all-das-was-sie-schon-immer-ueber-das-eden-project-wissen-wollten\/\">Eden Projekt<\/a> &amp; dem Luxulyan Tal entfernt.<\/p>\n<p><strong><a href=\"http:\/\/www.oldcoastguardhotel.co.uk\/\" rel=\"nofollow\">Old Coastguard Mousehole, West Cornwall<\/a><\/strong> &#8211; Essen und trinken Sie mit atemberaubendem Blick im Old Coastguard im malerischen Dorf Mousehole und dem St Michaels Mount in der Ferne. Sie haben eine leckere, jahreszeitlich orientierte Speisekarte im Angebot, zubereitet mit bestem cornischen Fisch, Fleisch und Erzeugnissen. Die Bar ist gut ausgestattet mit Getr\u00e4nken, einer guten Vielfalt an \u00f6rtlich gebrauten Bieren, Wein und alkoholfreien Getr\u00e4nken, oder genie\u00dfen Sie ein hei\u00dfes Getr\u00e4nk. Entspannen Sie mit Blick aus den Fenstern oder drau\u00dfen auf der Terrasse. The Old Coastguard ist hundefreundlich.<\/p>\n<p><img loading=\"lazy\" class=\"aligncenter size-full wp-image-23129\" src=\"https:\/\/www.urlaubcornwall.de\/blog\/wp-content\/uploads\/2016\/02\/Atemberaubender-Blick-in-Cornwall.jpg\" alt=\"Atemberaubender Blick in Cornwall\" width=\"745\" height=\"377\" srcset=\"https:\/\/www.urlaubcornwall.de\/blog\/wp-content\/uploads\/2016\/02\/Atemberaubender-Blick-in-Cornwall.jpg 745w, https:\/\/www.urlaubcornwall.de\/blog\/wp-content\/uploads\/2016\/02\/Atemberaubender-Blick-in-Cornwall-300x152.jpg 300w\" sizes=\"(max-width: 745px) 100vw, 745px\" \/><\/p>\n<p><strong><a href=\"http:\/\/www.theportwilliam.co.uk\/\" rel=\"nofollow\">Port William, Trebarwith Strand<\/a><\/strong> &#8211; Beliebt bei Wanderern ist Port William am <a href=\"https:\/\/www.urlaubcornwall.de\/ferienhaeuser-fewos\/trebarwith.html\">Trebarwith Strand<\/a> an der nordcornischen K\u00fcste mit verglastem Speisesaal und Au\u00dfenterrasse, die beide fantastischen Blick \u00fcber die atemberaubende K\u00fcste bieten. Beobachten Sie, wie wilde Wellen an die Felsen schlagen und Surfer sich in die atlantischen Wogen wagen. Lehnen Sie sich dann zur\u00fcck, warten Sie, bis die Flut zur\u00fcckweicht und ein meilenlanger goldener Sandstrand in Erscheinung tritt. Wenn es Ihnen danach ist, sich etwas zu bewegen, so f\u00fchrt der S\u00fcdwestk\u00fcstenpfad direkt an der Kneipe vorbei. Wenn Sie jedoch lediglich entspannen wollen, lehnen Sie sich mit einem Glas Wein oder einem Ma\u00df cornishem Tribute Ale zur\u00fcck.<\/p>\n<p><strong><a href=\"http:\/\/www.cafemylor.com\/\" rel=\"nofollow\">Cafe Mylor, Falmouth<\/a><\/strong> &#8211; Cafe Mylor liegt ideal zwischen <a href=\"https:\/\/www.urlaubcornwall.de\/blog\/truro-cornwall-geschichte-sehenswuerdigkeiten-und-unterkunft\/\">Truro<\/a> und <a href=\"https:\/\/www.urlaubcornwall.de\/blog\/falmouth-cornwall-geschichte-sehenswuerdigkeiten-und-unterkunft\/\">Falmouth<\/a> an den Ufern der Falm\u00fcndung am Jachthafen Mylor. Sie haben das ganze Jahr \u00fcber f\u00fcr Fr\u00fchst\u00fcck, Brunch und Mittagessen ge\u00f6ffnet mit frischem Kaffee und Tee, sowie Kuchen, Smoothies und einer gro\u00dfen Bannbreite an schmackhaften Leckereien. Mit zahlreichen Parkm\u00f6glichkeiten ist es eine gro\u00dfartige Lage, um von dort aus zu wandern oder sich vom Jachthafen aus aufs Wasser zu wagen. Es gibt Sitzm\u00f6glichkeiten sowohl Innen in der W\u00e4rme oder drau\u00dfen auf der Terrasse mit gro\u03b2artigem Blick \u00fcber all die Aktivit\u00e4ten im Hafen. Hunde sind in diesem hundefreundlichen Kaffee in Cornwall willkommen.<\/p>\n<p><ins class=\"bookingaff\" data-aid=\"1697346\" data-target_aid=\"1697346\" data-prod=\"map\" data-width=\"100%\" data-height=\"590\" data-lang=\"ualng\" data-dest_id=\"0\" data-dest_type=\"landmark\" data-latitude=\"50.415497\" data-longitude=\"-5.073719\" data-landmark_name=\"Die besten Hotels in Cornwall\" data-mwhsb=\"1\"><br \/>\n    <!-- Anything inside will go away once widget is loaded. --><br \/>\n        <a href=\"\/\/www.booking.com?aid=1697346\" rel=\"nofollow\">Booking.com<\/a><br \/>\n<\/ins><br \/>\n<script type=\"text\/javascript\">\n    (function(d, sc, u) {\n      var s = d.createElement(sc), p = d.getElementsByTagName(sc)[0];\n      s.type = 'text\/javascript';\n      s.async = true;\n      s.src = u + '?v=' + (+new Date());\n      p.parentNode.insertBefore(s,p);\n      })(document, 'script', '\/\/aff.bstatic.com\/static\/affiliate_base\/js\/flexiproduct.js');\n<\/script><\/p>\n<h2 style=\"text-align: center;\"><strong>Englands sch\u00f6nstes Urlaubsziel: Ihr Traumurlaub beginnt hier!<\/strong><\/h2>\n<p>Lassen Sie uns dabei behilflich sein, das geheime Cornwall zu entdecken. Wir stellen <a href=\"https:\/\/www.urlaubcornwall.de\/blog\/rundreise-durch-cornwall-and-suedenengland-2013\/\">individuelle Rundreisen<\/a> f\u00fcr Reisende zusammen, die mehr aus ihrem Urlaub in Cornwall und S\u00fcdengland machen wollen. N\u00e4here Informationen dazu <a href=\"http:\/\/www.urlaubcornwall.de\/reiseziel\/cornwall.php\"><span style=\"text-decoration: underline;\">finden Sie hier<\/span>.<\/a><\/p>\n<p><strong>Blick in Cornwall Karte<\/strong><\/p>\n<p><iframe loading=\"lazy\" src=\"https:\/\/www.google.com\/maps\/d\/u\/0\/embed?mid=zPZ6ttwx7pSg.kYpuhW44zJQs\" width=\"640\" height=\"480\"><\/iframe><\/p>\n","protected":false},"excerpt":{"rendered":"<p>Genie\u00dfen Sie herrlichsten Meeresblick in Cornwall bei einer Mahlzeit und einem Getr\u00e4nk in einer der folgenden gro\u00dfartigen Kneipen oder den Restaurants. Pandora Inn, Restronguet &#8211; Der Inn befindet sich in einer der feinsten Flusslagen in Cornwall and den Ufern des Restronguet Wasserlaufs. Teile des Gasthauses reichen zur\u00fcck ins 13. Jahrhundert, und aufgrund der gepflasterten B\u00f6den, [&hellip;]<\/p>\n","protected":false},"author":1,"featured_media":0,"parent":0,"menu_order":0,"comment_status":"closed","ping_status":"closed","template":"single-four.php","meta":[],"acf":[],"yoast_head":"<!-- This site is optimized with the Yoast SEO plugin v19.4 - https:\/\/yoast.com\/wordpress\/plugins\/seo\/ -->\n<title>Atemberaubender Blick in Cornwall: Restaurants und Kneipen am Meer - Urlaub &amp; Reisen<\/title>\n<meta name=\"robots\" content=\"index, follow, max-snippet:-1, max-image-preview:large, max-video-preview:-1\" \/>\n<link rel=\"canonical\" href=\"https:\/\/www.urlaubcornwall.de\/blog\/atemberaubender-blick-in-cornwall-restaurants-und-kneipen-am-meer\/\" \/>\n<meta property=\"og:locale\" content=\"en_US\" \/>\n<meta property=\"og:type\" content=\"article\" \/>\n<meta property=\"og:title\" content=\"Atemberaubender Blick in Cornwall: Restaurants und Kneipen am Meer - Urlaub &amp; Reisen\" \/>\n<meta property=\"og:description\" content=\"Genie\u00dfen Sie herrlichsten Meeresblick in Cornwall bei einer Mahlzeit und einem Getr\u00e4nk in einer der folgenden gro\u00dfartigen Kneipen oder den Restaurants. Pandora Inn, Restronguet &#8211; Der Inn befindet sich in einer der feinsten Flusslagen in Cornwall and den Ufern des Restronguet Wasserlaufs. Teile des Gasthauses reichen zur\u00fcck ins 13. Jahrhundert, und aufgrund der gepflasterten B\u00f6den, [&hellip;]\" \/>\n<meta property=\"og:url\" content=\"https:\/\/www.urlaubcornwall.de\/blog\/atemberaubender-blick-in-cornwall-restaurants-und-kneipen-am-meer\/\" \/>\n<meta property=\"og:site_name\" content=\"Urlaub &amp; Reisen\" \/>\n<meta property=\"article:modified_time\" content=\"2024-05-31T12:35:10+00:00\" \/>\n<meta property=\"og:image\" content=\"https:\/\/www.urlaubcornwall.de\/blog\/wp-content\/uploads\/2016\/02\/schoene-Blick-in-Cornwall.jpg\" \/>\n<meta name=\"twitter:card\" content=\"summary\" \/>\n<meta name=\"twitter:label1\" content=\"Est. reading time\" \/>\n\t<meta name=\"twitter:data1\" content=\"3 minutes\" \/>\n<script type=\"application\/ld+json\" class=\"yoast-schema-graph\">{\"@context\":\"https:\/\/schema.org\",\"@graph\":[{\"@type\":\"WebSite\",\"@id\":\"https:\/\/www.urlaubcornwall.de\/blog\/#website\",\"url\":\"https:\/\/www.urlaubcornwall.de\/blog\/\",\"name\":\"Urlaub &amp; Reisen\",\"description\":\"Urlaub, Reisen, Cornwall und S\u00fcdengland: eine perfekte Kombination\",\"potentialAction\":[{\"@type\":\"SearchAction\",\"target\":{\"@type\":\"EntryPoint\",\"urlTemplate\":\"https:\/\/www.urlaubcornwall.de\/blog\/?s={search_term_string}\"},\"query-input\":\"required name=search_term_string\"}],\"inLanguage\":\"en-US\"},{\"@type\":\"WebPage\",\"@id\":\"https:\/\/www.urlaubcornwall.de\/blog\/atemberaubender-blick-in-cornwall-restaurants-und-kneipen-am-meer\/\",\"url\":\"https:\/\/www.urlaubcornwall.de\/blog\/atemberaubender-blick-in-cornwall-restaurants-und-kneipen-am-meer\/\",\"name\":\"Atemberaubender Blick in Cornwall: Restaurants und Kneipen am Meer - Urlaub &amp; Reisen\",\"isPartOf\":{\"@id\":\"https:\/\/www.urlaubcornwall.de\/blog\/#website\"},\"datePublished\":\"2016-02-17T10:52:15+00:00\",\"dateModified\":\"2024-05-31T12:35:10+00:00\",\"breadcrumb\":{\"@id\":\"https:\/\/www.urlaubcornwall.de\/blog\/atemberaubender-blick-in-cornwall-restaurants-und-kneipen-am-meer\/#breadcrumb\"},\"inLanguage\":\"en-US\",\"potentialAction\":[{\"@type\":\"ReadAction\",\"target\":[\"https:\/\/www.urlaubcornwall.de\/blog\/atemberaubender-blick-in-cornwall-restaurants-und-kneipen-am-meer\/\"]}]},{\"@type\":\"BreadcrumbList\",\"@id\":\"https:\/\/www.urlaubcornwall.de\/blog\/atemberaubender-blick-in-cornwall-restaurants-und-kneipen-am-meer\/#breadcrumb\",\"itemListElement\":[{\"@type\":\"ListItem\",\"position\":1,\"name\":\"Home\",\"item\":\"https:\/\/www.urlaubcornwall.de\/blog\/\"},{\"@type\":\"ListItem\",\"position\":2,\"name\":\"Atemberaubender Blick in Cornwall: Restaurants und Kneipen am Meer\"}]}]}<\/script>\n<!-- \/ Yoast SEO plugin. -->","yoast_head_json":{"title":"Atemberaubender Blick in Cornwall: Restaurants und Kneipen am Meer - Urlaub &amp; Reisen","robots":{"index":"index","follow":"follow","max-snippet":"max-snippet:-1","max-image-preview":"max-image-preview:large","max-video-preview":"max-video-preview:-1"},"canonical":"https:\/\/www.urlaubcornwall.de\/blog\/atemberaubender-blick-in-cornwall-restaurants-und-kneipen-am-meer\/","og_locale":"en_US","og_type":"article","og_title":"Atemberaubender Blick in Cornwall: Restaurants und Kneipen am Meer - Urlaub &amp; Reisen","og_description":"Genie\u00dfen Sie herrlichsten Meeresblick in Cornwall bei einer Mahlzeit und einem Getr\u00e4nk in einer der folgenden gro\u00dfartigen Kneipen oder den Restaurants. Pandora Inn, Restronguet &#8211; Der Inn befindet sich in einer der feinsten Flusslagen in Cornwall and den Ufern des Restronguet Wasserlaufs. Teile des Gasthauses reichen zur\u00fcck ins 13. Jahrhundert, und aufgrund der gepflasterten B\u00f6den, [&hellip;]","og_url":"https:\/\/www.urlaubcornwall.de\/blog\/atemberaubender-blick-in-cornwall-restaurants-und-kneipen-am-meer\/","og_site_name":"Urlaub &amp; Reisen","article_modified_time":"2024-05-31T12:35:10+00:00","og_image":[{"url":"https:\/\/www.urlaubcornwall.de\/blog\/wp-content\/uploads\/2016\/02\/schoene-Blick-in-Cornwall.jpg"}],"twitter_card":"summary","twitter_misc":{"Est. reading time":"3 minutes"},"schema":{"@context":"https:\/\/schema.org","@graph":[{"@type":"WebSite","@id":"https:\/\/www.urlaubcornwall.de\/blog\/#website","url":"https:\/\/www.urlaubcornwall.de\/blog\/","name":"Urlaub &amp; Reisen","description":"Urlaub, Reisen, Cornwall und S\u00fcdengland: eine perfekte Kombination","potentialAction":[{"@type":"SearchAction","target":{"@type":"EntryPoint","urlTemplate":"https:\/\/www.urlaubcornwall.de\/blog\/?s={search_term_string}"},"query-input":"required name=search_term_string"}],"inLanguage":"en-US"},{"@type":"WebPage","@id":"https:\/\/www.urlaubcornwall.de\/blog\/atemberaubender-blick-in-cornwall-restaurants-und-kneipen-am-meer\/","url":"https:\/\/www.urlaubcornwall.de\/blog\/atemberaubender-blick-in-cornwall-restaurants-und-kneipen-am-meer\/","name":"Atemberaubender Blick in Cornwall: Restaurants und Kneipen am Meer - Urlaub &amp; Reisen","isPartOf":{"@id":"https:\/\/www.urlaubcornwall.de\/blog\/#website"},"datePublished":"2016-02-17T10:52:15+00:00","dateModified":"2024-05-31T12:35:10+00:00","breadcrumb":{"@id":"https:\/\/www.urlaubcornwall.de\/blog\/atemberaubender-blick-in-cornwall-restaurants-und-kneipen-am-meer\/#breadcrumb"},"inLanguage":"en-US","potentialAction":[{"@type":"ReadAction","target":["https:\/\/www.urlaubcornwall.de\/blog\/atemberaubender-blick-in-cornwall-restaurants-und-kneipen-am-meer\/"]}]},{"@type":"BreadcrumbList","@id":"https:\/\/www.urlaubcornwall.de\/blog\/atemberaubender-blick-in-cornwall-restaurants-und-kneipen-am-meer\/#breadcrumb","itemListElement":[{"@type":"ListItem","position":1,"name":"Home","item":"https:\/\/www.urlaubcornwall.de\/blog\/"},{"@type":"ListItem","position":2,"name":"Atemberaubender Blick in Cornwall: Restaurants und Kneipen am Meer"}]}]}},"_links":{"self":[{"href":"https:\/\/www.urlaubcornwall.de\/blog\/wp-json\/wp\/v2\/pages\/23125"}],"collection":[{"href":"https:\/\/www.urlaubcornwall.de\/blog\/wp-json\/wp\/v2\/pages"}],"about":[{"href":"https:\/\/www.urlaubcornwall.de\/blog\/wp-json\/wp\/v2\/types\/page"}],"author":[{"embeddable":true,"href":"https:\/\/www.urlaubcornwall.de\/blog\/wp-json\/wp\/v2\/users\/1"}],"replies":[{"embeddable":true,"href":"https:\/\/www.urlaubcornwall.de\/blog\/wp-json\/wp\/v2\/comments?post=23125"}],"version-history":[{"count":20,"href":"https:\/\/www.urlaubcornwall.de\/blog\/wp-json\/wp\/v2\/pages\/23125\/revisions"}],"predecessor-version":[{"id":51386,"href":"https:\/\/www.urlaubcornwall.de\/blog\/wp-json\/wp\/v2\/pages\/23125\/revisions\/51386"}],"wp:attachment":[{"href":"https:\/\/www.urlaubcornwall.de\/blog\/wp-json\/wp\/v2\/media?parent=23125"}],"curies":[{"name":"wp","href":"https:\/\/api.w.org\/{rel}","templated":true}]}}