{"id":22544,"date":"2016-01-07T13:58:17","date_gmt":"2016-01-07T13:58:17","guid":{"rendered":"https:\/\/www.urlaubcornwall.de\/blog\/?page_id=22544"},"modified":"2024-05-29T11:14:22","modified_gmt":"2024-05-29T11:14:22","slug":"cornwalls-versteckte-attraktionen-sehenswuerdigkeiten","status":"publish","type":"page","link":"https:\/\/www.urlaubcornwall.de\/blog\/cornwalls-versteckte-attraktionen-sehenswuerdigkeiten\/","title":{"rendered":"Cornwalls versteckte Attraktionen &#038; Sehensw\u00fcrdigkeiten"},"content":{"rendered":"<p>Besuchern in Cornwall wird es niemals langweilig bei so vielen <a href=\"https:\/\/www.urlaubcornwall.de\/reiseziel\/cornwall\/sehenswuerdigkeiten.php\">herrlichen Sehensw\u00fcrdigkeiten<\/a>. Und dennoch verspricht es noch eine Vielzahl mehr all Jenen, die sich abseits der Touristenstrecken bewegen wollen.<\/p>\n<p><img loading=\"lazy\" class=\"aligncenter size-full wp-image-22545\" src=\"https:\/\/www.urlaubcornwall.de\/blog\/wp-content\/uploads\/2016\/01\/portheras-strand-cornwall.jpg\" alt=\"portheras strand cornwall\" height=\"461\" width=\"748\"\/><\/p>\n<p><strong>Portheras Strand in der N\u00e4he von Lands End<\/strong> <strong>\u2013<\/strong> Ein wundervoller Sandstrand an der wilden K\u00fcstenstrecke zwischen dem Leuchtturm Pendeen und Morvah gelegen. Da Sie hinunterwandern m\u00fcssen, bedeutet dies, dass er weniger \u00fcberlaufen ist als viele andere Str\u00e4nde der Gegend. Einheimische kommen gerne hierher. Es gibt keinerlei Verpflegungsmoglichkeiten. Daher empfehlen wir, Sie nehmen ein Picknick mit.<\/p>\n<p>Parken Sie entweder am Pendeen Leuchtturm am westlichen Rand des Strandes oder fahren Sie durch Pendeen und biegen dann vor dem Dorf Morvah ab, um im Parkplatz im Feld zu parken und den Pfad am Bauernhof entlang hinunterzuwandern. Beide Wege beanspruchen einen ca. 25 min\u00fctigen Spaziergang, der es jedoch sehr wohl wert ist.<\/p>\n<p><img loading=\"lazy\" class=\"aligncenter size-full wp-image-22546\" src=\"https:\/\/www.urlaubcornwall.de\/blog\/wp-content\/uploads\/2016\/01\/11208211.jpg\" alt=\"Die geheimen G\u00e4rten von Cornwall\" height=\"400\" width=\"748\"\/><\/p>\n<p><strong>Lamorran Garten St Mawes&nbsp;<\/strong><strong>\u2013 <\/strong>ei den <a href=\"https:\/\/www.urlaubcornwall.de\/blog\/lamorran-ein-mediterraner-garten-an-cornwalls-suedkueste\/\">Lamorran Gardens<\/a> handelt es sich um eine beschauliche subtropische Gartenanlage in St Mawes auf der Halbinsel Roseland in einer der sch\u00f6nsten Gegenden Cornwalls. Dieser ungew\u00f6hnliche und pers\u00f6nlich gestaltete Garten wurde im Stil der G\u00e4rten aus dem 19. und fr\u00fchen 20. Jahrhundert in S\u00fcdfrankreich und dem Mittelmeerraum angelegt.<\/p>\n<div class=\"snippet\"> <a class=\"featured-item\" href=\"https:\/\/www.urlaubcornwall.de\/ferienhaeuser\/cornwall.php\"> <span class=\"image-holder\" style=\"background-image: url('https:\/\/www.urlaubcornwall.de\/blog\/wp-content\/uploads\/2018\/12\/ferienhaus-cornwall-mit-hund.jpg');\"><\/span> <span class=\"featured-content\"> \n<h2 class=\"featured-title\">Ferienh\u00e4user in Cornwall<\/h2>\n<p class=\"featured-body\">Cornwall besitzt mehr K\u00fcstenlinien als jede andere Grafschaft und bietet einige der besten Str\u00e4nde, K\u00fcstenwanderwege und Klippenlandschaften, die man \u00fcberhaupt finden kann&#8230; <\/p><\/span> <span class=\"featured-link-holder\"> <span class=\"featured-extra-info\"> \n<p>F\u00fcr Paare, Familien &#038; Gruppen<\/p>\n<\/span> \n<p class=\"featured-link\">DETAILS<\/p>\n<\/span> <\/a><\/div>\n<p><strong>St Nectans Schlucht<\/strong> in der N\u00e4he Tintagel \u2013 ein wundersch\u00f6ner alter Waldwasserfall, sowohl in einem Gebiet besonderer Natursch\u00f6nheit als auch einem Gebiet von besonderem wissenschaftlichen Interesse gelegen. Die St Nectans Schlucht ist voll seltener Pflanzen und Tierleben als auch Geschichten von Feen und Zwergen.<\/p>\n<p><strong>Trevose Leuchtturm<\/strong>&nbsp;\u2013 der Trevose Head Leuchtturm bei Padstow in Nordcornwall ist ein hoch aufragender wei\u00dfer Turm, der unbemannt ist, doch gelegentlich der \u00d6ffentlichkeit zug\u00e4nglich. Die K\u00fcstenpfade auf dieser einzigartigen Landspitze bieten einen meilenweiten eindrucksvollen Blick \u00fcber den Atlantik hinweg.<\/p>\n<p><img loading=\"lazy\" class=\"aligncenter size-full wp-image-22548\" src=\"https:\/\/www.urlaubcornwall.de\/blog\/wp-content\/uploads\/2016\/01\/king-harry-fahre.jpg\" alt=\"king harry fahre\" height=\"400\" width=\"748\"\/><\/p>\n<p><strong>King Harry F\u00e4hre<\/strong>&nbsp;\u2013 Dieses kettenbetriebene Fahrzeug legt nicht nur die Reise von Falmouth nach St Mawes (oder umgekehrt) schneller als mit dem Auto zur\u00fcck, es bietet auch einen atemberaubenden Blick \u00fcber einen von Cornwalls sch\u00f6nsten Fl\u00fcssen.<\/p>\n<p><a href=\"http:\/\/www.urlaubcornwall.de\/\">UrlaubCornwall.de<\/a> ist ein in Cornwall ans\u00e4ssiges Unternehmen k\u00f6nnen wir uns mit 20 Jahren Erfahrung in der Organisation von Rundreisen durch Cornwall, S\u00fcdwest und S\u00fcdengland r\u00fchmen.<\/p>\n<p>Um Cornwall in <a href=\"http:\/\/www.urlaubcornwall.de\/rundreisen\/cornwall-suedengland.php\">Ihre Rundreise durch England<\/a> mit einzugliedern, stellen Sie Ihre <span style=\"text-decoration: underline;\"><a href=\"http:\/\/www.urlaubcornwall.de\/anfrage.php\">Anfrage<\/a><\/span> hier oder w\u00e4hlen Sie ein Ferienhaus aus unserer besten Auswahl <span style=\"text-decoration: underline;\"><a href=\"http:\/\/www.urlaubcornwall.de\/ferienhaeuser-fewos\/penzance.html\">handverlesener und inspizierter H\u00e4user<\/a><\/span> aus.<\/p>\n","protected":false},"excerpt":{"rendered":"<p>Besuchern in Cornwall wird es niemals langweilig bei so vielen herrlichen Sehensw\u00fcrdigkeiten. Und dennoch verspricht es noch eine Vielzahl mehr all Jenen, die sich abseits der Touristenstrecken bewegen wollen. Portheras Strand in der N\u00e4he von Lands End \u2013 Ein wundervoller Sandstrand an der wilden K\u00fcstenstrecke zwischen dem Leuchtturm Pendeen und Morvah gelegen. Da Sie hinunterwandern [&hellip;]<\/p>\n","protected":false},"author":1,"featured_media":0,"parent":0,"menu_order":0,"comment_status":"closed","ping_status":"closed","template":"single-four.php","meta":[],"acf":[],"yoast_head":"<!-- This site is optimized with the Yoast SEO plugin v19.4 - https:\/\/yoast.com\/wordpress\/plugins\/seo\/ -->\n<title>Cornwalls versteckte Attraktionen &amp; Sehensw\u00fcrdigkeiten - Urlaub &amp; Reisen<\/title>\n<meta name=\"robots\" content=\"index, follow, max-snippet:-1, max-image-preview:large, max-video-preview:-1\" \/>\n<link rel=\"canonical\" href=\"https:\/\/www.urlaubcornwall.de\/blog\/cornwalls-versteckte-attraktionen-sehenswuerdigkeiten\/\" \/>\n<meta property=\"og:locale\" content=\"en_US\" \/>\n<meta property=\"og:type\" content=\"article\" \/>\n<meta property=\"og:title\" content=\"Cornwalls versteckte Attraktionen &amp; Sehensw\u00fcrdigkeiten - Urlaub &amp; Reisen\" \/>\n<meta property=\"og:description\" content=\"Besuchern in Cornwall wird es niemals langweilig bei so vielen herrlichen Sehensw\u00fcrdigkeiten. Und dennoch verspricht es noch eine Vielzahl mehr all Jenen, die sich abseits der Touristenstrecken bewegen wollen. Portheras Strand in der N\u00e4he von Lands End \u2013 Ein wundervoller Sandstrand an der wilden K\u00fcstenstrecke zwischen dem Leuchtturm Pendeen und Morvah gelegen. Da Sie hinunterwandern [&hellip;]\" \/>\n<meta property=\"og:url\" content=\"https:\/\/www.urlaubcornwall.de\/blog\/cornwalls-versteckte-attraktionen-sehenswuerdigkeiten\/\" \/>\n<meta property=\"og:site_name\" content=\"Urlaub &amp; Reisen\" \/>\n<meta property=\"article:modified_time\" content=\"2024-05-29T11:14:22+00:00\" \/>\n<meta property=\"og:image\" content=\"https:\/\/www.urlaubcornwall.de\/blog\/wp-content\/uploads\/2016\/01\/portheras-strand-cornwall.jpg\" \/>\n<meta name=\"twitter:card\" content=\"summary\" \/>\n<meta name=\"twitter:label1\" content=\"Est. reading time\" \/>\n\t<meta name=\"twitter:data1\" content=\"3 minutes\" \/>\n<script type=\"application\/ld+json\" class=\"yoast-schema-graph\">{\"@context\":\"https:\/\/schema.org\",\"@graph\":[{\"@type\":\"WebSite\",\"@id\":\"https:\/\/www.urlaubcornwall.de\/blog\/#website\",\"url\":\"https:\/\/www.urlaubcornwall.de\/blog\/\",\"name\":\"Urlaub &amp; Reisen\",\"description\":\"Urlaub, Reisen, Cornwall und S\u00fcdengland: eine perfekte Kombination\",\"potentialAction\":[{\"@type\":\"SearchAction\",\"target\":{\"@type\":\"EntryPoint\",\"urlTemplate\":\"https:\/\/www.urlaubcornwall.de\/blog\/?s={search_term_string}\"},\"query-input\":\"required name=search_term_string\"}],\"inLanguage\":\"en-US\"},{\"@type\":\"WebPage\",\"@id\":\"https:\/\/www.urlaubcornwall.de\/blog\/cornwalls-versteckte-attraktionen-sehenswuerdigkeiten\/\",\"url\":\"https:\/\/www.urlaubcornwall.de\/blog\/cornwalls-versteckte-attraktionen-sehenswuerdigkeiten\/\",\"name\":\"Cornwalls versteckte Attraktionen & Sehensw\u00fcrdigkeiten - Urlaub &amp; Reisen\",\"isPartOf\":{\"@id\":\"https:\/\/www.urlaubcornwall.de\/blog\/#website\"},\"datePublished\":\"2016-01-07T13:58:17+00:00\",\"dateModified\":\"2024-05-29T11:14:22+00:00\",\"breadcrumb\":{\"@id\":\"https:\/\/www.urlaubcornwall.de\/blog\/cornwalls-versteckte-attraktionen-sehenswuerdigkeiten\/#breadcrumb\"},\"inLanguage\":\"en-US\",\"potentialAction\":[{\"@type\":\"ReadAction\",\"target\":[\"https:\/\/www.urlaubcornwall.de\/blog\/cornwalls-versteckte-attraktionen-sehenswuerdigkeiten\/\"]}]},{\"@type\":\"BreadcrumbList\",\"@id\":\"https:\/\/www.urlaubcornwall.de\/blog\/cornwalls-versteckte-attraktionen-sehenswuerdigkeiten\/#breadcrumb\",\"itemListElement\":[{\"@type\":\"ListItem\",\"position\":1,\"name\":\"Home\",\"item\":\"https:\/\/www.urlaubcornwall.de\/blog\/\"},{\"@type\":\"ListItem\",\"position\":2,\"name\":\"Cornwalls versteckte Attraktionen &#038; Sehensw\u00fcrdigkeiten\"}]}]}<\/script>\n<!-- \/ Yoast SEO plugin. -->","yoast_head_json":{"title":"Cornwalls versteckte Attraktionen & Sehensw\u00fcrdigkeiten - Urlaub &amp; Reisen","robots":{"index":"index","follow":"follow","max-snippet":"max-snippet:-1","max-image-preview":"max-image-preview:large","max-video-preview":"max-video-preview:-1"},"canonical":"https:\/\/www.urlaubcornwall.de\/blog\/cornwalls-versteckte-attraktionen-sehenswuerdigkeiten\/","og_locale":"en_US","og_type":"article","og_title":"Cornwalls versteckte Attraktionen & Sehensw\u00fcrdigkeiten - Urlaub &amp; Reisen","og_description":"Besuchern in Cornwall wird es niemals langweilig bei so vielen herrlichen Sehensw\u00fcrdigkeiten. Und dennoch verspricht es noch eine Vielzahl mehr all Jenen, die sich abseits der Touristenstrecken bewegen wollen. Portheras Strand in der N\u00e4he von Lands End \u2013 Ein wundervoller Sandstrand an der wilden K\u00fcstenstrecke zwischen dem Leuchtturm Pendeen und Morvah gelegen. Da Sie hinunterwandern [&hellip;]","og_url":"https:\/\/www.urlaubcornwall.de\/blog\/cornwalls-versteckte-attraktionen-sehenswuerdigkeiten\/","og_site_name":"Urlaub &amp; Reisen","article_modified_time":"2024-05-29T11:14:22+00:00","og_image":[{"url":"https:\/\/www.urlaubcornwall.de\/blog\/wp-content\/uploads\/2016\/01\/portheras-strand-cornwall.jpg"}],"twitter_card":"summary","twitter_misc":{"Est. reading time":"3 minutes"},"schema":{"@context":"https:\/\/schema.org","@graph":[{"@type":"WebSite","@id":"https:\/\/www.urlaubcornwall.de\/blog\/#website","url":"https:\/\/www.urlaubcornwall.de\/blog\/","name":"Urlaub &amp; Reisen","description":"Urlaub, Reisen, Cornwall und S\u00fcdengland: eine perfekte Kombination","potentialAction":[{"@type":"SearchAction","target":{"@type":"EntryPoint","urlTemplate":"https:\/\/www.urlaubcornwall.de\/blog\/?s={search_term_string}"},"query-input":"required name=search_term_string"}],"inLanguage":"en-US"},{"@type":"WebPage","@id":"https:\/\/www.urlaubcornwall.de\/blog\/cornwalls-versteckte-attraktionen-sehenswuerdigkeiten\/","url":"https:\/\/www.urlaubcornwall.de\/blog\/cornwalls-versteckte-attraktionen-sehenswuerdigkeiten\/","name":"Cornwalls versteckte Attraktionen & Sehensw\u00fcrdigkeiten - Urlaub &amp; Reisen","isPartOf":{"@id":"https:\/\/www.urlaubcornwall.de\/blog\/#website"},"datePublished":"2016-01-07T13:58:17+00:00","dateModified":"2024-05-29T11:14:22+00:00","breadcrumb":{"@id":"https:\/\/www.urlaubcornwall.de\/blog\/cornwalls-versteckte-attraktionen-sehenswuerdigkeiten\/#breadcrumb"},"inLanguage":"en-US","potentialAction":[{"@type":"ReadAction","target":["https:\/\/www.urlaubcornwall.de\/blog\/cornwalls-versteckte-attraktionen-sehenswuerdigkeiten\/"]}]},{"@type":"BreadcrumbList","@id":"https:\/\/www.urlaubcornwall.de\/blog\/cornwalls-versteckte-attraktionen-sehenswuerdigkeiten\/#breadcrumb","itemListElement":[{"@type":"ListItem","position":1,"name":"Home","item":"https:\/\/www.urlaubcornwall.de\/blog\/"},{"@type":"ListItem","position":2,"name":"Cornwalls versteckte Attraktionen &#038; Sehensw\u00fcrdigkeiten"}]}]}},"_links":{"self":[{"href":"https:\/\/www.urlaubcornwall.de\/blog\/wp-json\/wp\/v2\/pages\/22544"}],"collection":[{"href":"https:\/\/www.urlaubcornwall.de\/blog\/wp-json\/wp\/v2\/pages"}],"about":[{"href":"https:\/\/www.urlaubcornwall.de\/blog\/wp-json\/wp\/v2\/types\/page"}],"author":[{"embeddable":true,"href":"https:\/\/www.urlaubcornwall.de\/blog\/wp-json\/wp\/v2\/users\/1"}],"replies":[{"embeddable":true,"href":"https:\/\/www.urlaubcornwall.de\/blog\/wp-json\/wp\/v2\/comments?post=22544"}],"version-history":[{"count":13,"href":"https:\/\/www.urlaubcornwall.de\/blog\/wp-json\/wp\/v2\/pages\/22544\/revisions"}],"predecessor-version":[{"id":50619,"href":"https:\/\/www.urlaubcornwall.de\/blog\/wp-json\/wp\/v2\/pages\/22544\/revisions\/50619"}],"wp:attachment":[{"href":"https:\/\/www.urlaubcornwall.de\/blog\/wp-json\/wp\/v2\/media?parent=22544"}],"curies":[{"name":"wp","href":"https:\/\/api.w.org\/{rel}","templated":true}]}}