{"id":21930,"date":"2015-11-16T11:50:54","date_gmt":"2015-11-16T11:50:54","guid":{"rendered":"https:\/\/www.urlaubcornwall.de\/blog\/?page_id=21930"},"modified":"2024-05-29T11:27:42","modified_gmt":"2024-05-29T11:27:42","slug":"selbstfahrertour-in-herrenhaeuser-rundreise-grossbritannien-8-tage","status":"publish","type":"page","link":"https:\/\/www.urlaubcornwall.de\/blog\/selbstfahrertour-in-herrenhaeuser-rundreise-grossbritannien-8-tage\/","title":{"rendered":"Selbstfahrertour in Herrenh\u00e4user &#8211; Rundreise Gro\u00dfbritannien 8 Tage"},"content":{"rendered":"<p><a href=\"https:\/\/www.urlaubcornwall.de\/blog\/wp-content\/uploads\/2024\/04\/trerice-insta-scaled-e1712151135280.jpg\"><img loading=\"lazy\" src=\"https:\/\/www.urlaubcornwall.de\/blog\/wp-content\/uploads\/2024\/04\/trerice-insta-scaled-e1712151135280.jpg\" alt=\"trerice\" width=\"750\" height=\"698\" class=\"alignnone size-full wp-image-48846\" \/><\/a><\/p>\n<p><strong>Highlights: London, Oxford, Warwick, Yorkshire, Edinburgh<\/strong><\/p>\n<p>Diese Herrenh\u00e4user Gro\u00dfbritannien Selbstfahrertour kombiniert einzigartige Landschaftsbilder, faszinierende St\u00e4dte, historische Bauwerke und m\u00e4rchenhafte Herrenh\u00e4user, in denen Sie sogar \u00fcbernachten. Die Tour beginnt in London und f\u00fchrt Sie \u00fcber Oxford, Stratford-upon-Avon, Wicklow und York bis nach Edinburgh, die Hauptstadt Schottlands.<\/p>\n<h1 style=\"text-align: center;\"><strong><a href=\"http:\/\/www.urlaubcornwall.de\/anfrage.php\">Anfrage &gt;&gt;<\/a><\/strong><\/h1>\n<p><strong>Tourbeschreibung<\/strong><\/p>\n<p><strong>1. Tag: London Umgebung<\/strong> &#8211; Herrenh\u00e4user Gro\u00dfbritannien Tour: Nachdem Sie an einem der Londoner Flugh\u00e4fen angekommen sind, nehmen Sie den Mietwagen an und machen sich auf den Weg in den n\u00f6rdlicheren Teil von London (oder Vor\u00fcbernachtugen im Zentrum von London). Wenn Sie noch etwas Zeit haben, sollten Sie unbedingt Hampstead Heath, ein Park nur etwa sechs Kilometer vom Trafalgar Square entfernt, besuchen. \u00dcbernachtung im Hendon Hall Hotel oder \u00e4hnliches<\/p>\n<p><a href=\"https:\/\/www.urlaubcornwall.de\/blog\/wp-content\/uploads\/2024\/03\/oxford.jpg\"><img loading=\"lazy\" src=\"https:\/\/www.urlaubcornwall.de\/blog\/wp-content\/uploads\/2024\/03\/oxford.jpg\" alt=\"oxford\" width=\"750\" height=\"431\" class=\"alignnone size-full wp-image-47819\" srcset=\"https:\/\/www.urlaubcornwall.de\/blog\/wp-content\/uploads\/2024\/03\/oxford.jpg 750w, https:\/\/www.urlaubcornwall.de\/blog\/wp-content\/uploads\/2024\/03\/oxford-300x172.jpg 300w\" sizes=\"(max-width: 750px) 100vw, 750px\" \/><\/a><\/p>\n<p><strong>2. Tag: London &#8211; Stratford-upon-Avon Umgebung<\/strong> &#8211; Die heutige Strecke f\u00fchrt Sie \u00fcber Oxford in die Stratford-upon-Avon Region. Nehmen Sie sich Zeit, um die Universit\u00e4tsstadt Oxford zu erkunden. Anschlie\u00dfend geht es weiter in Richtung Rissingtons, eine landschaftlich wundersch\u00f6ne Strecke bis nach Stratford. \u00dcbernachtung im Ettington Park Hotel oder \u00e4hnliches.<\/p>\n<p><strong>3. Tag: Stratford-upon-Avon Umgebung &#8211; Nantwich<\/strong> &#8211; Am Vormittag haben Sie Freizeit in Stratford, um zum Beispiel das Heim von Shakespears Mutter (Mary Arden) und das Landhaus seiner Frau (Anne Hathaway) zu besuchen. Anschlie\u00dfend geht es weiter in Richtung Norden. Unterwegs lohnt sich ein Halt in der Stadt Warwick, wo Sie die Stadt selbst und das Warwick Castle, dass Ihnen aus Harry Potter bekannt sein d\u00fcrfte, erkunden k\u00f6nnen. Vorbei an den Kathedralen Coventry und Lichfield geht es nach Nantwich. \u00dcbernachtung dort im Rookery Hotel &amp; Spa oder \u00e4hnliches.<\/p>\n<p><strong>4. Tag: Natwich &#8211; Wetherby<\/strong> &#8211; Nach dem Fr\u00fchst\u00fcck setzen Sie die Herrenh\u00e4user Gro\u00dfbritannien Reise fort. F\u00fcr diejenigen, die an St\u00e4dten interessiert sind, d\u00fcrfte die Strecke \u00fcber Chester und Liverpool sehr interessant sein. F\u00fcr die Geschichtsliebhaber empfehlen wir die Route \u00fcber das Chatsworth House, Heim der Dukes von Devonshire und der Milford Schwestern und weiter \u00fcber Haddon Hall, ein elisabethanisches Herrenhaus. \u00dcbernachtung in der Wetherby Umgebung im Wood Hall Hotel oder \u00e4hnliches.<\/p>\n<p><strong>5. Tag: Wetherby &#8211; Yarm<\/strong> &#8211; Auf dem heutigen Programm Ihrer Herrenh\u00e4user Gro\u00dfbritannien Tour steht die Fahrt nach Yorkshire, die gr\u00f6\u00dfte Grafschaft in England mit einer vielf\u00e4ltigen Landschaft. Sie haben Zeit um die Sehensw\u00fcrdigketen in York, Scarborough und Whitby zu besichtigen, bevor Sie dann Yarm erreichen. 2 \u00dcbernachtungen im Crathorne Hall Hotel oder \u00e4hnliches.<\/p>\n<p><strong>6. Tag: Yarm Umgebung<\/strong> &#8211; Erkunden Sie heute die wundersch\u00f6ne Gegend im Norden Englands. Reisen Sie nach Hexam, eine historische und lebhafte Stadt im Herzen von Tyne Valley. Hier k\u00f6nnen Sie die Abtei besichtigen, bevor Sie entlang des ber\u00fchmten Hadrianswall wandern. Sp\u00e4ter geht es dann nach Alston, die h\u00f6chstgelegene Stadt in in einem Gebiet von au\u00dfergew\u00f6hnlicher Sch\u00f6nheit. R\u00fcckfahrt zum Hotel und \u00dcbernachtung wie am Vortag.<\/p>\n<p><strong>7. Tag: Yarm &#8211; Edinburgh Umgebung<\/strong> &#8211; Die letzte Etappe der Herrenh\u00e4user Gro\u00dfbritannien Tour f\u00fchrt Sie \u00fcber die Grenze nach Schottland. Nehmen Sie die K\u00fcstenstra\u00dfe und besuchen Sie unterwegs das Alnwick Castle, welches in den ersten beiden Harry Potter Filmen &#8220;Hogwarts- Schule f\u00fcr Hexerei und Zauberei&#8221; darstellte. In Edinburgh angekommen haben Sie dann noch Zeit, die Sehensw\u00fcrdigkeiten der schottischen Hauptstadt zu erkunden. \u00dcbernachtung im Norton House Hotel (etwas au\u00dferhalb von Edinburgh).<\/p>\n<p><strong>8. Tag: Heimreise<\/strong> &#8211; Abgabe des Mietwagen am Flughafen und R\u00fcckflug. Alternativ k\u00f6nnen wir an diese Tour eine Schottland Selbstfahrerreise oder Verl\u00e4ngerungsn\u00e4chte in Edinburh anh\u00e4ngen. Ende der Herrenh\u00e4user Gro\u00dfbritannien Tour.<\/p>\n<h1 style=\"text-align: center;\"><strong><a href=\"http:\/\/www.urlaubcornwall.de\/anfrage.php\">Anfrage &gt;&gt;<\/a><\/strong><\/h1>\n<p style=\"text-align: center;\">Unsere Websitedetails zeigen lediglich eine kleine Auswahl dessen, was wir anbieten k\u00f6nnen. Wir stellen Ihnen gerne ein <a href=\"http:\/\/www.urlaubcornwall.de\/anfrage.php\"><span style=\"text-decoration: underline;\">unverbindliches Angebot<\/span><\/a> mit allen Fl\u00fcgen und Transfers f\u00fcr Ihre Grossbritannien Reise zusammen.<\/p>\n<p style=\"text-align: center;\">UrlaubCornwall haben Touren im Angebot f\u00fcr Individualreisende. Hier finden Sie unsere Auswahl an fantastischen <a href=\"http:\/\/www.urlaubcornwall.de\/rundreisen\/grossbritannien.php\"><span style=\"text-decoration: underline;\">Rundreisen und Touren in Grossbritannien<\/span><\/a><strong><\/strong><strong>.<\/strong><\/p>\n","protected":false},"excerpt":{"rendered":"<p>Highlights: London, Oxford, Warwick, Yorkshire, Edinburgh Diese Herrenh\u00e4user Gro\u00dfbritannien Selbstfahrertour kombiniert einzigartige Landschaftsbilder, faszinierende St\u00e4dte, historische Bauwerke und m\u00e4rchenhafte Herrenh\u00e4user, in denen Sie sogar \u00fcbernachten. Die Tour beginnt in London und f\u00fchrt Sie \u00fcber Oxford, Stratford-upon-Avon, Wicklow und York bis nach Edinburgh, die Hauptstadt Schottlands. Anfrage &gt;&gt; Tourbeschreibung 1. Tag: London Umgebung &#8211; Herrenh\u00e4user Gro\u00dfbritannien [&hellip;]<\/p>\n","protected":false},"author":1,"featured_media":0,"parent":0,"menu_order":0,"comment_status":"closed","ping_status":"closed","template":"single-four.php","meta":[],"acf":[],"yoast_head":"<!-- This site is optimized with the Yoast SEO plugin v19.4 - https:\/\/yoast.com\/wordpress\/plugins\/seo\/ -->\n<title>Selbstfahrertour in Herrenh\u00e4user - Rundreise Gro\u00dfbritannien 8 Tage - Urlaub &amp; Reisen<\/title>\n<meta name=\"robots\" content=\"index, follow, max-snippet:-1, max-image-preview:large, max-video-preview:-1\" \/>\n<link rel=\"canonical\" href=\"https:\/\/www.urlaubcornwall.de\/blog\/selbstfahrertour-in-herrenhaeuser-rundreise-grossbritannien-8-tage\/\" \/>\n<meta property=\"og:locale\" content=\"en_US\" \/>\n<meta property=\"og:type\" content=\"article\" \/>\n<meta property=\"og:title\" content=\"Selbstfahrertour in Herrenh\u00e4user - Rundreise Gro\u00dfbritannien 8 Tage - Urlaub &amp; Reisen\" \/>\n<meta property=\"og:description\" content=\"Highlights: London, Oxford, Warwick, Yorkshire, Edinburgh Diese Herrenh\u00e4user Gro\u00dfbritannien Selbstfahrertour kombiniert einzigartige Landschaftsbilder, faszinierende St\u00e4dte, historische Bauwerke und m\u00e4rchenhafte Herrenh\u00e4user, in denen Sie sogar \u00fcbernachten. Die Tour beginnt in London und f\u00fchrt Sie \u00fcber Oxford, Stratford-upon-Avon, Wicklow und York bis nach Edinburgh, die Hauptstadt Schottlands. Anfrage &gt;&gt; Tourbeschreibung 1. Tag: London Umgebung &#8211; Herrenh\u00e4user Gro\u00dfbritannien [&hellip;]\" \/>\n<meta property=\"og:url\" content=\"https:\/\/www.urlaubcornwall.de\/blog\/selbstfahrertour-in-herrenhaeuser-rundreise-grossbritannien-8-tage\/\" \/>\n<meta property=\"og:site_name\" content=\"Urlaub &amp; Reisen\" \/>\n<meta property=\"article:modified_time\" content=\"2024-05-29T11:27:42+00:00\" \/>\n<meta property=\"og:image\" content=\"https:\/\/www.urlaubcornwall.de\/blog\/wp-content\/uploads\/2024\/04\/trerice-insta-scaled-e1712151135280.jpg\" \/>\n<meta name=\"twitter:card\" content=\"summary\" \/>\n<meta name=\"twitter:label1\" content=\"Est. reading time\" \/>\n\t<meta name=\"twitter:data1\" content=\"4 minutes\" \/>\n<script type=\"application\/ld+json\" class=\"yoast-schema-graph\">{\"@context\":\"https:\/\/schema.org\",\"@graph\":[{\"@type\":\"WebSite\",\"@id\":\"https:\/\/www.urlaubcornwall.de\/blog\/#website\",\"url\":\"https:\/\/www.urlaubcornwall.de\/blog\/\",\"name\":\"Urlaub &amp; Reisen\",\"description\":\"Urlaub, Reisen, Cornwall und S\u00fcdengland: eine perfekte Kombination\",\"potentialAction\":[{\"@type\":\"SearchAction\",\"target\":{\"@type\":\"EntryPoint\",\"urlTemplate\":\"https:\/\/www.urlaubcornwall.de\/blog\/?s={search_term_string}\"},\"query-input\":\"required name=search_term_string\"}],\"inLanguage\":\"en-US\"},{\"@type\":\"WebPage\",\"@id\":\"https:\/\/www.urlaubcornwall.de\/blog\/selbstfahrertour-in-herrenhaeuser-rundreise-grossbritannien-8-tage\/\",\"url\":\"https:\/\/www.urlaubcornwall.de\/blog\/selbstfahrertour-in-herrenhaeuser-rundreise-grossbritannien-8-tage\/\",\"name\":\"Selbstfahrertour in Herrenh\u00e4user - Rundreise Gro\u00dfbritannien 8 Tage - Urlaub &amp; Reisen\",\"isPartOf\":{\"@id\":\"https:\/\/www.urlaubcornwall.de\/blog\/#website\"},\"datePublished\":\"2015-11-16T11:50:54+00:00\",\"dateModified\":\"2024-05-29T11:27:42+00:00\",\"breadcrumb\":{\"@id\":\"https:\/\/www.urlaubcornwall.de\/blog\/selbstfahrertour-in-herrenhaeuser-rundreise-grossbritannien-8-tage\/#breadcrumb\"},\"inLanguage\":\"en-US\",\"potentialAction\":[{\"@type\":\"ReadAction\",\"target\":[\"https:\/\/www.urlaubcornwall.de\/blog\/selbstfahrertour-in-herrenhaeuser-rundreise-grossbritannien-8-tage\/\"]}]},{\"@type\":\"BreadcrumbList\",\"@id\":\"https:\/\/www.urlaubcornwall.de\/blog\/selbstfahrertour-in-herrenhaeuser-rundreise-grossbritannien-8-tage\/#breadcrumb\",\"itemListElement\":[{\"@type\":\"ListItem\",\"position\":1,\"name\":\"Home\",\"item\":\"https:\/\/www.urlaubcornwall.de\/blog\/\"},{\"@type\":\"ListItem\",\"position\":2,\"name\":\"Selbstfahrertour in Herrenh\u00e4user &#8211; Rundreise Gro\u00dfbritannien 8 Tage\"}]}]}<\/script>\n<!-- \/ Yoast SEO plugin. -->","yoast_head_json":{"title":"Selbstfahrertour in Herrenh\u00e4user - Rundreise Gro\u00dfbritannien 8 Tage - Urlaub &amp; Reisen","robots":{"index":"index","follow":"follow","max-snippet":"max-snippet:-1","max-image-preview":"max-image-preview:large","max-video-preview":"max-video-preview:-1"},"canonical":"https:\/\/www.urlaubcornwall.de\/blog\/selbstfahrertour-in-herrenhaeuser-rundreise-grossbritannien-8-tage\/","og_locale":"en_US","og_type":"article","og_title":"Selbstfahrertour in Herrenh\u00e4user - Rundreise Gro\u00dfbritannien 8 Tage - Urlaub &amp; Reisen","og_description":"Highlights: London, Oxford, Warwick, Yorkshire, Edinburgh Diese Herrenh\u00e4user Gro\u00dfbritannien Selbstfahrertour kombiniert einzigartige Landschaftsbilder, faszinierende St\u00e4dte, historische Bauwerke und m\u00e4rchenhafte Herrenh\u00e4user, in denen Sie sogar \u00fcbernachten. Die Tour beginnt in London und f\u00fchrt Sie \u00fcber Oxford, Stratford-upon-Avon, Wicklow und York bis nach Edinburgh, die Hauptstadt Schottlands. Anfrage &gt;&gt; Tourbeschreibung 1. Tag: London Umgebung &#8211; Herrenh\u00e4user Gro\u00dfbritannien [&hellip;]","og_url":"https:\/\/www.urlaubcornwall.de\/blog\/selbstfahrertour-in-herrenhaeuser-rundreise-grossbritannien-8-tage\/","og_site_name":"Urlaub &amp; Reisen","article_modified_time":"2024-05-29T11:27:42+00:00","og_image":[{"url":"https:\/\/www.urlaubcornwall.de\/blog\/wp-content\/uploads\/2024\/04\/trerice-insta-scaled-e1712151135280.jpg"}],"twitter_card":"summary","twitter_misc":{"Est. reading time":"4 minutes"},"schema":{"@context":"https:\/\/schema.org","@graph":[{"@type":"WebSite","@id":"https:\/\/www.urlaubcornwall.de\/blog\/#website","url":"https:\/\/www.urlaubcornwall.de\/blog\/","name":"Urlaub &amp; Reisen","description":"Urlaub, Reisen, Cornwall und S\u00fcdengland: eine perfekte Kombination","potentialAction":[{"@type":"SearchAction","target":{"@type":"EntryPoint","urlTemplate":"https:\/\/www.urlaubcornwall.de\/blog\/?s={search_term_string}"},"query-input":"required name=search_term_string"}],"inLanguage":"en-US"},{"@type":"WebPage","@id":"https:\/\/www.urlaubcornwall.de\/blog\/selbstfahrertour-in-herrenhaeuser-rundreise-grossbritannien-8-tage\/","url":"https:\/\/www.urlaubcornwall.de\/blog\/selbstfahrertour-in-herrenhaeuser-rundreise-grossbritannien-8-tage\/","name":"Selbstfahrertour in Herrenh\u00e4user - Rundreise Gro\u00dfbritannien 8 Tage - Urlaub &amp; Reisen","isPartOf":{"@id":"https:\/\/www.urlaubcornwall.de\/blog\/#website"},"datePublished":"2015-11-16T11:50:54+00:00","dateModified":"2024-05-29T11:27:42+00:00","breadcrumb":{"@id":"https:\/\/www.urlaubcornwall.de\/blog\/selbstfahrertour-in-herrenhaeuser-rundreise-grossbritannien-8-tage\/#breadcrumb"},"inLanguage":"en-US","potentialAction":[{"@type":"ReadAction","target":["https:\/\/www.urlaubcornwall.de\/blog\/selbstfahrertour-in-herrenhaeuser-rundreise-grossbritannien-8-tage\/"]}]},{"@type":"BreadcrumbList","@id":"https:\/\/www.urlaubcornwall.de\/blog\/selbstfahrertour-in-herrenhaeuser-rundreise-grossbritannien-8-tage\/#breadcrumb","itemListElement":[{"@type":"ListItem","position":1,"name":"Home","item":"https:\/\/www.urlaubcornwall.de\/blog\/"},{"@type":"ListItem","position":2,"name":"Selbstfahrertour in Herrenh\u00e4user &#8211; Rundreise Gro\u00dfbritannien 8 Tage"}]}]}},"_links":{"self":[{"href":"https:\/\/www.urlaubcornwall.de\/blog\/wp-json\/wp\/v2\/pages\/21930"}],"collection":[{"href":"https:\/\/www.urlaubcornwall.de\/blog\/wp-json\/wp\/v2\/pages"}],"about":[{"href":"https:\/\/www.urlaubcornwall.de\/blog\/wp-json\/wp\/v2\/types\/page"}],"author":[{"embeddable":true,"href":"https:\/\/www.urlaubcornwall.de\/blog\/wp-json\/wp\/v2\/users\/1"}],"replies":[{"embeddable":true,"href":"https:\/\/www.urlaubcornwall.de\/blog\/wp-json\/wp\/v2\/comments?post=21930"}],"version-history":[{"count":17,"href":"https:\/\/www.urlaubcornwall.de\/blog\/wp-json\/wp\/v2\/pages\/21930\/revisions"}],"predecessor-version":[{"id":50629,"href":"https:\/\/www.urlaubcornwall.de\/blog\/wp-json\/wp\/v2\/pages\/21930\/revisions\/50629"}],"wp:attachment":[{"href":"https:\/\/www.urlaubcornwall.de\/blog\/wp-json\/wp\/v2\/media?parent=21930"}],"curies":[{"name":"wp","href":"https:\/\/api.w.org\/{rel}","templated":true}]}}