{"id":21800,"date":"2015-11-11T11:40:32","date_gmt":"2015-11-11T11:40:32","guid":{"rendered":"https:\/\/www.urlaubcornwall.de\/blog\/?page_id=21800"},"modified":"2025-10-20T11:03:02","modified_gmt":"2025-10-20T11:03:02","slug":"cornwall-entdecken-abbis-newquay-8-tage-pauschalreise-mit-flug","status":"publish","type":"page","link":"https:\/\/www.urlaubcornwall.de\/blog\/cornwall-entdecken-abbis-newquay-8-tage-pauschalreise-mit-flug\/","title":{"rendered":"Cornwall entdecken ab\/bis Newquay &#8211; 8 Tage Pauschalreise mit Flug"},"content":{"rendered":"<p><a href=\"https:\/\/www.urlaubcornwall.de\/blog\/wp-content\/uploads\/2024\/05\/credit-tate-st-ives.jpg\"><img loading=\"lazy\" src=\"https:\/\/www.urlaubcornwall.de\/blog\/wp-content\/uploads\/2024\/05\/credit-tate-st-ives.jpg\" alt=\"\" width=\"750\" height=\"501\" class=\"alignnone size-full wp-image-50170\" srcset=\"https:\/\/www.urlaubcornwall.de\/blog\/wp-content\/uploads\/2024\/05\/credit-tate-st-ives.jpg 750w, https:\/\/www.urlaubcornwall.de\/blog\/wp-content\/uploads\/2024\/05\/credit-tate-st-ives-300x200.jpg 300w\" sizes=\"(max-width: 750px) 100vw, 750px\" \/><\/a><br \/>\ncredit-tate-st-ives<\/p>\n<h2><strong>Highlights:<\/strong> <strong>Newquay, Penzance, Falmouth, Truro, Plymouth<\/strong><\/h2>\n<p><strong>Tourbeschreibung:<\/strong> <strong>Cornwall entdecken &#8211; 8 Tage \/ 7 N\u00e4chte | T\u00e4glich m\u00f6glich | ab\/bis Newquay<\/strong><\/p>\n<p>Sie wollen Cornwall stressfrei erkunden? Dann ist diese Reise genau das Richtige f\u00fcr Sie. Wei\u00dfe Klippen, atemberaubende K\u00fcstenabschnitte, pulsierende Hafenst\u00e4dte, vertr\u00e4umte Schmugglerd\u00f6rfer wie Fowey, m\u00e4rchenhafte Gartenanlagen, imposante Herrenh\u00e4user und gr\u00fcne Wiesen werden zudem Ihre st\u00e4ndigen Wegbegleiter sein. Cornwall entdecken &#8211; 8 Tage lang oder l\u00e4nger, falls gew\u00fcnscht!<\/p>\n<p><strong>Folgende Unterkunftskategorien stehen zur Verf\u00fcgung:<\/strong><\/p>\n<p><strong>Bronze<\/strong> = Bed &amp; Breakfast Unterk\u00fcnfte und Inns (mit eigenem Bad)<\/p>\n<p><strong>Silber<\/strong> = Mittelklassehotels<\/p>\n<p style=\"text-align: center;\"><a class=\"tidycta\" href=\"http:\/\/www.urlaubcornwall.de\/anfrage.php?tourcode=ENGSELBST-2\">Anfrage \/ Buchung<\/a><\/p>\n<p><strong>Tourbeschreibung<\/strong><\/p>\n<p><a href=\"https:\/\/www.urlaubcornwall.de\/blog\/wp-content\/uploads\/2015\/11\/newquay.jpg\"><img loading=\"lazy\" class=\"aligncenter size-full wp-image-21801\" src=\"https:\/\/www.urlaubcornwall.de\/blog\/wp-content\/uploads\/2015\/11\/newquay.jpg\" alt=\"newquay rundreise\" width=\"749\" height=\"361\"\/><\/a><br \/>\n<strong>1. Tag:<\/strong> Bath\/Bristol<\/p>\n<p>Anreise nach London bzw. Bristol in Eigenregie oder \u00fcber uns buchbar. Am Flughafen nehmen Sie den Mietwagen entgegen und startet Ihre Autorundreise England.  Je nach Ankunftszeit bleibt heute noch etwas Zeit, um die sch\u00f6ne Stadt Bath zu entdecken. Starten Sie die Erkundungstour mit einem Besuch der bekannten R\u00f6mischen B\u00e4der, die direkt neben der eindrucksvollen Bath Abbey zu finden sind. Sp\u00e4ter Fahrt in die erste Unterkunft. \u00dcbernachtung im Raum Bath\/Bristol.<\/p>\n<p><strong>2. Tag:<\/strong> Bath\/Bristol \u2013 Nordcornwall<\/p>\n<p>Nach dem Fr\u00fchst\u00fcck lohnt ein Halt im Aldwick Estate, das gr\u00f6\u00dfte Weingut in Somerset. Unter sachkundiger F\u00fchrung erfahren Sie alles \u00fcber die Geschichte des Weinguts, erhalten Einblicke in den Weinbau in Gro\u00dfbritannien, sehen sich die 4,45 Hektar Rebfl\u00e4che an und erhalten selbstverst\u00e4ndlich Kostproben der verf\u00fcgbaren Jahrg\u00e4nge. An Sonntagen k\u00f6nnen Besucher zus\u00e4tzlich die Teilnahme an einem k\u00f6stlichen traditionellen Lunch buchen. Anschlie\u00dfend Weiterfahrt in den <a href=\"https:\/\/www.urlaubcornwall.de\/ferienhaeuser-fewos\/eng\/nord-devon\/exmoor-national-park.html\">Exmoor Nationalpark<\/a>. Ein Highlight ist das St\u00e4dtchen Dunster,  eine der besterhaltensten mittelalterlichen St\u00e4dte im ganzen Land, samt der Burg Dunster Castle. Die ber\u00fchmte Lynton &#038; Lynmouth Standseilbahn wurde Ende des 19. Jahrhundert er\u00f6ffnet und verbindet die St\u00e4dte Lynton und Lynmouth. W\u00e4hrend der Fahrt genie\u00dft man einen grandiosen Blick auf die K\u00fcste. Danach Weiterfahrt zu Ihrer zweiten Unterkunft. 2 \u00dcbernachtungen im Raum Bude\/Padstow\/Newquay.<\/p>\n<p><strong>3. Tag:<\/strong> Nordcornwall<\/p>\n<p>Tag zur freien Verf\u00fcgung. Nutzen Sie diesen Tag, um die <a href=\"https:\/\/www.urlaubcornwall.de\/ferienhaeuser-fewos\/nordkueste-cornwall.html\">nordcornische K\u00fcste<\/a> zu entdecken. Mit seinen engen Gassen und mittelalterlichen H\u00e4usern besitzt <a href=\"https:\/\/www.urlaubcornwall.de\/ferienhaeuser-fewos\/padstow.html\">Padstow<\/a> mehr Flair als das hektische Newquay. Ein weiteres Plus der Stadt am River Camle: sch\u00f6ne Str\u00e4nde und gute Restaurants. Am Hafen von Padstow liegen zahlreiche Boote vor Anker. Lohneswert ist eine hier angebotene Vergn\u00fcgunsfahrt in die Padstow Bay. Sie k\u00f6nnen sich in Padstow auch ein Fahrrad ausleihen. Auch das <a href=\"https:\/\/www.urlaubcornwall.de\/blog\/legenden-und-geschichte-cornwalls\/\">Tintagel Castle<\/a>, wo K\u00f6nig Arthus angeblich geboren wurde, ist nicht weit entfernt. Wanderfreunde haben vielleicht schon mal etwas von dem South West Coast Path geh\u00f6rt, welcher seit 1978 zu den f\u00fcnfzehn offiziellen britischen National Trails z\u00e4hlt und insgesamt 1.014 Kilometern lang ist. Mit Startpunkt in Minehead, verl\u00e4uft er fast durchgehend an der s\u00fcdenglischen K\u00fcste entlang, durchstreift Sommerset, Devon, Cornwall und Dorset, und endet schlie\u00dflich in Poole Harbour. \u00dcbernachtung wie am Vortag.<\/p>\n<p><strong>4.\/5.\/6. Tag:<\/strong> Nordcornall \u2013 S\u00fcdcornwall <\/p>\n<p>Folgen Sie der K\u00fcste in s\u00fcdlicher Richtung. Dieser Fleck Erde ist Hauptattraktion und Kulisse zugleich. In dieser Region Englands finden Sie neben atemberaubenden Klippen und sch\u00f6nen Sandstr\u00e4nden auch imposante Gartenanlagen, romantische Fischerd\u00f6rfer, gr\u00fcne H\u00fcgellandschaften, historische Bauten und die englische Gastfreundschaft. Falls Sie etwas ganz besonderes erleben m\u00f6chten, empfehlen wir einen Ausflug zu den Scilly Inseln. 3 \u00dcbernachtungen im Raum Penzance\/Falmouth\/Helston.<\/p>\n<p><a href=\"https:\/\/www.urlaubcornwall.de\/blog\/wp-content\/uploads\/2015\/10\/urlaub-plymouth.jpg\"><img loading=\"lazy\" class=\"aligncenter size-full wp-image-21111\" src=\"https:\/\/www.urlaubcornwall.de\/blog\/wp-content\/uploads\/2015\/10\/urlaub-plymouth.jpg\" alt=\"urlaub plymouth\" width=\"749\" height=\"365\"\/><\/a><\/p>\n<p><strong>7. Tag:<\/strong> S\u00fcdcornwall \u2013 Devon<\/p>\n<p>Entlang der Roseland Heritage Coast erwartet Sie eine unber\u00fchrte, einzigartige Landschaft. Highlight dieses K\u00fcstenabschnittes sind die bekannten Lost Gardens of Heligan. Gleich in der N\u00e4he finden Sie zudem das Fischerdorf Mevagissey, welches zu einem kleinen Besuch einl\u00e4dt. Auf dem Weg in Richtung Devon kommen Sie au\u00dferdem am ber\u00fchmten <a href=\"https:\/\/www.urlaubcornwall.de\/blog\/all-das-was-sie-schon-immer-ueber-das-eden-project-wissen-wollten\/\">Eden Project<\/a> und am Tausendseelendorf Polperro, ein vom National Trust ausgezeichnetes \u201eHistoric Fishing Village\u201c, vorbei. Ihnen bleibt die Qual der Wahl. \u00dcbernachtung im Raum Plymouth\/Torquay \/ Exeter.<\/p>\n<p><strong>8. Tag:<\/strong> Heimreise<br \/>\nFahrt zur\u00fcck zum Flughafen Bristol bzw. London, wo die Selbstfahrertour \u201eCornwall entdecken\u201c endet. Auf Wunsch bieten wir weitere \u00dcbernachtungen gerne an.<\/p>\n<p><strong>Folgende Unterkunftskategorien stehen zur Verf\u00fcgung:<\/strong><\/p>\n<p>Bronze = Bed &#038; Breakfast Unterk\u00fcnfte und Inns (mit eigenem Bad)<\/p>\n<p>Silber = Mittelklassehotels<\/p>\n<p><strong>Eingeschlossene Leistungen:<\/strong><\/p>\n<p>7 \u00dcbernachtungen in der gew\u00fcnschten Kategorie (Bronze oder Silber)<\/p>\n<p>T\u00e4gliches Fr\u00fchst\u00fcck<\/p>\n<p>1 Reisef\u00fchrer \u00fcber England<\/p>\n<p><strong>Nicht eingeschlossene Leistungen:<\/strong><\/p>\n<p>Fl\u00fcge nach Newquay (bieten wir Ihnen gerne passend dazu an)<\/p>\n<p>Leihauto (ebenfalls \u00fcber uns zubuchbar)<\/p>\n<p>Sonstige Ausgaben, wie z.B. Eintrittsgelder, Tankkosten o.\u00e4<\/p>\n<p><strong>Preise 2026<\/strong><\/p>\n<p>Bronze: \u20ac 835,- pro Person im Doppelzimmer | \u20ac 1.160,- pro Person im Einzelzimmer<\/p>\n<p>Silber: Preise saisonabh\u00e4nig ab \u20ac 685,- pro Person im Doppelzimmer | ab \u20ac 1.130,- pro Person im Einzelzimmer<\/p>\n<p>Mehrbettzimmer auf Anfrage!<\/p>\n<p style=\"text-align: center;\"><a class=\"tidycta\" href=\"http:\/\/www.urlaubcornwall.de\/anfrage.php?tourcode=ENGSELBST-2\">Anfrage \/ Buchung<\/a><\/p>\n<p style=\"text-align: center;\">UrlaubCornwall haben Touren im Angebot f\u00fcr Individualreisende. Hier finden Sie unsere Auswahl an fantastischen <a href=\"http:\/\/www.urlaubcornwall.de\/rundreisen\/grossbritannien.php\"><span style=\"text-decoration: underline;\">Rundreisen und Touren in Grossbritannien<\/span><\/a><strong>. <\/strong>Unsere Websitedetails zeigen lediglich eine kleine Auswahl dessen, was wir anbieten k\u00f6nnen. Wir stellen Ihnen gerne ein <a href=\"http:\/\/www.urlaubcornwall.de\/anfrage.php\"><span style=\"text-decoration: underline;\">unverbindliches Angebot<\/span><\/a> mit allen Fl\u00fcgen und Transfers f\u00fcr Ihre Grossbritannien Reise zusammen.<\/p>\n","protected":false},"excerpt":{"rendered":"<p>credit-tate-st-ives Highlights: Newquay, Penzance, Falmouth, Truro, Plymouth Tourbeschreibung: Cornwall entdecken &#8211; 8 Tage \/ 7 N\u00e4chte | T\u00e4glich m\u00f6glich | ab\/bis Newquay Sie wollen Cornwall stressfrei erkunden? Dann ist diese Reise genau das Richtige f\u00fcr Sie. Wei\u00dfe Klippen, atemberaubende K\u00fcstenabschnitte, pulsierende Hafenst\u00e4dte, vertr\u00e4umte Schmugglerd\u00f6rfer wie Fowey, m\u00e4rchenhafte Gartenanlagen, imposante Herrenh\u00e4user und gr\u00fcne Wiesen werden zudem [&hellip;]<\/p>\n","protected":false},"author":1,"featured_media":0,"parent":0,"menu_order":0,"comment_status":"closed","ping_status":"closed","template":"single-four.php","meta":[],"acf":[],"yoast_head":"<!-- This site is optimized with the Yoast SEO plugin v19.4 - https:\/\/yoast.com\/wordpress\/plugins\/seo\/ -->\n<title>Cornwall entdecken ab\/bis Newquay - 8 Tage Pauschalreise mit Flug - Urlaub &amp; Reisen<\/title>\n<meta name=\"robots\" content=\"index, follow, max-snippet:-1, max-image-preview:large, max-video-preview:-1\" \/>\n<link rel=\"canonical\" href=\"https:\/\/www.urlaubcornwall.de\/blog\/cornwall-entdecken-abbis-newquay-8-tage-pauschalreise-mit-flug\/\" \/>\n<meta property=\"og:locale\" content=\"en_US\" \/>\n<meta property=\"og:type\" content=\"article\" \/>\n<meta property=\"og:title\" content=\"Cornwall entdecken ab\/bis Newquay - 8 Tage Pauschalreise mit Flug - Urlaub &amp; Reisen\" \/>\n<meta property=\"og:description\" content=\"credit-tate-st-ives Highlights: Newquay, Penzance, Falmouth, Truro, Plymouth Tourbeschreibung: Cornwall entdecken &#8211; 8 Tage \/ 7 N\u00e4chte | T\u00e4glich m\u00f6glich | ab\/bis Newquay Sie wollen Cornwall stressfrei erkunden? Dann ist diese Reise genau das Richtige f\u00fcr Sie. Wei\u00dfe Klippen, atemberaubende K\u00fcstenabschnitte, pulsierende Hafenst\u00e4dte, vertr\u00e4umte Schmugglerd\u00f6rfer wie Fowey, m\u00e4rchenhafte Gartenanlagen, imposante Herrenh\u00e4user und gr\u00fcne Wiesen werden zudem [&hellip;]\" \/>\n<meta property=\"og:url\" content=\"https:\/\/www.urlaubcornwall.de\/blog\/cornwall-entdecken-abbis-newquay-8-tage-pauschalreise-mit-flug\/\" \/>\n<meta property=\"og:site_name\" content=\"Urlaub &amp; Reisen\" \/>\n<meta property=\"article:modified_time\" content=\"2025-10-20T11:03:02+00:00\" \/>\n<meta property=\"og:image\" content=\"https:\/\/www.urlaubcornwall.de\/blog\/wp-content\/uploads\/2024\/05\/credit-tate-st-ives.jpg\" \/>\n<meta name=\"twitter:card\" content=\"summary\" \/>\n<meta name=\"twitter:label1\" content=\"Est. reading time\" \/>\n\t<meta name=\"twitter:data1\" content=\"5 minutes\" \/>\n<script type=\"application\/ld+json\" class=\"yoast-schema-graph\">{\"@context\":\"https:\/\/schema.org\",\"@graph\":[{\"@type\":\"WebSite\",\"@id\":\"https:\/\/www.urlaubcornwall.de\/blog\/#website\",\"url\":\"https:\/\/www.urlaubcornwall.de\/blog\/\",\"name\":\"Urlaub &amp; Reisen\",\"description\":\"Urlaub, Reisen, Cornwall und S\u00fcdengland: eine perfekte Kombination\",\"potentialAction\":[{\"@type\":\"SearchAction\",\"target\":{\"@type\":\"EntryPoint\",\"urlTemplate\":\"https:\/\/www.urlaubcornwall.de\/blog\/?s={search_term_string}\"},\"query-input\":\"required name=search_term_string\"}],\"inLanguage\":\"en-US\"},{\"@type\":\"WebPage\",\"@id\":\"https:\/\/www.urlaubcornwall.de\/blog\/cornwall-entdecken-abbis-newquay-8-tage-pauschalreise-mit-flug\/\",\"url\":\"https:\/\/www.urlaubcornwall.de\/blog\/cornwall-entdecken-abbis-newquay-8-tage-pauschalreise-mit-flug\/\",\"name\":\"Cornwall entdecken ab\/bis Newquay - 8 Tage Pauschalreise mit Flug - Urlaub &amp; Reisen\",\"isPartOf\":{\"@id\":\"https:\/\/www.urlaubcornwall.de\/blog\/#website\"},\"datePublished\":\"2015-11-11T11:40:32+00:00\",\"dateModified\":\"2025-10-20T11:03:02+00:00\",\"breadcrumb\":{\"@id\":\"https:\/\/www.urlaubcornwall.de\/blog\/cornwall-entdecken-abbis-newquay-8-tage-pauschalreise-mit-flug\/#breadcrumb\"},\"inLanguage\":\"en-US\",\"potentialAction\":[{\"@type\":\"ReadAction\",\"target\":[\"https:\/\/www.urlaubcornwall.de\/blog\/cornwall-entdecken-abbis-newquay-8-tage-pauschalreise-mit-flug\/\"]}]},{\"@type\":\"BreadcrumbList\",\"@id\":\"https:\/\/www.urlaubcornwall.de\/blog\/cornwall-entdecken-abbis-newquay-8-tage-pauschalreise-mit-flug\/#breadcrumb\",\"itemListElement\":[{\"@type\":\"ListItem\",\"position\":1,\"name\":\"Home\",\"item\":\"https:\/\/www.urlaubcornwall.de\/blog\/\"},{\"@type\":\"ListItem\",\"position\":2,\"name\":\"Cornwall entdecken ab\/bis Newquay &#8211; 8 Tage Pauschalreise mit Flug\"}]}]}<\/script>\n<!-- \/ Yoast SEO plugin. -->","yoast_head_json":{"title":"Cornwall entdecken ab\/bis Newquay - 8 Tage Pauschalreise mit Flug - Urlaub &amp; Reisen","robots":{"index":"index","follow":"follow","max-snippet":"max-snippet:-1","max-image-preview":"max-image-preview:large","max-video-preview":"max-video-preview:-1"},"canonical":"https:\/\/www.urlaubcornwall.de\/blog\/cornwall-entdecken-abbis-newquay-8-tage-pauschalreise-mit-flug\/","og_locale":"en_US","og_type":"article","og_title":"Cornwall entdecken ab\/bis Newquay - 8 Tage Pauschalreise mit Flug - Urlaub &amp; Reisen","og_description":"credit-tate-st-ives Highlights: Newquay, Penzance, Falmouth, Truro, Plymouth Tourbeschreibung: Cornwall entdecken &#8211; 8 Tage \/ 7 N\u00e4chte | T\u00e4glich m\u00f6glich | ab\/bis Newquay Sie wollen Cornwall stressfrei erkunden? Dann ist diese Reise genau das Richtige f\u00fcr Sie. Wei\u00dfe Klippen, atemberaubende K\u00fcstenabschnitte, pulsierende Hafenst\u00e4dte, vertr\u00e4umte Schmugglerd\u00f6rfer wie Fowey, m\u00e4rchenhafte Gartenanlagen, imposante Herrenh\u00e4user und gr\u00fcne Wiesen werden zudem [&hellip;]","og_url":"https:\/\/www.urlaubcornwall.de\/blog\/cornwall-entdecken-abbis-newquay-8-tage-pauschalreise-mit-flug\/","og_site_name":"Urlaub &amp; Reisen","article_modified_time":"2025-10-20T11:03:02+00:00","og_image":[{"url":"https:\/\/www.urlaubcornwall.de\/blog\/wp-content\/uploads\/2024\/05\/credit-tate-st-ives.jpg"}],"twitter_card":"summary","twitter_misc":{"Est. reading time":"5 minutes"},"schema":{"@context":"https:\/\/schema.org","@graph":[{"@type":"WebSite","@id":"https:\/\/www.urlaubcornwall.de\/blog\/#website","url":"https:\/\/www.urlaubcornwall.de\/blog\/","name":"Urlaub &amp; Reisen","description":"Urlaub, Reisen, Cornwall und S\u00fcdengland: eine perfekte Kombination","potentialAction":[{"@type":"SearchAction","target":{"@type":"EntryPoint","urlTemplate":"https:\/\/www.urlaubcornwall.de\/blog\/?s={search_term_string}"},"query-input":"required name=search_term_string"}],"inLanguage":"en-US"},{"@type":"WebPage","@id":"https:\/\/www.urlaubcornwall.de\/blog\/cornwall-entdecken-abbis-newquay-8-tage-pauschalreise-mit-flug\/","url":"https:\/\/www.urlaubcornwall.de\/blog\/cornwall-entdecken-abbis-newquay-8-tage-pauschalreise-mit-flug\/","name":"Cornwall entdecken ab\/bis Newquay - 8 Tage Pauschalreise mit Flug - Urlaub &amp; Reisen","isPartOf":{"@id":"https:\/\/www.urlaubcornwall.de\/blog\/#website"},"datePublished":"2015-11-11T11:40:32+00:00","dateModified":"2025-10-20T11:03:02+00:00","breadcrumb":{"@id":"https:\/\/www.urlaubcornwall.de\/blog\/cornwall-entdecken-abbis-newquay-8-tage-pauschalreise-mit-flug\/#breadcrumb"},"inLanguage":"en-US","potentialAction":[{"@type":"ReadAction","target":["https:\/\/www.urlaubcornwall.de\/blog\/cornwall-entdecken-abbis-newquay-8-tage-pauschalreise-mit-flug\/"]}]},{"@type":"BreadcrumbList","@id":"https:\/\/www.urlaubcornwall.de\/blog\/cornwall-entdecken-abbis-newquay-8-tage-pauschalreise-mit-flug\/#breadcrumb","itemListElement":[{"@type":"ListItem","position":1,"name":"Home","item":"https:\/\/www.urlaubcornwall.de\/blog\/"},{"@type":"ListItem","position":2,"name":"Cornwall entdecken ab\/bis Newquay &#8211; 8 Tage Pauschalreise mit Flug"}]}]}},"_links":{"self":[{"href":"https:\/\/www.urlaubcornwall.de\/blog\/wp-json\/wp\/v2\/pages\/21800"}],"collection":[{"href":"https:\/\/www.urlaubcornwall.de\/blog\/wp-json\/wp\/v2\/pages"}],"about":[{"href":"https:\/\/www.urlaubcornwall.de\/blog\/wp-json\/wp\/v2\/types\/page"}],"author":[{"embeddable":true,"href":"https:\/\/www.urlaubcornwall.de\/blog\/wp-json\/wp\/v2\/users\/1"}],"replies":[{"embeddable":true,"href":"https:\/\/www.urlaubcornwall.de\/blog\/wp-json\/wp\/v2\/comments?post=21800"}],"version-history":[{"count":56,"href":"https:\/\/www.urlaubcornwall.de\/blog\/wp-json\/wp\/v2\/pages\/21800\/revisions"}],"predecessor-version":[{"id":51894,"href":"https:\/\/www.urlaubcornwall.de\/blog\/wp-json\/wp\/v2\/pages\/21800\/revisions\/51894"}],"wp:attachment":[{"href":"https:\/\/www.urlaubcornwall.de\/blog\/wp-json\/wp\/v2\/media?parent=21800"}],"curies":[{"name":"wp","href":"https:\/\/api.w.org\/{rel}","templated":true}]}}