{"id":21781,"date":"2015-11-08T14:49:26","date_gmt":"2015-11-08T14:49:26","guid":{"rendered":"https:\/\/www.urlaubcornwall.de\/blog\/?page_id=21781"},"modified":"2024-05-29T11:44:42","modified_gmt":"2024-05-29T11:44:42","slug":"top-5-der-malerischsten-doerfer-in-grossbritannien-irland","status":"publish","type":"page","link":"https:\/\/www.urlaubcornwall.de\/blog\/top-5-der-malerischsten-doerfer-in-grossbritannien-irland\/","title":{"rendered":"Die 5 Sch\u00f6nsten D\u00f6rfer in Gro\u00dfbritannien &#038; Irland"},"content":{"rendered":"<p>Wo k\u00f6nnen Sie die h\u00fcbschesten und malerischsten D\u00f6rfer von Gro\u00dfbritannien finden? Jedes davon hat seinen ganz einzigartigen Charakter, Charme und historische Lage in der vielf\u00e4ltigen <a href=\"https:\/\/www.urlaubcornwall.de\/ferienhaeuser.php\">Landschaft und K\u00fcste Gro\u00dfbritanniens<\/a>, die es zu einem derart beliebten Urlaubsziel machen.<\/p>\n<p style=\"text-align: center;\">\n\t\t<strong><br \/>\n                        <a href=\"#cornwall\" title=\"Cornwall\">Cornwall<\/a> |<br \/>\n\t\t\t<a href=\"#england\" title=\"England\">England<\/a> |<br \/>\n\t\t\t<a href=\"#wales\" title=\"Wales\">Wales<\/a> |<br \/>\n\t\t\t<a href=\"#schottland\" title=\"Schottland\">Schottland<\/a> |<br \/>\n\t\t\t<a href=\"#irland\" title=\"Irland\">Irland<\/a> | <\/strong><\/p>\n<p>\t\t\n\t<\/p>\n<p><img loading=\"lazy\" class=\"aligncenter size-full wp-image-39118\" src=\"https:\/\/www.urlaubcornwall.de\/blog\/wp-content\/uploads\/2019\/11\/padstow_hafen.jpg\" alt=\"padstow_hafen\" width=\"750\" height=\"432\" srcset=\"https:\/\/www.urlaubcornwall.de\/blog\/wp-content\/uploads\/2019\/11\/padstow_hafen.jpg 750w, https:\/\/www.urlaubcornwall.de\/blog\/wp-content\/uploads\/2019\/11\/padstow_hafen-300x173.jpg 300w\" sizes=\"(max-width: 750px) 100vw, 750px\" \/><\/p>\n<h2 id=\"cornwall\">Die Sch\u00f6nsten D\u00f6rfer in Cornwall<\/h2>\n<p>Wo finden Sie Cornwalls h\u00fcbscheste und malerischste D\u00f6rfer? Dorfleben stellt Teil der Kultur und des Erbes Englands dar. Es gibt eine breite Auswahl, doch dies ist unsere Wahl der 5 sch\u00f6nsten D\u00f6rfer <a href=\"https:\/\/www.urlaubcornwall.de\/blog\/die-schoensten-doerfer-cornwalls\/\">[ Mehr ]<\/a><\/p>\n<p style=\"text-align: center;\"><a href=\"https:\/\/www.urlaubcornwall.de\/blog\/wp-content\/uploads\/2015\/11\/Alfrriston-5.jpg\"><img loading=\"lazy\" class=\"aligncenter size-large wp-image-21783\" src=\"https:\/\/www.urlaubcornwall.de\/blog\/wp-content\/uploads\/2015\/11\/Alfrriston-5-1024x209.jpg\" alt=\"Alfriston sussex\" width=\"748\" height=\"379\"\/><\/a><\/p>\n<h2 id=\"england\">Die Sch\u00f6nsten D\u00f6rfer in England<\/h2>\n<p>Dorfleben stellt Teil der Kultur und des Erbes Englands dar. Es gibt eine breite Auswahl, doch dies ist unsere Wahl der 5 sch\u00f6nsten D\u00f6rfer. Jedes davon hat seinen ganz einzigartigen Charakter, Charme <a href=\"https:\/\/www.urlaubcornwall.de\/blog\/5-der-huebschesten-doerfer-englands\/\">[ Mehr ]<\/a><\/p>\n<p><a href=\"https:\/\/www.urlaubcornwall.de\/blog\/wp-content\/uploads\/2024\/03\/Snowdon-Caernarfon-1.jpg\"><img loading=\"lazy\" src=\"https:\/\/www.urlaubcornwall.de\/blog\/wp-content\/uploads\/2024\/03\/Snowdon-Caernarfon-1.jpg\" alt=\"Snowdon,\" width=\"750\" height=\"500\" class=\"alignnone size-full wp-image-47961\" srcset=\"https:\/\/www.urlaubcornwall.de\/blog\/wp-content\/uploads\/2024\/03\/Snowdon-Caernarfon-1.jpg 750w, https:\/\/www.urlaubcornwall.de\/blog\/wp-content\/uploads\/2024\/03\/Snowdon-Caernarfon-1-300x200.jpg 300w\" sizes=\"(max-width: 750px) 100vw, 750px\" \/><\/a><\/p>\n<h2 id=\"wales\">Die Sch\u00f6nsten D\u00f6rfer in Wales<\/h2>\n<p>Wales ist ein Landstrich, der bekannt ist f\u00fcr seine Burgen, Berge und herrlichen Sandstr\u00e4nde. Wir halten diese D\u00f6rfer f\u00fcr einige der sch\u00f6nsten, die \u00fcberhaupt in Wales gefunden werden k\u00f6nnen <a href=\"https:\/\/www.urlaubcornwall.de\/blog\/top-5-der-malerischsten-doerfer-in-wales\/\">[ Mehr ]<\/a><\/p>\n<p style=\"text-align: center;\"><a href=\"https:\/\/www.urlaubcornwall.de\/blog\/wp-content\/uploads\/2024\/03\/pittenweem.jpg\"><img loading=\"lazy\" class=\"aligncenter size-full wp-image-47838\" src=\"https:\/\/www.urlaubcornwall.de\/blog\/wp-content\/uploads\/2024\/03\/pittenweem.jpg\" alt=\"pittenweem\" width=\"750\" height=\"502\" srcset=\"https:\/\/www.urlaubcornwall.de\/blog\/wp-content\/uploads\/2024\/03\/pittenweem.jpg 750w, https:\/\/www.urlaubcornwall.de\/blog\/wp-content\/uploads\/2024\/03\/pittenweem-300x201.jpg 300w\" sizes=\"(max-width: 750px) 100vw, 750px\" \/><\/a><\/p>\n<h2 id=\"schottland\">Die Sch\u00f6nsten D\u00f6rfer in Schottland<\/h2>\n<p>Dorfleben stellt Teil der Kultur und des Erbes Schottlands dar, ein Land, das tief verankert ist in Mysterien und Legenden. Es gibt eine breite Auswahl, und dies sind unsere Favoriten, unserer Ansicht nach die 5 sch\u00f6nsten D\u00f6rfer Schottlands <a href=\"https:\/\/www.urlaubcornwall.de\/blog\/schottlands-top-5-malerischste-doerfer\/\">[ Mehr ]<\/a><\/p>\n<p><a href=\"https:\/\/www.urlaubcornwall.de\/blog\/wp-content\/uploads\/2024\/03\/Cork-irland.jpg\"><img loading=\"lazy\" src=\"https:\/\/www.urlaubcornwall.de\/blog\/wp-content\/uploads\/2024\/03\/Cork-irland.jpg\" alt=\"Cork-irland\" width=\"750\" height=\"563\" class=\"alignnone size-full wp-image-48205\" srcset=\"https:\/\/www.urlaubcornwall.de\/blog\/wp-content\/uploads\/2024\/03\/Cork-irland.jpg 750w, https:\/\/www.urlaubcornwall.de\/blog\/wp-content\/uploads\/2024\/03\/Cork-irland-300x225.jpg 300w\" sizes=\"(max-width: 750px) 100vw, 750px\" \/><\/a><\/p>\n<h2 id=\"irland\">Die Sch\u00f6nsten D\u00f6rfer in Irland<\/h2>\n<p>Dublin, Galway, Belfast\u2014 sie haben alle Charme. Doch lassen sie sich schwer mit den kleineren D\u00f6rfern und St\u00e4dten Irlands vergleichen. Wir denken, diese D\u00f6rfer befinden sich unter den sch\u00f6nsten <a href=\"https:\/\/www.urlaubcornwall.de\/blog\/top-5-der-malerischsten-doerfer-irlands\/\">[ Mehr ]<\/a><\/p>\n<div class=\"snippet\"> <a class=\"featured-item\" href=\"https:\/\/www.urlaubcornwall.de\/ferienhaeuser.php\"> <span class=\"image-holder\" style=\"background-image: url(' https:\/\/www.urlaubcornwall.de\/blog\/wp-content\/uploads\/2018\/12\/ferienhaus-cornwall-mit-hund.jpg ');\"><\/span> <span class=\"featured-content\"> \n<h2 class=\"featured-title\">Ferienh\u00e4user in Gro\u00dfbritannien zum Verlieben!<\/h2>\n<p class=\"featured-body\">UrlaubCornwall.de hat eine einzigartige Sammlung pers\u00f6nlich inspizierter Ferienh\u00e4user und Ferienwohnungen in Cornwall, S\u00fcdengland und nun auch im gesamten Gro\u00dfbritannien&#8230;. <\/p><\/span> <span class=\"featured-link-holder\"> <span class=\"featured-extra-info\"> \n<p>F\u00fcr Paare, Familien &#038; Gruppen<\/p>\n<\/span> \n<p class=\"featured-link\">DETAILS<\/p>\n<\/span> <\/a><\/div>\n<p>Wir bieten all denjenigen, die eine <a href=\"https:\/\/www.urlaubcornwall.de\/blog\/rundreisen-grossbritannien-und-irland\/\">Rundreise<\/a> oder <a href=\"http:\/\/www.urlaubcornwall.de\/gruppenreisen.php\">Busreise<\/a> machen, ein Cottage suchen oder <a href=\"https:\/\/www.urlaubcornwall.de\/rundreisen\/grossbritannien.php\">Gro\u00dfbritannien<\/a> &amp; <a href=\"https:\/\/www.urlaubcornwall.de\/blog\/erleben-sie-irland-die-emerald-insel\/\">Irland<\/a> machen m\u00f6chten, einen einzigartigen und pers\u00f6nlichen Service. UrlaubCornwall.de hat seinen Firmensitz in Cornwall in S\u00fcdwestengland und bietet Kunden im Deutsch sprechenden Europa Hilfe im Erstellen der perfekten Urlaubserfahrung hier. Wir haben <a href=\"http:\/\/www.urlaubcornwall.de\/rundreisenservice.php\">ein Team Deutsch sprechender Experten<\/a>, so dass wir eine individuelle Urlaub in Gro\u00dfbritannien.<\/p>\n<div class=\"snippet\"> <a class=\"featured-item\" href=\" https:\/\/www.urlaubcornwall.de\/rundreisen\/grossbritannien.php\"> <span class=\"image-holder\" style=\"background-image: url(' https:\/\/www.urlaubcornwall.de\/blog\/wp-content\/uploads\/2018\/11\/rundreise-cornwall.jpg ');\"><\/span> <span class=\"featured-content\"> \n<h2 class=\"featured-title\">Individuelle Rundreise in Gro\u00dfbritannien<\/h2>\n<p class=\"featured-body\"> Autoreisen eignen sich perfekt, um das meiste aus Ihrem Urlaub in Gro\u00dfbritannien und Irland zu machen. Es gibt genug atemberaubender Landschaft und K\u00fcste, historische Geb\u00e4ude und Attraktionen&#8230;.<\/p>\n<\/span> <span class=\"featured-link-holder\"> <span class=\"featured-extra-info\"> \n<p>Urlaub im eigenen Schritttempo<\/p>\n<\/span> \n<p class=\"featured-link\">DETAILS<\/p>\n<\/span> <\/a><\/div>\n<p style=\"text-align: center;\"><img loading=\"lazy\" class=\"aligncenter size-full wp-image-24598\" src=\"https:\/\/www.urlaubcornwall.de\/blog\/wp-content\/uploads\/2016\/06\/urlaub-und-gro\u00dfbritannien_logo_final.jpg\" alt=\"\" width=\"746\" height=\"361\" srcset=\"https:\/\/www.urlaubcornwall.de\/blog\/wp-content\/uploads\/2016\/06\/urlaub-und-gro\u00dfbritannien_logo_final.jpg 746w, https:\/\/www.urlaubcornwall.de\/blog\/wp-content\/uploads\/2016\/06\/urlaub-und-gro\u00dfbritannien_logo_final-300x145.jpg 300w\" sizes=\"(max-width: 746px) 100vw, 746px\" \/><\/p>\n","protected":false},"excerpt":{"rendered":"<p>Wo k\u00f6nnen Sie die h\u00fcbschesten und malerischsten D\u00f6rfer von Gro\u00dfbritannien finden? Jedes davon hat seinen ganz einzigartigen Charakter, Charme und historische Lage in der vielf\u00e4ltigen Landschaft und K\u00fcste Gro\u00dfbritanniens, die es zu einem derart beliebten Urlaubsziel machen. Cornwall | England | Wales | Schottland | Irland | Die Sch\u00f6nsten D\u00f6rfer in Cornwall Wo finden Sie [&hellip;]<\/p>\n","protected":false},"author":1,"featured_media":0,"parent":0,"menu_order":0,"comment_status":"closed","ping_status":"closed","template":"single-four.php","meta":[],"acf":[],"yoast_head":"<!-- This site is optimized with the Yoast SEO plugin v19.4 - https:\/\/yoast.com\/wordpress\/plugins\/seo\/ -->\n<title>Die 5 Sch\u00f6nsten D\u00f6rfer in Gro\u00dfbritannien &amp; Irland - Urlaub &amp; Reisen<\/title>\n<meta name=\"robots\" content=\"index, follow, max-snippet:-1, max-image-preview:large, max-video-preview:-1\" \/>\n<link rel=\"canonical\" href=\"https:\/\/www.urlaubcornwall.de\/blog\/top-5-der-malerischsten-doerfer-in-grossbritannien-irland\/\" \/>\n<meta property=\"og:locale\" content=\"en_US\" \/>\n<meta property=\"og:type\" content=\"article\" \/>\n<meta property=\"og:title\" content=\"Die 5 Sch\u00f6nsten D\u00f6rfer in Gro\u00dfbritannien &amp; Irland - Urlaub &amp; Reisen\" \/>\n<meta property=\"og:description\" content=\"Wo k\u00f6nnen Sie die h\u00fcbschesten und malerischsten D\u00f6rfer von Gro\u00dfbritannien finden? Jedes davon hat seinen ganz einzigartigen Charakter, Charme und historische Lage in der vielf\u00e4ltigen Landschaft und K\u00fcste Gro\u00dfbritanniens, die es zu einem derart beliebten Urlaubsziel machen. Cornwall | England | Wales | Schottland | Irland | Die Sch\u00f6nsten D\u00f6rfer in Cornwall Wo finden Sie [&hellip;]\" \/>\n<meta property=\"og:url\" content=\"https:\/\/www.urlaubcornwall.de\/blog\/top-5-der-malerischsten-doerfer-in-grossbritannien-irland\/\" \/>\n<meta property=\"og:site_name\" content=\"Urlaub &amp; Reisen\" \/>\n<meta property=\"article:modified_time\" content=\"2024-05-29T11:44:42+00:00\" \/>\n<meta property=\"og:image\" content=\"https:\/\/www.urlaubcornwall.de\/blog\/wp-content\/uploads\/2019\/11\/padstow_hafen.jpg\" \/>\n<meta name=\"twitter:card\" content=\"summary\" \/>\n<meta name=\"twitter:label1\" content=\"Est. reading time\" \/>\n\t<meta name=\"twitter:data1\" content=\"3 minutes\" \/>\n<script type=\"application\/ld+json\" class=\"yoast-schema-graph\">{\"@context\":\"https:\/\/schema.org\",\"@graph\":[{\"@type\":\"WebSite\",\"@id\":\"https:\/\/www.urlaubcornwall.de\/blog\/#website\",\"url\":\"https:\/\/www.urlaubcornwall.de\/blog\/\",\"name\":\"Urlaub &amp; Reisen\",\"description\":\"Urlaub, Reisen, Cornwall und S\u00fcdengland: eine perfekte Kombination\",\"potentialAction\":[{\"@type\":\"SearchAction\",\"target\":{\"@type\":\"EntryPoint\",\"urlTemplate\":\"https:\/\/www.urlaubcornwall.de\/blog\/?s={search_term_string}\"},\"query-input\":\"required name=search_term_string\"}],\"inLanguage\":\"en-US\"},{\"@type\":\"WebPage\",\"@id\":\"https:\/\/www.urlaubcornwall.de\/blog\/top-5-der-malerischsten-doerfer-in-grossbritannien-irland\/\",\"url\":\"https:\/\/www.urlaubcornwall.de\/blog\/top-5-der-malerischsten-doerfer-in-grossbritannien-irland\/\",\"name\":\"Die 5 Sch\u00f6nsten D\u00f6rfer in Gro\u00dfbritannien & Irland - Urlaub &amp; Reisen\",\"isPartOf\":{\"@id\":\"https:\/\/www.urlaubcornwall.de\/blog\/#website\"},\"datePublished\":\"2015-11-08T14:49:26+00:00\",\"dateModified\":\"2024-05-29T11:44:42+00:00\",\"breadcrumb\":{\"@id\":\"https:\/\/www.urlaubcornwall.de\/blog\/top-5-der-malerischsten-doerfer-in-grossbritannien-irland\/#breadcrumb\"},\"inLanguage\":\"en-US\",\"potentialAction\":[{\"@type\":\"ReadAction\",\"target\":[\"https:\/\/www.urlaubcornwall.de\/blog\/top-5-der-malerischsten-doerfer-in-grossbritannien-irland\/\"]}]},{\"@type\":\"BreadcrumbList\",\"@id\":\"https:\/\/www.urlaubcornwall.de\/blog\/top-5-der-malerischsten-doerfer-in-grossbritannien-irland\/#breadcrumb\",\"itemListElement\":[{\"@type\":\"ListItem\",\"position\":1,\"name\":\"Home\",\"item\":\"https:\/\/www.urlaubcornwall.de\/blog\/\"},{\"@type\":\"ListItem\",\"position\":2,\"name\":\"Die 5 Sch\u00f6nsten D\u00f6rfer in Gro\u00dfbritannien &#038; Irland\"}]}]}<\/script>\n<!-- \/ Yoast SEO plugin. -->","yoast_head_json":{"title":"Die 5 Sch\u00f6nsten D\u00f6rfer in Gro\u00dfbritannien & Irland - Urlaub &amp; Reisen","robots":{"index":"index","follow":"follow","max-snippet":"max-snippet:-1","max-image-preview":"max-image-preview:large","max-video-preview":"max-video-preview:-1"},"canonical":"https:\/\/www.urlaubcornwall.de\/blog\/top-5-der-malerischsten-doerfer-in-grossbritannien-irland\/","og_locale":"en_US","og_type":"article","og_title":"Die 5 Sch\u00f6nsten D\u00f6rfer in Gro\u00dfbritannien & Irland - Urlaub &amp; Reisen","og_description":"Wo k\u00f6nnen Sie die h\u00fcbschesten und malerischsten D\u00f6rfer von Gro\u00dfbritannien finden? Jedes davon hat seinen ganz einzigartigen Charakter, Charme und historische Lage in der vielf\u00e4ltigen Landschaft und K\u00fcste Gro\u00dfbritanniens, die es zu einem derart beliebten Urlaubsziel machen. Cornwall | England | Wales | Schottland | Irland | Die Sch\u00f6nsten D\u00f6rfer in Cornwall Wo finden Sie [&hellip;]","og_url":"https:\/\/www.urlaubcornwall.de\/blog\/top-5-der-malerischsten-doerfer-in-grossbritannien-irland\/","og_site_name":"Urlaub &amp; Reisen","article_modified_time":"2024-05-29T11:44:42+00:00","og_image":[{"url":"https:\/\/www.urlaubcornwall.de\/blog\/wp-content\/uploads\/2019\/11\/padstow_hafen.jpg"}],"twitter_card":"summary","twitter_misc":{"Est. reading time":"3 minutes"},"schema":{"@context":"https:\/\/schema.org","@graph":[{"@type":"WebSite","@id":"https:\/\/www.urlaubcornwall.de\/blog\/#website","url":"https:\/\/www.urlaubcornwall.de\/blog\/","name":"Urlaub &amp; Reisen","description":"Urlaub, Reisen, Cornwall und S\u00fcdengland: eine perfekte Kombination","potentialAction":[{"@type":"SearchAction","target":{"@type":"EntryPoint","urlTemplate":"https:\/\/www.urlaubcornwall.de\/blog\/?s={search_term_string}"},"query-input":"required name=search_term_string"}],"inLanguage":"en-US"},{"@type":"WebPage","@id":"https:\/\/www.urlaubcornwall.de\/blog\/top-5-der-malerischsten-doerfer-in-grossbritannien-irland\/","url":"https:\/\/www.urlaubcornwall.de\/blog\/top-5-der-malerischsten-doerfer-in-grossbritannien-irland\/","name":"Die 5 Sch\u00f6nsten D\u00f6rfer in Gro\u00dfbritannien & Irland - Urlaub &amp; Reisen","isPartOf":{"@id":"https:\/\/www.urlaubcornwall.de\/blog\/#website"},"datePublished":"2015-11-08T14:49:26+00:00","dateModified":"2024-05-29T11:44:42+00:00","breadcrumb":{"@id":"https:\/\/www.urlaubcornwall.de\/blog\/top-5-der-malerischsten-doerfer-in-grossbritannien-irland\/#breadcrumb"},"inLanguage":"en-US","potentialAction":[{"@type":"ReadAction","target":["https:\/\/www.urlaubcornwall.de\/blog\/top-5-der-malerischsten-doerfer-in-grossbritannien-irland\/"]}]},{"@type":"BreadcrumbList","@id":"https:\/\/www.urlaubcornwall.de\/blog\/top-5-der-malerischsten-doerfer-in-grossbritannien-irland\/#breadcrumb","itemListElement":[{"@type":"ListItem","position":1,"name":"Home","item":"https:\/\/www.urlaubcornwall.de\/blog\/"},{"@type":"ListItem","position":2,"name":"Die 5 Sch\u00f6nsten D\u00f6rfer in Gro\u00dfbritannien &#038; Irland"}]}]}},"_links":{"self":[{"href":"https:\/\/www.urlaubcornwall.de\/blog\/wp-json\/wp\/v2\/pages\/21781"}],"collection":[{"href":"https:\/\/www.urlaubcornwall.de\/blog\/wp-json\/wp\/v2\/pages"}],"about":[{"href":"https:\/\/www.urlaubcornwall.de\/blog\/wp-json\/wp\/v2\/types\/page"}],"author":[{"embeddable":true,"href":"https:\/\/www.urlaubcornwall.de\/blog\/wp-json\/wp\/v2\/users\/1"}],"replies":[{"embeddable":true,"href":"https:\/\/www.urlaubcornwall.de\/blog\/wp-json\/wp\/v2\/comments?post=21781"}],"version-history":[{"count":24,"href":"https:\/\/www.urlaubcornwall.de\/blog\/wp-json\/wp\/v2\/pages\/21781\/revisions"}],"predecessor-version":[{"id":50634,"href":"https:\/\/www.urlaubcornwall.de\/blog\/wp-json\/wp\/v2\/pages\/21781\/revisions\/50634"}],"wp:attachment":[{"href":"https:\/\/www.urlaubcornwall.de\/blog\/wp-json\/wp\/v2\/media?parent=21781"}],"curies":[{"name":"wp","href":"https:\/\/api.w.org\/{rel}","templated":true}]}}