{"id":21767,"date":"2015-11-08T14:08:06","date_gmt":"2015-11-08T14:08:06","guid":{"rendered":"https:\/\/www.urlaubcornwall.de\/blog\/?page_id=21767"},"modified":"2024-05-29T11:00:52","modified_gmt":"2024-05-29T11:00:52","slug":"schottlands-top-5-malerischste-doerfer","status":"publish","type":"page","link":"https:\/\/www.urlaubcornwall.de\/blog\/schottlands-top-5-malerischste-doerfer\/","title":{"rendered":"Schottlands Die 5 Sch\u00f6nsten D\u00f6rfer"},"content":{"rendered":"<p>Wo finden Sie Schottlands h\u00fcbscheste und malerischste D\u00f6rfer? Dorfleben stellt Teil der <a href=\"https:\/\/www.urlaubcornwall.de\/reiseziel\/schottland.php\">Kultur und des Erbes Schottlands<\/a> dar, ein Land, das tief verankert ist in Mysterien und Legenden. Es gibt eine breite Auswahl, und dies sind unsere Favoriten, unserer Ansicht nach die 5 sch\u00f6nsten D\u00f6rfer Schottlands. Jedes davon hat seinen ganz einzigartigen Charakter, Charme und historische Lage in der vielf\u00e4ltigen Landschaft, der K\u00fcste und den Highlands, die es zu einem derart beliebten Urlaubsziel machen.<\/p>\n<p style=\"text-align: center;\"><a href=\"https:\/\/www.urlaubcornwall.de\/blog\/wp-content\/uploads\/2024\/03\/pittenweem.jpg\"><img loading=\"lazy\" class=\"aligncenter size-full wp-image-47838\" src=\"https:\/\/www.urlaubcornwall.de\/blog\/wp-content\/uploads\/2024\/03\/pittenweem.jpg\" alt=\"pittenweem\" width=\"750\" height=\"502\" srcset=\"https:\/\/www.urlaubcornwall.de\/blog\/wp-content\/uploads\/2024\/03\/pittenweem.jpg 750w, https:\/\/www.urlaubcornwall.de\/blog\/wp-content\/uploads\/2024\/03\/pittenweem-300x201.jpg 300w\" sizes=\"(max-width: 750px) 100vw, 750px\" \/><\/a><\/p>\n<p><strong>Pittenweem, Fife<\/strong> &#8211; Pittenweem ist ein charmantes Fischerdorf im Ost-Neuk von Fife. Seine bunten Fischerboote und malerischen H\u00e4user mit roten Ziegeln oder grauem Schiefer rufen bei jedem Fotografen Entz\u00fccken hervor. Jedes Jahr im August findet hier ein beliebtes Kunstfestival statt.<\/p>\n<p><a href=\"https:\/\/www.urlaubcornwall.de\/blog\/wp-content\/uploads\/2024\/03\/plockton.jpg\"><img loading=\"lazy\" src=\"https:\/\/www.urlaubcornwall.de\/blog\/wp-content\/uploads\/2024\/03\/plockton.jpg\" alt=\"plockton\" width=\"750\" height=\"563\" class=\"alignnone size-full wp-image-48099\" srcset=\"https:\/\/www.urlaubcornwall.de\/blog\/wp-content\/uploads\/2024\/03\/plockton.jpg 750w, https:\/\/www.urlaubcornwall.de\/blog\/wp-content\/uploads\/2024\/03\/plockton-300x225.jpg 300w\" sizes=\"(max-width: 750px) 100vw, 750px\" \/><\/a><\/p>\n<p><strong>Plockton, Lochalsh<\/strong> &#8211; Eines der malerischsten D\u00f6rfer Schottlands, in charmanter Meereslandschaft gelegen, an den Ufern von Loch Carron. Mit seinen Palmen und Reihen h\u00fcbscher Cottages wie auf dem Bild einer Pralinenschachtel, ist es ein beliebter Ort f\u00fcr K\u00fcnstler und Fotografen.<\/p>\n<div class=\"snippet\"> <a class=\"featured-item\" href=\"https:\/\/www.urlaubcornwall.de\/ferienhaeuser\/schottland.php\"> <span class=\"image-holder\" style=\"background-image: url(' https:\/\/www.urlaubcornwall.de\/blog\/wp-content\/uploads\/2024\/03\/ferienhaus-england-cornwall.jpg ');\"><\/span> <span class=\"featured-content\"> \n<h2 class=\"featured-title\">Ferienh\u00e4user in Schottland<\/h2>\n<p class=\"featured-body\">Untenstehend finden Sie eine Auswahl an Ferienh\u00e4usern in Schottland. Hier finden Sie pers\u00f6nlich inspizierte Cottages entlang der schottischen K\u00fcste, in den schottischen Highlands und auf den Inseln&#8230;.<\/p><\/span> <span class=\"featured-link-holder\"> <span class=\"featured-extra-info\"> \n<p>F\u00fcr Paare, Familien &#038; Gruppen<\/p>\n<\/span> \n<p class=\"featured-link\">DETAILS<\/p>\n<\/span> <\/a><\/div>\n<p><strong>Kirkcudbright, Dumfries &amp; Galloway<\/strong> &#8211; Kirkcudbright (ausgesprochen kir-coo-bree) an den Ufern des Flusses Dee ist seit 1455 K\u00f6nigliche Burg. Mit seinen pastellfarbenen H\u00e4usern, attraktiven Stra\u00dfen und alten Geb\u00e4uden ist es schon immer beliebt bei K\u00fcnstlern, Malern und Kunsthandwerkern. Bekannt als \u201edie K\u00fcnstlerstadt\u201c, sind die Stra\u00dfen hinter dem Hafen voller kleiner Gesch\u00e4fte und Galerien.<\/p>\n<p><strong>Tarbet \u2013 Argyll<\/strong> &#8211; Tarbert am Loch Fyne ist ein idyllisches Dorf; das Tor zur wundersch\u00f6nen Halbinsel Kintyre. Es ist ein herrlicher Ort, den es zu erkunden gilt, bevor Sie die Islay F\u00e4hre nehmen. Der nat\u00fcrliche Hafen ist sehr h\u00fcbsch und am besten zu sehen vom Schloss Robert des Preu\u00dfen aus dem 14. Jahrhundert. Das j\u00e4hrliche Meeresfr\u00fcchte-Festival im Juli bietet Besuchern die M\u00f6glichkeit, die kulinarischen K\u00f6stlichkeiten zu probieren, die von \u00f6rtlich angebauten Produkten hergestellt werden.<\/p>\n<p><img loading=\"lazy\" class=\"aligncenter size-large wp-image-47836\" src=\"https:\/\/www.urlaubcornwall.de\/blog\/wp-content\/uploads\/2024\/03\/bagpipes.jpg\" alt=\"bagpipes\" width=\"750\" height=\"498\" srcset=\"https:\/\/www.urlaubcornwall.de\/blog\/wp-content\/uploads\/2024\/03\/bagpipes.jpg 750w, https:\/\/www.urlaubcornwall.de\/blog\/wp-content\/uploads\/2024\/03\/bagpipes-300x199.jpg 300w\" sizes=\"(max-width: 750px) 100vw, 750px\" \/><\/p>\n<p><strong>Braemar, Cairngorms<\/strong> &#8211; Braemar liegt im Herzen des Cairngorms Nationalparks und nahe bei Balmoral im K\u00f6niglichen Deeside. Dieses entz\u00fcckende Dorf, das wohl bekannt ist f\u00fcr seine Braemar Gathering (Highland Games), die j\u00e4hrlich im September abgehalten werden, ist umgeben von herrlicher Bergeslandschaft, wundersch\u00f6nen Schluchten, alten Kieferw\u00e4ldern und einem Reichtum an Tierleben.<\/p>\n<div class=\"snippet\"> <a class=\"featured-item\" href=\" https:\/\/www.urlaubcornwall.de\/blog\/rundreisen-schottland\/\"> <span class=\"image-holder\" style=\"background-image: url(' https:\/\/www.urlaubcornwall.de\/blog\/wp-content\/uploads\/2019\/01\/gruppenreise-schottland.jpg ');\"><\/span> <span class=\"featured-content\"> \n<h2 class=\"featured-title\">Individuelle Rundreise in Schottland<\/h2>\n<p class=\"featured-body\">Autorundreisen durch Schottland haben etwas f\u00fcr jeden Geschmack zu bieten \u2013 herrliche Sonnenunterg\u00e4nge \u00fcber magischen Inseln, wundersch\u00f6ne und dramatische K\u00fcstenstriche&#8230;.<\/p>\n<\/span> <span class=\"featured-link-holder\"> <span class=\"featured-extra-info\"> \n<p>Urlaub im eigenen Schritttempo<\/p>\n<\/span> \n<p class=\"featured-link\">DETAILS<\/p>\n<\/span> <\/a><\/div>\n<p>UrlaubCornwall.de hat seinen Firmensitz in Cornwall in S\u00fcdwestengland und bietet Kunden im Deutsch sprechenden Europa Hilfe im Erstellen der perfekten Urlaubserfahrung hier. Wir haben ein Team Deutsch sprechender Experten, so dass wir eine <a href=\"https:\/\/www.urlaubcornwall.de\/rundreisen\/grossbritannien.php\">individuelle Urlaub in Gro\u00dfbritannien<\/a>.<\/p>\n","protected":false},"excerpt":{"rendered":"<p>Wo finden Sie Schottlands h\u00fcbscheste und malerischste D\u00f6rfer? Dorfleben stellt Teil der Kultur und des Erbes Schottlands dar, ein Land, das tief verankert ist in Mysterien und Legenden. Es gibt eine breite Auswahl, und dies sind unsere Favoriten, unserer Ansicht nach die 5 sch\u00f6nsten D\u00f6rfer Schottlands. Jedes davon hat seinen ganz einzigartigen Charakter, Charme und [&hellip;]<\/p>\n","protected":false},"author":1,"featured_media":0,"parent":0,"menu_order":0,"comment_status":"closed","ping_status":"closed","template":"single-four.php","meta":[],"acf":[],"yoast_head":"<!-- This site is optimized with the Yoast SEO plugin v19.4 - https:\/\/yoast.com\/wordpress\/plugins\/seo\/ -->\n<title>Schottlands Die 5 Sch\u00f6nsten D\u00f6rfer - Urlaub &amp; Reisen<\/title>\n<meta name=\"robots\" content=\"index, follow, max-snippet:-1, max-image-preview:large, max-video-preview:-1\" \/>\n<link rel=\"canonical\" href=\"https:\/\/www.urlaubcornwall.de\/blog\/schottlands-top-5-malerischste-doerfer\/\" \/>\n<meta property=\"og:locale\" content=\"en_US\" \/>\n<meta property=\"og:type\" content=\"article\" \/>\n<meta property=\"og:title\" content=\"Schottlands Die 5 Sch\u00f6nsten D\u00f6rfer - Urlaub &amp; Reisen\" \/>\n<meta property=\"og:description\" content=\"Wo finden Sie Schottlands h\u00fcbscheste und malerischste D\u00f6rfer? Dorfleben stellt Teil der Kultur und des Erbes Schottlands dar, ein Land, das tief verankert ist in Mysterien und Legenden. Es gibt eine breite Auswahl, und dies sind unsere Favoriten, unserer Ansicht nach die 5 sch\u00f6nsten D\u00f6rfer Schottlands. Jedes davon hat seinen ganz einzigartigen Charakter, Charme und [&hellip;]\" \/>\n<meta property=\"og:url\" content=\"https:\/\/www.urlaubcornwall.de\/blog\/schottlands-top-5-malerischste-doerfer\/\" \/>\n<meta property=\"og:site_name\" content=\"Urlaub &amp; Reisen\" \/>\n<meta property=\"article:modified_time\" content=\"2024-05-29T11:00:52+00:00\" \/>\n<meta property=\"og:image\" content=\"https:\/\/www.urlaubcornwall.de\/blog\/wp-content\/uploads\/2024\/03\/pittenweem.jpg\" \/>\n<meta name=\"twitter:card\" content=\"summary\" \/>\n<meta name=\"twitter:label1\" content=\"Est. reading time\" \/>\n\t<meta name=\"twitter:data1\" content=\"3 minutes\" \/>\n<script type=\"application\/ld+json\" class=\"yoast-schema-graph\">{\"@context\":\"https:\/\/schema.org\",\"@graph\":[{\"@type\":\"WebSite\",\"@id\":\"https:\/\/www.urlaubcornwall.de\/blog\/#website\",\"url\":\"https:\/\/www.urlaubcornwall.de\/blog\/\",\"name\":\"Urlaub &amp; Reisen\",\"description\":\"Urlaub, Reisen, Cornwall und S\u00fcdengland: eine perfekte Kombination\",\"potentialAction\":[{\"@type\":\"SearchAction\",\"target\":{\"@type\":\"EntryPoint\",\"urlTemplate\":\"https:\/\/www.urlaubcornwall.de\/blog\/?s={search_term_string}\"},\"query-input\":\"required name=search_term_string\"}],\"inLanguage\":\"en-US\"},{\"@type\":\"WebPage\",\"@id\":\"https:\/\/www.urlaubcornwall.de\/blog\/schottlands-top-5-malerischste-doerfer\/\",\"url\":\"https:\/\/www.urlaubcornwall.de\/blog\/schottlands-top-5-malerischste-doerfer\/\",\"name\":\"Schottlands Die 5 Sch\u00f6nsten D\u00f6rfer - Urlaub &amp; Reisen\",\"isPartOf\":{\"@id\":\"https:\/\/www.urlaubcornwall.de\/blog\/#website\"},\"datePublished\":\"2015-11-08T14:08:06+00:00\",\"dateModified\":\"2024-05-29T11:00:52+00:00\",\"breadcrumb\":{\"@id\":\"https:\/\/www.urlaubcornwall.de\/blog\/schottlands-top-5-malerischste-doerfer\/#breadcrumb\"},\"inLanguage\":\"en-US\",\"potentialAction\":[{\"@type\":\"ReadAction\",\"target\":[\"https:\/\/www.urlaubcornwall.de\/blog\/schottlands-top-5-malerischste-doerfer\/\"]}]},{\"@type\":\"BreadcrumbList\",\"@id\":\"https:\/\/www.urlaubcornwall.de\/blog\/schottlands-top-5-malerischste-doerfer\/#breadcrumb\",\"itemListElement\":[{\"@type\":\"ListItem\",\"position\":1,\"name\":\"Home\",\"item\":\"https:\/\/www.urlaubcornwall.de\/blog\/\"},{\"@type\":\"ListItem\",\"position\":2,\"name\":\"Schottlands Die 5 Sch\u00f6nsten D\u00f6rfer\"}]}]}<\/script>\n<!-- \/ Yoast SEO plugin. -->","yoast_head_json":{"title":"Schottlands Die 5 Sch\u00f6nsten D\u00f6rfer - Urlaub &amp; Reisen","robots":{"index":"index","follow":"follow","max-snippet":"max-snippet:-1","max-image-preview":"max-image-preview:large","max-video-preview":"max-video-preview:-1"},"canonical":"https:\/\/www.urlaubcornwall.de\/blog\/schottlands-top-5-malerischste-doerfer\/","og_locale":"en_US","og_type":"article","og_title":"Schottlands Die 5 Sch\u00f6nsten D\u00f6rfer - Urlaub &amp; Reisen","og_description":"Wo finden Sie Schottlands h\u00fcbscheste und malerischste D\u00f6rfer? Dorfleben stellt Teil der Kultur und des Erbes Schottlands dar, ein Land, das tief verankert ist in Mysterien und Legenden. Es gibt eine breite Auswahl, und dies sind unsere Favoriten, unserer Ansicht nach die 5 sch\u00f6nsten D\u00f6rfer Schottlands. Jedes davon hat seinen ganz einzigartigen Charakter, Charme und [&hellip;]","og_url":"https:\/\/www.urlaubcornwall.de\/blog\/schottlands-top-5-malerischste-doerfer\/","og_site_name":"Urlaub &amp; Reisen","article_modified_time":"2024-05-29T11:00:52+00:00","og_image":[{"url":"https:\/\/www.urlaubcornwall.de\/blog\/wp-content\/uploads\/2024\/03\/pittenweem.jpg"}],"twitter_card":"summary","twitter_misc":{"Est. reading time":"3 minutes"},"schema":{"@context":"https:\/\/schema.org","@graph":[{"@type":"WebSite","@id":"https:\/\/www.urlaubcornwall.de\/blog\/#website","url":"https:\/\/www.urlaubcornwall.de\/blog\/","name":"Urlaub &amp; Reisen","description":"Urlaub, Reisen, Cornwall und S\u00fcdengland: eine perfekte Kombination","potentialAction":[{"@type":"SearchAction","target":{"@type":"EntryPoint","urlTemplate":"https:\/\/www.urlaubcornwall.de\/blog\/?s={search_term_string}"},"query-input":"required name=search_term_string"}],"inLanguage":"en-US"},{"@type":"WebPage","@id":"https:\/\/www.urlaubcornwall.de\/blog\/schottlands-top-5-malerischste-doerfer\/","url":"https:\/\/www.urlaubcornwall.de\/blog\/schottlands-top-5-malerischste-doerfer\/","name":"Schottlands Die 5 Sch\u00f6nsten D\u00f6rfer - Urlaub &amp; Reisen","isPartOf":{"@id":"https:\/\/www.urlaubcornwall.de\/blog\/#website"},"datePublished":"2015-11-08T14:08:06+00:00","dateModified":"2024-05-29T11:00:52+00:00","breadcrumb":{"@id":"https:\/\/www.urlaubcornwall.de\/blog\/schottlands-top-5-malerischste-doerfer\/#breadcrumb"},"inLanguage":"en-US","potentialAction":[{"@type":"ReadAction","target":["https:\/\/www.urlaubcornwall.de\/blog\/schottlands-top-5-malerischste-doerfer\/"]}]},{"@type":"BreadcrumbList","@id":"https:\/\/www.urlaubcornwall.de\/blog\/schottlands-top-5-malerischste-doerfer\/#breadcrumb","itemListElement":[{"@type":"ListItem","position":1,"name":"Home","item":"https:\/\/www.urlaubcornwall.de\/blog\/"},{"@type":"ListItem","position":2,"name":"Schottlands Die 5 Sch\u00f6nsten D\u00f6rfer"}]}]}},"_links":{"self":[{"href":"https:\/\/www.urlaubcornwall.de\/blog\/wp-json\/wp\/v2\/pages\/21767"}],"collection":[{"href":"https:\/\/www.urlaubcornwall.de\/blog\/wp-json\/wp\/v2\/pages"}],"about":[{"href":"https:\/\/www.urlaubcornwall.de\/blog\/wp-json\/wp\/v2\/types\/page"}],"author":[{"embeddable":true,"href":"https:\/\/www.urlaubcornwall.de\/blog\/wp-json\/wp\/v2\/users\/1"}],"replies":[{"embeddable":true,"href":"https:\/\/www.urlaubcornwall.de\/blog\/wp-json\/wp\/v2\/comments?post=21767"}],"version-history":[{"count":14,"href":"https:\/\/www.urlaubcornwall.de\/blog\/wp-json\/wp\/v2\/pages\/21767\/revisions"}],"predecessor-version":[{"id":50602,"href":"https:\/\/www.urlaubcornwall.de\/blog\/wp-json\/wp\/v2\/pages\/21767\/revisions\/50602"}],"wp:attachment":[{"href":"https:\/\/www.urlaubcornwall.de\/blog\/wp-json\/wp\/v2\/media?parent=21767"}],"curies":[{"name":"wp","href":"https:\/\/api.w.org\/{rel}","templated":true}]}}