{"id":21445,"date":"2015-10-29T16:35:04","date_gmt":"2015-10-29T16:35:04","guid":{"rendered":"https:\/\/www.urlaubcornwall.de\/blog\/?page_id=21445"},"modified":"2024-04-08T10:39:12","modified_gmt":"2024-04-08T10:39:12","slug":"direktfluege-von-frankfurt-nach-newquay-in-cornwall","status":"publish","type":"page","link":"https:\/\/www.urlaubcornwall.de\/blog\/direktfluege-von-frankfurt-nach-newquay-in-cornwall\/","title":{"rendered":"Direktfl\u00fcge von D\u00fcsseldorf nach Newquay in Cornwall"},"content":{"rendered":"<p><img loading=\"lazy\" class=\"aligncenter size-full wp-image-47731\" src=\"https:\/\/www.urlaubcornwall.de\/blog\/wp-content\/uploads\/2024\/02\/padstow_hafen.jpg\" alt=\"padstow_hafen\" width=\"750\" height=\"432\" srcset=\"https:\/\/www.urlaubcornwall.de\/blog\/wp-content\/uploads\/2024\/02\/padstow_hafen.jpg 750w, https:\/\/www.urlaubcornwall.de\/blog\/wp-content\/uploads\/2024\/02\/padstow_hafen-300x173.jpg 300w\" sizes=\"(max-width: 750px) 100vw, 750px\" \/><\/p>\n<h1 style=\"text-align: center;\"><a href=\"https:\/\/www.urlaubcornwall.de\/ferienhaeuser\/cornwall.php\">Ihr Cornwall-Urlaub ist nur gut 1\u00bd Std. entfernt!<\/a>&nbsp;<\/h1>\n<p>Urlaub in der <a href=\"https:\/\/www.urlaubcornwall.de\/reiseziel\/cornwall.php\">wundersch\u00f6nen Ferienregion Cornwall<\/a> ist nun so viel einfacher aufgrund der Direktfl\u00fcge von Deutschland nach Newquay in Cornwall. Familien k\u00f6nnen in nur wenigen Stunden an den wundervollen cornischen Str\u00e4nden sein. Vielleicht sind Sie ja auch ein Paar, das lediglich einen Kurzurlaub oder ein langes Wochenende in einem romantischen Hotel am Meer verbringen m\u00f6chte. 1 Flug pro Woche ab D\u00fcsseldorf am Samstag zwischen 11 Mai &#8211; 14 September mit Eurowings 2024.<\/p>\n<div class=\"snippet\"> <a class=\"featured-item\" href=\" https:\/\/www.urlaubcornwall.de\/ferienhaeuser\/cornwall.php\"> <span class=\"image-holder\" style=\"background-image: url('https:\/\/www.urlaubcornwall.de\/blog\/wp-content\/uploads\/2018\/11\/landhaus-cornwall-1.jpg');\"><\/span> <span class=\"featured-content\"> \n<h2 class=\"featured-title\">Ferienh\u00e4user in Cornwall zum Verlieben!<\/h2>\n<p class=\"featured-body\">Cornwall besitzt mehr K\u00fcstenlinien als jede andere Grafschaft und bietet einige der besten Str\u00e4nde, K\u00fcstenwanderwege und Klippenlandschaften, die man \u00fcberhaupt finden kann&#8230;.<\/p>\n<\/span> <span class=\"featured-link-holder\"> <span class=\"featured-extra-info\"> \n<p> F\u00fcr Paare, Familien &#038; Gruppen<\/p>\n<\/span> \n<p class=\"featured-link\">DETAILS<\/p>\n<\/span> <\/a><\/div>\n<p>Selbstversorgerunterkunft ist eine flexible Alternative f\u00fcr Familien und Paare, die ihren <a href=\"https:\/\/www.urlaubcornwall.de\/ferienhaeuser-fewos\/cornwall.html\">Urlaub in Cornwall<\/a> verbringen m\u00f6chten. Nehmen Sie ein Cottage als Ausgangsbasis, um die vielen faszinierenden Urlaubsst\u00e4dte an Cornwalls K\u00fcste zu erkunden oder einen Geschmack vom Dorfleben zu bekommen in einem urigen Steincottage in S\u00fcdwest-England.<\/p>\n","protected":false},"excerpt":{"rendered":"<p>Ihr Cornwall-Urlaub ist nur gut 1\u00bd Std. entfernt!&nbsp; Urlaub in der wundersch\u00f6nen Ferienregion Cornwall ist nun so viel einfacher aufgrund der Direktfl\u00fcge von Deutschland nach Newquay in Cornwall. Familien k\u00f6nnen in nur wenigen Stunden an den wundervollen cornischen Str\u00e4nden sein. Vielleicht sind Sie ja auch ein Paar, das lediglich einen Kurzurlaub oder ein langes Wochenende [&hellip;]<\/p>\n","protected":false},"author":1,"featured_media":0,"parent":0,"menu_order":0,"comment_status":"closed","ping_status":"closed","template":"single-four.php","meta":[],"acf":[],"yoast_head":"<!-- This site is optimized with the Yoast SEO plugin v19.4 - https:\/\/yoast.com\/wordpress\/plugins\/seo\/ -->\n<title>Direktfl\u00fcge von D\u00fcsseldorf nach Newquay in Cornwall - Urlaub &amp; Reisen<\/title>\n<meta name=\"robots\" content=\"index, follow, max-snippet:-1, max-image-preview:large, max-video-preview:-1\" \/>\n<link rel=\"canonical\" href=\"https:\/\/www.urlaubcornwall.de\/blog\/direktfluege-von-frankfurt-nach-newquay-in-cornwall\/\" \/>\n<meta property=\"og:locale\" content=\"en_US\" \/>\n<meta property=\"og:type\" content=\"article\" \/>\n<meta property=\"og:title\" content=\"Direktfl\u00fcge von D\u00fcsseldorf nach Newquay in Cornwall - Urlaub &amp; Reisen\" \/>\n<meta property=\"og:description\" content=\"Ihr Cornwall-Urlaub ist nur gut 1\u00bd Std. entfernt!&nbsp; Urlaub in der wundersch\u00f6nen Ferienregion Cornwall ist nun so viel einfacher aufgrund der Direktfl\u00fcge von Deutschland nach Newquay in Cornwall. Familien k\u00f6nnen in nur wenigen Stunden an den wundervollen cornischen Str\u00e4nden sein. Vielleicht sind Sie ja auch ein Paar, das lediglich einen Kurzurlaub oder ein langes Wochenende [&hellip;]\" \/>\n<meta property=\"og:url\" content=\"https:\/\/www.urlaubcornwall.de\/blog\/direktfluege-von-frankfurt-nach-newquay-in-cornwall\/\" \/>\n<meta property=\"og:site_name\" content=\"Urlaub &amp; Reisen\" \/>\n<meta property=\"article:modified_time\" content=\"2024-04-08T10:39:12+00:00\" \/>\n<meta property=\"og:image\" content=\"https:\/\/www.urlaubcornwall.de\/blog\/wp-content\/uploads\/2024\/02\/padstow_hafen.jpg\" \/>\n<meta name=\"twitter:card\" content=\"summary\" \/>\n<meta name=\"twitter:label1\" content=\"Est. reading time\" \/>\n\t<meta name=\"twitter:data1\" content=\"1 minute\" \/>\n<script type=\"application\/ld+json\" class=\"yoast-schema-graph\">{\"@context\":\"https:\/\/schema.org\",\"@graph\":[{\"@type\":\"WebSite\",\"@id\":\"https:\/\/www.urlaubcornwall.de\/blog\/#website\",\"url\":\"https:\/\/www.urlaubcornwall.de\/blog\/\",\"name\":\"Urlaub &amp; Reisen\",\"description\":\"Urlaub, Reisen, Cornwall und S\u00fcdengland: eine perfekte Kombination\",\"potentialAction\":[{\"@type\":\"SearchAction\",\"target\":{\"@type\":\"EntryPoint\",\"urlTemplate\":\"https:\/\/www.urlaubcornwall.de\/blog\/?s={search_term_string}\"},\"query-input\":\"required name=search_term_string\"}],\"inLanguage\":\"en-US\"},{\"@type\":\"WebPage\",\"@id\":\"https:\/\/www.urlaubcornwall.de\/blog\/direktfluege-von-frankfurt-nach-newquay-in-cornwall\/\",\"url\":\"https:\/\/www.urlaubcornwall.de\/blog\/direktfluege-von-frankfurt-nach-newquay-in-cornwall\/\",\"name\":\"Direktfl\u00fcge von D\u00fcsseldorf nach Newquay in Cornwall - Urlaub &amp; Reisen\",\"isPartOf\":{\"@id\":\"https:\/\/www.urlaubcornwall.de\/blog\/#website\"},\"datePublished\":\"2015-10-29T16:35:04+00:00\",\"dateModified\":\"2024-04-08T10:39:12+00:00\",\"breadcrumb\":{\"@id\":\"https:\/\/www.urlaubcornwall.de\/blog\/direktfluege-von-frankfurt-nach-newquay-in-cornwall\/#breadcrumb\"},\"inLanguage\":\"en-US\",\"potentialAction\":[{\"@type\":\"ReadAction\",\"target\":[\"https:\/\/www.urlaubcornwall.de\/blog\/direktfluege-von-frankfurt-nach-newquay-in-cornwall\/\"]}]},{\"@type\":\"BreadcrumbList\",\"@id\":\"https:\/\/www.urlaubcornwall.de\/blog\/direktfluege-von-frankfurt-nach-newquay-in-cornwall\/#breadcrumb\",\"itemListElement\":[{\"@type\":\"ListItem\",\"position\":1,\"name\":\"Home\",\"item\":\"https:\/\/www.urlaubcornwall.de\/blog\/\"},{\"@type\":\"ListItem\",\"position\":2,\"name\":\"Direktfl\u00fcge von D\u00fcsseldorf nach Newquay in Cornwall\"}]}]}<\/script>\n<!-- \/ Yoast SEO plugin. -->","yoast_head_json":{"title":"Direktfl\u00fcge von D\u00fcsseldorf nach Newquay in Cornwall - Urlaub &amp; Reisen","robots":{"index":"index","follow":"follow","max-snippet":"max-snippet:-1","max-image-preview":"max-image-preview:large","max-video-preview":"max-video-preview:-1"},"canonical":"https:\/\/www.urlaubcornwall.de\/blog\/direktfluege-von-frankfurt-nach-newquay-in-cornwall\/","og_locale":"en_US","og_type":"article","og_title":"Direktfl\u00fcge von D\u00fcsseldorf nach Newquay in Cornwall - Urlaub &amp; Reisen","og_description":"Ihr Cornwall-Urlaub ist nur gut 1\u00bd Std. entfernt!&nbsp; Urlaub in der wundersch\u00f6nen Ferienregion Cornwall ist nun so viel einfacher aufgrund der Direktfl\u00fcge von Deutschland nach Newquay in Cornwall. Familien k\u00f6nnen in nur wenigen Stunden an den wundervollen cornischen Str\u00e4nden sein. Vielleicht sind Sie ja auch ein Paar, das lediglich einen Kurzurlaub oder ein langes Wochenende [&hellip;]","og_url":"https:\/\/www.urlaubcornwall.de\/blog\/direktfluege-von-frankfurt-nach-newquay-in-cornwall\/","og_site_name":"Urlaub &amp; Reisen","article_modified_time":"2024-04-08T10:39:12+00:00","og_image":[{"url":"https:\/\/www.urlaubcornwall.de\/blog\/wp-content\/uploads\/2024\/02\/padstow_hafen.jpg"}],"twitter_card":"summary","twitter_misc":{"Est. reading time":"1 minute"},"schema":{"@context":"https:\/\/schema.org","@graph":[{"@type":"WebSite","@id":"https:\/\/www.urlaubcornwall.de\/blog\/#website","url":"https:\/\/www.urlaubcornwall.de\/blog\/","name":"Urlaub &amp; Reisen","description":"Urlaub, Reisen, Cornwall und S\u00fcdengland: eine perfekte Kombination","potentialAction":[{"@type":"SearchAction","target":{"@type":"EntryPoint","urlTemplate":"https:\/\/www.urlaubcornwall.de\/blog\/?s={search_term_string}"},"query-input":"required name=search_term_string"}],"inLanguage":"en-US"},{"@type":"WebPage","@id":"https:\/\/www.urlaubcornwall.de\/blog\/direktfluege-von-frankfurt-nach-newquay-in-cornwall\/","url":"https:\/\/www.urlaubcornwall.de\/blog\/direktfluege-von-frankfurt-nach-newquay-in-cornwall\/","name":"Direktfl\u00fcge von D\u00fcsseldorf nach Newquay in Cornwall - Urlaub &amp; Reisen","isPartOf":{"@id":"https:\/\/www.urlaubcornwall.de\/blog\/#website"},"datePublished":"2015-10-29T16:35:04+00:00","dateModified":"2024-04-08T10:39:12+00:00","breadcrumb":{"@id":"https:\/\/www.urlaubcornwall.de\/blog\/direktfluege-von-frankfurt-nach-newquay-in-cornwall\/#breadcrumb"},"inLanguage":"en-US","potentialAction":[{"@type":"ReadAction","target":["https:\/\/www.urlaubcornwall.de\/blog\/direktfluege-von-frankfurt-nach-newquay-in-cornwall\/"]}]},{"@type":"BreadcrumbList","@id":"https:\/\/www.urlaubcornwall.de\/blog\/direktfluege-von-frankfurt-nach-newquay-in-cornwall\/#breadcrumb","itemListElement":[{"@type":"ListItem","position":1,"name":"Home","item":"https:\/\/www.urlaubcornwall.de\/blog\/"},{"@type":"ListItem","position":2,"name":"Direktfl\u00fcge von D\u00fcsseldorf nach Newquay in Cornwall"}]}]}},"_links":{"self":[{"href":"https:\/\/www.urlaubcornwall.de\/blog\/wp-json\/wp\/v2\/pages\/21445"}],"collection":[{"href":"https:\/\/www.urlaubcornwall.de\/blog\/wp-json\/wp\/v2\/pages"}],"about":[{"href":"https:\/\/www.urlaubcornwall.de\/blog\/wp-json\/wp\/v2\/types\/page"}],"author":[{"embeddable":true,"href":"https:\/\/www.urlaubcornwall.de\/blog\/wp-json\/wp\/v2\/users\/1"}],"replies":[{"embeddable":true,"href":"https:\/\/www.urlaubcornwall.de\/blog\/wp-json\/wp\/v2\/comments?post=21445"}],"version-history":[{"count":61,"href":"https:\/\/www.urlaubcornwall.de\/blog\/wp-json\/wp\/v2\/pages\/21445\/revisions"}],"predecessor-version":[{"id":49011,"href":"https:\/\/www.urlaubcornwall.de\/blog\/wp-json\/wp\/v2\/pages\/21445\/revisions\/49011"}],"wp:attachment":[{"href":"https:\/\/www.urlaubcornwall.de\/blog\/wp-json\/wp\/v2\/media?parent=21445"}],"curies":[{"name":"wp","href":"https:\/\/api.w.org\/{rel}","templated":true}]}}