{"id":21217,"date":"2015-10-24T13:44:38","date_gmt":"2015-10-24T13:44:38","guid":{"rendered":"https:\/\/www.urlaubcornwall.de\/blog\/?page_id=21217"},"modified":"2026-01-04T11:37:01","modified_gmt":"2026-01-04T11:37:01","slug":"schottland-rundreise-in-schlosshotels-schloesser-gaerten-und-legenden","status":"publish","type":"page","link":"https:\/\/www.urlaubcornwall.de\/blog\/schottland-rundreise-in-schlosshotels-schloesser-gaerten-und-legenden\/","title":{"rendered":"Schottland Reise in Schlosshotels: &#8220;Schl\u00f6sser und romantische Herrenh\u00e4user&#8221;"},"content":{"rendered":"<p><a href=\"https:\/\/www.urlaubcornwall.de\/blog\/wp-content\/uploads\/2024\/03\/Eilean-Donan-schloss-Schottland.jpg\"><img loading=\"lazy\" src=\"https:\/\/www.urlaubcornwall.de\/blog\/wp-content\/uploads\/2024\/03\/Eilean-Donan-schloss-Schottland.jpg\" alt=\"Eilean Donan schloss, Schottland\" width=\"750\" height=\"500\" class=\"alignnone size-full wp-image-48016\" srcset=\"https:\/\/www.urlaubcornwall.de\/blog\/wp-content\/uploads\/2024\/03\/Eilean-Donan-schloss-Schottland.jpg 750w, https:\/\/www.urlaubcornwall.de\/blog\/wp-content\/uploads\/2024\/03\/Eilean-Donan-schloss-Schottland-300x200.jpg 300w\" sizes=\"(max-width: 750px) 100vw, 750px\" \/><\/a><\/p>\n<h2 style=\"text-align: left;\">Highlights: Edinburgh, schottische Castles, Loch Ness, Highlands<\/h2>\n<p style=\"text-align: left;\">8 Tage \/ 7 N\u00e4chte | ab\/bis Edinburgh<\/p>\n<p style=\"text-align: left;\">Sie suchen eine ganz besondere Reise? Wie w\u00e4re es dann mit einer Selbstfahrertour, bei der Sie in gehobenen Unterk\u00fcnften, teilweise auch in einem Schlosshotel \u00fcbernachten? Neben tollen <a href=\"https:\/\/www.urlaubcornwall.de\/reiseziel\/schottland.php\">Unterk\u00fcnften bietet Schottland<\/a> aber auch eine reizvolle Landschaft, <a href=\"https:\/\/www.urlaubcornwall.de\/blog\/schottlands-top-5-malerischste-doerfer\/\">wundersch\u00f6ne D\u00f6rfer<\/a>, gro\u00dfartige Architektur und vieles mehr!<\/p>\n<p style=\"text-align: center;\"><a class=\"tidycta\" href=\"http:\/\/www.urlaubcornwall.de\/anfrage.php?tourcode=EEDHDSH\">Anfrage \/ Buchung<\/a><\/p>\n<p><strong>Tourbeschreibung<\/strong><\/p>\n<p><strong>Tag 1 : Edinburgh<\/strong><\/p>\n<p>Nachdem Sie am Flughafen angekommen sind, nehmen Sie den Mietwagen entgegen und fahren nach Edinburgh. Rest des Tages freie Zeit zur Besichtigung von Edinburgh. Die sogenannte \u201eNeustadt\u201c mit den herrlichen Fassaden der georgianischen Architektur aus dem 18. Jahrhundert (bestes Beispiel Charlotte Square) und auch die \u201eAltstadt\u201c, welche sich auf einem Bergr\u00fccken von der Burg bis zum Holyroodpalast hinunter erstreckt, sind sehr sehenswert. Hier findet man auch die St. Giles Kathedrale, das Rathaus und das John Knox Haus. \u00dcbernachtung im Raum Edinburgh.<\/p>\n<p><strong>Tag 2 : Edinburgh \u2013 Royal Deeside<\/strong><\/p>\n<p>Fahrt in Richtung <a href=\"https:\/\/www.urlaubcornwall.de\/ferienhaeuser-fewos\/sco\/zentralschottland\/perth.html\">Perth<\/a> \u00fcber die gro\u00dfartige H\u00e4ngebr\u00fccke, die den Firth of Forth \u00fcberspannt. Perth ist heute eine der gr\u00f6\u00dften St\u00e4dte Schottlands, in deren N\u00e4he sich der Scone Palast befindet. Die fr\u00fchere Kr\u00f6nungsst\u00e4tte von Schottland, Scone Palast ist heute im Besitz des Grafen von Mansfield und bekannt f\u00fcr die besonderen Sammlungen von Elfenbein, Porzellan, Uhren und Gobelins. Auf der A93 geht die Fahrt weiter via <a href=\"https:\/\/www.urlaubcornwall.de\/ferienhaeuser-fewos\/sco\/zentralschottland\/blairgowrie.html\">Blairgowrie<\/a> und Schottlands h\u00f6chstem Pass, Glenshee, bis nach Braemar. Besichtigung der Kirche von Crathie. Wenn sich die Mitglieder der k\u00f6niglichen Familie in Balmoral Castle aufhalten, besuchen Sie in dieser Kirche den Gottesdienst. 2 \u00dcbernachtungen in der Royal Deeside Region.<\/p>\n<p><strong>Tag 3 : Royal Deeside<\/strong><\/p>\n<p>Sie haben heute die Gelegenheit zur Besichtigung einer oder mehrerer der Burgen in den \u201eGrampians\u201c, dem sogenannten Burgenland von Schottland. Oder aber Sie fahren durch die <a href=\"https:\/\/www.urlaubcornwall.de\/ferienhaeuser-fewos\/sco\/nordschottland\/cairngorms.html\">Cairngorms<\/a> nach <a href=\"https:\/\/www.urlaubcornwall.de\/ferienhaeuser-fewos\/sco\/nordschottland\/grantown-on-spey.html\">Speyside<\/a> und Dufftown, um dort eine der zahlreichen Whiskybrennereien zu besuchen (z.B. Cardhu, Glenlivet, Glenfiddich, Glenfarclas, um nur einige zu nennen). Unterkunft wie am Vortag<\/p>\n<p><strong>Tag 4 : Royal Deeside \u2013 Inverness<\/strong><\/p>\n<p>Das Ziel Ihrer heutigen Tagesetappe ist die Umgebung von Inverness. Auf dem Weg dorthin fahren Sie zum Glamis Castle, danach \u00fcber den Firth of Toray, \u00fcber <a href=\"https:\/\/www.urlaubcornwall.de\/ferienhaeuser-fewos\/sco\/zentralschottland\/pitlochry.html\">Pitlochry<\/a> &#8211; wo Sie das Blair Atholl Castle besichtigen k\u00f6nnen \u2013 und durch die Grampians Mountains bis Inverness. 3 \u00dcbernachtungen im Tulloch Castle oder Vergleichbares im Raum Inverness.<\/p>\n<p><strong>Tag 5 : Inverness <\/strong><\/p>\n<p>Der heutige Tag steht Ihnen zur freien Verf\u00fcgung. Eine Fahrt durch die einsame <a href=\"https:\/\/www.urlaubcornwall.de\/ferienhaeuser-fewos\/sco\/nordschottland\/nordschottland.html\">Landschaft der Highlands<\/a>, vorbei an kleinen Ortschaften und Hochmooren ist empfehlenswert. Fahren Sie in Richtung <a href=\"https:\/\/www.urlaubcornwall.de\/ferienhaeuser-fewos\/sco\/nordschottland\/ullapool.html\">Ullapool<\/a> und weiter nach Poolewe und <a href=\"https:\/\/www.urlaubcornwall.de\/ferienhaeuser-fewos\/sco\/nordschottland\/gairloch.html\">Gairloch<\/a>. Ein lohnender Abstecher sind in jedem Fall die Wasserf\u00e4lle von Corrieshalloch. Alternativ k\u00f6nnten Sie auch die ber\u00fchmten und wundervollen G\u00e4rten von Inverewe am Loch Ewe besuchen. Anschlie\u00dfend entspannen Sie bei einem Strandspaziergang am Sandstrand von Gairloch. Vorbei an einem der romantischsten und sch\u00f6nsten Seen Schootlands, dem Loch Maree, geht es wieder zur\u00fcck zu Ihrer Unterkunft.<\/p>\n<p><a href=\"https:\/\/www.urlaubcornwall.de\/blog\/wp-content\/uploads\/2024\/03\/urquhart-castle-e1712656106770.jpg\"><img loading=\"lazy\" src=\"https:\/\/www.urlaubcornwall.de\/blog\/wp-content\/uploads\/2024\/03\/urquhart-castle-e1712656106770.jpg\" alt=\"urquhart castle\" width=\"750\" height=\"500\" class=\"alignnone size-full wp-image-47834\" \/><\/a><\/p>\n<p><strong>Tag 6: Inverness \u2013 Loch Fyne <\/strong><\/p>\n<p>Zun\u00e4chst Besuch der h\u00fcbschen Stadt Inverness. Anschlie\u00dfend fahren Sie dann auf der A82 entlang des <a href=\"https:\/\/www.urlaubcornwall.de\/ferienhaeuser-fewos\/sco\/nordschottland\/loch-ness.html\">Loch Ness<\/a>, dem ber\u00fchmtesten aller schottischen Seen mit der noch bekannteren Nessie. Durch dieses Tal wurde in den 1820er der kaledonische Kanal gebaut, welcher Fort William mit Inverness verbindet, und damit den Atlantik mit der Nordsee. Entlang dieses Kanals f\u00fchrt die Fahrt also nach <a href=\"https:\/\/www.urlaubcornwall.de\/ferienhaeuser-fewos\/sco\/nordschottland\/fort-william.html\">Fort William<\/a>, am Fu\u00dfe des Ben Nevis, dem mit 1344m h\u00f6chsten Berg von Gro\u00dfbritannien. Weiter geht die Fahrt in Richtung S\u00fcden nach Glencoe und von dort weiter zum Loch Fyne. \u00dcbernachtung in der Loch Fyne Region.<\/p>\n<p><strong>Tag 7: Loch Fyne \u2013 Edinburgh <\/strong><\/p>\n<p>Zun\u00e4chst geht es zur\u00fcck nach Tyndrum und zur A82, dann auf der A85 Richtung Lochearnhaed und <a href=\"https:\/\/www.urlaubcornwall.de\/ferienhaeuser-fewos\/sco\/zentralschottland\/callander.html\">Callander<\/a>. Sie sollten einen kleine Umweg nach Killin in Kauf nehmen. Wildrauschend flie\u00dft hier der Dochart durch den kleinen Ort. Die A821 f\u00fchrt durch eine der sch\u00f6nsten Regionen Schottlands: die Trossachs. Viele Seen und ausgedehnte W\u00e4lder mit Spazierwegen zeichnen diese Region aus. Von Aberfoyle ist es ein Katzensprung nach Stirling und weiter nach Edinburgh. \u00dcbernachtung im Raum Edinburgh.<\/p>\n<p><strong>Tag 8 : Edinburgh<\/strong><\/p>\n<p>Fahrt zur\u00fcck zum Flughafen und Abgabe des Mietwagens. Ende der Autoreise Schottland mit Schlosshotels.<\/p>\n<p><strong>Die Unterbringung w\u00e4hrend der Tour erfolgt in folgenden Unterkunftskategorien:<\/strong><\/p>\n<p>Gold Kategorie = 4* Hotels und Herrenh\u00e4user<\/p>\n<p>Gold Plus Kategorie = 4 N\u00e4chte in 4*Hotels und Herrenh\u00e4user + 3 N\u00e4chte in Schlosshotels<\/p>\n<p><strong>Eingeschlossene Leistungen<\/strong><\/p>\n<p>7 \u00dcbernachtungen in der gew\u00e4hlten Kategorie (Gold oder Gold Plus)<\/p>\n<p>t\u00e4gliches Fr\u00fchst\u00fcck<\/p>\n<p>1 Reisef\u00fchrer \u00fcber Schottland<\/p>\n<p><strong>Nicht eingeschlossene Leistungen:<\/strong><\/p>\n<p>Fl\u00fcge (bieten wir Ihnen gerne passend dazu an)<\/p>\n<p>Mietwagen (bieten wir Ihnen gerne passend an)<\/p>\n<p>Trinkgelder, Benzin, Eintritte<\/p>\n<p>Pers\u00f6nliche Ausgaben<\/p>\n<p>T\u00e4glich m\u00f6glich vom 01.04. bis 31.10.2026<br \/>\nWeitere Termine auf Anfrage.    <\/p>\n<p><strong>Preise 2026:<\/strong><\/p>\n<p>April &#038; Oktober: \u20ac 1.275,- pro Person im Doppelzimmer | \u20ac 2.245,- pro Person im Einzelzimmer<\/p>\n<p>Mai &#038; Juni: \u20ac 1.295,- pro Person im Doppelzimmer | \u20ac 2.265,- pro Person im Einzelzimmer<\/p>\n<p>Juli &#8211; September: \u20ac 1.345,- pro Person im Doppelzimmer | \u20ac 2.315,- pro Person im Einzelzimmer<\/p>\n<p>Preis Kind: bis 4-12 Jahre im Zustellbett 50% des Erwachsenpreises. Bis 4 Jahre kostenlos.<\/p>\n<p style=\"text-align: center;\"><a class=\"tidycta\" href=\"http:\/\/www.urlaubcornwall.de\/anfrage.php?tourcode=EEDHDSH\">Anfrage \/ Buchung<\/a><\/p>\n<p style=\"text-align: left;\">UrlaubCornwall haben Touren im Angebot f\u00fcr Individualreisende. Hier finden Sie unsere Auswahl an fantastischen&nbsp;<a href=\"https:\/\/www.urlaubcornwall.de\/blog\/rundreisen-schottland\/\"><span style=\"text-decoration: underline;\">Rundreisen und Touren in Schottland<\/span>. <\/a>Unsere Websitedetails zeigen lediglich eine kleine Auswahl dessen, was wir anbieten k\u00f6nnen. Wir stellen Ihnen gerne ein <a href=\"http:\/\/www.urlaubcornwall.de\/anfrage.php\"><span style=\"text-decoration: underline;\">unverbindliches Angebot<\/span><\/a> mit allen Fl\u00fcgen und Transfers f\u00fcr Ihre Grossbritannien Reise zusammen.<\/p>\n","protected":false},"excerpt":{"rendered":"<p>Highlights: Edinburgh, schottische Castles, Loch Ness, Highlands 8 Tage \/ 7 N\u00e4chte | ab\/bis Edinburgh Sie suchen eine ganz besondere Reise? Wie w\u00e4re es dann mit einer Selbstfahrertour, bei der Sie in gehobenen Unterk\u00fcnften, teilweise auch in einem Schlosshotel \u00fcbernachten? Neben tollen Unterk\u00fcnften bietet Schottland aber auch eine reizvolle Landschaft, wundersch\u00f6ne D\u00f6rfer, gro\u00dfartige Architektur und [&hellip;]<\/p>\n","protected":false},"author":1,"featured_media":0,"parent":0,"menu_order":0,"comment_status":"closed","ping_status":"closed","template":"single-four.php","meta":[],"acf":[],"yoast_head":"<!-- This site is optimized with the Yoast SEO plugin v19.4 - https:\/\/yoast.com\/wordpress\/plugins\/seo\/ -->\n<title>Schottland Reise in Schlosshotels: &quot;Schl\u00f6sser und romantische Herrenh\u00e4user&quot; - Urlaub &amp; Reisen<\/title>\n<meta name=\"robots\" content=\"index, follow, max-snippet:-1, max-image-preview:large, max-video-preview:-1\" \/>\n<link rel=\"canonical\" href=\"https:\/\/www.urlaubcornwall.de\/blog\/schottland-rundreise-in-schlosshotels-schloesser-gaerten-und-legenden\/\" \/>\n<meta property=\"og:locale\" content=\"en_US\" \/>\n<meta property=\"og:type\" content=\"article\" \/>\n<meta property=\"og:title\" content=\"Schottland Reise in Schlosshotels: &quot;Schl\u00f6sser und romantische Herrenh\u00e4user&quot; - Urlaub &amp; Reisen\" \/>\n<meta property=\"og:description\" content=\"Highlights: Edinburgh, schottische Castles, Loch Ness, Highlands 8 Tage \/ 7 N\u00e4chte | ab\/bis Edinburgh Sie suchen eine ganz besondere Reise? Wie w\u00e4re es dann mit einer Selbstfahrertour, bei der Sie in gehobenen Unterk\u00fcnften, teilweise auch in einem Schlosshotel \u00fcbernachten? Neben tollen Unterk\u00fcnften bietet Schottland aber auch eine reizvolle Landschaft, wundersch\u00f6ne D\u00f6rfer, gro\u00dfartige Architektur und [&hellip;]\" \/>\n<meta property=\"og:url\" content=\"https:\/\/www.urlaubcornwall.de\/blog\/schottland-rundreise-in-schlosshotels-schloesser-gaerten-und-legenden\/\" \/>\n<meta property=\"og:site_name\" content=\"Urlaub &amp; Reisen\" \/>\n<meta property=\"article:modified_time\" content=\"2026-01-04T11:37:01+00:00\" \/>\n<meta property=\"og:image\" content=\"https:\/\/www.urlaubcornwall.de\/blog\/wp-content\/uploads\/2024\/03\/Eilean-Donan-schloss-Schottland.jpg\" \/>\n<meta name=\"twitter:card\" content=\"summary\" \/>\n<meta name=\"twitter:label1\" content=\"Est. reading time\" \/>\n\t<meta name=\"twitter:data1\" content=\"5 minutes\" \/>\n<script type=\"application\/ld+json\" class=\"yoast-schema-graph\">{\"@context\":\"https:\/\/schema.org\",\"@graph\":[{\"@type\":\"WebSite\",\"@id\":\"https:\/\/www.urlaubcornwall.de\/blog\/#website\",\"url\":\"https:\/\/www.urlaubcornwall.de\/blog\/\",\"name\":\"Urlaub &amp; Reisen\",\"description\":\"Urlaub, Reisen, Cornwall und S\u00fcdengland: eine perfekte Kombination\",\"potentialAction\":[{\"@type\":\"SearchAction\",\"target\":{\"@type\":\"EntryPoint\",\"urlTemplate\":\"https:\/\/www.urlaubcornwall.de\/blog\/?s={search_term_string}\"},\"query-input\":\"required name=search_term_string\"}],\"inLanguage\":\"en-US\"},{\"@type\":\"WebPage\",\"@id\":\"https:\/\/www.urlaubcornwall.de\/blog\/schottland-rundreise-in-schlosshotels-schloesser-gaerten-und-legenden\/\",\"url\":\"https:\/\/www.urlaubcornwall.de\/blog\/schottland-rundreise-in-schlosshotels-schloesser-gaerten-und-legenden\/\",\"name\":\"Schottland Reise in Schlosshotels: \\\"Schl\u00f6sser und romantische Herrenh\u00e4user\\\" - Urlaub &amp; Reisen\",\"isPartOf\":{\"@id\":\"https:\/\/www.urlaubcornwall.de\/blog\/#website\"},\"datePublished\":\"2015-10-24T13:44:38+00:00\",\"dateModified\":\"2026-01-04T11:37:01+00:00\",\"breadcrumb\":{\"@id\":\"https:\/\/www.urlaubcornwall.de\/blog\/schottland-rundreise-in-schlosshotels-schloesser-gaerten-und-legenden\/#breadcrumb\"},\"inLanguage\":\"en-US\",\"potentialAction\":[{\"@type\":\"ReadAction\",\"target\":[\"https:\/\/www.urlaubcornwall.de\/blog\/schottland-rundreise-in-schlosshotels-schloesser-gaerten-und-legenden\/\"]}]},{\"@type\":\"BreadcrumbList\",\"@id\":\"https:\/\/www.urlaubcornwall.de\/blog\/schottland-rundreise-in-schlosshotels-schloesser-gaerten-und-legenden\/#breadcrumb\",\"itemListElement\":[{\"@type\":\"ListItem\",\"position\":1,\"name\":\"Home\",\"item\":\"https:\/\/www.urlaubcornwall.de\/blog\/\"},{\"@type\":\"ListItem\",\"position\":2,\"name\":\"Schottland Reise in Schlosshotels: &#8220;Schl\u00f6sser und romantische Herrenh\u00e4user&#8221;\"}]}]}<\/script>\n<!-- \/ Yoast SEO plugin. -->","yoast_head_json":{"title":"Schottland Reise in Schlosshotels: \"Schl\u00f6sser und romantische Herrenh\u00e4user\" - Urlaub &amp; Reisen","robots":{"index":"index","follow":"follow","max-snippet":"max-snippet:-1","max-image-preview":"max-image-preview:large","max-video-preview":"max-video-preview:-1"},"canonical":"https:\/\/www.urlaubcornwall.de\/blog\/schottland-rundreise-in-schlosshotels-schloesser-gaerten-und-legenden\/","og_locale":"en_US","og_type":"article","og_title":"Schottland Reise in Schlosshotels: \"Schl\u00f6sser und romantische Herrenh\u00e4user\" - Urlaub &amp; Reisen","og_description":"Highlights: Edinburgh, schottische Castles, Loch Ness, Highlands 8 Tage \/ 7 N\u00e4chte | ab\/bis Edinburgh Sie suchen eine ganz besondere Reise? Wie w\u00e4re es dann mit einer Selbstfahrertour, bei der Sie in gehobenen Unterk\u00fcnften, teilweise auch in einem Schlosshotel \u00fcbernachten? Neben tollen Unterk\u00fcnften bietet Schottland aber auch eine reizvolle Landschaft, wundersch\u00f6ne D\u00f6rfer, gro\u00dfartige Architektur und [&hellip;]","og_url":"https:\/\/www.urlaubcornwall.de\/blog\/schottland-rundreise-in-schlosshotels-schloesser-gaerten-und-legenden\/","og_site_name":"Urlaub &amp; Reisen","article_modified_time":"2026-01-04T11:37:01+00:00","og_image":[{"url":"https:\/\/www.urlaubcornwall.de\/blog\/wp-content\/uploads\/2024\/03\/Eilean-Donan-schloss-Schottland.jpg"}],"twitter_card":"summary","twitter_misc":{"Est. reading time":"5 minutes"},"schema":{"@context":"https:\/\/schema.org","@graph":[{"@type":"WebSite","@id":"https:\/\/www.urlaubcornwall.de\/blog\/#website","url":"https:\/\/www.urlaubcornwall.de\/blog\/","name":"Urlaub &amp; Reisen","description":"Urlaub, Reisen, Cornwall und S\u00fcdengland: eine perfekte Kombination","potentialAction":[{"@type":"SearchAction","target":{"@type":"EntryPoint","urlTemplate":"https:\/\/www.urlaubcornwall.de\/blog\/?s={search_term_string}"},"query-input":"required name=search_term_string"}],"inLanguage":"en-US"},{"@type":"WebPage","@id":"https:\/\/www.urlaubcornwall.de\/blog\/schottland-rundreise-in-schlosshotels-schloesser-gaerten-und-legenden\/","url":"https:\/\/www.urlaubcornwall.de\/blog\/schottland-rundreise-in-schlosshotels-schloesser-gaerten-und-legenden\/","name":"Schottland Reise in Schlosshotels: \"Schl\u00f6sser und romantische Herrenh\u00e4user\" - Urlaub &amp; Reisen","isPartOf":{"@id":"https:\/\/www.urlaubcornwall.de\/blog\/#website"},"datePublished":"2015-10-24T13:44:38+00:00","dateModified":"2026-01-04T11:37:01+00:00","breadcrumb":{"@id":"https:\/\/www.urlaubcornwall.de\/blog\/schottland-rundreise-in-schlosshotels-schloesser-gaerten-und-legenden\/#breadcrumb"},"inLanguage":"en-US","potentialAction":[{"@type":"ReadAction","target":["https:\/\/www.urlaubcornwall.de\/blog\/schottland-rundreise-in-schlosshotels-schloesser-gaerten-und-legenden\/"]}]},{"@type":"BreadcrumbList","@id":"https:\/\/www.urlaubcornwall.de\/blog\/schottland-rundreise-in-schlosshotels-schloesser-gaerten-und-legenden\/#breadcrumb","itemListElement":[{"@type":"ListItem","position":1,"name":"Home","item":"https:\/\/www.urlaubcornwall.de\/blog\/"},{"@type":"ListItem","position":2,"name":"Schottland Reise in Schlosshotels: &#8220;Schl\u00f6sser und romantische Herrenh\u00e4user&#8221;"}]}]}},"_links":{"self":[{"href":"https:\/\/www.urlaubcornwall.de\/blog\/wp-json\/wp\/v2\/pages\/21217"}],"collection":[{"href":"https:\/\/www.urlaubcornwall.de\/blog\/wp-json\/wp\/v2\/pages"}],"about":[{"href":"https:\/\/www.urlaubcornwall.de\/blog\/wp-json\/wp\/v2\/types\/page"}],"author":[{"embeddable":true,"href":"https:\/\/www.urlaubcornwall.de\/blog\/wp-json\/wp\/v2\/users\/1"}],"replies":[{"embeddable":true,"href":"https:\/\/www.urlaubcornwall.de\/blog\/wp-json\/wp\/v2\/comments?post=21217"}],"version-history":[{"count":35,"href":"https:\/\/www.urlaubcornwall.de\/blog\/wp-json\/wp\/v2\/pages\/21217\/revisions"}],"predecessor-version":[{"id":51916,"href":"https:\/\/www.urlaubcornwall.de\/blog\/wp-json\/wp\/v2\/pages\/21217\/revisions\/51916"}],"wp:attachment":[{"href":"https:\/\/www.urlaubcornwall.de\/blog\/wp-json\/wp\/v2\/media?parent=21217"}],"curies":[{"name":"wp","href":"https:\/\/api.w.org\/{rel}","templated":true}]}}