{"id":20922,"date":"2015-10-19T15:49:53","date_gmt":"2015-10-19T15:49:53","guid":{"rendered":"https:\/\/www.urlaubcornwall.de\/blog\/?page_id=20922"},"modified":"2026-01-05T11:36:21","modified_gmt":"2026-01-05T11:36:21","slug":"rundreise-england-und-wales-explorer-6-tage","status":"publish","type":"page","link":"https:\/\/www.urlaubcornwall.de\/blog\/rundreise-england-und-wales-explorer-6-tage\/","title":{"rendered":"Rundreise Wales &#8211; Schl\u00f6sser und Herrenh\u00e4user  7 Tage"},"content":{"rendered":"<p><img loading=\"lazy\" class=\"aligncenter size-full wp-image-47830\" src=\"https:\/\/www.urlaubcornwall.de\/blog\/wp-content\/uploads\/2024\/03\/stratford-upon-avon-anne-hathaway-cottage.jpg\" alt=\"stratford upon avon anne hathaway cottage\" width=\"750\" height=\"500\" srcset=\"https:\/\/www.urlaubcornwall.de\/blog\/wp-content\/uploads\/2024\/03\/stratford-upon-avon-anne-hathaway-cottage.jpg 750w, https:\/\/www.urlaubcornwall.de\/blog\/wp-content\/uploads\/2024\/03\/stratford-upon-avon-anne-hathaway-cottage-300x200.jpg 300w\" sizes=\"(max-width: 750px) 100vw, 750px\" \/><\/p>\n<h2 style=\"text-align: left;\"><strong>Highlights: \u00dcbernachtung in Schlosshotels und Herrenh\u00e4user<\/strong><\/h2>\n<p>Wales ist ein Land voller beeindruckender Burgen, <a href=\"https:\/\/www.urlaubcornwall.de\/blog\/die-herrenhaeuser-shloesser-wales-entdecken-sie-die-mythen-und-legenden\/\">m\u00e4rchenhafter Schl\u00f6sser und romantischer Herrenh\u00e4user<\/a>, die Sie auf dieser Reise entdecken k\u00f6nnen. Doch Sie werden diese nicht nur von au\u00dfen bestaunen, sondern haben auch die M\u00f6glichkeit, in einzigartigen Herrenh\u00e4usern und Schlosshotels zu \u00fcbernachten. Unsere <a href=\"https:\/\/www.urlaubcornwall.de\/reiseziel\/wales.php\">Wales-Reise<\/a> \u201eSchl\u00f6sser und Herrenh\u00e4user\u201c eignet sich perfekt f\u00fcr Diejenigen, die etwas Besonderes erleben m\u00f6chten. Freuen Sie sich auf das historische Wales mit seiner atemberaubenden Landschaft!<\/p>\n<p>7 Tage \/ 6 N\u00e4chte | t\u00e4glich m\u00f6glich | ab Cardiff\/Bristol bis Manchester<\/p>\n<p style=\"text-align: center;\"><a class=\"tidycta\" href=\"http:\/\/www.urlaubcornwall.de\/anfrage.php?tourcode=WAL-DSH\">Anfrage \/ Buchung<\/a><\/p>\n<p><strong>Tourbeschreibung<\/strong><\/p>\n<p><strong>1. Tag: Cardiff \u2013 Brecon Beacons (ca. 80km)<\/strong><\/p>\n<p>Anreise in Eigenregie (z.B. Fl\u00fcge nach <a href=\"https:\/\/www.urlaubcornwall.de\/ferienhaeuser-fewos\/wal\/suedwales\/cardiff.html\">Cardiff<\/a> oder nach <a href=\"https:\/\/www.urlaubcornwall.de\/ferienhaeuser-fewos\/eng\/somerset\/bristol.html\">Bristol<\/a>) und Annahme eines Mietwagens. Starten Sie die Selbstfahrertour \u201eSchl\u00f6sser und Herrenh\u00e4user\u201c mit der Besichtigung von Caerphilly Castle, die gr\u00f6\u00dfte Burg in Wales mit eindrucksvollen T\u00fcrmen. In Richtung Norden erreichen Sie den Brecon Beacons Nationalpark, einer von drei Nationalparks in Wales. Besonders abwechslungsreich ist die Landschaft im Fforest Fawr Geopark, in dem sich auch das H\u00f6hlensystem \u201eNational Showcaves for Wales\u201c befindet. Die privat gef\u00fchrte Penderyn Whisky Destillerie bietet tolle F\u00fchrungen inklusive Kostprobe an. \u00dcbernachtung im Llangoed Hall Hotel<\/p>\n<p><strong>2. Tag: Brecon Beacons \u2013 Pembrokeshire (ca. 170km)<\/strong><\/p>\n<p><a href=\"https:\/\/www.urlaubcornwall.de\/blog\/wp-content\/uploads\/2024\/03\/wales-kueste.jpg\"><img loading=\"lazy\" src=\"https:\/\/www.urlaubcornwall.de\/blog\/wp-content\/uploads\/2024\/03\/wales-kueste.jpg\" alt=\"wales kueste\" width=\"750\" height=\"516\" class=\"alignnone size-full wp-image-47807\" srcset=\"https:\/\/www.urlaubcornwall.de\/blog\/wp-content\/uploads\/2024\/03\/wales-kueste.jpg 750w, https:\/\/www.urlaubcornwall.de\/blog\/wp-content\/uploads\/2024\/03\/wales-kueste-300x206.jpg 300w\" sizes=\"(max-width: 750px) 100vw, 750px\" \/><\/a><\/p>\n<p>Die Reise f\u00fchrt Sie heute ganz in den Westen von Wales. Ihren ersten Halt sollten Sie am Craig y Nos Castle einlegen. Zahlreiche Spukgeschichten werden hier berichtet, die die Besucher des Schlosses in ihren Bann ziehen. Weiter geht es in den historischen Ort Llandeilo am Rande der Black Mountain, in dessen Umgebung sich das Dinefwr Castle befindet. Gartenliebhaber sollte auf dem Weg in Richtung Carmarthen die National Botanic Gardens of Wales besuchen. Schlie\u00dflich erreichen Sie Pembrokeshire, eine der sch\u00f6nsten Regionen des Landes. Ihr Tagesziel ist das St\u00e4dtchen St Davids, wo man die Kathedrale mit pr\u00e4chtig verzierter Eichendecke nicht verpassen sollte. \u00dcbernachtung im Roch Castle<\/p>\n<p><strong>3. Tag: Pembrokeshire \u2013 Aberystwyth (ca. 145km)<\/strong><\/p>\n<p>Nach dem Fr\u00fchst\u00fcck geht es entlang der K\u00fcste und durch den <a href=\"https:\/\/www.urlaubcornwall.de\/ferienhaeuser-fewos\/wal\/westwales\/pembroke.html\">Pembrokeshire Coast Nationalpark<\/a>. Die Cardigan Bay, die sich von hier bis zur Lleyn Halbinsel zieht, ist besonders bekannt f\u00fcr die gr\u00f6\u00dfte britische Delfin-population. Vor den Toren der <a href=\"https:\/\/www.urlaubcornwall.de\/ferienhaeuser-fewos\/wal\/westwales\/cardigan.html\">Stadt Cardigan<\/a> haben Sie die Gelegenheit, die Ruinen des Cilgerran Castles aus dem 12. Jahrhundert zu besuchen, welche einen Ausblick auf den Fluss Teifi bieten. Anschlie\u00dfend empfehlen wir einen Halt in Aberaeron, ein wundersch\u00f6nes Hafenst\u00e4dtchen mit bunten H\u00e4userzeilen. \u00dcbernachtung im Nanteos Mansion<\/p>\n<p><strong>4. Tag: Aberystwyth \u2013 Anglesey (ca. 130km)<\/strong><br \/>\n<img loading=\"lazy\" class=\"aligncenter size-full wp-image-47842\" src=\"https:\/\/www.urlaubcornwall.de\/blog\/wp-content\/uploads\/2024\/03\/Aberystwyth_Urlaub.jpg\" alt=\"Aberystwyth_Urlaub\" width=\"750\" height=\"480\" srcset=\"https:\/\/www.urlaubcornwall.de\/blog\/wp-content\/uploads\/2024\/03\/Aberystwyth_Urlaub.jpg 750w, https:\/\/www.urlaubcornwall.de\/blog\/wp-content\/uploads\/2024\/03\/Aberystwyth_Urlaub-300x192.jpg 300w\" sizes=\"(max-width: 750px) 100vw, 750px\" \/><br \/>\nAuf dem heutigen Programm steht die Fahrt durch den <a href=\"https:\/\/www.urlaubcornwall.de\/ferienhaeuser-fewos\/wal\/nordwales\/snowdonia-national-park.html\">Snowdonia Nationalpark<\/a> bis nach <a href=\"https:\/\/www.urlaubcornwall.de\/ferienhaeuser-fewos\/wal\/nordwales\/anglesey.html\">Anglesey<\/a>. Sie erreichen zun\u00e4chst den Schieferminenort Corris, mit einigen ehemaligen Minen und einer Schmalspurbahn, die schon 1859 erbaut wurde. Weiter folgen Sie der A487 nach Dolgellau, von wo aus sich die Fahrt in \u00f6stlicher Richtung entlang der K\u00fcste empfiehlt. Auf dieser Strecke sollten Sie auf jeden Fall das imposante Harlech Castle besichtigen, das zum UNESCO-Weltkulturerbe geh\u00f6rt. Alternativ k\u00f6nnen Sie sich auch mit der Snowdon Mountain Railway auf den Weg hinauf zum h\u00f6chsten walisischen Berg machen. Bevor es auf die Insel Anglesey geht, sollten Sie unbedingt das Caernarfon Castle besuchen, eine imposante Milit\u00e4rfestung mit hohen T\u00fcrmen. \u00dcbernachtung im Chateau Rhianfa<\/p>\n<p><strong>5. Tag: Anglesey \u2013 Llandudno (ca. 60km)<\/strong><\/p>\n<p>Den Vormittag verbringen Sie auf der Insel, ein Highlight jeder Wales-Reise. Starten Sie die Inselrundfahrt in Beaumaris, wo eine nahezu perfekte Burg mit ihrer Symmetrie fasziniert. Das Weltkulturerbe wurde von Edward als letzte gro\u00dfe Festung Ende des 13. Jahrhunderts erbaut. Wie w\u00e4re es mit einem Picknick an einem der zahlreichen St\u00e4nde? Bevor Sie zur\u00fcck auf das Festland fahren sollten Sie auch das elegante Herrenhaus Plas Newydd mit seinen G\u00e4rten besuchen und am Bahnhof von Llanfairpwllgwyngyllgogerychwyrndrobwllllantysiliogogogoch einlegen, denn Fotos mit dem Bahnhofsschild des l\u00e4ngsten Ortsnamens von Gro\u00dfbritannien sind nicht nur bei Touristen beliebt. Den Nachmittag k\u00f6nnen Sie in der Universit\u00e4tsstadt Bangor verbringen oder ein weiteres Castle erkunden. Ihr Tagesziel ist Llandudno, wo sich Ihre heutige Unterkunft befindet. 2 \u00dcbernachtungen im Bodysgallen Hall<\/p>\n<p><strong>6. Tag: Llandudno und Umgebung<\/strong><\/p>\n<p>Im Seebad Llandudno k\u00f6nnen Sie sich am maritimen Flair und den zahlreichen Unterhaltungsm\u00f6glichkeiten erfreuen. Auf jeden Fall sollten Sie entlang des beeindruckenden Piers und der Uferpromenade bummeln. Aber auch die Umgebung hat vieles zu bieten, sodass Sie verschiedene Erkundungstouren unternehmen k\u00f6nnen. Empfehlenswert ist die Stadt Conwy und der Snowdonia Nationalpark. Adrenalinjunkies sind in der ZipWorld gut aufgehoben. Hier k\u00f6nnen Sie die l\u00e4ngste und schnellste Zipline Europas testen sowie in einer stillgelegten Schiefermine auf Riesentrampolinen springen. \u00dcbernachtung wie am Vortag.<\/p>\n<p><strong>7. Tag: Llandudno \u2013 Manchester (ca. 130km)<\/strong><\/p>\n<p>Nach dem Fr\u00fchst\u00fcck fahren Sie in Richtung Flughafen. Wenn Ihnen noch Zeit bleibt, sollten Sie unbedingt die Stadt Chester besuchen, wo man mittelalterliche Fachwerkh\u00e4user, 2.000 Jahre alte, r\u00f6mische Ruinen und jede Menge Geistergeschichten vorfindet. Am Flughafen Manchester geben Sie den Mietwagen ab und fliegen in Eigenregie zur\u00fcck nach Hause. Ende der Selbstfahrertour \u201eSchl\u00f6sser und Herrenh\u00e4user\u201c.<\/p>\n<p><strong>Eingeschlossene Leistungen:<\/strong><\/p>\n<p>6 \u00dcbernachtungen in den genannten oder \u00e4hnlichen Hotels (Herrenh\u00e4user &amp; Schlosshotels)<\/p>\n<p>T\u00e4gliches Fr\u00fchst\u00fcck<\/p>\n<p>1 Reisef\u00fchrer \u00fcber Wales<\/p>\n<p><strong>Nicht eingeschlossene Leistungen:<\/strong><\/p>\n<p>Fl\u00fcge (bieten wir Ihnen gerne passend dazu an)<\/p>\n<p>Mietwagen (bieten wir Ihnen gerne passend an)<\/p>\n<p>Trinkgelder, Benzin, Eintritte<\/p>\n<p>Pers\u00f6nliche Ausgaben aller Art<\/p>\n<p>t\u00e4glich m\u00f6glich!<\/p>\n<p style=\"text-align: left;\"><a class=\"tidycta\" href=\"http:\/\/www.urlaubcornwall.de\/anfrage.php?tourcode=WAL-DSH\">Anfrage \/ Buchung<\/a><\/p>\n<p><a href=\"https:\/\/www.urlaubcornwall.de\/blog\/rundreisen-england-wales\/\">Rundreisen durch Wales<\/a> \u2013 Erkunden Sie dieses wundersch\u00f6ne Land von Norden nach S\u00fcden. <\/p>\n<p>UrlaubCornwall haben Touren im Angebot f\u00fcr Individualreisende. Hier finden Sie unsere Auswahl an fantastischen <a href=\"https:\/\/www.urlaubcornwall.de\/rundreisen\/grossbritannien.php\">Rundreisen und Touren in Gro\u00dfbritannien<\/a><strong>.<\/strong><\/p>\n","protected":false},"excerpt":{"rendered":"<p>Highlights: \u00dcbernachtung in Schlosshotels und Herrenh\u00e4user Wales ist ein Land voller beeindruckender Burgen, m\u00e4rchenhafter Schl\u00f6sser und romantischer Herrenh\u00e4user, die Sie auf dieser Reise entdecken k\u00f6nnen. Doch Sie werden diese nicht nur von au\u00dfen bestaunen, sondern haben auch die M\u00f6glichkeit, in einzigartigen Herrenh\u00e4usern und Schlosshotels zu \u00fcbernachten. Unsere Wales-Reise \u201eSchl\u00f6sser und Herrenh\u00e4user\u201c eignet sich perfekt f\u00fcr [&hellip;]<\/p>\n","protected":false},"author":1,"featured_media":0,"parent":0,"menu_order":0,"comment_status":"closed","ping_status":"closed","template":"single-four.php","meta":[],"acf":[],"yoast_head":"<!-- This site is optimized with the Yoast SEO plugin v19.4 - https:\/\/yoast.com\/wordpress\/plugins\/seo\/ -->\n<title>Rundreise Wales - Schl\u00f6sser und Herrenh\u00e4user 7 Tage - Urlaub &amp; Reisen<\/title>\n<meta name=\"robots\" content=\"index, follow, max-snippet:-1, max-image-preview:large, max-video-preview:-1\" \/>\n<link rel=\"canonical\" href=\"https:\/\/www.urlaubcornwall.de\/blog\/rundreise-england-und-wales-explorer-6-tage\/\" \/>\n<meta property=\"og:locale\" content=\"en_US\" \/>\n<meta property=\"og:type\" content=\"article\" \/>\n<meta property=\"og:title\" content=\"Rundreise Wales - Schl\u00f6sser und Herrenh\u00e4user 7 Tage - Urlaub &amp; Reisen\" \/>\n<meta property=\"og:description\" content=\"Highlights: \u00dcbernachtung in Schlosshotels und Herrenh\u00e4user Wales ist ein Land voller beeindruckender Burgen, m\u00e4rchenhafter Schl\u00f6sser und romantischer Herrenh\u00e4user, die Sie auf dieser Reise entdecken k\u00f6nnen. Doch Sie werden diese nicht nur von au\u00dfen bestaunen, sondern haben auch die M\u00f6glichkeit, in einzigartigen Herrenh\u00e4usern und Schlosshotels zu \u00fcbernachten. Unsere Wales-Reise \u201eSchl\u00f6sser und Herrenh\u00e4user\u201c eignet sich perfekt f\u00fcr [&hellip;]\" \/>\n<meta property=\"og:url\" content=\"https:\/\/www.urlaubcornwall.de\/blog\/rundreise-england-und-wales-explorer-6-tage\/\" \/>\n<meta property=\"og:site_name\" content=\"Urlaub &amp; Reisen\" \/>\n<meta property=\"article:modified_time\" content=\"2026-01-05T11:36:21+00:00\" \/>\n<meta property=\"og:image\" content=\"https:\/\/www.urlaubcornwall.de\/blog\/wp-content\/uploads\/2024\/03\/stratford-upon-avon-anne-hathaway-cottage.jpg\" \/>\n<meta name=\"twitter:card\" content=\"summary\" \/>\n<meta name=\"twitter:label1\" content=\"Est. reading time\" \/>\n\t<meta name=\"twitter:data1\" content=\"5 minutes\" \/>\n<script type=\"application\/ld+json\" class=\"yoast-schema-graph\">{\"@context\":\"https:\/\/schema.org\",\"@graph\":[{\"@type\":\"WebSite\",\"@id\":\"https:\/\/www.urlaubcornwall.de\/blog\/#website\",\"url\":\"https:\/\/www.urlaubcornwall.de\/blog\/\",\"name\":\"Urlaub &amp; Reisen\",\"description\":\"Urlaub, Reisen, Cornwall und S\u00fcdengland: eine perfekte Kombination\",\"potentialAction\":[{\"@type\":\"SearchAction\",\"target\":{\"@type\":\"EntryPoint\",\"urlTemplate\":\"https:\/\/www.urlaubcornwall.de\/blog\/?s={search_term_string}\"},\"query-input\":\"required name=search_term_string\"}],\"inLanguage\":\"en-US\"},{\"@type\":\"WebPage\",\"@id\":\"https:\/\/www.urlaubcornwall.de\/blog\/rundreise-england-und-wales-explorer-6-tage\/\",\"url\":\"https:\/\/www.urlaubcornwall.de\/blog\/rundreise-england-und-wales-explorer-6-tage\/\",\"name\":\"Rundreise Wales - Schl\u00f6sser und Herrenh\u00e4user 7 Tage - Urlaub &amp; Reisen\",\"isPartOf\":{\"@id\":\"https:\/\/www.urlaubcornwall.de\/blog\/#website\"},\"datePublished\":\"2015-10-19T15:49:53+00:00\",\"dateModified\":\"2026-01-05T11:36:21+00:00\",\"breadcrumb\":{\"@id\":\"https:\/\/www.urlaubcornwall.de\/blog\/rundreise-england-und-wales-explorer-6-tage\/#breadcrumb\"},\"inLanguage\":\"en-US\",\"potentialAction\":[{\"@type\":\"ReadAction\",\"target\":[\"https:\/\/www.urlaubcornwall.de\/blog\/rundreise-england-und-wales-explorer-6-tage\/\"]}]},{\"@type\":\"BreadcrumbList\",\"@id\":\"https:\/\/www.urlaubcornwall.de\/blog\/rundreise-england-und-wales-explorer-6-tage\/#breadcrumb\",\"itemListElement\":[{\"@type\":\"ListItem\",\"position\":1,\"name\":\"Home\",\"item\":\"https:\/\/www.urlaubcornwall.de\/blog\/\"},{\"@type\":\"ListItem\",\"position\":2,\"name\":\"Rundreise Wales &#8211; Schl\u00f6sser und Herrenh\u00e4user 7 Tage\"}]}]}<\/script>\n<!-- \/ Yoast SEO plugin. -->","yoast_head_json":{"title":"Rundreise Wales - Schl\u00f6sser und Herrenh\u00e4user 7 Tage - Urlaub &amp; Reisen","robots":{"index":"index","follow":"follow","max-snippet":"max-snippet:-1","max-image-preview":"max-image-preview:large","max-video-preview":"max-video-preview:-1"},"canonical":"https:\/\/www.urlaubcornwall.de\/blog\/rundreise-england-und-wales-explorer-6-tage\/","og_locale":"en_US","og_type":"article","og_title":"Rundreise Wales - Schl\u00f6sser und Herrenh\u00e4user 7 Tage - Urlaub &amp; Reisen","og_description":"Highlights: \u00dcbernachtung in Schlosshotels und Herrenh\u00e4user Wales ist ein Land voller beeindruckender Burgen, m\u00e4rchenhafter Schl\u00f6sser und romantischer Herrenh\u00e4user, die Sie auf dieser Reise entdecken k\u00f6nnen. Doch Sie werden diese nicht nur von au\u00dfen bestaunen, sondern haben auch die M\u00f6glichkeit, in einzigartigen Herrenh\u00e4usern und Schlosshotels zu \u00fcbernachten. Unsere Wales-Reise \u201eSchl\u00f6sser und Herrenh\u00e4user\u201c eignet sich perfekt f\u00fcr [&hellip;]","og_url":"https:\/\/www.urlaubcornwall.de\/blog\/rundreise-england-und-wales-explorer-6-tage\/","og_site_name":"Urlaub &amp; Reisen","article_modified_time":"2026-01-05T11:36:21+00:00","og_image":[{"url":"https:\/\/www.urlaubcornwall.de\/blog\/wp-content\/uploads\/2024\/03\/stratford-upon-avon-anne-hathaway-cottage.jpg"}],"twitter_card":"summary","twitter_misc":{"Est. reading time":"5 minutes"},"schema":{"@context":"https:\/\/schema.org","@graph":[{"@type":"WebSite","@id":"https:\/\/www.urlaubcornwall.de\/blog\/#website","url":"https:\/\/www.urlaubcornwall.de\/blog\/","name":"Urlaub &amp; Reisen","description":"Urlaub, Reisen, Cornwall und S\u00fcdengland: eine perfekte Kombination","potentialAction":[{"@type":"SearchAction","target":{"@type":"EntryPoint","urlTemplate":"https:\/\/www.urlaubcornwall.de\/blog\/?s={search_term_string}"},"query-input":"required name=search_term_string"}],"inLanguage":"en-US"},{"@type":"WebPage","@id":"https:\/\/www.urlaubcornwall.de\/blog\/rundreise-england-und-wales-explorer-6-tage\/","url":"https:\/\/www.urlaubcornwall.de\/blog\/rundreise-england-und-wales-explorer-6-tage\/","name":"Rundreise Wales - Schl\u00f6sser und Herrenh\u00e4user 7 Tage - Urlaub &amp; Reisen","isPartOf":{"@id":"https:\/\/www.urlaubcornwall.de\/blog\/#website"},"datePublished":"2015-10-19T15:49:53+00:00","dateModified":"2026-01-05T11:36:21+00:00","breadcrumb":{"@id":"https:\/\/www.urlaubcornwall.de\/blog\/rundreise-england-und-wales-explorer-6-tage\/#breadcrumb"},"inLanguage":"en-US","potentialAction":[{"@type":"ReadAction","target":["https:\/\/www.urlaubcornwall.de\/blog\/rundreise-england-und-wales-explorer-6-tage\/"]}]},{"@type":"BreadcrumbList","@id":"https:\/\/www.urlaubcornwall.de\/blog\/rundreise-england-und-wales-explorer-6-tage\/#breadcrumb","itemListElement":[{"@type":"ListItem","position":1,"name":"Home","item":"https:\/\/www.urlaubcornwall.de\/blog\/"},{"@type":"ListItem","position":2,"name":"Rundreise Wales &#8211; Schl\u00f6sser und Herrenh\u00e4user 7 Tage"}]}]}},"_links":{"self":[{"href":"https:\/\/www.urlaubcornwall.de\/blog\/wp-json\/wp\/v2\/pages\/20922"}],"collection":[{"href":"https:\/\/www.urlaubcornwall.de\/blog\/wp-json\/wp\/v2\/pages"}],"about":[{"href":"https:\/\/www.urlaubcornwall.de\/blog\/wp-json\/wp\/v2\/types\/page"}],"author":[{"embeddable":true,"href":"https:\/\/www.urlaubcornwall.de\/blog\/wp-json\/wp\/v2\/users\/1"}],"replies":[{"embeddable":true,"href":"https:\/\/www.urlaubcornwall.de\/blog\/wp-json\/wp\/v2\/comments?post=20922"}],"version-history":[{"count":25,"href":"https:\/\/www.urlaubcornwall.de\/blog\/wp-json\/wp\/v2\/pages\/20922\/revisions"}],"predecessor-version":[{"id":51932,"href":"https:\/\/www.urlaubcornwall.de\/blog\/wp-json\/wp\/v2\/pages\/20922\/revisions\/51932"}],"wp:attachment":[{"href":"https:\/\/www.urlaubcornwall.de\/blog\/wp-json\/wp\/v2\/media?parent=20922"}],"curies":[{"name":"wp","href":"https:\/\/api.w.org\/{rel}","templated":true}]}}