{"id":20889,"date":"2015-10-19T14:55:27","date_gmt":"2015-10-19T14:55:27","guid":{"rendered":"https:\/\/www.urlaubcornwall.de\/blog\/?page_id=20889"},"modified":"2024-05-29T10:57:12","modified_gmt":"2024-05-29T10:57:12","slug":"rundreise-grossbritannien-das-beste-der-insel","status":"publish","type":"page","link":"https:\/\/www.urlaubcornwall.de\/blog\/rundreise-grossbritannien-das-beste-der-insel\/","title":{"rendered":"Rundreise Gro\u00dfbritannien \u2013 Das Beste der Insel"},"content":{"rendered":"<p><a href=\"https:\/\/www.urlaubcornwall.de\/blog\/wp-content\/uploads\/2015\/10\/edinburgh1.jpg\"><img loading=\"lazy\" class=\"aligncenter size-full wp-image-22293\" src=\"https:\/\/www.urlaubcornwall.de\/blog\/wp-content\/uploads\/2015\/10\/edinburgh1.jpg\" alt=\"urlaub edinburgh\" width=\"748\" height=\"351\"\/><\/a><\/p>\n<h2 style=\"text-align: left;\"><strong>Highlights: Cambridge &#8211; York &#8211; Edinburgh &#8211; Aviemore &#8211; Glasgow &#8211; Liverpool &#8211; Bath &#8211; Stonehenge &#8211; London<\/strong><\/h2>\n<p style=\"text-align: left;\">Auf dieser&nbsp;Mietwagenrundreise kombinieren Sie auf geschickte Weise England und Schottland. Landschaften, Schl\u00f6sser, Abtein, Stonehenge&nbsp;und nat\u00fcrlich die pulsierenden Gro\u00dfst\u00e4dte erleben Sie auf dieser Reise hautnah.<\/p>\n<p style=\"text-align: left;\"><strong>Tourbeschreibung:<\/strong> <strong>Best of Britain &#8211; Mietwagenrundreise England Schottland <\/strong>10&nbsp;Tage \/&nbsp;9 N\u00e4chte | t\u00e4glich m\u00f6glich | ab\/bis London<\/p>\n<p style=\"text-align: left;\"><strong>Folgende Unterkunftskategorien stehen zur Auswahl:<\/strong><\/p>\n<p style=\"text-align: left;\"><strong>Bronze =<\/strong> Bed &amp; Breakfast Unterk\u00fcnfte und Inns (mit eigenem Bad)<\/p>\n<p style=\"text-align: left;\"><strong>Silber =<\/strong> Mittelklassehotels<\/p>\n<p><strong>Tourbeschreibung<\/strong><\/p>\n<p><strong>1. Tag: London &#8211; Cambridge (ca. 100 km)<\/strong><\/p>\n<p>Ankunft in London und Annahme des Mietwagens. Anschlie\u00dfend kurze Fahrt nach Cambridge. Dort haben Sie den Rest des Tages Zeit zur Erkundung der charmanten Universit\u00e4tsstadt mit seinem alten Colleges, den mittelalterlichen Stra\u00dfen und der eindrucksvollen Architektur. \u00dcbernachtung im Raum Northampton\/Cambridge.<\/p>\n<p><a href=\"https:\/\/www.urlaubcornwall.de\/blog\/wp-content\/uploads\/2024\/03\/cambridge.jpg\"><img loading=\"lazy\" src=\"https:\/\/www.urlaubcornwall.de\/blog\/wp-content\/uploads\/2024\/03\/cambridge.jpg\" alt=\"cambridge\" width=\"750\" height=\"500\" class=\"alignnone size-full wp-image-47818\" srcset=\"https:\/\/www.urlaubcornwall.de\/blog\/wp-content\/uploads\/2024\/03\/cambridge.jpg 750w, https:\/\/www.urlaubcornwall.de\/blog\/wp-content\/uploads\/2024\/03\/cambridge-300x200.jpg 300w\" sizes=\"(max-width: 750px) 100vw, 750px\" \/><\/a><\/p>\n<p><strong>2. Tag: Cambridge &#8211; York (ca. 260 km)<\/strong><\/p>\n<p>Den Vormittag k\u00f6nnen Sie noch f\u00fcr Cambridge nutzen, bevor Sie auf Ihrer Mietwagenrundreise in den Norden Englands fahren. Auf Ihrem Weg empfehlen wir einen Stopp im Peak District, dessen nat\u00fcrliche Sch\u00f6nheit im Gegensatz zu den nahegelegenen Fabriken stehen. Besuchen Sie Chatsworth House &amp; Gardens. \u00dcbernachtung im Raum York\/Leeds.<\/p>\n<p><strong>3. Tag: York &#8211; Edinburgh (ca. 320 km)<\/strong><\/p>\n<p>Am Vormittag haben Sie Zeit, York zu erkunden. Diese Stadt hat soviel seiner mittelalterlichen Struktur erhalten, dass ein Spaziergang durch das Zentrum dem Besuch eines lebendigen Museums gleicht. Wenn Sie durch die Stadt laufen sehen Sie das bekannte York Minster, die gr\u00f6\u00dfte gothische Kirche n\u00f6rdlich der Alpen. Anschlie\u00dfend f\u00fchrt Sie Ihre Mietwagenrundreise durch Jedburgh und Melrose nach Edinburgh. Halten Sie an der malerischen Jedburgh Abbey und lernen Sie etwas \u00fcber das Leben der Augustiner M\u00f6nche, welche fr\u00fcher hier lebten und an der Melrose Abbey, eine der reichsten Abtein Schottlands. \u00dcbernachtung im Raum Edinburgh.<\/p>\n<p><strong>4. Tag: Edinburgh<\/strong><\/p>\n<p>Ganzer Vormittag zur Entdeckung der schottischen Hauptstadt, welche urspr\u00fcnglich aus zwei kleineren St\u00e4dten zusammengeschlossen wurde. Das Edinburgh Castle dominiert die Skyline der Stadt auf imposante Art und Weise. \u00dcbernachtung wie am Vortag.<\/p>\n<p><strong>5. Tag: Edinburgh &#8211; Aviemore (ca. 260 km)<\/strong><\/p>\n<p>Nach dem Fr\u00fchst\u00fcck ist es Zeit, Edinburgh zu verlassen. Sie \u00fcberqueren die Forth Road Bridge, welche einen exzellenten Blick \u00fcber die bekannte Forth Rail Bridge aus dem Jahr 1890 bietet. Die Reise f\u00fchrt Sie weiter n\u00f6rdlich durch das alte K\u00f6nigreich von Fife, wo Sie unbedingt in Dunkeld halten sollten um sich die wundersch\u00f6ne alte Kathedrale anzuschauen. Auf Ihrer Weiterfahrt merken Sie wie sich die Landschaft in den Highlands ver\u00e4ndert. Sie erreichen Aviemore im Cairngorns Nationalpark. \u00dcbernachtung im Raum Aviemore.<\/p>\n<p><img loading=\"lazy\" class=\"aligncenter size-full wp-image-47803\" src=\"https:\/\/www.urlaubcornwall.de\/blog\/wp-content\/uploads\/2024\/03\/schottland-seen.jpg\" alt=\"schottland loch\" width=\"750\" height=\"500\" srcset=\"https:\/\/www.urlaubcornwall.de\/blog\/wp-content\/uploads\/2024\/03\/schottland-seen.jpg 750w, https:\/\/www.urlaubcornwall.de\/blog\/wp-content\/uploads\/2024\/03\/schottland-seen-300x200.jpg 300w\" sizes=\"(max-width: 750px) 100vw, 750px\" \/><\/p>\n<p><strong>6. Tag: Aviemore &#8211; Glasgow (ca. 350 km)<\/strong><\/p>\n<p>Ihre heutige Fahrt von Aviemore nach Inverness und Loch Ness ist nicht sehr weit. Halten Sie Ausschau nach &#8220;Nessie&#8221; und besuchen Sie das Loch Ness Monster Exhibition in Drumnadrochit. Folgen Sie dann dem See in s\u00fcdlicher Richtung nach Fort William, welches im Schatten des Ben Nevis liegt, Gro\u00dfbritanniens h\u00f6chstem Berg. Von dort nehmen Sie den direkten Weg vorbei an Loch Lomond nach Glasgow. \u00dcbernachtung im Raum Glasgow.<\/p>\n<p><strong>7. Tag: Glasgow &#8211; Liverpool (ca. 350 km)<\/strong><\/p>\n<p>Sie verlassen heute Glasgow und fahren \u00fcber die nat\u00fcrliche Grenze nach England in den wundersch\u00f6nen Lake District. Der Lake Windermere ist der gr\u00f6\u00dfte See in England und inspirierte den Dichter William Wordsworth, der hier lebte. Das hier gelegene Sizergh Castle &amp; Gardens ist einen Besuch wert. Der Garten des Anwesens hat 2 Seen und einen traumhaften Steingarten. Weiterfahrt in den S\u00fcden. \u00dcbernachtung im Raum Liverpool\/Chester.<\/p>\n<p><strong>8. Tag: Liverpool &#8211; Bath (ca. 310 km)<\/strong><\/p>\n<p>Nach dem Fr\u00fchst\u00fcck fahren Sie weiter nach S\u00fcden \u00fcber Stratford-upon-Avon in Richtung London. Besuchen Sie die Geburtsst\u00e4tte William Shakespeares, welcher im 19. Jdh. im Stil der Tudor Familie rekonstruiert wurde. \u00dcbernachtung im Raum Bath\/Bristol.<\/p>\n<p><img loading=\"lazy\" class=\"aligncenter size-full wp-image-47820\" src=\"https:\/\/www.urlaubcornwall.de\/blog\/wp-content\/uploads\/2024\/03\/stonehenge.jpg\" alt=\"stonehenge\" width=\"750\" height=\"563\" srcset=\"https:\/\/www.urlaubcornwall.de\/blog\/wp-content\/uploads\/2024\/03\/stonehenge.jpg 750w, https:\/\/www.urlaubcornwall.de\/blog\/wp-content\/uploads\/2024\/03\/stonehenge-300x225.jpg 300w\" sizes=\"(max-width: 750px) 100vw, 750px\" \/><\/p>\n<p><strong>9. Tag: Bath<\/strong><\/p>\n<p>Nach dem Fr\u00fchst\u00fcck erkunden Sie Bath. Nachmittags haben Sie Zeit nach Stonehenge zu fahren um die sagen-umwobene Mystik selbst zu erleben. \u00dcbernachtung wie am Vortag.<\/p>\n<p><strong>10. Tag: Bath &#8211; London (ca. 190 km)<\/strong><\/p>\n<p>Nach dem Fr\u00fchst\u00fcck fahren Sie nach London, wo Sie den Mietwagen abgeben. R\u00fcckflug oder Verl\u00e4ngerung in Eigenregie (oder \u00fcber uns). Tipp: Die Fahrt von Bath nach London dauert ca. 2 Std. Ende der Mietwagenrundreise England Schottland.<\/p>\n<p>Auf Wunsch buchen wir Ihnen weitere \u00dcbernachtungen, Anschlussprogramme, Transfers oder passenden Fl\u00fcge nach London gerne dazu. Wir beraten Sie gerne!<\/p>\n<p><strong>Folgende Unterkunftskategorien stehen zur Auswahl:<\/strong><\/p>\n<p>Bronze = Bed &amp; Breakfast Unterk\u00fcnfte und Inns (mit eigenem Bad)<\/p>\n<p>Silber = Mittelklassehotels<\/p>\n<p><strong>Eingeschlossene Leistungen<\/strong><\/p>\n<p>9 \u00dcbernachtungen in der gew\u00fcnschten Kategorie (Bronze oder Silber)<\/p>\n<p>t\u00e4gliches Fr\u00fchst\u00fcck<\/p>\n<p>Reisef\u00fchrer England<\/p>\n<p><strong>Nicht eingeschlossene Leistungen:<\/strong><\/p>\n<p>Fl\u00fcge (bieten wir Ihnen gerne passend dazu an)<\/p>\n<p>Mietwagen (bieten wir Ihnen gerne passend an)<\/p>\n<p>Trinkgelder, Benzin, Eintritte<\/p>\n<p style=\"text-align: left;\"><strong>Termine\/Preise<\/strong>&#8221;<\/p>\n<p style=\"text-align: left;\"><strong>Folgende Unterkunftskategorien stehen zur Auswahl:<\/strong><\/p>\n<p style=\"text-align: left;\"><strong>Bronze =<\/strong> Bed &amp; Breakfast Unterk\u00fcnfte und Inns (mit eigenem Bad)<\/p>\n<p style=\"text-align: left;\"><strong>Silber =<\/strong> Mittelklassehotels<\/p>\n<p style=\"text-align: center;\"><a class=\"tidycta\" href=\"http:\/\/www.urlaubcornwall.de\/anfrage.php?tourcode=\">Anfrage \/ Buchung<\/a><\/p>\n<p style=\"text-align: center;\">UrlaubCornwall haben Touren im Angebot f\u00fcr Individualreisende. Hier finden Sie unsere Auswahl an fantastischen <a href=\"http:\/\/www.urlaubcornwall.de\/rundreisen\/grossbritannien.php\"><span style=\"text-decoration: underline;\">Rundreisen und Touren in Grossbritannien<\/span><\/a><strong>. <\/strong>Unsere Websitedetails zeigen lediglich eine kleine Auswahl dessen, was wir anbieten k\u00f6nnen. Wir stellen Ihnen gerne ein <a href=\"http:\/\/www.urlaubcornwall.de\/anfrage.php\"><span style=\"text-decoration: underline;\">unverbindliches Angebot<\/span><\/a> mit allen Fl\u00fcgen und Transfers f\u00fcr Ihre Grossbritannien Reise zusammen.<\/p>\n","protected":false},"excerpt":{"rendered":"<p>Highlights: Cambridge &#8211; York &#8211; Edinburgh &#8211; Aviemore &#8211; Glasgow &#8211; Liverpool &#8211; Bath &#8211; Stonehenge &#8211; London Auf dieser&nbsp;Mietwagenrundreise kombinieren Sie auf geschickte Weise England und Schottland. Landschaften, Schl\u00f6sser, Abtein, Stonehenge&nbsp;und nat\u00fcrlich die pulsierenden Gro\u00dfst\u00e4dte erleben Sie auf dieser Reise hautnah. Tourbeschreibung: Best of Britain &#8211; Mietwagenrundreise England Schottland 10&nbsp;Tage \/&nbsp;9 N\u00e4chte | t\u00e4glich [&hellip;]<\/p>\n","protected":false},"author":1,"featured_media":0,"parent":0,"menu_order":0,"comment_status":"closed","ping_status":"closed","template":"single-four.php","meta":[],"acf":[],"yoast_head":"<!-- This site is optimized with the Yoast SEO plugin v19.4 - https:\/\/yoast.com\/wordpress\/plugins\/seo\/ -->\n<title>Rundreise Gro\u00dfbritannien \u2013 Das Beste der Insel - Urlaub &amp; Reisen<\/title>\n<meta name=\"robots\" content=\"index, follow, max-snippet:-1, max-image-preview:large, max-video-preview:-1\" \/>\n<link rel=\"canonical\" href=\"https:\/\/www.urlaubcornwall.de\/blog\/rundreise-grossbritannien-das-beste-der-insel\/\" \/>\n<meta property=\"og:locale\" content=\"en_US\" \/>\n<meta property=\"og:type\" content=\"article\" \/>\n<meta property=\"og:title\" content=\"Rundreise Gro\u00dfbritannien \u2013 Das Beste der Insel - Urlaub &amp; Reisen\" \/>\n<meta property=\"og:description\" content=\"Highlights: Cambridge &#8211; York &#8211; Edinburgh &#8211; Aviemore &#8211; Glasgow &#8211; Liverpool &#8211; Bath &#8211; Stonehenge &#8211; London Auf dieser&nbsp;Mietwagenrundreise kombinieren Sie auf geschickte Weise England und Schottland. Landschaften, Schl\u00f6sser, Abtein, Stonehenge&nbsp;und nat\u00fcrlich die pulsierenden Gro\u00dfst\u00e4dte erleben Sie auf dieser Reise hautnah. Tourbeschreibung: Best of Britain &#8211; Mietwagenrundreise England Schottland 10&nbsp;Tage \/&nbsp;9 N\u00e4chte | t\u00e4glich [&hellip;]\" \/>\n<meta property=\"og:url\" content=\"https:\/\/www.urlaubcornwall.de\/blog\/rundreise-grossbritannien-das-beste-der-insel\/\" \/>\n<meta property=\"og:site_name\" content=\"Urlaub &amp; Reisen\" \/>\n<meta property=\"article:modified_time\" content=\"2024-05-29T10:57:12+00:00\" \/>\n<meta property=\"og:image\" content=\"https:\/\/www.urlaubcornwall.de\/blog\/wp-content\/uploads\/2015\/10\/edinburgh1.jpg\" \/>\n<meta name=\"twitter:card\" content=\"summary\" \/>\n<meta name=\"twitter:label1\" content=\"Est. reading time\" \/>\n\t<meta name=\"twitter:data1\" content=\"5 minutes\" \/>\n<script type=\"application\/ld+json\" class=\"yoast-schema-graph\">{\"@context\":\"https:\/\/schema.org\",\"@graph\":[{\"@type\":\"WebSite\",\"@id\":\"https:\/\/www.urlaubcornwall.de\/blog\/#website\",\"url\":\"https:\/\/www.urlaubcornwall.de\/blog\/\",\"name\":\"Urlaub &amp; Reisen\",\"description\":\"Urlaub, Reisen, Cornwall und S\u00fcdengland: eine perfekte Kombination\",\"potentialAction\":[{\"@type\":\"SearchAction\",\"target\":{\"@type\":\"EntryPoint\",\"urlTemplate\":\"https:\/\/www.urlaubcornwall.de\/blog\/?s={search_term_string}\"},\"query-input\":\"required name=search_term_string\"}],\"inLanguage\":\"en-US\"},{\"@type\":\"WebPage\",\"@id\":\"https:\/\/www.urlaubcornwall.de\/blog\/rundreise-grossbritannien-das-beste-der-insel\/\",\"url\":\"https:\/\/www.urlaubcornwall.de\/blog\/rundreise-grossbritannien-das-beste-der-insel\/\",\"name\":\"Rundreise Gro\u00dfbritannien \u2013 Das Beste der Insel - Urlaub &amp; Reisen\",\"isPartOf\":{\"@id\":\"https:\/\/www.urlaubcornwall.de\/blog\/#website\"},\"datePublished\":\"2015-10-19T14:55:27+00:00\",\"dateModified\":\"2024-05-29T10:57:12+00:00\",\"breadcrumb\":{\"@id\":\"https:\/\/www.urlaubcornwall.de\/blog\/rundreise-grossbritannien-das-beste-der-insel\/#breadcrumb\"},\"inLanguage\":\"en-US\",\"potentialAction\":[{\"@type\":\"ReadAction\",\"target\":[\"https:\/\/www.urlaubcornwall.de\/blog\/rundreise-grossbritannien-das-beste-der-insel\/\"]}]},{\"@type\":\"BreadcrumbList\",\"@id\":\"https:\/\/www.urlaubcornwall.de\/blog\/rundreise-grossbritannien-das-beste-der-insel\/#breadcrumb\",\"itemListElement\":[{\"@type\":\"ListItem\",\"position\":1,\"name\":\"Home\",\"item\":\"https:\/\/www.urlaubcornwall.de\/blog\/\"},{\"@type\":\"ListItem\",\"position\":2,\"name\":\"Rundreise Gro\u00dfbritannien \u2013 Das Beste der Insel\"}]}]}<\/script>\n<!-- \/ Yoast SEO plugin. -->","yoast_head_json":{"title":"Rundreise Gro\u00dfbritannien \u2013 Das Beste der Insel - Urlaub &amp; Reisen","robots":{"index":"index","follow":"follow","max-snippet":"max-snippet:-1","max-image-preview":"max-image-preview:large","max-video-preview":"max-video-preview:-1"},"canonical":"https:\/\/www.urlaubcornwall.de\/blog\/rundreise-grossbritannien-das-beste-der-insel\/","og_locale":"en_US","og_type":"article","og_title":"Rundreise Gro\u00dfbritannien \u2013 Das Beste der Insel - Urlaub &amp; Reisen","og_description":"Highlights: Cambridge &#8211; York &#8211; Edinburgh &#8211; Aviemore &#8211; Glasgow &#8211; Liverpool &#8211; Bath &#8211; Stonehenge &#8211; London Auf dieser&nbsp;Mietwagenrundreise kombinieren Sie auf geschickte Weise England und Schottland. Landschaften, Schl\u00f6sser, Abtein, Stonehenge&nbsp;und nat\u00fcrlich die pulsierenden Gro\u00dfst\u00e4dte erleben Sie auf dieser Reise hautnah. Tourbeschreibung: Best of Britain &#8211; Mietwagenrundreise England Schottland 10&nbsp;Tage \/&nbsp;9 N\u00e4chte | t\u00e4glich [&hellip;]","og_url":"https:\/\/www.urlaubcornwall.de\/blog\/rundreise-grossbritannien-das-beste-der-insel\/","og_site_name":"Urlaub &amp; Reisen","article_modified_time":"2024-05-29T10:57:12+00:00","og_image":[{"url":"https:\/\/www.urlaubcornwall.de\/blog\/wp-content\/uploads\/2015\/10\/edinburgh1.jpg"}],"twitter_card":"summary","twitter_misc":{"Est. reading time":"5 minutes"},"schema":{"@context":"https:\/\/schema.org","@graph":[{"@type":"WebSite","@id":"https:\/\/www.urlaubcornwall.de\/blog\/#website","url":"https:\/\/www.urlaubcornwall.de\/blog\/","name":"Urlaub &amp; Reisen","description":"Urlaub, Reisen, Cornwall und S\u00fcdengland: eine perfekte Kombination","potentialAction":[{"@type":"SearchAction","target":{"@type":"EntryPoint","urlTemplate":"https:\/\/www.urlaubcornwall.de\/blog\/?s={search_term_string}"},"query-input":"required name=search_term_string"}],"inLanguage":"en-US"},{"@type":"WebPage","@id":"https:\/\/www.urlaubcornwall.de\/blog\/rundreise-grossbritannien-das-beste-der-insel\/","url":"https:\/\/www.urlaubcornwall.de\/blog\/rundreise-grossbritannien-das-beste-der-insel\/","name":"Rundreise Gro\u00dfbritannien \u2013 Das Beste der Insel - Urlaub &amp; Reisen","isPartOf":{"@id":"https:\/\/www.urlaubcornwall.de\/blog\/#website"},"datePublished":"2015-10-19T14:55:27+00:00","dateModified":"2024-05-29T10:57:12+00:00","breadcrumb":{"@id":"https:\/\/www.urlaubcornwall.de\/blog\/rundreise-grossbritannien-das-beste-der-insel\/#breadcrumb"},"inLanguage":"en-US","potentialAction":[{"@type":"ReadAction","target":["https:\/\/www.urlaubcornwall.de\/blog\/rundreise-grossbritannien-das-beste-der-insel\/"]}]},{"@type":"BreadcrumbList","@id":"https:\/\/www.urlaubcornwall.de\/blog\/rundreise-grossbritannien-das-beste-der-insel\/#breadcrumb","itemListElement":[{"@type":"ListItem","position":1,"name":"Home","item":"https:\/\/www.urlaubcornwall.de\/blog\/"},{"@type":"ListItem","position":2,"name":"Rundreise Gro\u00dfbritannien \u2013 Das Beste der Insel"}]}]}},"_links":{"self":[{"href":"https:\/\/www.urlaubcornwall.de\/blog\/wp-json\/wp\/v2\/pages\/20889"}],"collection":[{"href":"https:\/\/www.urlaubcornwall.de\/blog\/wp-json\/wp\/v2\/pages"}],"about":[{"href":"https:\/\/www.urlaubcornwall.de\/blog\/wp-json\/wp\/v2\/types\/page"}],"author":[{"embeddable":true,"href":"https:\/\/www.urlaubcornwall.de\/blog\/wp-json\/wp\/v2\/users\/1"}],"replies":[{"embeddable":true,"href":"https:\/\/www.urlaubcornwall.de\/blog\/wp-json\/wp\/v2\/comments?post=20889"}],"version-history":[{"count":27,"href":"https:\/\/www.urlaubcornwall.de\/blog\/wp-json\/wp\/v2\/pages\/20889\/revisions"}],"predecessor-version":[{"id":50600,"href":"https:\/\/www.urlaubcornwall.de\/blog\/wp-json\/wp\/v2\/pages\/20889\/revisions\/50600"}],"wp:attachment":[{"href":"https:\/\/www.urlaubcornwall.de\/blog\/wp-json\/wp\/v2\/media?parent=20889"}],"curies":[{"name":"wp","href":"https:\/\/api.w.org\/{rel}","templated":true}]}}