{"id":20800,"date":"2015-10-17T09:05:02","date_gmt":"2015-10-17T09:05:02","guid":{"rendered":"https:\/\/www.urlaubcornwall.de\/blog\/?page_id=20800"},"modified":"2018-03-21T18:43:59","modified_gmt":"2018-03-21T18:43:59","slug":"tregarthens-hotel-3-sterne-scilly-islands","status":"publish","type":"page","link":"https:\/\/www.urlaubcornwall.de\/blog\/tregarthens-hotel-3-sterne-scilly-islands\/","title":{"rendered":"Tregarthens Hotel 3 Sterne am Meer- Scilly Islands"},"content":{"rendered":"<p><a href=\"https:\/\/www.urlaubcornwall.de\/blog\/wp-content\/uploads\/2015\/10\/tregarthens.jpg\"><img loading=\"lazy\" class=\"aligncenter size-full wp-image-20809\" src=\"https:\/\/www.urlaubcornwall.de\/blog\/wp-content\/uploads\/2015\/10\/tregarthens.jpg\" alt=\"tregarthens scilly inseln\" width=\"745\" height=\"343\" srcset=\"https:\/\/www.urlaubcornwall.de\/blog\/wp-content\/uploads\/2015\/10\/tregarthens.jpg 748w, https:\/\/www.urlaubcornwall.de\/blog\/wp-content\/uploads\/2015\/10\/tregarthens-300x138.jpg 300w\" sizes=\"(max-width: 745px) 100vw, 745px\" \/><\/a><\/p>\n<p><a href=\"https:\/\/www.booking.com\/hotel\/gb\/tregarthen-s.html?aid=1320750&amp;no_rooms=1&amp;group_adults=2&amp;room1=A%2CA\" rel=\"nofollow\"><strong>Das Tregarthens Hotel war das erste Hotel auf St. Mary<\/strong><\/a> und besticht mit seiner einzigartigen Lage, direkt an der K\u00fcste. Wenn Sie eine entspannte und komfortable Atmosph\u00e4re suchen, sind Sie hier genau richtig. Nur ein paar Minuten zu Fu\u00df erreichen Sie von hier aus den Hafen und damit die Boote, welche Sie auch zu den anderen Inseln bringen.<\/p>\n<p><strong>Ausstattung:<\/strong><br \/>\nDas Hotel selbst hat einen W\u00e4scheservice und kostenfreies WLAN in der Bar und Lounge Area. Wenn Sie einmal die Umgebung erkunden m\u00f6chten, k\u00f6nnen Sie sich vom Hotel ein Picknick zubereiten lassen. Das hauseigene Restaurant hat auch ein Kindermen\u00fc und es gibt auch die M\u00f6glichkeit mit Kindern schon ab 17:30 Uhr zu Abend zu essen. Die K\u00fcche legt Wert auf frische Zutaten und kreiert wunderbare Speisen.<br \/>\nWenn Sie sich etwas verw\u00f6hnen lassen m\u00f6chten, gibt es im Haus ein paar Spa-Anwendungen wie Massagen, Manik\u00fcre, Pedik\u00fcre und Waxing.<\/p>\n<p><a href=\"https:\/\/www.urlaubcornwall.de\/blog\/wp-content\/uploads\/2015\/10\/tregarthens-from-water_1.jpg\"><img loading=\"lazy\" class=\"aligncenter size-full wp-image-20811\" src=\"https:\/\/www.urlaubcornwall.de\/blog\/wp-content\/uploads\/2015\/10\/tregarthens-from-water_1.jpg\" alt=\"tregarthens-from-water_1\" width=\"745\" height=\"347\" srcset=\"https:\/\/www.urlaubcornwall.de\/blog\/wp-content\/uploads\/2015\/10\/tregarthens-from-water_1.jpg 745w, https:\/\/www.urlaubcornwall.de\/blog\/wp-content\/uploads\/2015\/10\/tregarthens-from-water_1-300x140.jpg 300w\" sizes=\"(max-width: 745px) 100vw, 745px\" \/><\/a><\/p>\n<p><strong>33 Zimmer:<\/strong><br \/>\nDas Tregarthens Hotel bietet 33 Zimmer in 4 verschiedenen Kategorien und hat damit f\u00fcr jeden Geschmack das passende im Angebot. Alle Zimmer haben ein eigenes en-suite Badezimmer und viele haben sogar Blick auf den Hafen. Zur Ausstattung aller Zimmer geh\u00f6ren zudem ein F\u00f6n, Telefon, Badem\u00e4ntel und eine Tee- &amp; Kaffee-Station.<\/p>\n<p><strong>Standardzimmer:<\/strong><br \/>\nEs gibt Doppelzimmer und Zweibettzimmer, teilweise mit Blick auf die Bucht. Alle Zimmer verf\u00fcgen \u00fcber TV und DVD Player und alles, was man f\u00fcr einen angenehmen Aufenthalt ben\u00f6tigt.<\/p>\n<p><strong>Superiorzimmer:<\/strong><br \/>\nDiese ger\u00e4umigen und eleganten Doppelzimmer und Zweibettzimmer genie\u00dfen alle entweder Blick auf die Bucht, oder in die Stadt. Manche der Superiorzimmer besitzen zudem ein gro\u00dfes Sofa, welches als zus\u00e4tzliches Bett genutzt werden kann. Alle Superiorzimmer haben zudem einen K\u00fchlschrank, der bereits mit frischer Milch und Wasser gef\u00fcllt ist. Ein gro\u00dfer Fernseher und ein DVD Player runden die Ausstattung ab. Hier k\u00f6nnen Sie wunderbar zum Rauschen der Wellen einschlafen!<\/p>\n<p><strong>Port Light Garden Suite:<\/strong><br \/>\nDiese Kategorie liegt ein St\u00fcck entfernt vom Haupthaus mit einem gro\u00dfz\u00fcgig gestalteten Schlafraum und einer zus\u00e4tzlichen Lounge.<\/p>\n<p><a href=\"https:\/\/www.urlaubcornwall.de\/blog\/wp-content\/uploads\/2015\/10\/familienzimmer-scilly.jpg\"><img loading=\"lazy\" class=\"aligncenter size-full wp-image-20812\" src=\"https:\/\/www.urlaubcornwall.de\/blog\/wp-content\/uploads\/2015\/10\/familienzimmer-scilly.jpg\" alt=\"familienzimmer scilly\" width=\"743\" height=\"277\" srcset=\"https:\/\/www.urlaubcornwall.de\/blog\/wp-content\/uploads\/2015\/10\/familienzimmer-scilly.jpg 743w, https:\/\/www.urlaubcornwall.de\/blog\/wp-content\/uploads\/2015\/10\/familienzimmer-scilly-300x112.jpg 300w\" sizes=\"(max-width: 743px) 100vw, 743px\" \/><\/a><\/p>\n<p><strong>Familienzimmer:<\/strong><br \/>\nSeit 2013 hat das Hotel auch ein paar Familienzimmer im Programm, welche aus zwei nebeneinander liegenden Zimmern mit einer Verbindungst\u00fcr bestehen. Die Ausstattung ist gem\u00e4\u00df der Superiorzimmer.<\/p>\n<p style=\"text-align: center;\"><strong><a class=\"tidycta\" href=\"https:\/\/www.booking.com\/hotel\/gb\/tregarthen-s.html?aid=1320750&amp;no_rooms=1&amp;group_adults=2&amp;room1=A%2CA\" rel=\"nofollow\">Verf\u00fcgbarkeit pr\u00fcfen<\/a><\/strong><\/p>\n<p style=\"text-align: center;\"><strong><br \/>\n<\/strong><\/p>\n","protected":false},"excerpt":{"rendered":"<p>Das Tregarthens Hotel war das erste Hotel auf St. Mary und besticht mit seiner einzigartigen Lage, direkt an der K\u00fcste. Wenn Sie eine entspannte und komfortable Atmosph\u00e4re suchen, sind Sie hier genau richtig. Nur ein paar Minuten zu Fu\u00df erreichen Sie von hier aus den Hafen und damit die Boote, welche Sie auch zu den [&hellip;]<\/p>\n","protected":false},"author":1,"featured_media":0,"parent":0,"menu_order":0,"comment_status":"closed","ping_status":"closed","template":"single-four.php","meta":[],"acf":[],"yoast_head":"<!-- This site is optimized with the Yoast SEO plugin v19.4 - https:\/\/yoast.com\/wordpress\/plugins\/seo\/ -->\n<title>Tregarthens Hotel 3 Sterne am Meer- Scilly Islands - Urlaub &amp; Reisen<\/title>\n<meta name=\"robots\" content=\"index, follow, max-snippet:-1, max-image-preview:large, max-video-preview:-1\" \/>\n<link rel=\"canonical\" href=\"https:\/\/www.urlaubcornwall.de\/blog\/tregarthens-hotel-3-sterne-scilly-islands\/\" \/>\n<meta property=\"og:locale\" content=\"en_US\" \/>\n<meta property=\"og:type\" content=\"article\" \/>\n<meta property=\"og:title\" content=\"Tregarthens Hotel 3 Sterne am Meer- Scilly Islands - Urlaub &amp; Reisen\" \/>\n<meta property=\"og:description\" content=\"Das Tregarthens Hotel war das erste Hotel auf St. Mary und besticht mit seiner einzigartigen Lage, direkt an der K\u00fcste. Wenn Sie eine entspannte und komfortable Atmosph\u00e4re suchen, sind Sie hier genau richtig. Nur ein paar Minuten zu Fu\u00df erreichen Sie von hier aus den Hafen und damit die Boote, welche Sie auch zu den [&hellip;]\" \/>\n<meta property=\"og:url\" content=\"https:\/\/www.urlaubcornwall.de\/blog\/tregarthens-hotel-3-sterne-scilly-islands\/\" \/>\n<meta property=\"og:site_name\" content=\"Urlaub &amp; Reisen\" \/>\n<meta property=\"article:modified_time\" content=\"2018-03-21T18:43:59+00:00\" \/>\n<meta property=\"og:image\" content=\"https:\/\/www.urlaubcornwall.de\/blog\/wp-content\/uploads\/2015\/10\/tregarthens.jpg\" \/>\n<meta name=\"twitter:card\" content=\"summary\" \/>\n<meta name=\"twitter:label1\" content=\"Est. reading time\" \/>\n\t<meta name=\"twitter:data1\" content=\"2 minutes\" \/>\n<script type=\"application\/ld+json\" class=\"yoast-schema-graph\">{\"@context\":\"https:\/\/schema.org\",\"@graph\":[{\"@type\":\"WebSite\",\"@id\":\"https:\/\/www.urlaubcornwall.de\/blog\/#website\",\"url\":\"https:\/\/www.urlaubcornwall.de\/blog\/\",\"name\":\"Urlaub &amp; Reisen\",\"description\":\"Urlaub, Reisen, Cornwall und S\u00fcdengland: eine perfekte Kombination\",\"potentialAction\":[{\"@type\":\"SearchAction\",\"target\":{\"@type\":\"EntryPoint\",\"urlTemplate\":\"https:\/\/www.urlaubcornwall.de\/blog\/?s={search_term_string}\"},\"query-input\":\"required name=search_term_string\"}],\"inLanguage\":\"en-US\"},{\"@type\":\"WebPage\",\"@id\":\"https:\/\/www.urlaubcornwall.de\/blog\/tregarthens-hotel-3-sterne-scilly-islands\/\",\"url\":\"https:\/\/www.urlaubcornwall.de\/blog\/tregarthens-hotel-3-sterne-scilly-islands\/\",\"name\":\"Tregarthens Hotel 3 Sterne am Meer- Scilly Islands - Urlaub &amp; Reisen\",\"isPartOf\":{\"@id\":\"https:\/\/www.urlaubcornwall.de\/blog\/#website\"},\"datePublished\":\"2015-10-17T09:05:02+00:00\",\"dateModified\":\"2018-03-21T18:43:59+00:00\",\"breadcrumb\":{\"@id\":\"https:\/\/www.urlaubcornwall.de\/blog\/tregarthens-hotel-3-sterne-scilly-islands\/#breadcrumb\"},\"inLanguage\":\"en-US\",\"potentialAction\":[{\"@type\":\"ReadAction\",\"target\":[\"https:\/\/www.urlaubcornwall.de\/blog\/tregarthens-hotel-3-sterne-scilly-islands\/\"]}]},{\"@type\":\"BreadcrumbList\",\"@id\":\"https:\/\/www.urlaubcornwall.de\/blog\/tregarthens-hotel-3-sterne-scilly-islands\/#breadcrumb\",\"itemListElement\":[{\"@type\":\"ListItem\",\"position\":1,\"name\":\"Home\",\"item\":\"https:\/\/www.urlaubcornwall.de\/blog\/\"},{\"@type\":\"ListItem\",\"position\":2,\"name\":\"Tregarthens Hotel 3 Sterne am Meer- Scilly Islands\"}]}]}<\/script>\n<!-- \/ Yoast SEO plugin. -->","yoast_head_json":{"title":"Tregarthens Hotel 3 Sterne am Meer- Scilly Islands - Urlaub &amp; Reisen","robots":{"index":"index","follow":"follow","max-snippet":"max-snippet:-1","max-image-preview":"max-image-preview:large","max-video-preview":"max-video-preview:-1"},"canonical":"https:\/\/www.urlaubcornwall.de\/blog\/tregarthens-hotel-3-sterne-scilly-islands\/","og_locale":"en_US","og_type":"article","og_title":"Tregarthens Hotel 3 Sterne am Meer- Scilly Islands - Urlaub &amp; Reisen","og_description":"Das Tregarthens Hotel war das erste Hotel auf St. Mary und besticht mit seiner einzigartigen Lage, direkt an der K\u00fcste. Wenn Sie eine entspannte und komfortable Atmosph\u00e4re suchen, sind Sie hier genau richtig. Nur ein paar Minuten zu Fu\u00df erreichen Sie von hier aus den Hafen und damit die Boote, welche Sie auch zu den [&hellip;]","og_url":"https:\/\/www.urlaubcornwall.de\/blog\/tregarthens-hotel-3-sterne-scilly-islands\/","og_site_name":"Urlaub &amp; Reisen","article_modified_time":"2018-03-21T18:43:59+00:00","og_image":[{"url":"https:\/\/www.urlaubcornwall.de\/blog\/wp-content\/uploads\/2015\/10\/tregarthens.jpg"}],"twitter_card":"summary","twitter_misc":{"Est. reading time":"2 minutes"},"schema":{"@context":"https:\/\/schema.org","@graph":[{"@type":"WebSite","@id":"https:\/\/www.urlaubcornwall.de\/blog\/#website","url":"https:\/\/www.urlaubcornwall.de\/blog\/","name":"Urlaub &amp; Reisen","description":"Urlaub, Reisen, Cornwall und S\u00fcdengland: eine perfekte Kombination","potentialAction":[{"@type":"SearchAction","target":{"@type":"EntryPoint","urlTemplate":"https:\/\/www.urlaubcornwall.de\/blog\/?s={search_term_string}"},"query-input":"required name=search_term_string"}],"inLanguage":"en-US"},{"@type":"WebPage","@id":"https:\/\/www.urlaubcornwall.de\/blog\/tregarthens-hotel-3-sterne-scilly-islands\/","url":"https:\/\/www.urlaubcornwall.de\/blog\/tregarthens-hotel-3-sterne-scilly-islands\/","name":"Tregarthens Hotel 3 Sterne am Meer- Scilly Islands - Urlaub &amp; Reisen","isPartOf":{"@id":"https:\/\/www.urlaubcornwall.de\/blog\/#website"},"datePublished":"2015-10-17T09:05:02+00:00","dateModified":"2018-03-21T18:43:59+00:00","breadcrumb":{"@id":"https:\/\/www.urlaubcornwall.de\/blog\/tregarthens-hotel-3-sterne-scilly-islands\/#breadcrumb"},"inLanguage":"en-US","potentialAction":[{"@type":"ReadAction","target":["https:\/\/www.urlaubcornwall.de\/blog\/tregarthens-hotel-3-sterne-scilly-islands\/"]}]},{"@type":"BreadcrumbList","@id":"https:\/\/www.urlaubcornwall.de\/blog\/tregarthens-hotel-3-sterne-scilly-islands\/#breadcrumb","itemListElement":[{"@type":"ListItem","position":1,"name":"Home","item":"https:\/\/www.urlaubcornwall.de\/blog\/"},{"@type":"ListItem","position":2,"name":"Tregarthens Hotel 3 Sterne am Meer- Scilly Islands"}]}]}},"_links":{"self":[{"href":"https:\/\/www.urlaubcornwall.de\/blog\/wp-json\/wp\/v2\/pages\/20800"}],"collection":[{"href":"https:\/\/www.urlaubcornwall.de\/blog\/wp-json\/wp\/v2\/pages"}],"about":[{"href":"https:\/\/www.urlaubcornwall.de\/blog\/wp-json\/wp\/v2\/types\/page"}],"author":[{"embeddable":true,"href":"https:\/\/www.urlaubcornwall.de\/blog\/wp-json\/wp\/v2\/users\/1"}],"replies":[{"embeddable":true,"href":"https:\/\/www.urlaubcornwall.de\/blog\/wp-json\/wp\/v2\/comments?post=20800"}],"version-history":[{"count":11,"href":"https:\/\/www.urlaubcornwall.de\/blog\/wp-json\/wp\/v2\/pages\/20800\/revisions"}],"predecessor-version":[{"id":33056,"href":"https:\/\/www.urlaubcornwall.de\/blog\/wp-json\/wp\/v2\/pages\/20800\/revisions\/33056"}],"wp:attachment":[{"href":"https:\/\/www.urlaubcornwall.de\/blog\/wp-json\/wp\/v2\/media?parent=20800"}],"curies":[{"name":"wp","href":"https:\/\/api.w.org\/{rel}","templated":true}]}}