{"id":20795,"date":"2015-10-19T13:25:57","date_gmt":"2015-10-19T13:25:57","guid":{"rendered":"https:\/\/www.urlaubcornwall.de\/blog\/?page_id=20795"},"modified":"2025-10-20T11:07:31","modified_gmt":"2025-10-20T11:07:31","slug":"autotour-in-grossbritannien-cornwall-rundreise-9-tage","status":"publish","type":"page","link":"https:\/\/www.urlaubcornwall.de\/blog\/autotour-in-grossbritannien-cornwall-rundreise-9-tage\/","title":{"rendered":"Autotour in England 2025: Cornwall Rundreise &#8211; 9 Tage"},"content":{"rendered":"<p style=\"text-align: center;\"><a href=\"https:\/\/www.urlaubcornwall.de\/blog\/wp-content\/uploads\/2015\/10\/hotel-St-Ives.jpg\"><img loading=\"lazy\" class=\"size-full wp-image-20473 aligncenter\" src=\"https:\/\/www.urlaubcornwall.de\/blog\/wp-content\/uploads\/2015\/10\/hotel-St-Ives.jpg\" alt=\"rundreise falmouth\" width=\"748\" height=\"395\"\/><\/a><\/p>\n<h2 style=\"text-align: left;\"><strong>Highlights: London, Bournemouth, Falmouth, Bath<\/strong><\/h2>\n<p style=\"text-align: left;\">Bei dieser Cornwall Rundreise entdecken Sie die H\u00f6hepunkte S\u00fcdenglands.&nbsp;Kultur, Geschichte, Landschaft und heutiges Leben werden Sie hierbei kennenlernen.&nbsp;Zu Beginn der Reise haben Sie zwei Tage Zeit, um die Sehensw\u00fcrdigkeiten der Hauptstadt Englands zu erkunden.<\/p>\n<p style=\"text-align: left;\"><strong>Tourbeschreibung:<\/strong> 9 Tage \/ 8 N\u00e4chte | T\u00e4glich m\u00f6glich | ab\/bis London<\/p>\n<p style=\"text-align: center;\"><a class=\"tidycta\" href=\"http:\/\/www.urlaubcornwall.de\/anfrage.php?tourcode=ENGSELBST-1\">Anfrage \/ Buchung<\/a><\/p>\n<h2 style=\"text-align: left;\"><strong>Tourbeschreibung<\/strong><\/h2>\n<p><strong>1.\/2.<\/strong> Tag: London<\/p>\n<p>Nach Ankunft in London (Fl\u00fcge \u00fcber uns buchbar) machen Sie sich individuell auf den Weg in die erste Unterkunft. Das Hotel befindet sich au\u00dferhalb des Londoner Stadtzentrums, in der N\u00e4he der M25. Das Zentrum der englischen Hauptstadt ist gut mit den \u00f6ffentlichen Verkehrsmitteln zu erreichen. London hat sowohl f\u00fcr Sonnen- als auch f\u00fcr Regentage einige Attraktionen zu bieten. Sehen Sie den ber\u00fchmten Buckingham Palace, den Piccadilly Circus, die Tower Bridge, den Hyde Park und vieles mehr. Sowohl in der Bronze als auch in der Silber Kategorie verbringen Sie die ersten beiden N\u00e4chte in einem Mittelklassehotel. 2 \u00dcbernachtungen im Raum London.<\/p>\n<p><strong>3. Tag:<\/strong> London \u2013 Bournemouth (ca. 200km)<\/p>\n<p>Heute nehmen Sie den Mietwagen am Flughafen entgegen (bieten wir gerne passend an) und starten Ihre <a href=\"https:\/\/www.urlaubcornwall.de\/rundreisen\/cornwall-suedengland.php\">Autoreise England<\/a> in Richtung Westen. Der erste H\u00f6hepunkt dieser Reise ist das r\u00e4tselhafte <a href=\"https:\/\/www.urlaubcornwall.de\/blog\/weshalb-england-als-urlaubsziel-waehlen\/\">Megalith-Denkmal Stonehenge<\/a>, eines der bedeutendsten Kulturdenkm\u00e4ler Europas. Dieses befindet sich inmitten der Region <a href=\"https:\/\/www.urlaubcornwall.de\/ferienhaeuser-fewos\/eng\/wiltshire\/salisbury.html\">Salisbury<\/a> Plain, welche von endlos erscheinenden Getreidefeldern sowie zahlreichen Steinkreisen und Megalithgr\u00e4bern gepr\u00e4gt ist. In Salisbury angekommen bleibt Ihnen gen\u00fcgend Zeit um diese mittelalterliche Stadt samt der malerischen Gassen, welche von schwarz-wei\u00dfen Tudorfachwerkh\u00e4usern ges\u00e4umt sind, zu erkunden. Ein Besuch der imposanten Salisbury Kathedrale ist ebenfalls lohnenswert. Anschlie\u00dfend Weiterfahrt, vorbei am New Forest Nationalpark, in die Region Bournemouth. \u00dcbernachtung im Raum Bournemouth\/Southamton.<\/p>\n<p style=\"text-align: left;\"><a href=\"https:\/\/www.urlaubcornwall.de\/blog\/wp-content\/uploads\/2014\/04\/falmouth-cornwall-04.jpg\"><img loading=\"lazy\" class=\"aligncenter size-full wp-image-14976\" src=\"https:\/\/www.urlaubcornwall.de\/blog\/wp-content\/uploads\/2014\/04\/falmouth-cornwall-04.jpg\" alt=\"falmouth-cornwall-04\" width=\"748\" height=\"385\"\/><\/a><\/p>\n<p><strong>4. Tag:<\/strong> Bournemouth \u2013 Falmouth (ca. 300km)<\/p>\n<p>Nach dem Fr\u00fchst\u00fcck brechen Sie auf in die <a href=\"https:\/\/www.urlaubcornwall.de\/ferienhaeuser-fewos\/eng\/dorset\/dorset.html\">Grafschaft Dorset<\/a> und folgen der malerischen Jurassic Coast, welche im Jahr 2001 von der UNESCO zum Weltkulturerbe erkl\u00e4rt wurde. Unterwegs empfehlen wir einen Halt bei der Kalksteinbr\u00fccke Durdle Door, ein Wahrzeichen dieses K\u00fcstenabschnitts. Unweit von <a href=\"https:\/\/www.urlaubcornwall.de\/ferienhaeuser-fewos\/eng\/sued-devon\/exeter.html\">Exeter<\/a> befindet sich das im 14 Jahrhundert erbaute Landschloss <a href=\"https:\/\/www.urlaubcornwall.de\/blog\/top-10-reisetipps-devon-die-sie-unbedingt-erleben-und-sehen-sollten\/\">Powderham Castle<\/a> mit einer herrlichen Gartenanlage. Auf dem Weg in Richtung Cornwall kommen Sie au\u00dferdem am Tausendseelendorf Polperro, ein vom National Trust ausgezeichnetes \u201e<a href=\"https:\/\/www.urlaubcornwall.de\/blog\/fuenf-der-besten-unsere-beliebtesten-haefen-in-cornwall\/\">Historic Fishing Village<\/a>\u201c, vorbei. Tags\u00fcber d\u00fcrfen keine Autos in den Fischerort, weshalb Sie die verwinkelten Gassen und die uralten Hafenmauern unbeschwert zu Fu\u00df erkunden k\u00f6nnen. Mit etwas Phantasie kann man sich dort in eine l\u00e4ngst vergangene Zeit zur\u00fcckversetzen lassen. Etwa f\u00fcnfzig Kilometer n\u00f6rdlich von Falmouth lohnt ein Besuch des bekannten Eden Projects. 3 \u00dcbernachtungen im Raum Falmouth\/Helston\/Penzance.<\/p>\n<p><strong>5.\/6.<\/strong> Tag: Cornwall<\/p>\n<p>Diese beiden Tage stehen Ihnen zur freien Verf\u00fcgung. <a href=\"https:\/\/www.urlaubcornwall.de\/reiseziel\/cornwall.php\">Cornwall<\/a> ist Hauptattraktion und Kulisse zugleich. Man findet dort atemberaubenden Klippen, imposante Gartenanlagen, wundersch\u00f6ne Sandstr\u00e4nde, malerische Fischerd\u00f6rfer, gr\u00fcne H\u00fcgellandschaften als auch historische Bauten mit beeindruckender Architektur. Auf Ihrem Programmzettel sollten auf jeden Fall das Minack Open Air Theatre, die Lizard Peninsula, das St Michaels Mount, der Ort St Ives sowie der Trebah Garden und der Lost Garden of Heligan stehen. \u00dcbernachtungen wie am Vortag.<\/p>\n<p style=\"text-align: left;\"><img loading=\"lazy\" class=\"aligncenter size-full wp-image-21115\" src=\"https:\/\/www.urlaubcornwall.de\/blog\/wp-content\/uploads\/2015\/10\/Bath.jpg\" alt=\"Bath rundreise auto\" width=\"748\" height=\"380\"\/><\/p>\n<p><strong>7. Tag:<\/strong> Falmouth \u2013 Bath\/Bristol (ca. 300km)<\/p>\n<p>Heute fahren Sie zun\u00e4chst zum Bodmin Moor, neben dem <a href=\"https:\/\/www.urlaubcornwall.de\/blog\/urlaub-dartmoor-unterkunft-sehenswuerdigkeiten-und-geschichte\/\">Dartmoor<\/a> und dem Exmoor das dritte Hochmoor im S\u00fcdwesten Englands. Die beeindruckende Landschaft kann eine Vielzahl mystischer Orte und Sehensw\u00fcrdigkeiten vorweisen, so z\u00e4hlen unter anderem die Hurlers Stone Circles zu der wohl bekanntesten Megalithanlage des Bodmin Moors. Eine weitere Attraktion ist das <a href=\"https:\/\/www.urlaubcornwall.de\/blog\/national-trust-historische-haeuser-cornwall-devon\/\">Lanhydrock House<\/a>, ein sehenswertes Landhaus mit einer 35 Meter langen Long Gallery. Im Jahr 1993 wurden hier auch \u201eDie drei Musketiere\u201c verfilmt. Folgen Sie der A30 bis Sie Exeter erreichen, von dort f\u00fchrt eine Autobahn in Richtung Taunton.  Kurz nach Taunton verlassen Sie die Autobahn und fahren nach Glastonbury und Wells. Die Kathedrale von Wells dominiert seit Jahrhunderten das Stadtbild und kann als Juwel der englischen Sakralarchitektur angesehen werden. 2 \u00dcbernachtungen im Raum Bath\/Bristol.<\/p>\n<p><strong>8. Tag:<\/strong> Ausflug in die Cotswolds<\/p>\n<p>Dieser Tag steht Ihnen zur freien Verf\u00fcgung, wir empfehlen einen Ausflug in <a href=\"https:\/\/www.urlaubcornwall.de\/reiseziel\/cotswolds.php\">die Cotswolds<\/a>. Sie finden dort malerische Ortschaften voller honigfarbener H\u00e4user, Landg\u00fctern, charmanten Kirchen und Bruchsteinmauern. Sehen Sie Bilderbuchd\u00f6rfer wie Broadway, Stow on the Wold, Lower Slaughter und Bibury. Die Region hat aber auch noch weitere architektonische Meisterwerke zu bieten, wie die schwarz-wei\u00dfen mittelalterlichen Geb\u00e4ude von Tewkesbury und die eleganten Regency-H\u00e4user in Cheltenham. Falls Harry Potter Fans unter Ihnen sind, empfehlen wir einen Abstecher nach Lacock. \u00dcbernachtung wie am Vortag.<\/p>\n<p><strong>9. Tag:<\/strong> Bath \u2013 London (ca. 190km)<\/p>\n<p>Je nach Abflugszeit bleibt heute noch Zeit die Stadt Bath, ein UNESCO Weltkulturerbe, zu erkunden. Die r\u00f6mischen B\u00e4der im Herzen der  Stadt sowie das Jane Austen Centre sind lohnende Sehensw\u00fcrdigkeiten. Sp\u00e4ter Fahrt zur\u00fcck zum Flughafen London und Abgabe des Mietwagens. Ende der Selbstfahrertour \u201eCornwall Rundreise\u201c.<\/p>\n<p><strong>Folgende Unterkunftskategorien stehen zur Auswahl:<\/strong><\/p>\n<p>Bronze = Bed&#038;Breakfast Unterk\u00fcnfte und Inns (mit eigenem Bad)<\/p>\n<p>Silber = Mittelklassehotels<\/p>\n<p><strong>Eingeschlossene Leistungen:<\/strong><\/p>\n<p>8 \u00dcbernachtungen in der gew\u00fcnschten Unterkunftskategorie (Bronze oder Silber)<\/p>\n<p>t\u00e4gliches Fr\u00fchst\u00fcck<\/p>\n<p>1 Reisef\u00fchrer \u00fcber England<\/p>\n<p><strong>Nicht eingeschlossene Leistungen:<\/strong><\/p>\n<p>Fl\u00fcge (bieten wir Ihnen gerne passend dazu an)<\/p>\n<p>Mietwagen (bieten wir Ihnen gerne passend an)<\/p>\n<p>Trinkgelder, Benzin, Eintritte<\/p>\n<p>Pers\u00f6nliche Ausgaben aller Art<\/p>\n<h2 style=\"text-align: left;\">T\u00e4glich m\u00f6glich!<\/h2>\n<p><strong>Preise 2026<\/strong> <\/p>\n<p>Bronze: \u20ac 1.045,- pro Person im Doppelzimmer  | \u20ac 1.415,- pro Person im Einzelzimmer (soweit verf\u00fcgbar) <\/p>\n<p>Silber: Preise saisonabh\u00e4nig ab \u20ac 945,- pro Person im Doppelzimmer | ab \u20ac 1.435,- pro Person im Einzelzimmer <\/p>\n<p>Mehrbettzimmer auf Anfrage!<\/p>\n<p style=\"text-align: center;\"><a class=\"tidycta\" href=\"http:\/\/www.urlaubcornwall.de\/anfrage.php?tourcode=ENGSELBST-1\">Anfrage \/ Buchung<\/a><\/p>\n<p style=\"text-align: left;\">UrlaubCornwall haben Touren im Angebot f\u00fcr Individualreisende. Hier finden Sie unsere Auswahl an fantastischen <a href=\"http:\/\/www.urlaubcornwall.de\/rundreisen\/grossbritannien.php\"><span style=\"text-decoration: underline;\">Rundreisen und Touren in Grossbritannien<\/span><\/a><strong>. <\/strong>Unsere Websitedetails zeigen lediglich eine kleine Auswahl dessen, was wir anbieten k\u00f6nnen. Wir stellen Ihnen gerne ein <a href=\"http:\/\/www.urlaubcornwall.de\/anfrage.php\"><span style=\"text-decoration: underline;\">unverbindliches Angebot<\/span><\/a> mit allen Fl\u00fcgen und Transfers f\u00fcr Ihre Grossbritannien Reise zusammen.<\/p>\n","protected":false},"excerpt":{"rendered":"<p>Highlights: London, Bournemouth, Falmouth, Bath Bei dieser Cornwall Rundreise entdecken Sie die H\u00f6hepunkte S\u00fcdenglands.&nbsp;Kultur, Geschichte, Landschaft und heutiges Leben werden Sie hierbei kennenlernen.&nbsp;Zu Beginn der Reise haben Sie zwei Tage Zeit, um die Sehensw\u00fcrdigkeiten der Hauptstadt Englands zu erkunden. Tourbeschreibung: 9 Tage \/ 8 N\u00e4chte | T\u00e4glich m\u00f6glich | ab\/bis London Anfrage \/ Buchung Tourbeschreibung [&hellip;]<\/p>\n","protected":false},"author":1,"featured_media":0,"parent":0,"menu_order":0,"comment_status":"closed","ping_status":"closed","template":"single-four.php","meta":[],"acf":[],"yoast_head":"<!-- This site is optimized with the Yoast SEO plugin v19.4 - https:\/\/yoast.com\/wordpress\/plugins\/seo\/ -->\n<title>Autotour in England 2025: Cornwall Rundreise - 9 Tage - Urlaub &amp; Reisen<\/title>\n<meta name=\"robots\" content=\"index, follow, max-snippet:-1, max-image-preview:large, max-video-preview:-1\" \/>\n<link rel=\"canonical\" href=\"https:\/\/www.urlaubcornwall.de\/blog\/autotour-in-grossbritannien-cornwall-rundreise-9-tage\/\" \/>\n<meta property=\"og:locale\" content=\"en_US\" \/>\n<meta property=\"og:type\" content=\"article\" \/>\n<meta property=\"og:title\" content=\"Autotour in England 2025: Cornwall Rundreise - 9 Tage - Urlaub &amp; Reisen\" \/>\n<meta property=\"og:description\" content=\"Highlights: London, Bournemouth, Falmouth, Bath Bei dieser Cornwall Rundreise entdecken Sie die H\u00f6hepunkte S\u00fcdenglands.&nbsp;Kultur, Geschichte, Landschaft und heutiges Leben werden Sie hierbei kennenlernen.&nbsp;Zu Beginn der Reise haben Sie zwei Tage Zeit, um die Sehensw\u00fcrdigkeiten der Hauptstadt Englands zu erkunden. Tourbeschreibung: 9 Tage \/ 8 N\u00e4chte | T\u00e4glich m\u00f6glich | ab\/bis London Anfrage \/ Buchung Tourbeschreibung [&hellip;]\" \/>\n<meta property=\"og:url\" content=\"https:\/\/www.urlaubcornwall.de\/blog\/autotour-in-grossbritannien-cornwall-rundreise-9-tage\/\" \/>\n<meta property=\"og:site_name\" content=\"Urlaub &amp; Reisen\" \/>\n<meta property=\"article:modified_time\" content=\"2025-10-20T11:07:31+00:00\" \/>\n<meta property=\"og:image\" content=\"https:\/\/www.urlaubcornwall.de\/blog\/wp-content\/uploads\/2015\/10\/hotel-St-Ives.jpg\" \/>\n<meta name=\"twitter:card\" content=\"summary\" \/>\n<meta name=\"twitter:label1\" content=\"Est. reading time\" \/>\n\t<meta name=\"twitter:data1\" content=\"5 minutes\" \/>\n<script type=\"application\/ld+json\" class=\"yoast-schema-graph\">{\"@context\":\"https:\/\/schema.org\",\"@graph\":[{\"@type\":\"WebSite\",\"@id\":\"https:\/\/www.urlaubcornwall.de\/blog\/#website\",\"url\":\"https:\/\/www.urlaubcornwall.de\/blog\/\",\"name\":\"Urlaub &amp; Reisen\",\"description\":\"Urlaub, Reisen, Cornwall und S\u00fcdengland: eine perfekte Kombination\",\"potentialAction\":[{\"@type\":\"SearchAction\",\"target\":{\"@type\":\"EntryPoint\",\"urlTemplate\":\"https:\/\/www.urlaubcornwall.de\/blog\/?s={search_term_string}\"},\"query-input\":\"required name=search_term_string\"}],\"inLanguage\":\"en-US\"},{\"@type\":\"WebPage\",\"@id\":\"https:\/\/www.urlaubcornwall.de\/blog\/autotour-in-grossbritannien-cornwall-rundreise-9-tage\/\",\"url\":\"https:\/\/www.urlaubcornwall.de\/blog\/autotour-in-grossbritannien-cornwall-rundreise-9-tage\/\",\"name\":\"Autotour in England 2025: Cornwall Rundreise - 9 Tage - Urlaub &amp; Reisen\",\"isPartOf\":{\"@id\":\"https:\/\/www.urlaubcornwall.de\/blog\/#website\"},\"datePublished\":\"2015-10-19T13:25:57+00:00\",\"dateModified\":\"2025-10-20T11:07:31+00:00\",\"breadcrumb\":{\"@id\":\"https:\/\/www.urlaubcornwall.de\/blog\/autotour-in-grossbritannien-cornwall-rundreise-9-tage\/#breadcrumb\"},\"inLanguage\":\"en-US\",\"potentialAction\":[{\"@type\":\"ReadAction\",\"target\":[\"https:\/\/www.urlaubcornwall.de\/blog\/autotour-in-grossbritannien-cornwall-rundreise-9-tage\/\"]}]},{\"@type\":\"BreadcrumbList\",\"@id\":\"https:\/\/www.urlaubcornwall.de\/blog\/autotour-in-grossbritannien-cornwall-rundreise-9-tage\/#breadcrumb\",\"itemListElement\":[{\"@type\":\"ListItem\",\"position\":1,\"name\":\"Home\",\"item\":\"https:\/\/www.urlaubcornwall.de\/blog\/\"},{\"@type\":\"ListItem\",\"position\":2,\"name\":\"Autotour in England 2025: Cornwall Rundreise &#8211; 9 Tage\"}]}]}<\/script>\n<!-- \/ Yoast SEO plugin. -->","yoast_head_json":{"title":"Autotour in England 2025: Cornwall Rundreise - 9 Tage - Urlaub &amp; Reisen","robots":{"index":"index","follow":"follow","max-snippet":"max-snippet:-1","max-image-preview":"max-image-preview:large","max-video-preview":"max-video-preview:-1"},"canonical":"https:\/\/www.urlaubcornwall.de\/blog\/autotour-in-grossbritannien-cornwall-rundreise-9-tage\/","og_locale":"en_US","og_type":"article","og_title":"Autotour in England 2025: Cornwall Rundreise - 9 Tage - Urlaub &amp; Reisen","og_description":"Highlights: London, Bournemouth, Falmouth, Bath Bei dieser Cornwall Rundreise entdecken Sie die H\u00f6hepunkte S\u00fcdenglands.&nbsp;Kultur, Geschichte, Landschaft und heutiges Leben werden Sie hierbei kennenlernen.&nbsp;Zu Beginn der Reise haben Sie zwei Tage Zeit, um die Sehensw\u00fcrdigkeiten der Hauptstadt Englands zu erkunden. Tourbeschreibung: 9 Tage \/ 8 N\u00e4chte | T\u00e4glich m\u00f6glich | ab\/bis London Anfrage \/ Buchung Tourbeschreibung [&hellip;]","og_url":"https:\/\/www.urlaubcornwall.de\/blog\/autotour-in-grossbritannien-cornwall-rundreise-9-tage\/","og_site_name":"Urlaub &amp; Reisen","article_modified_time":"2025-10-20T11:07:31+00:00","og_image":[{"url":"https:\/\/www.urlaubcornwall.de\/blog\/wp-content\/uploads\/2015\/10\/hotel-St-Ives.jpg"}],"twitter_card":"summary","twitter_misc":{"Est. reading time":"5 minutes"},"schema":{"@context":"https:\/\/schema.org","@graph":[{"@type":"WebSite","@id":"https:\/\/www.urlaubcornwall.de\/blog\/#website","url":"https:\/\/www.urlaubcornwall.de\/blog\/","name":"Urlaub &amp; Reisen","description":"Urlaub, Reisen, Cornwall und S\u00fcdengland: eine perfekte Kombination","potentialAction":[{"@type":"SearchAction","target":{"@type":"EntryPoint","urlTemplate":"https:\/\/www.urlaubcornwall.de\/blog\/?s={search_term_string}"},"query-input":"required name=search_term_string"}],"inLanguage":"en-US"},{"@type":"WebPage","@id":"https:\/\/www.urlaubcornwall.de\/blog\/autotour-in-grossbritannien-cornwall-rundreise-9-tage\/","url":"https:\/\/www.urlaubcornwall.de\/blog\/autotour-in-grossbritannien-cornwall-rundreise-9-tage\/","name":"Autotour in England 2025: Cornwall Rundreise - 9 Tage - Urlaub &amp; Reisen","isPartOf":{"@id":"https:\/\/www.urlaubcornwall.de\/blog\/#website"},"datePublished":"2015-10-19T13:25:57+00:00","dateModified":"2025-10-20T11:07:31+00:00","breadcrumb":{"@id":"https:\/\/www.urlaubcornwall.de\/blog\/autotour-in-grossbritannien-cornwall-rundreise-9-tage\/#breadcrumb"},"inLanguage":"en-US","potentialAction":[{"@type":"ReadAction","target":["https:\/\/www.urlaubcornwall.de\/blog\/autotour-in-grossbritannien-cornwall-rundreise-9-tage\/"]}]},{"@type":"BreadcrumbList","@id":"https:\/\/www.urlaubcornwall.de\/blog\/autotour-in-grossbritannien-cornwall-rundreise-9-tage\/#breadcrumb","itemListElement":[{"@type":"ListItem","position":1,"name":"Home","item":"https:\/\/www.urlaubcornwall.de\/blog\/"},{"@type":"ListItem","position":2,"name":"Autotour in England 2025: Cornwall Rundreise &#8211; 9 Tage"}]}]}},"_links":{"self":[{"href":"https:\/\/www.urlaubcornwall.de\/blog\/wp-json\/wp\/v2\/pages\/20795"}],"collection":[{"href":"https:\/\/www.urlaubcornwall.de\/blog\/wp-json\/wp\/v2\/pages"}],"about":[{"href":"https:\/\/www.urlaubcornwall.de\/blog\/wp-json\/wp\/v2\/types\/page"}],"author":[{"embeddable":true,"href":"https:\/\/www.urlaubcornwall.de\/blog\/wp-json\/wp\/v2\/users\/1"}],"replies":[{"embeddable":true,"href":"https:\/\/www.urlaubcornwall.de\/blog\/wp-json\/wp\/v2\/comments?post=20795"}],"version-history":[{"count":52,"href":"https:\/\/www.urlaubcornwall.de\/blog\/wp-json\/wp\/v2\/pages\/20795\/revisions"}],"predecessor-version":[{"id":51898,"href":"https:\/\/www.urlaubcornwall.de\/blog\/wp-json\/wp\/v2\/pages\/20795\/revisions\/51898"}],"wp:attachment":[{"href":"https:\/\/www.urlaubcornwall.de\/blog\/wp-json\/wp\/v2\/media?parent=20795"}],"curies":[{"name":"wp","href":"https:\/\/api.w.org\/{rel}","templated":true}]}}