{"id":20766,"date":"2015-10-16T11:55:36","date_gmt":"2015-10-16T11:55:36","guid":{"rendered":"https:\/\/www.urlaubcornwall.de\/blog\/?page_id=20766"},"modified":"2024-04-09T09:24:06","modified_gmt":"2024-04-09T09:24:06","slug":"bus-und-wanderreise-suedirland","status":"publish","type":"page","link":"https:\/\/www.urlaubcornwall.de\/blog\/bus-und-wanderreise-suedirland\/","title":{"rendered":"Bus- und Wanderreise S\u00fcdirland"},"content":{"rendered":"<p><a href=\"https:\/\/www.urlaubcornwall.de\/blog\/wp-content\/uploads\/2024\/03\/conemara.jpg\"><img loading=\"lazy\" src=\"https:\/\/www.urlaubcornwall.de\/blog\/wp-content\/uploads\/2024\/03\/conemara.jpg\" alt=\"conemara\" width=\"750\" height=\"368\" class=\"alignnone size-full wp-image-47811\" srcset=\"https:\/\/www.urlaubcornwall.de\/blog\/wp-content\/uploads\/2024\/03\/conemara.jpg 750w, https:\/\/www.urlaubcornwall.de\/blog\/wp-content\/uploads\/2024\/03\/conemara-300x147.jpg 300w\" sizes=\"(max-width: 750px) 100vw, 750px\" \/><\/a><\/p>\n<h2 style=\"text-align: left;\"><strong>Highlights: Dublin, Wicklow Mountains, Ring of Kerry,&nbsp;S\u00fcdwestk\u00fcste<br \/>\n<\/strong><\/h2>\n<p style=\"text-align: left;\">Einer der sch\u00f6nsten Teile Irlands erwartet Sie: der S\u00fcden! Und wie k\u00f6nnte man eine Gegend besser erkunden als zu Fu\u00df? Auf dieser Irland Busrundreise erleben Sie wunderbare Landschaft und G\u00e4rten, Inseln und Burgen per Bus und auf kleinen Wanderungen.<\/p>\n<p>8 Tage &#8211; 7 N\u00e4chte | max. 26 Teilnehmer | deutschsprachige Rundreise<\/p>\n<p style=\"text-align: center;\"><a class=\"tidycta\" href=\"http:\/\/www.urlaubcornwall.de\/anfrage.php?tourcode=IRLRUND-5\">Anfrage \/ Buchung<\/a><\/p>\n<p><strong>Tourbeschreibung<\/strong><\/p>\n<p><strong>1. Tag : Dublin <\/strong><\/p>\n<p>Anreise nach Dublin sowie Transfer in das erste Hotel in Eigenregie. Selbstverst\u00e4ndlich bieten wir auch Flughafen-Sammeltransfers an, falls das gew\u00fcnscht wird. Das Stadtzentrum der irischen Hauptstadt erreichen Sie bequem mit den \u00f6ffentlichen Verkehrsmitteln. Nutzen Sie den restlichen Tag um die Sehensw\u00fcrdigkeiten der Stadt zu erkunden oder lassen Sie den Tag bei einem Besuch in einem der zahlreichen Pubs ausklingen. \u00dcbernachtung im Raum Dublin (z.B. Talbot Hotel Stillorgan).<\/p>\n<p><strong>2. Tag: Dublin \u2013 Kilkenny<\/strong><\/p>\n<p>Nach einem Stadtrundgang in Dublin geht es in die Wicklow Mountains, welche von den Iren liebevoll \u201eGarten Irlands\u201c genannt werden. Highlights des heutigen Tages sind die wundersch\u00f6nen Zierg\u00e4rten des Powerscourt Garden, die eindrucksvolle Klosteranlage Glendalough sowie eine kleine Wanderung (ca. 5km \/ 1,5 h, max. 120 HM). Danach setzen wir die Fahrt zu unserem \u00dcbernachtungsort fort und entdecken das St\u00e4dtchen Kilkenny. \u00dcbernachtung in Kilkenny (z.B. Newpark Hotel).<\/p>\n<p><strong>3. Tag: Kilkenny \u2013 Bantry<\/strong><\/p>\n<p><a href=\"https:\/\/www.urlaubcornwall.de\/blog\/wp-content\/uploads\/2024\/03\/dingle-irland-urlaub.jpg\"><img loading=\"lazy\" class=\"aligncenter size-full wp-image-47979\" src=\"https:\/\/www.urlaubcornwall.de\/blog\/wp-content\/uploads\/2024\/03\/dingle-irland-urlaub.jpg\" alt=\"dingle irland urlaub\" width=\"750\" height=\"501\" srcset=\"https:\/\/www.urlaubcornwall.de\/blog\/wp-content\/uploads\/2024\/03\/dingle-irland-urlaub.jpg 750w, https:\/\/www.urlaubcornwall.de\/blog\/wp-content\/uploads\/2024\/03\/dingle-irland-urlaub-300x200.jpg 300w\" sizes=\"(max-width: 750px) 100vw, 750px\" \/><\/a><\/p>\n<p>Unterwegs nach Bantry halten wir am Rock of Cashel. Dort besichtigen wir die gut erhaltene Ruine, die oft als \u201edie Akropolis Irland\u201c bezeichnet wird. Anschlie\u00dfend d\u00fcrfen wir uns auf einen ca. zweist\u00fcndigen Stadtrundgang durch Cork freuen. Diese wundersch\u00f6ne kleine Stadt \u00fcberzeugt unter anderem mit seinen B\u00e4umen ges\u00e4umten Stra\u00dfen, reizvollen Gassen und eleganten Alleen. \u00dcbernachtung im Raum Bantry (z.B. Maritime Hotel).<\/p>\n<p><strong>4. Tag: Halbinseln des S\u00fcdens<\/strong><\/p>\n<p>Heute wartet die Halbinsel Mizen Head mit ihrer eindrucksvollen K\u00fcste auf uns. Eine Bogenbr\u00fccke f\u00fchrt zum s\u00fcdwestlichsten Punkt des irischen Festlandes, von der wir einen Schwindel erregenden Blick auf die Weiten des Atlantiks haben. Wir haben Zeit um das Mizen Head Visitor Centre sowie den Leuchtturm zu erkunden. Anschlie\u00dfend setzen wir die Reise zur Sheep`s Head Halbinsel fort. Auch hier erwarten uns \u00fcberw\u00e4ltigende Panoramablicke, die wir w\u00e4hrend einer Wanderung entlang des Sheep`s Head Way bestaunen k\u00f6nnen (ca. 8km \/ 2,5 h, max. 170 HM). \u00dcbernachtung wie am Vortag.<\/p>\n<p><strong>5. Tag: Beara Halbinsel \u2013 Killarney<\/strong><\/p>\n<p>Nach dem Fr\u00fchst\u00fcck steht die weitere Halbinsel auf dem Programm. \u00dcber die \u201eBog und Green Roads\u201c wandern wir durch eine abgeschiedene Landschaft auf dem Baera Way (ca. 6km \/ 2 h, max. 80 HM). Anschlie\u00dfend fahren wir mit der F\u00e4hre auf die Garinish Islands, auch Garteninsel genannt. Wir halten Ausschau nach eine Seehundkolonie, bevor wir das 15 Hektar gro\u00dfe Refugion erreichen. Bestaunen Sie die weltweit bekannten G\u00e4rten, welche Anfang des 20 Jahrhunderts entstanden sind. Die Nacht verbringen wir im wundersch\u00f6nen The Dunloe Hotel, ein 5* Hotel. \u00dcbernachtung im Raum Killarney (z.B. Dunloe Hotel).<\/p>\n<p><strong>6. Tag: Ring of Kerry<\/strong><\/p>\n<p>Wir lernen heute den Ring of Kerry kennen, eine der sch\u00f6nsten K\u00fcstenstra\u00dfen Europas. Bei kurzen Wanderungen entlang der K\u00fcste werden uns einzigartige Ausblicke geboten (ca. 5km \/ 1,5 h, max. 140 HM). Weiter Programmpunkte sind das Muckross House sowie das historische und pittoreske Dorf Adare. \u00dcbernachtung im Raum Tipperary (z.B. Abbey Court Hotel).<\/p>\n<p><strong>7. Tag: Cliffs of Moher<\/strong><\/p>\n<p>Wir besichtigen das Bunratty Castle und das angeschlossene Freilichtmuseum und lernen einiges \u00fcber das irische Leben fr\u00fcherer Jahrhunderte. \u00dcber einen Umweg gelangen wir zu den ber\u00fchmten Klippen von Moher, wo wir w\u00e4hrend einer kurzen Wanderung einen atemberaubenden Ausblick von den Klippen genie\u00dfen k\u00f6nnen (ca. 8km \/ 2,5 h, max. 120 HM). Fahrt zur\u00fcck in das County Tipperary, wo wir unsere letzte Nacht dieser Irlandreise \u201eIrland S\u00fcden\u201c verbringen. \u00dcbernachtung wie am Vortag.<\/p>\n<p><strong>8. Tag: Heimreise<\/strong><\/p>\n<p>Nach dem Fr\u00fchst\u00fcck Ende der Rundreise. Gegen Aufpreis buchen wir gerne einen Sammeltransfer zum Flughafen Dublin. R\u00fcckflug in Eigenregie und Ende der Rundreise \u201eIrlands S\u00fcden\u201c. Falls Sie an einem Verl\u00e4ngerungsprogramm in Dublin interessiert sind, fragen Sie uns einfach nach einem Angebot.<\/p>\n<p><strong>Eingeschlossene Leistungen<\/strong><\/p>\n<p>Deutschsprachige Rundreise<\/p>\n<p>gef\u00fchrte Wanderungen und Ausfl\u00fcge lt. Programm<\/p>\n<p>7 \u00dcbernachtungen in den genannten oder \u00e4hnlichen Hotels<\/p>\n<p>7x Halbpension<\/p>\n<p>Eintrittsgelder: Powerscourt, Rock of Cashel, Mizen Head Visitor Center &amp; Bridge, Sheep Dog Demonstration, Bunratty Folk Park, Cliffs of Moher<\/p>\n<p>F\u00e4hre nach Garnish Island<\/p>\n<p>alle Gep\u00e4ck- und Personentransporte<\/p>\n<p><strong>Nicht eingeschlossene Leistungen:<\/strong><\/p>\n<p>Fl\u00fcge (bieten wir gerne an)<\/p>\n<p>Flughafentransfers (gegen Aufpreis zubuchbar)<\/p>\n<p>Pers\u00f6nliche Ausgaben aller Art<\/p>\n<p>Weitere Mahlzeiten<\/p>\n<p><strong>Termine \/ Preise<\/strong><\/p>\n<p>Preise auf Anfrage!<\/p>\n<p style=\"text-align: center;\"><a class=\"tidycta\" href=\"http:\/\/www.urlaubcornwall.de\/anfrage.php?tourcode=IRLRUND-5\">Anfrage \/ Buchung<\/a><\/p>\n<p style=\"text-align: left;\">UrlaubCornwall haben Touren im Angebot f\u00fcr Individualreisende. Hier finden Sie unsere Auswahl an fantastischen <a href=\"https:\/\/www.urlaubcornwall.de\/blog\/gefuehrte-busreisen-und-busrundreisen-in-irland\/\"><span style=\"text-decoration: underline;\">Busreisen in Irland<\/span>.&nbsp;<\/a>Unsere Websitedetails zeigen lediglich eine kleine Auswahl dessen, was wir anbieten k\u00f6nnen. Wir stellen Ihnen gerne ein <a href=\"http:\/\/www.urlaubcornwall.de\/anfrage.php\"><span style=\"text-decoration: underline;\">unverbindliches Angebot<\/span><\/a> mit allen Fl\u00fcgen und Transfers f\u00fcr Ihre Irland Reise zusammen.<\/p>\n","protected":false},"excerpt":{"rendered":"<p>Highlights: Dublin, Wicklow Mountains, Ring of Kerry,&nbsp;S\u00fcdwestk\u00fcste Einer der sch\u00f6nsten Teile Irlands erwartet Sie: der S\u00fcden! Und wie k\u00f6nnte man eine Gegend besser erkunden als zu Fu\u00df? Auf dieser Irland Busrundreise erleben Sie wunderbare Landschaft und G\u00e4rten, Inseln und Burgen per Bus und auf kleinen Wanderungen. 8 Tage &#8211; 7 N\u00e4chte | max. 26 Teilnehmer [&hellip;]<\/p>\n","protected":false},"author":1,"featured_media":0,"parent":0,"menu_order":0,"comment_status":"closed","ping_status":"closed","template":"single-four.php","meta":[],"acf":[],"yoast_head":"<!-- This site is optimized with the Yoast SEO plugin v19.4 - https:\/\/yoast.com\/wordpress\/plugins\/seo\/ -->\n<title>Bus- und Wanderreise S\u00fcdirland - Urlaub &amp; Reisen<\/title>\n<meta name=\"robots\" content=\"index, follow, max-snippet:-1, max-image-preview:large, max-video-preview:-1\" \/>\n<link rel=\"canonical\" href=\"https:\/\/www.urlaubcornwall.de\/blog\/bus-und-wanderreise-suedirland\/\" \/>\n<meta property=\"og:locale\" content=\"en_US\" \/>\n<meta property=\"og:type\" content=\"article\" \/>\n<meta property=\"og:title\" content=\"Bus- und Wanderreise S\u00fcdirland - Urlaub &amp; Reisen\" \/>\n<meta property=\"og:description\" content=\"Highlights: Dublin, Wicklow Mountains, Ring of Kerry,&nbsp;S\u00fcdwestk\u00fcste Einer der sch\u00f6nsten Teile Irlands erwartet Sie: der S\u00fcden! Und wie k\u00f6nnte man eine Gegend besser erkunden als zu Fu\u00df? Auf dieser Irland Busrundreise erleben Sie wunderbare Landschaft und G\u00e4rten, Inseln und Burgen per Bus und auf kleinen Wanderungen. 8 Tage &#8211; 7 N\u00e4chte | max. 26 Teilnehmer [&hellip;]\" \/>\n<meta property=\"og:url\" content=\"https:\/\/www.urlaubcornwall.de\/blog\/bus-und-wanderreise-suedirland\/\" \/>\n<meta property=\"og:site_name\" content=\"Urlaub &amp; Reisen\" \/>\n<meta property=\"article:modified_time\" content=\"2024-04-09T09:24:06+00:00\" \/>\n<meta property=\"og:image\" content=\"https:\/\/www.urlaubcornwall.de\/blog\/wp-content\/uploads\/2024\/03\/conemara.jpg\" \/>\n<meta name=\"twitter:card\" content=\"summary\" \/>\n<meta name=\"twitter:label1\" content=\"Est. reading time\" \/>\n\t<meta name=\"twitter:data1\" content=\"4 minutes\" \/>\n<script type=\"application\/ld+json\" class=\"yoast-schema-graph\">{\"@context\":\"https:\/\/schema.org\",\"@graph\":[{\"@type\":\"WebSite\",\"@id\":\"https:\/\/www.urlaubcornwall.de\/blog\/#website\",\"url\":\"https:\/\/www.urlaubcornwall.de\/blog\/\",\"name\":\"Urlaub &amp; Reisen\",\"description\":\"Urlaub, Reisen, Cornwall und S\u00fcdengland: eine perfekte Kombination\",\"potentialAction\":[{\"@type\":\"SearchAction\",\"target\":{\"@type\":\"EntryPoint\",\"urlTemplate\":\"https:\/\/www.urlaubcornwall.de\/blog\/?s={search_term_string}\"},\"query-input\":\"required name=search_term_string\"}],\"inLanguage\":\"en-US\"},{\"@type\":\"WebPage\",\"@id\":\"https:\/\/www.urlaubcornwall.de\/blog\/bus-und-wanderreise-suedirland\/\",\"url\":\"https:\/\/www.urlaubcornwall.de\/blog\/bus-und-wanderreise-suedirland\/\",\"name\":\"Bus- und Wanderreise S\u00fcdirland - Urlaub &amp; Reisen\",\"isPartOf\":{\"@id\":\"https:\/\/www.urlaubcornwall.de\/blog\/#website\"},\"datePublished\":\"2015-10-16T11:55:36+00:00\",\"dateModified\":\"2024-04-09T09:24:06+00:00\",\"breadcrumb\":{\"@id\":\"https:\/\/www.urlaubcornwall.de\/blog\/bus-und-wanderreise-suedirland\/#breadcrumb\"},\"inLanguage\":\"en-US\",\"potentialAction\":[{\"@type\":\"ReadAction\",\"target\":[\"https:\/\/www.urlaubcornwall.de\/blog\/bus-und-wanderreise-suedirland\/\"]}]},{\"@type\":\"BreadcrumbList\",\"@id\":\"https:\/\/www.urlaubcornwall.de\/blog\/bus-und-wanderreise-suedirland\/#breadcrumb\",\"itemListElement\":[{\"@type\":\"ListItem\",\"position\":1,\"name\":\"Home\",\"item\":\"https:\/\/www.urlaubcornwall.de\/blog\/\"},{\"@type\":\"ListItem\",\"position\":2,\"name\":\"Bus- und Wanderreise S\u00fcdirland\"}]}]}<\/script>\n<!-- \/ Yoast SEO plugin. -->","yoast_head_json":{"title":"Bus- und Wanderreise S\u00fcdirland - Urlaub &amp; Reisen","robots":{"index":"index","follow":"follow","max-snippet":"max-snippet:-1","max-image-preview":"max-image-preview:large","max-video-preview":"max-video-preview:-1"},"canonical":"https:\/\/www.urlaubcornwall.de\/blog\/bus-und-wanderreise-suedirland\/","og_locale":"en_US","og_type":"article","og_title":"Bus- und Wanderreise S\u00fcdirland - Urlaub &amp; Reisen","og_description":"Highlights: Dublin, Wicklow Mountains, Ring of Kerry,&nbsp;S\u00fcdwestk\u00fcste Einer der sch\u00f6nsten Teile Irlands erwartet Sie: der S\u00fcden! Und wie k\u00f6nnte man eine Gegend besser erkunden als zu Fu\u00df? Auf dieser Irland Busrundreise erleben Sie wunderbare Landschaft und G\u00e4rten, Inseln und Burgen per Bus und auf kleinen Wanderungen. 8 Tage &#8211; 7 N\u00e4chte | max. 26 Teilnehmer [&hellip;]","og_url":"https:\/\/www.urlaubcornwall.de\/blog\/bus-und-wanderreise-suedirland\/","og_site_name":"Urlaub &amp; Reisen","article_modified_time":"2024-04-09T09:24:06+00:00","og_image":[{"url":"https:\/\/www.urlaubcornwall.de\/blog\/wp-content\/uploads\/2024\/03\/conemara.jpg"}],"twitter_card":"summary","twitter_misc":{"Est. reading time":"4 minutes"},"schema":{"@context":"https:\/\/schema.org","@graph":[{"@type":"WebSite","@id":"https:\/\/www.urlaubcornwall.de\/blog\/#website","url":"https:\/\/www.urlaubcornwall.de\/blog\/","name":"Urlaub &amp; Reisen","description":"Urlaub, Reisen, Cornwall und S\u00fcdengland: eine perfekte Kombination","potentialAction":[{"@type":"SearchAction","target":{"@type":"EntryPoint","urlTemplate":"https:\/\/www.urlaubcornwall.de\/blog\/?s={search_term_string}"},"query-input":"required name=search_term_string"}],"inLanguage":"en-US"},{"@type":"WebPage","@id":"https:\/\/www.urlaubcornwall.de\/blog\/bus-und-wanderreise-suedirland\/","url":"https:\/\/www.urlaubcornwall.de\/blog\/bus-und-wanderreise-suedirland\/","name":"Bus- und Wanderreise S\u00fcdirland - Urlaub &amp; Reisen","isPartOf":{"@id":"https:\/\/www.urlaubcornwall.de\/blog\/#website"},"datePublished":"2015-10-16T11:55:36+00:00","dateModified":"2024-04-09T09:24:06+00:00","breadcrumb":{"@id":"https:\/\/www.urlaubcornwall.de\/blog\/bus-und-wanderreise-suedirland\/#breadcrumb"},"inLanguage":"en-US","potentialAction":[{"@type":"ReadAction","target":["https:\/\/www.urlaubcornwall.de\/blog\/bus-und-wanderreise-suedirland\/"]}]},{"@type":"BreadcrumbList","@id":"https:\/\/www.urlaubcornwall.de\/blog\/bus-und-wanderreise-suedirland\/#breadcrumb","itemListElement":[{"@type":"ListItem","position":1,"name":"Home","item":"https:\/\/www.urlaubcornwall.de\/blog\/"},{"@type":"ListItem","position":2,"name":"Bus- und Wanderreise S\u00fcdirland"}]}]}},"_links":{"self":[{"href":"https:\/\/www.urlaubcornwall.de\/blog\/wp-json\/wp\/v2\/pages\/20766"}],"collection":[{"href":"https:\/\/www.urlaubcornwall.de\/blog\/wp-json\/wp\/v2\/pages"}],"about":[{"href":"https:\/\/www.urlaubcornwall.de\/blog\/wp-json\/wp\/v2\/types\/page"}],"author":[{"embeddable":true,"href":"https:\/\/www.urlaubcornwall.de\/blog\/wp-json\/wp\/v2\/users\/1"}],"replies":[{"embeddable":true,"href":"https:\/\/www.urlaubcornwall.de\/blog\/wp-json\/wp\/v2\/comments?post=20766"}],"version-history":[{"count":24,"href":"https:\/\/www.urlaubcornwall.de\/blog\/wp-json\/wp\/v2\/pages\/20766\/revisions"}],"predecessor-version":[{"id":49089,"href":"https:\/\/www.urlaubcornwall.de\/blog\/wp-json\/wp\/v2\/pages\/20766\/revisions\/49089"}],"wp:attachment":[{"href":"https:\/\/www.urlaubcornwall.de\/blog\/wp-json\/wp\/v2\/media?parent=20766"}],"curies":[{"name":"wp","href":"https:\/\/api.w.org\/{rel}","templated":true}]}}