{"id":20722,"date":"2015-10-15T13:04:44","date_gmt":"2015-10-15T13:04:44","guid":{"rendered":"https:\/\/www.urlaubcornwall.de\/blog\/?page_id=20722"},"modified":"2024-05-29T10:47:29","modified_gmt":"2024-05-29T10:47:29","slug":"scilly-islands-kurzreise-packages-4-tage","status":"publish","type":"page","link":"https:\/\/www.urlaubcornwall.de\/blog\/scilly-islands-kurzreise-packages-4-tage\/","title":{"rendered":"Isles of Scilly Kurzreise Packages &#8211; 4 Tage"},"content":{"rendered":"<p><a href=\"https:\/\/www.urlaubcornwall.de\/blog\/wp-content\/uploads\/2015\/10\/scilly-traumurlaub1.jpg\"><img loading=\"lazy\" class=\"aligncenter size-full wp-image-20850\" src=\"https:\/\/www.urlaubcornwall.de\/blog\/wp-content\/uploads\/2015\/10\/scilly-traumurlaub1.jpg\" alt=\"scilly traumurlaub\" width=\"748\" height=\"386\"\/><\/a><\/p>\n<h2 style=\"text-align: left;\"><strong>Tourbeschreibung: Isles of Scilly &#8220;Kurzurlaub&#8221; Packages &#8211; 4 Tage<\/strong><\/h2>\n<p style=\"text-align: left;\">4&nbsp;Tage \/&nbsp;3 N\u00e4chte , Anreise bzw. Abreise Montag bis Samstag, t\u00e4glich m\u00f6glich von M\u00e4rz bis Oktober , Fl\u00fcge oder F\u00e4hre enthalten , Verschiedene Unterbringungsm\u00f6glichkeiten<\/p>\n<p style=\"text-align: left;\"><strong>Sie m\u00f6chten England erkunden und dabei auch die Scilly Islands sehen?<\/strong> Mit unseren Short-Break-Packages \u00fcberhaupt kein Problem!&nbsp;Dieses 4-Tage Programm l\u00e4sst sich&nbsp;perfekt in jede Selbstfahrertour integrieren, Sie k\u00f6nnen w\u00e4hlen zwischen Abflug in Exeter, Newquay oder Land&#8217;s End oder von Penzance aus die F\u00e4hre&nbsp;auf die <a href=\"http:\/\/www.urlaubcornwall.de\/Scilly-Inseln.php\"><span style=\"text-decoration: underline;\">Isles of Scilly<\/span><\/a> nehmen. Besuchen Sie dieses Juwel Englands auf einen Abstecher!<\/p>\n<p>Hotelbeschreibung St Mary`s Hall Hotel auf St Mary`s &#8211; An einem eleganten Stadthaus gelegen, welches urspr\u00fcnglich von Graf Leon de Ferrari gebaut wurde und inmitten sch\u00f6ner mediterraner G\u00e4rten liegt, bietet das St. Marys Hall Hotel zeitgen\u00f6ssischen Stil und Komfort in einem traditionellen Ambiente. <\/p>\n<p>Das Hotel liegt nur 2 Minuten vom Porthcressa Strand und nur 5 Minuten Fu\u00dfweg vom Kai entfernt und bietet damit einen idealen Ausgangspunkt um die Hauptinsel zu erkunden. Das St. Marys Hall Hotel hat 5 verschiedene Zimmerkategorien (Godolphin, Countess, Count Leon, Trezise, Suites), alle en-suite und speziell f\u00fcr eine gute Nachtruhe entwickelt, mit wei\u00dfer Bettw\u00e4sche, flauschigen Handt\u00fcchern, einem Flachbildfernseher, Shampoo, Duschgel, Seife und nat\u00fcrlich auch einem F\u00f6hn. <\/p>\n<p>Die Leidenschaft der K\u00fcche liegt in saisonalen und regionalen Produkten, die im Mittelpunkt aller Men\u00fcs stehen. Den Tag gem\u00fctlich ausklingen lassen, k\u00f6nnen Sie in der Spirit Bar. Diese ist ger\u00e4umig, komfortable mit entspannter Atmosph\u00e4re und hat auch eine Sitzm\u00f6glichkeit im \u00fcberdachten Bereich des Gartens. Lokales Bier und ein umfassender Bestand an Weinen und Spirituosen hei\u00dft Sie hier willkommen.<\/p>\n<p><strong>Eingeschlossene Leistungen:<\/strong><\/p>\n<p>Flug im Kleinflugzeug von Lands End, Newquay oder Exeter nach St Mary`s und zur\u00fcck (15kg Gep\u00e4ck pro Person) oder F\u00e4hr\u00fcberfahrt von Penzance nach St Mary`s und zur\u00fcck<\/p>\n<p>3 \u00dcbernachtungen im St Mary&#8217;s Hall Hotel auf St Mary`s im Count Leon Room<\/p>\n<p>T\u00e4glich Fr\u00fchst\u00fcck<\/p>\n<p><strong>Nicht eingeschlossene Leistungen:<\/strong><\/p>\n<p>Transfers auf den Scilly Inseln (vor Ort stehen Minibusse bereit, Sie zahlen ca. 4 GBP pro Weg direkt an den Fahrer)<\/p>\n<p>Aufpreis f\u00fcr Halbpension (\u20ac 85,- pro Person)<\/p>\n<p>Ausfl\u00fcge, Aktivit\u00e4ten, Eintritte<\/p>\n<p>Pers\u00f6nliche Ausgaben aller Art<\/p>\n<p><strong>Preise<\/strong><\/p>\n<p>Anreise bzw. Abreise Montag bis Samstag (Sonntags keine Fl\u00fcge bzw F\u00e4hren buchbar)<\/p>\n<p>Zwischen M\u00e4rz und Oktober <\/p>\n<p><strong>Presie auf Anfrage!<\/strong><\/p>\n<p style=\"text-align: center;\"><strong><a class=\"tidycta\" href=\"http:\/\/www.urlaubcornwall.de\/anfrage.php?tourcode=ENG-Scilly-4 Tage\">Scilly Inseln Anfrage<\/a><\/strong><\/p>\n<p style=\"text-align: left;\">Der <strong>EINZIGE<\/strong> Deutsch sprechende Reiseservice f\u00fcr die <a href=\"http:\/\/www.urlaubcornwall.de\/Scilly-Inseln.php\">Scilly-Inseln<\/a>. Wir stellen Ihnen gerne ein unverbindliches Angebot mit allen Fl\u00fcgen und Transfers f\u00fcr Ihre Grossbritannien Reise zusammen.<\/p>\n<p style=\"text-align: left;\">Hier finden Sie unsere ausgew\u00e4hlten Urlaubspakete bei denen Sie in unserer Auswahl pers\u00f6nlich inspizierter Hotels untergebracht sind&#8230;.<\/p>\n<p style=\"text-align: left;\"><strong><a href=\"https:\/\/www.urlaubcornwall.de\/blog\/scilly-islands-packages-6-tage\/\">Isles of Scilly Packages \u2013 6 Tage &gt; <\/a><\/strong><\/p>\n<p style=\"text-align: left;\"><strong><a href=\"https:\/\/www.urlaubcornwall.de\/blog\/autoreise-cornwall-scilly-inseln-13-tage\/\">Cornwall &amp; Scilly Inseln \u2013 13 Tage &gt;<\/a><\/strong><\/p>\n","protected":false},"excerpt":{"rendered":"<p>Tourbeschreibung: Isles of Scilly &#8220;Kurzurlaub&#8221; Packages &#8211; 4 Tage 4&nbsp;Tage \/&nbsp;3 N\u00e4chte , Anreise bzw. Abreise Montag bis Samstag, t\u00e4glich m\u00f6glich von M\u00e4rz bis Oktober , Fl\u00fcge oder F\u00e4hre enthalten , Verschiedene Unterbringungsm\u00f6glichkeiten Sie m\u00f6chten England erkunden und dabei auch die Scilly Islands sehen? Mit unseren Short-Break-Packages \u00fcberhaupt kein Problem!&nbsp;Dieses 4-Tage Programm l\u00e4sst sich&nbsp;perfekt in [&hellip;]<\/p>\n","protected":false},"author":1,"featured_media":0,"parent":0,"menu_order":0,"comment_status":"closed","ping_status":"closed","template":"single-four.php","meta":[],"acf":[],"yoast_head":"<!-- This site is optimized with the Yoast SEO plugin v19.4 - https:\/\/yoast.com\/wordpress\/plugins\/seo\/ -->\n<title>Isles of Scilly Kurzreise Packages - 4 Tage - Urlaub &amp; Reisen<\/title>\n<meta name=\"robots\" content=\"index, follow, max-snippet:-1, max-image-preview:large, max-video-preview:-1\" \/>\n<link rel=\"canonical\" href=\"https:\/\/www.urlaubcornwall.de\/blog\/scilly-islands-kurzreise-packages-4-tage\/\" \/>\n<meta property=\"og:locale\" content=\"en_US\" \/>\n<meta property=\"og:type\" content=\"article\" \/>\n<meta property=\"og:title\" content=\"Isles of Scilly Kurzreise Packages - 4 Tage - Urlaub &amp; Reisen\" \/>\n<meta property=\"og:description\" content=\"Tourbeschreibung: Isles of Scilly &#8220;Kurzurlaub&#8221; Packages &#8211; 4 Tage 4&nbsp;Tage \/&nbsp;3 N\u00e4chte , Anreise bzw. Abreise Montag bis Samstag, t\u00e4glich m\u00f6glich von M\u00e4rz bis Oktober , Fl\u00fcge oder F\u00e4hre enthalten , Verschiedene Unterbringungsm\u00f6glichkeiten Sie m\u00f6chten England erkunden und dabei auch die Scilly Islands sehen? Mit unseren Short-Break-Packages \u00fcberhaupt kein Problem!&nbsp;Dieses 4-Tage Programm l\u00e4sst sich&nbsp;perfekt in [&hellip;]\" \/>\n<meta property=\"og:url\" content=\"https:\/\/www.urlaubcornwall.de\/blog\/scilly-islands-kurzreise-packages-4-tage\/\" \/>\n<meta property=\"og:site_name\" content=\"Urlaub &amp; Reisen\" \/>\n<meta property=\"article:modified_time\" content=\"2024-05-29T10:47:29+00:00\" \/>\n<meta property=\"og:image\" content=\"https:\/\/www.urlaubcornwall.de\/blog\/wp-content\/uploads\/2015\/10\/scilly-traumurlaub1.jpg\" \/>\n<meta name=\"twitter:card\" content=\"summary\" \/>\n<meta name=\"twitter:label1\" content=\"Est. reading time\" \/>\n\t<meta name=\"twitter:data1\" content=\"3 minutes\" \/>\n<script type=\"application\/ld+json\" class=\"yoast-schema-graph\">{\"@context\":\"https:\/\/schema.org\",\"@graph\":[{\"@type\":\"WebSite\",\"@id\":\"https:\/\/www.urlaubcornwall.de\/blog\/#website\",\"url\":\"https:\/\/www.urlaubcornwall.de\/blog\/\",\"name\":\"Urlaub &amp; Reisen\",\"description\":\"Urlaub, Reisen, Cornwall und S\u00fcdengland: eine perfekte Kombination\",\"potentialAction\":[{\"@type\":\"SearchAction\",\"target\":{\"@type\":\"EntryPoint\",\"urlTemplate\":\"https:\/\/www.urlaubcornwall.de\/blog\/?s={search_term_string}\"},\"query-input\":\"required name=search_term_string\"}],\"inLanguage\":\"en-US\"},{\"@type\":\"WebPage\",\"@id\":\"https:\/\/www.urlaubcornwall.de\/blog\/scilly-islands-kurzreise-packages-4-tage\/\",\"url\":\"https:\/\/www.urlaubcornwall.de\/blog\/scilly-islands-kurzreise-packages-4-tage\/\",\"name\":\"Isles of Scilly Kurzreise Packages - 4 Tage - Urlaub &amp; Reisen\",\"isPartOf\":{\"@id\":\"https:\/\/www.urlaubcornwall.de\/blog\/#website\"},\"datePublished\":\"2015-10-15T13:04:44+00:00\",\"dateModified\":\"2024-05-29T10:47:29+00:00\",\"breadcrumb\":{\"@id\":\"https:\/\/www.urlaubcornwall.de\/blog\/scilly-islands-kurzreise-packages-4-tage\/#breadcrumb\"},\"inLanguage\":\"en-US\",\"potentialAction\":[{\"@type\":\"ReadAction\",\"target\":[\"https:\/\/www.urlaubcornwall.de\/blog\/scilly-islands-kurzreise-packages-4-tage\/\"]}]},{\"@type\":\"BreadcrumbList\",\"@id\":\"https:\/\/www.urlaubcornwall.de\/blog\/scilly-islands-kurzreise-packages-4-tage\/#breadcrumb\",\"itemListElement\":[{\"@type\":\"ListItem\",\"position\":1,\"name\":\"Home\",\"item\":\"https:\/\/www.urlaubcornwall.de\/blog\/\"},{\"@type\":\"ListItem\",\"position\":2,\"name\":\"Isles of Scilly Kurzreise Packages &#8211; 4 Tage\"}]}]}<\/script>\n<!-- \/ Yoast SEO plugin. -->","yoast_head_json":{"title":"Isles of Scilly Kurzreise Packages - 4 Tage - Urlaub &amp; Reisen","robots":{"index":"index","follow":"follow","max-snippet":"max-snippet:-1","max-image-preview":"max-image-preview:large","max-video-preview":"max-video-preview:-1"},"canonical":"https:\/\/www.urlaubcornwall.de\/blog\/scilly-islands-kurzreise-packages-4-tage\/","og_locale":"en_US","og_type":"article","og_title":"Isles of Scilly Kurzreise Packages - 4 Tage - Urlaub &amp; Reisen","og_description":"Tourbeschreibung: Isles of Scilly &#8220;Kurzurlaub&#8221; Packages &#8211; 4 Tage 4&nbsp;Tage \/&nbsp;3 N\u00e4chte , Anreise bzw. Abreise Montag bis Samstag, t\u00e4glich m\u00f6glich von M\u00e4rz bis Oktober , Fl\u00fcge oder F\u00e4hre enthalten , Verschiedene Unterbringungsm\u00f6glichkeiten Sie m\u00f6chten England erkunden und dabei auch die Scilly Islands sehen? Mit unseren Short-Break-Packages \u00fcberhaupt kein Problem!&nbsp;Dieses 4-Tage Programm l\u00e4sst sich&nbsp;perfekt in [&hellip;]","og_url":"https:\/\/www.urlaubcornwall.de\/blog\/scilly-islands-kurzreise-packages-4-tage\/","og_site_name":"Urlaub &amp; Reisen","article_modified_time":"2024-05-29T10:47:29+00:00","og_image":[{"url":"https:\/\/www.urlaubcornwall.de\/blog\/wp-content\/uploads\/2015\/10\/scilly-traumurlaub1.jpg"}],"twitter_card":"summary","twitter_misc":{"Est. reading time":"3 minutes"},"schema":{"@context":"https:\/\/schema.org","@graph":[{"@type":"WebSite","@id":"https:\/\/www.urlaubcornwall.de\/blog\/#website","url":"https:\/\/www.urlaubcornwall.de\/blog\/","name":"Urlaub &amp; Reisen","description":"Urlaub, Reisen, Cornwall und S\u00fcdengland: eine perfekte Kombination","potentialAction":[{"@type":"SearchAction","target":{"@type":"EntryPoint","urlTemplate":"https:\/\/www.urlaubcornwall.de\/blog\/?s={search_term_string}"},"query-input":"required name=search_term_string"}],"inLanguage":"en-US"},{"@type":"WebPage","@id":"https:\/\/www.urlaubcornwall.de\/blog\/scilly-islands-kurzreise-packages-4-tage\/","url":"https:\/\/www.urlaubcornwall.de\/blog\/scilly-islands-kurzreise-packages-4-tage\/","name":"Isles of Scilly Kurzreise Packages - 4 Tage - Urlaub &amp; Reisen","isPartOf":{"@id":"https:\/\/www.urlaubcornwall.de\/blog\/#website"},"datePublished":"2015-10-15T13:04:44+00:00","dateModified":"2024-05-29T10:47:29+00:00","breadcrumb":{"@id":"https:\/\/www.urlaubcornwall.de\/blog\/scilly-islands-kurzreise-packages-4-tage\/#breadcrumb"},"inLanguage":"en-US","potentialAction":[{"@type":"ReadAction","target":["https:\/\/www.urlaubcornwall.de\/blog\/scilly-islands-kurzreise-packages-4-tage\/"]}]},{"@type":"BreadcrumbList","@id":"https:\/\/www.urlaubcornwall.de\/blog\/scilly-islands-kurzreise-packages-4-tage\/#breadcrumb","itemListElement":[{"@type":"ListItem","position":1,"name":"Home","item":"https:\/\/www.urlaubcornwall.de\/blog\/"},{"@type":"ListItem","position":2,"name":"Isles of Scilly Kurzreise Packages &#8211; 4 Tage"}]}]}},"_links":{"self":[{"href":"https:\/\/www.urlaubcornwall.de\/blog\/wp-json\/wp\/v2\/pages\/20722"}],"collection":[{"href":"https:\/\/www.urlaubcornwall.de\/blog\/wp-json\/wp\/v2\/pages"}],"about":[{"href":"https:\/\/www.urlaubcornwall.de\/blog\/wp-json\/wp\/v2\/types\/page"}],"author":[{"embeddable":true,"href":"https:\/\/www.urlaubcornwall.de\/blog\/wp-json\/wp\/v2\/users\/1"}],"replies":[{"embeddable":true,"href":"https:\/\/www.urlaubcornwall.de\/blog\/wp-json\/wp\/v2\/comments?post=20722"}],"version-history":[{"count":62,"href":"https:\/\/www.urlaubcornwall.de\/blog\/wp-json\/wp\/v2\/pages\/20722\/revisions"}],"predecessor-version":[{"id":50592,"href":"https:\/\/www.urlaubcornwall.de\/blog\/wp-json\/wp\/v2\/pages\/20722\/revisions\/50592"}],"wp:attachment":[{"href":"https:\/\/www.urlaubcornwall.de\/blog\/wp-json\/wp\/v2\/media?parent=20722"}],"curies":[{"name":"wp","href":"https:\/\/api.w.org\/{rel}","templated":true}]}}