{"id":20645,"date":"2015-10-13T08:56:16","date_gmt":"2015-10-13T08:56:16","guid":{"rendered":"https:\/\/www.urlaubcornwall.de\/blog\/?page_id=20645"},"modified":"2024-04-15T14:36:27","modified_gmt":"2024-04-15T14:36:27","slug":"familienurlaub-in-grossbritannien-und-irland","status":"publish","type":"page","link":"https:\/\/www.urlaubcornwall.de\/blog\/familienurlaub-in-grossbritannien-und-irland\/","title":{"rendered":"Familienurlaub in Gro\u00dfbritannien und Irland"},"content":{"rendered":"<p>Mit Kindern nach Gro\u00dfbritannien? Gro\u00dfbritannien ist ein wundervolles, zur Entspannung einladendes Urlaubsziel f\u00fcr Familienes gibt jede Menge Str\u00e4nde, Burgen und eine breite Auswahl an Aktivit\u00e4ten und Attraktionen f\u00fcr Kinder s\u00e4mtlicher Altersstufen. Hier finden Sie unsere Top Dinge, die es wert sind, zu sehen oder zu tun.<\/p>\n<div class=\"snippet\"> <a class=\"featured-item\" href=\" https:\/\/www.urlaubcornwall.de\/blog\/familienurlaub-reisen-in-cornwall\/\"> <span class=\"image-holder\" style=\"background-image: url(' https:\/\/www.urlaubcornwall.de\/blog\/wp-content\/uploads\/2018\/12\/familienurlaub-cornwall.jpg');\"><\/span> <span class=\"featured-content\"> \n<h2 class=\"featured-title\">Familienurlaub in Cornwall &amp; S\u00fcdwestengland<\/h2>\n<p class=\"featured-body\">F\u00fcr viele ist Cornwall das Urlaubsreiseziel schlechthin f\u00fcr Familienurlaub in England. Sie brauchen sich nur anzuschauen, was es zu bieten hat: unber\u00fchrte Sandstr\u00e4nde&#8230;<\/p>\n<\/span> <span class=\"featured-link-holder\"> <span class=\"featured-extra-info\"> \n<p> F\u00fcr Familien mit Kindern<\/p>\n<\/span> \n<p class=\"featured-link\">DETAILS<\/p>\n<\/span> <\/a><\/div>\n<div class=\"snippet\"> <a class=\"featured-item\" href=\"https:\/\/www.urlaubcornwall.de\/blog\/familienurlaub-in-suedengland-london\/\"> <span class=\"image-holder\" style=\"background-image: url(' https:\/\/www.urlaubcornwall.de\/blog\/wp-content\/uploads\/2024\/03\/tower-of-london.jpg');\"><\/span> <span class=\"featured-content\"> \n<h2 class=\"featured-title\">Familienurlaub in S\u00fcdengland &amp; London<\/h2>\n<p class=\"featured-body\">S\u00fcdengland und London haben mit Attraktionen und Besch\u00e4ftigungsangeboten f\u00fcr Kinder jeder Altersstufe wahrhaft eine Menge zu bieten im Rahmen eines Familienurlaubs&#8230;<\/p>\n<\/span> <span class=\"featured-link-holder\"> <span class=\"featured-extra-info\"> \n<p>Ein kinderfreundliches Reiseziel<\/p>\n<\/span> \n<p class=\"featured-link\">DETAILS<\/p>\n<\/span> <\/a><\/div>\n<div class=\"snippet\"> <a class=\"featured-item\" href=\"https:\/\/www.urlaubcornwall.de\/reiseziel\/schottland.php\"> <span class=\"image-holder\" style=\"background-image: url(' https:\/\/www.urlaubcornwall.de\/blog\/wp-content\/uploads\/2019\/01\/urlaub-schottland-highlands-1.jpg');\"><\/span> <span class=\"featured-content\"> \n<h2 class=\"featured-title\">Familienreisen in Schottland<\/h2>\n<p class=\"featured-body\">Bei Schottland drehte sich einst alles um die Landschaft. Ja, sie war eindrucksvoll, einzigartig in der Welt und atemberaubend, doch heutzutage gibt es eine unglaubliche Reihe an Attraktionen f\u00fcr all jen&#8230;<\/p>\n<\/span> <span class=\"featured-link-holder\"> <span class=\"featured-extra-info\"> \n<p>Schottland mit Kindern<\/p>\n<\/span> \n<p class=\"featured-link\">DETAILS<\/p>\n<\/span> <\/a><\/div>\n<div class=\"snippet\"> <a class=\"featured-item\" href=\"https:\/\/www.urlaubcornwall.de\/reiseziel\/wales.php\"> <span class=\"image-holder\" style=\"background-image: url(' https:\/\/www.urlaubcornwall.de\/blog\/wp-content\/uploads\/2024\/03\/schloss-wales.jpg ');\"><\/span> <span class=\"featured-content\"> \n<h2 class=\"featured-title\">Familienurlaub &amp; Reisen in Wales<\/h2>\n<p class=\"featured-body\">Wales; ein Land das h\u00e4ufig als Familienurlaubsregion \u00fcbersehen wird, doch Wales hat eine erstaunliche Menge zu bieten. Es ist eine wahrhaft wundersch\u00f6ne Region..<\/p>\n<\/span> <span class=\"featured-link-holder\"> <span class=\"featured-extra-info\"> \n<p>Entdecken Sie die Mythen und Legenden<\/p>\n<\/span> \n<p class=\"featured-link\">DETAILS<\/p>\n<\/span> <\/a><\/div>\n<div class=\"snippet\"> <a class=\"featured-item\" href=\"https:\/\/www.urlaubcornwall.de\/blog\/familienurlaub-in-irland\/\"> <span class=\"image-holder\" style=\"background-image: url(' https:\/\/www.urlaubcornwall.de\/blog\/wp-content\/uploads\/2018\/12\/familienurlaub-irland.jpg');\"><\/span> <span class=\"featured-content\"> \n<h2 class=\"featured-title\">Familienurlaub in Irland<\/h2>\n<p class=\"featured-body\">Wollen Sie Irland im Rahmen eines gro\u00dfartigen Familienurlaubs mit Kindern bereisen? Die Magie liegt in den Ortsnamen: Killarney, Connemara, Dingle, Cork, Galway, Dublin. Lassen Sie Ihre Kinder den Blarney Stone&#8230;<\/p>\n<\/span> <span class=\"featured-link-holder\"> <span class=\"featured-extra-info\"> \n<p>Charmanten D\u00f6rfern auf dem Lande<\/p>\n<\/span> \n<p class=\"featured-link\">DETAILS<\/p>\n<\/span> <\/a>\n<p><script async src=\"https:\/\/pagead2.googlesyndication.com\/pagead\/js\/adsbygoogle.js?client=ca-pub-3901089389175725\"\n     crossorigin=\"anonymous\"><\/script><br \/>\n<!-- New UC --><br \/>\n<ins class=\"adsbygoogle\"\n     style=\"display:block\"\n     data-ad-client=\"ca-pub-3901089389175725\"\n     data-ad-slot=\"8080314818\"\n     data-ad-format=\"auto\"\n     data-full-width-responsive=\"true\"><\/ins><br \/>\n<script>\n     (adsbygoogle = window.adsbygoogle || []).push({});\n<\/script><\/p>\n<div class=\"snippet\"> <a class=\"featured-item\" href=\" https:\/\/www.urlaubcornwall.de\/ferienhaeuser.php\"> <span class=\"image-holder\" style=\"background-image: url('https:\/\/www.urlaubcornwall.de\/blog\/wp-content\/uploads\/2018\/11\/landhaus-cornwall.jpg');\"><\/span> <span class=\"featured-content\"> \n<h2 class=\"featured-title\">Ferienh\u00e4user in Gro\u00dfbritannien<\/h2>\n<p class=\"featured-body\">UrlaubCornwall.de hat eine einzigartige Sammlung pers\u00f6nlich inspizierter Ferienh\u00e4user und Ferienwohnungen in Cornwall, S\u00fcdengland und nun auch im gesamten Gro\u00dfbritannien&#8230;..<\/p>\n<\/span> <span class=\"featured-link-holder\"> <span class=\"featured-extra-info\"> \n<p> F\u00fcr Paare, Familien &#038; Gruppen<\/p>\n<\/span> \n<p class=\"featured-link\">DETAILS<\/p>\n<\/span> <\/a><\/div>\n<div class=\"snippet\"> <a class=\"featured-item\" href=\" https:\/\/www.urlaubcornwall.de\/rundreisen\/grossbritannien.php\"> <span class=\"image-holder\" style=\"background-image: url('https:\/\/www.urlaubcornwall.de\/blog\/wp-content\/uploads\/2018\/12\/familienurlaub-corwnall-snippet.jpg');\"><\/span> <span class=\"featured-content\"> \n<h2 class=\"featured-title\">Rundreisen in Gro\u00dfbritannien<\/h2>\n<p class=\"featured-body\">Autoreisen eignen sich perfekt, um das meiste aus Ihrem Urlaub in Gro\u00dfbritannien und Irland zu machen. Gehen Sie in eigenem Schritttempo im eigenen Auto&#8230;..<\/p>\n<\/span> <span class=\"featured-link-holder\"> <span class=\"featured-extra-info\"> \n<p> Urlaub mit Kindern<\/p>\n<\/span> \n<p class=\"featured-link\">DETAILS<\/p>\n<\/span> <\/a><\/div>\n<\/div>","protected":false},"excerpt":{"rendered":"<p>Mit Kindern nach Gro\u00dfbritannien? Gro\u00dfbritannien ist ein wundervolles, zur Entspannung einladendes Urlaubsziel f\u00fcr Familienes gibt jede Menge Str\u00e4nde, Burgen und eine breite Auswahl an Aktivit\u00e4ten und Attraktionen f\u00fcr Kinder s\u00e4mtlicher Altersstufen. Hier finden Sie unsere Top Dinge, die es wert sind, zu sehen oder zu tun. Familienurlaub in Cornwall &amp; S\u00fcdwestengland F\u00fcr viele ist Cornwall [&hellip;]<\/p>\n","protected":false},"author":1,"featured_media":0,"parent":0,"menu_order":0,"comment_status":"closed","ping_status":"closed","template":"single-four.php","meta":[],"acf":[],"yoast_head":"<!-- This site is optimized with the Yoast SEO plugin v19.4 - https:\/\/yoast.com\/wordpress\/plugins\/seo\/ -->\n<title>Familienurlaub in Gro\u00dfbritannien und Irland - Urlaub &amp; Reisen<\/title>\n<meta name=\"description\" content=\"Wenn Sie den perfekten Urlaub f\u00fcr Familie mit Kindern suchen, so hat Gro\u00dfbritannien viele Reiseziele zu bieten. In England, Wales und Schottland gibt es herrliche Str\u00e4nde, h\u00fcgelige Landschaft und dramatische Berge f\u00fcr all jene, die gerne auf Erkundungen gehen. Die Gro\u00dfst\u00e4dte und St\u00e4dte bieten zahlreiche Familienaktivit\u00e4ten und vermitteln einen Eindruck ihrer Geschichte. Und f\u00fcr Teenager, die den Nervenkitzel suchen, bieten sich die Freizeitparks wie Thorpe Park, Alton Towers oder Harry Potter an.\" \/>\n<meta name=\"robots\" content=\"index, follow, max-snippet:-1, max-image-preview:large, max-video-preview:-1\" \/>\n<link rel=\"canonical\" href=\"https:\/\/www.urlaubcornwall.de\/blog\/familienurlaub-in-grossbritannien-und-irland\/\" \/>\n<meta property=\"og:locale\" content=\"en_US\" \/>\n<meta property=\"og:type\" content=\"article\" \/>\n<meta property=\"og:title\" content=\"Familienurlaub in Gro\u00dfbritannien und Irland - Urlaub &amp; Reisen\" \/>\n<meta property=\"og:description\" content=\"Wenn Sie den perfekten Urlaub f\u00fcr Familie mit Kindern suchen, so hat Gro\u00dfbritannien viele Reiseziele zu bieten. In England, Wales und Schottland gibt es herrliche Str\u00e4nde, h\u00fcgelige Landschaft und dramatische Berge f\u00fcr all jene, die gerne auf Erkundungen gehen. Die Gro\u00dfst\u00e4dte und St\u00e4dte bieten zahlreiche Familienaktivit\u00e4ten und vermitteln einen Eindruck ihrer Geschichte. Und f\u00fcr Teenager, die den Nervenkitzel suchen, bieten sich die Freizeitparks wie Thorpe Park, Alton Towers oder Harry Potter an.\" \/>\n<meta property=\"og:url\" content=\"https:\/\/www.urlaubcornwall.de\/blog\/familienurlaub-in-grossbritannien-und-irland\/\" \/>\n<meta property=\"og:site_name\" content=\"Urlaub &amp; Reisen\" \/>\n<meta property=\"article:modified_time\" content=\"2024-04-15T14:36:27+00:00\" \/>\n<meta name=\"twitter:card\" content=\"summary\" \/>\n<meta name=\"twitter:label1\" content=\"Est. reading time\" \/>\n\t<meta name=\"twitter:data1\" content=\"2 minutes\" \/>\n<script type=\"application\/ld+json\" class=\"yoast-schema-graph\">{\"@context\":\"https:\/\/schema.org\",\"@graph\":[{\"@type\":\"WebSite\",\"@id\":\"https:\/\/www.urlaubcornwall.de\/blog\/#website\",\"url\":\"https:\/\/www.urlaubcornwall.de\/blog\/\",\"name\":\"Urlaub &amp; Reisen\",\"description\":\"Urlaub, Reisen, Cornwall und S\u00fcdengland: eine perfekte Kombination\",\"potentialAction\":[{\"@type\":\"SearchAction\",\"target\":{\"@type\":\"EntryPoint\",\"urlTemplate\":\"https:\/\/www.urlaubcornwall.de\/blog\/?s={search_term_string}\"},\"query-input\":\"required name=search_term_string\"}],\"inLanguage\":\"en-US\"},{\"@type\":\"WebPage\",\"@id\":\"https:\/\/www.urlaubcornwall.de\/blog\/familienurlaub-in-grossbritannien-und-irland\/\",\"url\":\"https:\/\/www.urlaubcornwall.de\/blog\/familienurlaub-in-grossbritannien-und-irland\/\",\"name\":\"Familienurlaub in Gro\u00dfbritannien und Irland - Urlaub &amp; Reisen\",\"isPartOf\":{\"@id\":\"https:\/\/www.urlaubcornwall.de\/blog\/#website\"},\"datePublished\":\"2015-10-13T08:56:16+00:00\",\"dateModified\":\"2024-04-15T14:36:27+00:00\",\"description\":\"Wenn Sie den perfekten Urlaub f\u00fcr Familie mit Kindern suchen, so hat Gro\u00dfbritannien viele Reiseziele zu bieten. In England, Wales und Schottland gibt es herrliche Str\u00e4nde, h\u00fcgelige Landschaft und dramatische Berge f\u00fcr all jene, die gerne auf Erkundungen gehen. Die Gro\u00dfst\u00e4dte und St\u00e4dte bieten zahlreiche Familienaktivit\u00e4ten und vermitteln einen Eindruck ihrer Geschichte. Und f\u00fcr Teenager, die den Nervenkitzel suchen, bieten sich die Freizeitparks wie Thorpe Park, Alton Towers oder Harry Potter an.\",\"breadcrumb\":{\"@id\":\"https:\/\/www.urlaubcornwall.de\/blog\/familienurlaub-in-grossbritannien-und-irland\/#breadcrumb\"},\"inLanguage\":\"en-US\",\"potentialAction\":[{\"@type\":\"ReadAction\",\"target\":[\"https:\/\/www.urlaubcornwall.de\/blog\/familienurlaub-in-grossbritannien-und-irland\/\"]}]},{\"@type\":\"BreadcrumbList\",\"@id\":\"https:\/\/www.urlaubcornwall.de\/blog\/familienurlaub-in-grossbritannien-und-irland\/#breadcrumb\",\"itemListElement\":[{\"@type\":\"ListItem\",\"position\":1,\"name\":\"Home\",\"item\":\"https:\/\/www.urlaubcornwall.de\/blog\/\"},{\"@type\":\"ListItem\",\"position\":2,\"name\":\"Familienurlaub in Gro\u00dfbritannien und Irland\"}]}]}<\/script>\n<!-- \/ Yoast SEO plugin. -->","yoast_head_json":{"title":"Familienurlaub in Gro\u00dfbritannien und Irland - Urlaub &amp; Reisen","description":"Wenn Sie den perfekten Urlaub f\u00fcr Familie mit Kindern suchen, so hat Gro\u00dfbritannien viele Reiseziele zu bieten. In England, Wales und Schottland gibt es herrliche Str\u00e4nde, h\u00fcgelige Landschaft und dramatische Berge f\u00fcr all jene, die gerne auf Erkundungen gehen. Die Gro\u00dfst\u00e4dte und St\u00e4dte bieten zahlreiche Familienaktivit\u00e4ten und vermitteln einen Eindruck ihrer Geschichte. Und f\u00fcr Teenager, die den Nervenkitzel suchen, bieten sich die Freizeitparks wie Thorpe Park, Alton Towers oder Harry Potter an.","robots":{"index":"index","follow":"follow","max-snippet":"max-snippet:-1","max-image-preview":"max-image-preview:large","max-video-preview":"max-video-preview:-1"},"canonical":"https:\/\/www.urlaubcornwall.de\/blog\/familienurlaub-in-grossbritannien-und-irland\/","og_locale":"en_US","og_type":"article","og_title":"Familienurlaub in Gro\u00dfbritannien und Irland - Urlaub &amp; Reisen","og_description":"Wenn Sie den perfekten Urlaub f\u00fcr Familie mit Kindern suchen, so hat Gro\u00dfbritannien viele Reiseziele zu bieten. In England, Wales und Schottland gibt es herrliche Str\u00e4nde, h\u00fcgelige Landschaft und dramatische Berge f\u00fcr all jene, die gerne auf Erkundungen gehen. Die Gro\u00dfst\u00e4dte und St\u00e4dte bieten zahlreiche Familienaktivit\u00e4ten und vermitteln einen Eindruck ihrer Geschichte. Und f\u00fcr Teenager, die den Nervenkitzel suchen, bieten sich die Freizeitparks wie Thorpe Park, Alton Towers oder Harry Potter an.","og_url":"https:\/\/www.urlaubcornwall.de\/blog\/familienurlaub-in-grossbritannien-und-irland\/","og_site_name":"Urlaub &amp; Reisen","article_modified_time":"2024-04-15T14:36:27+00:00","twitter_card":"summary","twitter_misc":{"Est. reading time":"2 minutes"},"schema":{"@context":"https:\/\/schema.org","@graph":[{"@type":"WebSite","@id":"https:\/\/www.urlaubcornwall.de\/blog\/#website","url":"https:\/\/www.urlaubcornwall.de\/blog\/","name":"Urlaub &amp; Reisen","description":"Urlaub, Reisen, Cornwall und S\u00fcdengland: eine perfekte Kombination","potentialAction":[{"@type":"SearchAction","target":{"@type":"EntryPoint","urlTemplate":"https:\/\/www.urlaubcornwall.de\/blog\/?s={search_term_string}"},"query-input":"required name=search_term_string"}],"inLanguage":"en-US"},{"@type":"WebPage","@id":"https:\/\/www.urlaubcornwall.de\/blog\/familienurlaub-in-grossbritannien-und-irland\/","url":"https:\/\/www.urlaubcornwall.de\/blog\/familienurlaub-in-grossbritannien-und-irland\/","name":"Familienurlaub in Gro\u00dfbritannien und Irland - Urlaub &amp; Reisen","isPartOf":{"@id":"https:\/\/www.urlaubcornwall.de\/blog\/#website"},"datePublished":"2015-10-13T08:56:16+00:00","dateModified":"2024-04-15T14:36:27+00:00","description":"Wenn Sie den perfekten Urlaub f\u00fcr Familie mit Kindern suchen, so hat Gro\u00dfbritannien viele Reiseziele zu bieten. In England, Wales und Schottland gibt es herrliche Str\u00e4nde, h\u00fcgelige Landschaft und dramatische Berge f\u00fcr all jene, die gerne auf Erkundungen gehen. Die Gro\u00dfst\u00e4dte und St\u00e4dte bieten zahlreiche Familienaktivit\u00e4ten und vermitteln einen Eindruck ihrer Geschichte. Und f\u00fcr Teenager, die den Nervenkitzel suchen, bieten sich die Freizeitparks wie Thorpe Park, Alton Towers oder Harry Potter an.","breadcrumb":{"@id":"https:\/\/www.urlaubcornwall.de\/blog\/familienurlaub-in-grossbritannien-und-irland\/#breadcrumb"},"inLanguage":"en-US","potentialAction":[{"@type":"ReadAction","target":["https:\/\/www.urlaubcornwall.de\/blog\/familienurlaub-in-grossbritannien-und-irland\/"]}]},{"@type":"BreadcrumbList","@id":"https:\/\/www.urlaubcornwall.de\/blog\/familienurlaub-in-grossbritannien-und-irland\/#breadcrumb","itemListElement":[{"@type":"ListItem","position":1,"name":"Home","item":"https:\/\/www.urlaubcornwall.de\/blog\/"},{"@type":"ListItem","position":2,"name":"Familienurlaub in Gro\u00dfbritannien und Irland"}]}]}},"_links":{"self":[{"href":"https:\/\/www.urlaubcornwall.de\/blog\/wp-json\/wp\/v2\/pages\/20645"}],"collection":[{"href":"https:\/\/www.urlaubcornwall.de\/blog\/wp-json\/wp\/v2\/pages"}],"about":[{"href":"https:\/\/www.urlaubcornwall.de\/blog\/wp-json\/wp\/v2\/types\/page"}],"author":[{"embeddable":true,"href":"https:\/\/www.urlaubcornwall.de\/blog\/wp-json\/wp\/v2\/users\/1"}],"replies":[{"embeddable":true,"href":"https:\/\/www.urlaubcornwall.de\/blog\/wp-json\/wp\/v2\/comments?post=20645"}],"version-history":[{"count":34,"href":"https:\/\/www.urlaubcornwall.de\/blog\/wp-json\/wp\/v2\/pages\/20645\/revisions"}],"predecessor-version":[{"id":49577,"href":"https:\/\/www.urlaubcornwall.de\/blog\/wp-json\/wp\/v2\/pages\/20645\/revisions\/49577"}],"wp:attachment":[{"href":"https:\/\/www.urlaubcornwall.de\/blog\/wp-json\/wp\/v2\/media?parent=20645"}],"curies":[{"name":"wp","href":"https:\/\/api.w.org\/{rel}","templated":true}]}}