{"id":20589,"date":"2015-10-12T10:52:26","date_gmt":"2015-10-12T10:52:26","guid":{"rendered":"https:\/\/www.urlaubcornwall.de\/blog\/?page_id=20589"},"modified":"2024-04-09T08:38:07","modified_gmt":"2024-04-09T08:38:07","slug":"luxusreisen-und-luxusurlaub-in-irland","status":"publish","type":"page","link":"https:\/\/www.urlaubcornwall.de\/blog\/luxusreisen-und-luxusurlaub-in-irland\/","title":{"rendered":"Luxusreisen und Luxusurlaub in Irland"},"content":{"rendered":"<p><a href=\"https:\/\/www.urlaubcornwall.de\/blog\/wp-content\/uploads\/2024\/03\/irland-chloss.jpg\"><img loading=\"lazy\" class=\"aligncenter size-full wp-image-20499\" src=\"https:\/\/www.urlaubcornwall.de\/blog\/wp-content\/uploads\/2024\/03\/irland-chloss.jpg\" alt=\"irland schloss\" width=\"750\" height=\"563\"\/><\/a><br \/>\n<strong>Reisen Sie stilvoll durch Dublin um die Smaragdinsel <\/strong> &#8211; Dublin ist ein Muss w\u00e4hrend jedes <a href=\"https:\/\/www.urlaubcornwall.de\/blog\/erleben-sie-irland-die-emerald-insel\/\">Besuches in Irland<\/a>, perfekt als Teil einer Rundreise oder Kurzurlaubs oder St\u00e4dtereise. Als eine kleine am Fluss gelegene Stadt mit einem gro\u00dfen Herzen ist dieses historische Zentrum beliebt aufgrund seiner Kneipen. Eine junge und energiegeladene Bev\u00f6lkerung stellt sicher, dass stets Gesch\u00e4ftigkeit in der Luft liegt. Es ist auch Zuhause einiger fantastischer Luxushotels wie des Trinity Hotels im Herzen Dublins, das Sie sowohl auf traditionell irische Weise willkommen hei\u00dft als auch den Luxus bietet, den Sie erwarten.<\/p>\n<p style=\"text-align: left;\">Erkunden Sie Land und K\u00fcste, indem Sie sich westw\u00e4rts bewegen Richtung der St\u00e4dte Waterford und Cork und \u00fcbernachten Sie dabei in 4 &amp; 5-Sterne-Hotels und exklusiven Schlosshotels. Der Ring of Kerry ist eine 179km lange Rundtour f\u00fcr Touristen in County Kerry und f\u00fchrt durch einige der besten Landschaften Irlands. Der Wild Atlantic Way ist eine Stra\u00dfenroute, die der Westk\u00fcste Irlands folgt von Malin Head in County Donegal bis nach Kinsale im S\u00fcden des Landes. Entlang der Route kommen Sie an unber\u00fchrten D\u00f6rfern, zerkl\u00fcfteten K\u00fcstenstrichen und epischen Panoramen vorbei.<\/p>\n<div class=\"snippet\"> <a class=\"featured-item\" href=\" https:\/\/www.urlaubcornwall.de\/blog\/rundreisen-irland\/\"> <span class=\"image-holder\" style=\"background-image: url(' https:\/\/www.urlaubcornwall.de\/blog\/wp-content\/uploads\/2019\/01\/wild-atlantic-way-irland.jpg');\"><\/span> <span class=\"featured-content\"> \n<h2 class=\"featured-title\">Luxusurlaub in Irland<\/h2>\n<p class=\"featured-body\">Die Luxusreise Irland macht \u00edhrem Namen alle Ehre. Sie werden nicht nur die sch\u00f6nsten und beeindruckendsten Orte Irlands kennenlernen, sondern dabei auch noch den gr\u00f6\u00dften Komfort genie\u00dfen&#8230;&#8230;.<\/p>\n<\/span> <span class=\"featured-link-holder\"> <span class=\"featured-extra-info\"> \n<p>Eine fantastische Auswahl an Rundreisen<\/p>\n<\/span> \n<p class=\"featured-link\">DETAILS<\/p>\n<\/span> <\/a><\/div>\n<p style=\"text-align: left;\">Wir haben uns darauf spezialisiert, einzigartige Luxusurlaube in Irland zusammenzustellen, die Ihren Anforderungen perfekt entsprechen, einschlie\u00dflich der Fl\u00fcge, Autovermietung und besondere Anforderungen, die Sie vielleicht haben. In einer Eins-zu-Eins-Beratung mit unseren Reiseexperten finden wir genau heraus, wonach Sie bei Ihren Urlaubsplanen suchen, was wiederum bedeutet, dass keine zwei Reisepl\u00e4ne sich gleichen.<\/p>\n<p>Wir bieten eine fantastische Auswahl an Rundreisen mit den beliebtesten Attraktionen und St\u00e4dten in Irland &#8211; UrlaubCornwall.de hat seinen Firmensitz in Cornwall in S\u00fcdwestengland und bietet Kunden im Deutsch sprechenden Europa Hilfe im Erstellen der perfekten Urlaubserfahrung hier. Wir haben <a href=\"http:\/\/www.urlaubcornwall.de\/rundreisenservice.php\">ein Team Deutsch sprechender Experten<\/a>, so dass wir eine individuelle Urlaub in Irland. <\/p>\n<p style=\"text-align: center;\"><a class=\"tidycta\" href=\"https:\/\/www.urlaubcornwall.de\/reisebuchung.php?tourcode=Luxusreise Irland\">Luxusreise Anfrage<\/a><\/p>\n","protected":false},"excerpt":{"rendered":"<p>Reisen Sie stilvoll durch Dublin um die Smaragdinsel &#8211; Dublin ist ein Muss w\u00e4hrend jedes Besuches in Irland, perfekt als Teil einer Rundreise oder Kurzurlaubs oder St\u00e4dtereise. Als eine kleine am Fluss gelegene Stadt mit einem gro\u00dfen Herzen ist dieses historische Zentrum beliebt aufgrund seiner Kneipen. Eine junge und energiegeladene Bev\u00f6lkerung stellt sicher, dass stets [&hellip;]<\/p>\n","protected":false},"author":1,"featured_media":0,"parent":0,"menu_order":0,"comment_status":"closed","ping_status":"closed","template":"single-four.php","meta":[],"acf":[],"yoast_head":"<!-- This site is optimized with the Yoast SEO plugin v19.4 - https:\/\/yoast.com\/wordpress\/plugins\/seo\/ -->\n<title>Luxusreisen und Luxusurlaub in Irland - Urlaub &amp; Reisen<\/title>\n<meta name=\"robots\" content=\"index, follow, max-snippet:-1, max-image-preview:large, max-video-preview:-1\" \/>\n<link rel=\"canonical\" href=\"https:\/\/www.urlaubcornwall.de\/blog\/luxusreisen-und-luxusurlaub-in-irland\/\" \/>\n<meta property=\"og:locale\" content=\"en_US\" \/>\n<meta property=\"og:type\" content=\"article\" \/>\n<meta property=\"og:title\" content=\"Luxusreisen und Luxusurlaub in Irland - Urlaub &amp; Reisen\" \/>\n<meta property=\"og:description\" content=\"Reisen Sie stilvoll durch Dublin um die Smaragdinsel &#8211; Dublin ist ein Muss w\u00e4hrend jedes Besuches in Irland, perfekt als Teil einer Rundreise oder Kurzurlaubs oder St\u00e4dtereise. Als eine kleine am Fluss gelegene Stadt mit einem gro\u00dfen Herzen ist dieses historische Zentrum beliebt aufgrund seiner Kneipen. Eine junge und energiegeladene Bev\u00f6lkerung stellt sicher, dass stets [&hellip;]\" \/>\n<meta property=\"og:url\" content=\"https:\/\/www.urlaubcornwall.de\/blog\/luxusreisen-und-luxusurlaub-in-irland\/\" \/>\n<meta property=\"og:site_name\" content=\"Urlaub &amp; Reisen\" \/>\n<meta property=\"article:modified_time\" content=\"2024-04-09T08:38:07+00:00\" \/>\n<meta property=\"og:image\" content=\"https:\/\/www.urlaubcornwall.de\/blog\/wp-content\/uploads\/2024\/03\/irland-chloss.jpg\" \/>\n<meta name=\"twitter:card\" content=\"summary\" \/>\n<meta name=\"twitter:label1\" content=\"Est. reading time\" \/>\n\t<meta name=\"twitter:data1\" content=\"2 minutes\" \/>\n<script type=\"application\/ld+json\" class=\"yoast-schema-graph\">{\"@context\":\"https:\/\/schema.org\",\"@graph\":[{\"@type\":\"WebSite\",\"@id\":\"https:\/\/www.urlaubcornwall.de\/blog\/#website\",\"url\":\"https:\/\/www.urlaubcornwall.de\/blog\/\",\"name\":\"Urlaub &amp; Reisen\",\"description\":\"Urlaub, Reisen, Cornwall und S\u00fcdengland: eine perfekte Kombination\",\"potentialAction\":[{\"@type\":\"SearchAction\",\"target\":{\"@type\":\"EntryPoint\",\"urlTemplate\":\"https:\/\/www.urlaubcornwall.de\/blog\/?s={search_term_string}\"},\"query-input\":\"required name=search_term_string\"}],\"inLanguage\":\"en-US\"},{\"@type\":\"WebPage\",\"@id\":\"https:\/\/www.urlaubcornwall.de\/blog\/luxusreisen-und-luxusurlaub-in-irland\/\",\"url\":\"https:\/\/www.urlaubcornwall.de\/blog\/luxusreisen-und-luxusurlaub-in-irland\/\",\"name\":\"Luxusreisen und Luxusurlaub in Irland - Urlaub &amp; Reisen\",\"isPartOf\":{\"@id\":\"https:\/\/www.urlaubcornwall.de\/blog\/#website\"},\"datePublished\":\"2015-10-12T10:52:26+00:00\",\"dateModified\":\"2024-04-09T08:38:07+00:00\",\"breadcrumb\":{\"@id\":\"https:\/\/www.urlaubcornwall.de\/blog\/luxusreisen-und-luxusurlaub-in-irland\/#breadcrumb\"},\"inLanguage\":\"en-US\",\"potentialAction\":[{\"@type\":\"ReadAction\",\"target\":[\"https:\/\/www.urlaubcornwall.de\/blog\/luxusreisen-und-luxusurlaub-in-irland\/\"]}]},{\"@type\":\"BreadcrumbList\",\"@id\":\"https:\/\/www.urlaubcornwall.de\/blog\/luxusreisen-und-luxusurlaub-in-irland\/#breadcrumb\",\"itemListElement\":[{\"@type\":\"ListItem\",\"position\":1,\"name\":\"Home\",\"item\":\"https:\/\/www.urlaubcornwall.de\/blog\/\"},{\"@type\":\"ListItem\",\"position\":2,\"name\":\"Luxusreisen und Luxusurlaub in Irland\"}]}]}<\/script>\n<!-- \/ Yoast SEO plugin. -->","yoast_head_json":{"title":"Luxusreisen und Luxusurlaub in Irland - Urlaub &amp; Reisen","robots":{"index":"index","follow":"follow","max-snippet":"max-snippet:-1","max-image-preview":"max-image-preview:large","max-video-preview":"max-video-preview:-1"},"canonical":"https:\/\/www.urlaubcornwall.de\/blog\/luxusreisen-und-luxusurlaub-in-irland\/","og_locale":"en_US","og_type":"article","og_title":"Luxusreisen und Luxusurlaub in Irland - Urlaub &amp; Reisen","og_description":"Reisen Sie stilvoll durch Dublin um die Smaragdinsel &#8211; Dublin ist ein Muss w\u00e4hrend jedes Besuches in Irland, perfekt als Teil einer Rundreise oder Kurzurlaubs oder St\u00e4dtereise. Als eine kleine am Fluss gelegene Stadt mit einem gro\u00dfen Herzen ist dieses historische Zentrum beliebt aufgrund seiner Kneipen. Eine junge und energiegeladene Bev\u00f6lkerung stellt sicher, dass stets [&hellip;]","og_url":"https:\/\/www.urlaubcornwall.de\/blog\/luxusreisen-und-luxusurlaub-in-irland\/","og_site_name":"Urlaub &amp; Reisen","article_modified_time":"2024-04-09T08:38:07+00:00","og_image":[{"url":"https:\/\/www.urlaubcornwall.de\/blog\/wp-content\/uploads\/2024\/03\/irland-chloss.jpg"}],"twitter_card":"summary","twitter_misc":{"Est. reading time":"2 minutes"},"schema":{"@context":"https:\/\/schema.org","@graph":[{"@type":"WebSite","@id":"https:\/\/www.urlaubcornwall.de\/blog\/#website","url":"https:\/\/www.urlaubcornwall.de\/blog\/","name":"Urlaub &amp; Reisen","description":"Urlaub, Reisen, Cornwall und S\u00fcdengland: eine perfekte Kombination","potentialAction":[{"@type":"SearchAction","target":{"@type":"EntryPoint","urlTemplate":"https:\/\/www.urlaubcornwall.de\/blog\/?s={search_term_string}"},"query-input":"required name=search_term_string"}],"inLanguage":"en-US"},{"@type":"WebPage","@id":"https:\/\/www.urlaubcornwall.de\/blog\/luxusreisen-und-luxusurlaub-in-irland\/","url":"https:\/\/www.urlaubcornwall.de\/blog\/luxusreisen-und-luxusurlaub-in-irland\/","name":"Luxusreisen und Luxusurlaub in Irland - Urlaub &amp; Reisen","isPartOf":{"@id":"https:\/\/www.urlaubcornwall.de\/blog\/#website"},"datePublished":"2015-10-12T10:52:26+00:00","dateModified":"2024-04-09T08:38:07+00:00","breadcrumb":{"@id":"https:\/\/www.urlaubcornwall.de\/blog\/luxusreisen-und-luxusurlaub-in-irland\/#breadcrumb"},"inLanguage":"en-US","potentialAction":[{"@type":"ReadAction","target":["https:\/\/www.urlaubcornwall.de\/blog\/luxusreisen-und-luxusurlaub-in-irland\/"]}]},{"@type":"BreadcrumbList","@id":"https:\/\/www.urlaubcornwall.de\/blog\/luxusreisen-und-luxusurlaub-in-irland\/#breadcrumb","itemListElement":[{"@type":"ListItem","position":1,"name":"Home","item":"https:\/\/www.urlaubcornwall.de\/blog\/"},{"@type":"ListItem","position":2,"name":"Luxusreisen und Luxusurlaub in Irland"}]}]}},"_links":{"self":[{"href":"https:\/\/www.urlaubcornwall.de\/blog\/wp-json\/wp\/v2\/pages\/20589"}],"collection":[{"href":"https:\/\/www.urlaubcornwall.de\/blog\/wp-json\/wp\/v2\/pages"}],"about":[{"href":"https:\/\/www.urlaubcornwall.de\/blog\/wp-json\/wp\/v2\/types\/page"}],"author":[{"embeddable":true,"href":"https:\/\/www.urlaubcornwall.de\/blog\/wp-json\/wp\/v2\/users\/1"}],"replies":[{"embeddable":true,"href":"https:\/\/www.urlaubcornwall.de\/blog\/wp-json\/wp\/v2\/comments?post=20589"}],"version-history":[{"count":17,"href":"https:\/\/www.urlaubcornwall.de\/blog\/wp-json\/wp\/v2\/pages\/20589\/revisions"}],"predecessor-version":[{"id":49055,"href":"https:\/\/www.urlaubcornwall.de\/blog\/wp-json\/wp\/v2\/pages\/20589\/revisions\/49055"}],"wp:attachment":[{"href":"https:\/\/www.urlaubcornwall.de\/blog\/wp-json\/wp\/v2\/media?parent=20589"}],"curies":[{"name":"wp","href":"https:\/\/api.w.org\/{rel}","templated":true}]}}