{"id":20518,"date":"2015-10-11T13:19:26","date_gmt":"2015-10-11T13:19:26","guid":{"rendered":"https:\/\/www.urlaubcornwall.de\/blog\/?page_id=20518"},"modified":"2024-05-29T10:23:32","modified_gmt":"2024-05-29T10:23:32","slug":"familienurlaub-in-suedengland-london","status":"publish","type":"page","link":"https:\/\/www.urlaubcornwall.de\/blog\/familienurlaub-in-suedengland-london\/","title":{"rendered":"Familienurlaub in S\u00fcdengland &#038; London"},"content":{"rendered":"<p><a href=\"https:\/\/www.urlaubcornwall.de\/blog\/wp-content\/uploads\/2024\/03\/cape-cornwall_lands-end.jpg\"><img loading=\"lazy\" src=\"https:\/\/www.urlaubcornwall.de\/blog\/wp-content\/uploads\/2024\/03\/cape-cornwall_lands-end.jpg\" alt=\"cape cornwall_lands end\" width=\"750\" height=\"500\" class=\"alignnone size-full wp-image-48059\" srcset=\"https:\/\/www.urlaubcornwall.de\/blog\/wp-content\/uploads\/2024\/03\/cape-cornwall_lands-end.jpg 750w, https:\/\/www.urlaubcornwall.de\/blog\/wp-content\/uploads\/2024\/03\/cape-cornwall_lands-end-300x200.jpg 300w\" sizes=\"(max-width: 750px) 100vw, 750px\" \/><\/a><\/p>\n<p>S\u00fcdengland und <a href=\"https:\/\/www.urlaubcornwall.de\/blog\/kurzurlaub-kurzreise-nach-london\/\">London<\/a> haben mit Attraktionen und Besch\u00e4ftigungsangeboten f\u00fcr Kinder jeder Altersstufe wahrhaft eine Menge zu bieten im Rahmen eines Familienurlaubs. Einen Familienurlaub mit Kindern zu planen, kann schwierig sein. Sie m\u00fcssen dabei die richtige Unterkunft bedenken und nat\u00fcrlich ein kinderfreundliches Reiseziel. Wenn Sie also nach etwas suchen, das Ihre Kinder m\u00fchelos bei Laune halten wird und dabei Ihnen (und Ihrem Partner) gestattet, neue Orte zu erkunden und wohlverdiente Kultur, so suchen Sie nicht weiter!<\/p>\n<p style=\"text-align: left;\">Die richtige Unterkunft zu finden, wird niemals ein Problem darstellen, da es einige der besten <a href=\"https:\/\/www.urlaubcornwall.de\/blog\/hotels-in-england\/\">Familienhotels<\/a> und eine breite Auswahl an Ferienh\u00e4usern und Ferienappartements gibt&#8230;.<a href=\"http:\/\/www.urlaubcornwall.de\/ferienhaueser\/suedengland.php\">S\u00fcdengland<\/a>, <a href=\"https:\/\/www.urlaubcornwall.de\/ferienhaeuser\/suedwesten-englands.php\">S\u00fcdwestengland<\/a>, <a href=\"https:\/\/www.urlaubcornwall.de\/ferienhaeuser\/kent.php\">Kent<\/a> &amp; <a href=\"https:\/\/www.urlaubcornwall.de\/ferienhaeuser\/sussex.php\">Sussex<\/a>.<\/p>\n<div class=\"snippet\"> <a class=\"featured-item\" href=\"https:\/\/www.urlaubcornwall.de\/ferienhaeuser\/suedengland.php\"> <span class=\"image-holder\" style=\"background-image: url(' https:\/\/www.urlaubcornwall.de\/blog\/wp-content\/uploads\/2018\/12\/familienurlaub-corwnall-snippet.jpg');\"><\/span> <span class=\"featured-content\"> \n<h2 class=\"featured-title\"> Ferienh\u00e4user in S\u00fcdengland<\/h2>\n<p class=\"featured-body\">Bei uns finden Sie Ferienh\u00e4user zum Verlieben &#8211; so einfach ist das! Dank seiner langen Geschichte, der reizvollen Landschaften und seinen vielen Attraktionen ist S\u00fcdengland ein wahres Mekka f\u00fcr Urlauber&#8230;.<\/p>\n<\/span> <span class=\"featured-link-holder\"> <span class=\"featured-extra-info\"> \n<p>Familienurlaub &#038; S\u00fcdengland: eine perfekte Kombination<\/p>\n<\/span> \n<p class=\"featured-link\">DETAILS<\/p>\n<\/span> <\/a><\/div>\n<p>S\u00fcdengland &amp; London sind das perfekte Urlaubsziel schlechthin, wenn Sie Kinder mitbringen. Von kinderfreundlichen Museen bis hin zu weitl\u00e4ufigen Parks und Familienveranstaltungen hat London tats\u00e4chlich alles zu bieten! <a href=\"http:\/\/www.urlaubcornwall.de\/\">UrlaubCornwall.de<\/a> ist ein in Cornwall ans\u00e4ssiges Unternehmen k\u00f6nnen wir uns mit 20 Jahren Erfahrung in der Organisation von Rundreisen durch Gro\u00dfbritannien r\u00fchmen.<\/p>\n<div class=\"snippet\"> <a class=\"featured-item\" href=\"https:\/\/www.urlaubcornwall.de\/rundreisen\/cornwall-suedengland.php\"> <span class=\"image-holder\" style=\"background-image: url(' https:\/\/www.urlaubcornwall.de\/blog\/wp-content\/uploads\/2024\/03\/salisbury-catherdral_small.jpg');\"><\/span> <span class=\"featured-content\"> \n<h2 class=\"featured-title\"> Rundreisen in S\u00fcdengland<\/h2>\n<p class=\"featured-body\">Cornwall und S\u00fcdengland mit dem Auto zu erkunden, ist die perfekte Reisem\u00f6glichkeit und erm\u00f6glicht es Ihnen, Entdeckungen zu machen und einen Urlaub im eigenen Schritttempo und nach eigenem Zeitplan zu genie\u00dfen&#8230;..<\/p>\n<\/span> <span class=\"featured-link-holder\"> <span class=\"featured-extra-info\"> \n<p>Familienurlaub &#038; S\u00fcdengland: eine perfekte Kombination<\/p>\n<\/span> \n<p class=\"featured-link\">DETAILS<\/p>\n<\/span> <\/a><\/div>\n","protected":false},"excerpt":{"rendered":"<p>S\u00fcdengland und London haben mit Attraktionen und Besch\u00e4ftigungsangeboten f\u00fcr Kinder jeder Altersstufe wahrhaft eine Menge zu bieten im Rahmen eines Familienurlaubs. Einen Familienurlaub mit Kindern zu planen, kann schwierig sein. Sie m\u00fcssen dabei die richtige Unterkunft bedenken und nat\u00fcrlich ein kinderfreundliches Reiseziel. Wenn Sie also nach etwas suchen, das Ihre Kinder m\u00fchelos bei Laune halten [&hellip;]<\/p>\n","protected":false},"author":1,"featured_media":0,"parent":0,"menu_order":0,"comment_status":"closed","ping_status":"closed","template":"single-four.php","meta":[],"acf":[],"yoast_head":"<!-- This site is optimized with the Yoast SEO plugin v19.4 - https:\/\/yoast.com\/wordpress\/plugins\/seo\/ -->\n<title>Familienurlaub in S\u00fcdengland &amp; London - Urlaub &amp; Reisen<\/title>\n<meta name=\"robots\" content=\"index, follow, max-snippet:-1, max-image-preview:large, max-video-preview:-1\" \/>\n<link rel=\"canonical\" href=\"https:\/\/www.urlaubcornwall.de\/blog\/familienurlaub-in-suedengland-london\/\" \/>\n<meta property=\"og:locale\" content=\"en_US\" \/>\n<meta property=\"og:type\" content=\"article\" \/>\n<meta property=\"og:title\" content=\"Familienurlaub in S\u00fcdengland &amp; London - Urlaub &amp; Reisen\" \/>\n<meta property=\"og:description\" content=\"S\u00fcdengland und London haben mit Attraktionen und Besch\u00e4ftigungsangeboten f\u00fcr Kinder jeder Altersstufe wahrhaft eine Menge zu bieten im Rahmen eines Familienurlaubs. Einen Familienurlaub mit Kindern zu planen, kann schwierig sein. Sie m\u00fcssen dabei die richtige Unterkunft bedenken und nat\u00fcrlich ein kinderfreundliches Reiseziel. Wenn Sie also nach etwas suchen, das Ihre Kinder m\u00fchelos bei Laune halten [&hellip;]\" \/>\n<meta property=\"og:url\" content=\"https:\/\/www.urlaubcornwall.de\/blog\/familienurlaub-in-suedengland-london\/\" \/>\n<meta property=\"og:site_name\" content=\"Urlaub &amp; Reisen\" \/>\n<meta property=\"article:modified_time\" content=\"2024-05-29T10:23:32+00:00\" \/>\n<meta property=\"og:image\" content=\"https:\/\/www.urlaubcornwall.de\/blog\/wp-content\/uploads\/2024\/03\/cape-cornwall_lands-end.jpg\" \/>\n<meta name=\"twitter:card\" content=\"summary\" \/>\n<meta name=\"twitter:label1\" content=\"Est. reading time\" \/>\n\t<meta name=\"twitter:data1\" content=\"2 minutes\" \/>\n<script type=\"application\/ld+json\" class=\"yoast-schema-graph\">{\"@context\":\"https:\/\/schema.org\",\"@graph\":[{\"@type\":\"WebSite\",\"@id\":\"https:\/\/www.urlaubcornwall.de\/blog\/#website\",\"url\":\"https:\/\/www.urlaubcornwall.de\/blog\/\",\"name\":\"Urlaub &amp; Reisen\",\"description\":\"Urlaub, Reisen, Cornwall und S\u00fcdengland: eine perfekte Kombination\",\"potentialAction\":[{\"@type\":\"SearchAction\",\"target\":{\"@type\":\"EntryPoint\",\"urlTemplate\":\"https:\/\/www.urlaubcornwall.de\/blog\/?s={search_term_string}\"},\"query-input\":\"required name=search_term_string\"}],\"inLanguage\":\"en-US\"},{\"@type\":\"WebPage\",\"@id\":\"https:\/\/www.urlaubcornwall.de\/blog\/familienurlaub-in-suedengland-london\/\",\"url\":\"https:\/\/www.urlaubcornwall.de\/blog\/familienurlaub-in-suedengland-london\/\",\"name\":\"Familienurlaub in S\u00fcdengland & London - Urlaub &amp; Reisen\",\"isPartOf\":{\"@id\":\"https:\/\/www.urlaubcornwall.de\/blog\/#website\"},\"datePublished\":\"2015-10-11T13:19:26+00:00\",\"dateModified\":\"2024-05-29T10:23:32+00:00\",\"breadcrumb\":{\"@id\":\"https:\/\/www.urlaubcornwall.de\/blog\/familienurlaub-in-suedengland-london\/#breadcrumb\"},\"inLanguage\":\"en-US\",\"potentialAction\":[{\"@type\":\"ReadAction\",\"target\":[\"https:\/\/www.urlaubcornwall.de\/blog\/familienurlaub-in-suedengland-london\/\"]}]},{\"@type\":\"BreadcrumbList\",\"@id\":\"https:\/\/www.urlaubcornwall.de\/blog\/familienurlaub-in-suedengland-london\/#breadcrumb\",\"itemListElement\":[{\"@type\":\"ListItem\",\"position\":1,\"name\":\"Home\",\"item\":\"https:\/\/www.urlaubcornwall.de\/blog\/\"},{\"@type\":\"ListItem\",\"position\":2,\"name\":\"Familienurlaub in S\u00fcdengland &#038; London\"}]}]}<\/script>\n<!-- \/ Yoast SEO plugin. -->","yoast_head_json":{"title":"Familienurlaub in S\u00fcdengland & London - Urlaub &amp; Reisen","robots":{"index":"index","follow":"follow","max-snippet":"max-snippet:-1","max-image-preview":"max-image-preview:large","max-video-preview":"max-video-preview:-1"},"canonical":"https:\/\/www.urlaubcornwall.de\/blog\/familienurlaub-in-suedengland-london\/","og_locale":"en_US","og_type":"article","og_title":"Familienurlaub in S\u00fcdengland & London - Urlaub &amp; Reisen","og_description":"S\u00fcdengland und London haben mit Attraktionen und Besch\u00e4ftigungsangeboten f\u00fcr Kinder jeder Altersstufe wahrhaft eine Menge zu bieten im Rahmen eines Familienurlaubs. Einen Familienurlaub mit Kindern zu planen, kann schwierig sein. Sie m\u00fcssen dabei die richtige Unterkunft bedenken und nat\u00fcrlich ein kinderfreundliches Reiseziel. Wenn Sie also nach etwas suchen, das Ihre Kinder m\u00fchelos bei Laune halten [&hellip;]","og_url":"https:\/\/www.urlaubcornwall.de\/blog\/familienurlaub-in-suedengland-london\/","og_site_name":"Urlaub &amp; Reisen","article_modified_time":"2024-05-29T10:23:32+00:00","og_image":[{"url":"https:\/\/www.urlaubcornwall.de\/blog\/wp-content\/uploads\/2024\/03\/cape-cornwall_lands-end.jpg"}],"twitter_card":"summary","twitter_misc":{"Est. reading time":"2 minutes"},"schema":{"@context":"https:\/\/schema.org","@graph":[{"@type":"WebSite","@id":"https:\/\/www.urlaubcornwall.de\/blog\/#website","url":"https:\/\/www.urlaubcornwall.de\/blog\/","name":"Urlaub &amp; Reisen","description":"Urlaub, Reisen, Cornwall und S\u00fcdengland: eine perfekte Kombination","potentialAction":[{"@type":"SearchAction","target":{"@type":"EntryPoint","urlTemplate":"https:\/\/www.urlaubcornwall.de\/blog\/?s={search_term_string}"},"query-input":"required name=search_term_string"}],"inLanguage":"en-US"},{"@type":"WebPage","@id":"https:\/\/www.urlaubcornwall.de\/blog\/familienurlaub-in-suedengland-london\/","url":"https:\/\/www.urlaubcornwall.de\/blog\/familienurlaub-in-suedengland-london\/","name":"Familienurlaub in S\u00fcdengland & London - Urlaub &amp; Reisen","isPartOf":{"@id":"https:\/\/www.urlaubcornwall.de\/blog\/#website"},"datePublished":"2015-10-11T13:19:26+00:00","dateModified":"2024-05-29T10:23:32+00:00","breadcrumb":{"@id":"https:\/\/www.urlaubcornwall.de\/blog\/familienurlaub-in-suedengland-london\/#breadcrumb"},"inLanguage":"en-US","potentialAction":[{"@type":"ReadAction","target":["https:\/\/www.urlaubcornwall.de\/blog\/familienurlaub-in-suedengland-london\/"]}]},{"@type":"BreadcrumbList","@id":"https:\/\/www.urlaubcornwall.de\/blog\/familienurlaub-in-suedengland-london\/#breadcrumb","itemListElement":[{"@type":"ListItem","position":1,"name":"Home","item":"https:\/\/www.urlaubcornwall.de\/blog\/"},{"@type":"ListItem","position":2,"name":"Familienurlaub in S\u00fcdengland &#038; London"}]}]}},"_links":{"self":[{"href":"https:\/\/www.urlaubcornwall.de\/blog\/wp-json\/wp\/v2\/pages\/20518"}],"collection":[{"href":"https:\/\/www.urlaubcornwall.de\/blog\/wp-json\/wp\/v2\/pages"}],"about":[{"href":"https:\/\/www.urlaubcornwall.de\/blog\/wp-json\/wp\/v2\/types\/page"}],"author":[{"embeddable":true,"href":"https:\/\/www.urlaubcornwall.de\/blog\/wp-json\/wp\/v2\/users\/1"}],"replies":[{"embeddable":true,"href":"https:\/\/www.urlaubcornwall.de\/blog\/wp-json\/wp\/v2\/comments?post=20518"}],"version-history":[{"count":29,"href":"https:\/\/www.urlaubcornwall.de\/blog\/wp-json\/wp\/v2\/pages\/20518\/revisions"}],"predecessor-version":[{"id":50573,"href":"https:\/\/www.urlaubcornwall.de\/blog\/wp-json\/wp\/v2\/pages\/20518\/revisions\/50573"}],"wp:attachment":[{"href":"https:\/\/www.urlaubcornwall.de\/blog\/wp-json\/wp\/v2\/media?parent=20518"}],"curies":[{"name":"wp","href":"https:\/\/api.w.org\/{rel}","templated":true}]}}