{"id":20446,"date":"2015-10-10T14:21:36","date_gmt":"2015-10-10T14:21:36","guid":{"rendered":"https:\/\/www.urlaubcornwall.de\/blog\/?page_id=20446"},"modified":"2024-05-28T15:08:02","modified_gmt":"2024-05-28T15:08:02","slug":"urlaub-reisen-durch-nordengland","status":"publish","type":"page","link":"https:\/\/www.urlaubcornwall.de\/blog\/urlaub-reisen-durch-nordengland\/","title":{"rendered":"Urlaub &#038; Reisen durch Nordengland"},"content":{"rendered":"<p style=\"text-align: center;\"><a href=\"https:\/\/www.urlaubcornwall.de\/blog\/wp-content\/uploads\/2015\/10\/yorkshire-dales_2.jpg\"><img loading=\"lazy\" class=\"aligncenter size-large wp-image-20447\" src=\"https:\/\/www.urlaubcornwall.de\/blog\/wp-content\/uploads\/2015\/10\/yorkshire-dales_2.jpg\" alt=\"yorkshire dales_2\" width=\"749\" height=\"367\"\/><\/a><\/p>\n<p style=\"text-align: left;\">Wundersch\u00f6n unber\u00fchrte Landschaft , die Bergketten des Lake District, die saftigen gr\u00fcnen T\u00e4ler der Yorkshire Dales und die langen goldenen Sandstr\u00e4nde entlang der <a href=\"https:\/\/www.urlaubcornwall.de\/ferienhaeuser-fewos\/eng\/northumberland\/northumberland.html\">K\u00fcste Northumberlands<\/a>.<\/p>\n<p style=\"text-align: left;\">Als Urlaubsziel bieten die St\u00e4dte Nordenglands, <a href=\"https:\/\/www.urlaubcornwall.de\/ferienhaeuser-fewos\/eng\/cheshire\/cheshire.html\">Cheshire<\/a>, <a href=\"https:\/\/www.urlaubcornwall.de\/ferienhaeuser-fewos\/eng\/lake-district\/lake-district.html\">Cumbria<\/a>, <a href=\"https:\/\/www.urlaubcornwall.de\/ferienhaeuser-fewos\/eng\/derbyshire\/derbyshire.html\">Derbyshire<\/a> und <a href=\"https:\/\/www.urlaubcornwall.de\/ferienhaeuser-fewos\/eng\/yorkshire\/yorkshire.html\">Yorkshire<\/a> eine der vielf\u00e4ltigsten und <a href=\"https:\/\/www.urlaubcornwall.de\/blog\/rundreisen-grossbritannien-und-irland\/\">spektakul\u00e4rsten Landschaften Gro\u00dfbritanniens.<\/a> Die Westk\u00fcste hat goldene Sandstr\u00e4nde und mildes Klima; der Osten ist bekannt f\u00fcr seine zerkl\u00fcfteten Klippen und st\u00fcrmisches Wetter. In den Kalkdales finden sie eine sanfte pastorale Landschaft im Kontrast zu den dramatischen Bergen des <a href=\"https:\/\/www.urlaubcornwall.de\/ferienhaeuser-fewos\/eng\/lake-district\/lake-district.html\">Lake District<\/a>. In den gro\u00dfen St\u00e4dten des Nordens, Manchester, Liverpool und Leeds sind Sie nie wirklich weit entfernt von friedvoller Landschaft, h\u00fcbschen D\u00f6rfern und herrlicher Kulisse. Abgelegen von den st\u00e4dtischen Gebieten ist dies eine der am wenigsten bev\u00f6lkerten Regionen Englands.<\/p>\n<p><a href=\"https:\/\/www.urlaubcornwall.de\/blog\/wp-content\/uploads\/2024\/03\/lake-district_seen-1.jpg\"><img loading=\"lazy\" src=\"https:\/\/www.urlaubcornwall.de\/blog\/wp-content\/uploads\/2024\/03\/lake-district_seen-1.jpg\" alt=\"lake district_seen\" width=\"750\" height=\"500\" class=\"alignnone size-full wp-image-47990\" srcset=\"https:\/\/www.urlaubcornwall.de\/blog\/wp-content\/uploads\/2024\/03\/lake-district_seen-1.jpg 750w, https:\/\/www.urlaubcornwall.de\/blog\/wp-content\/uploads\/2024\/03\/lake-district_seen-1-300x200.jpg 300w\" sizes=\"(max-width: 750px) 100vw, 750px\" \/><\/a><\/p>\n<p style=\"text-align: left;\">Der gr\u00f6\u00dfte Teil des Peak District, Englands beliebtester Nationalpark, befindet sich in Derbyshire mit atemberaubendem Blick und ist hervorragend geeignet zum Radfahren, Wandern und f\u00fcr Tierbeobachtungen. Herrliche H\u00e4user wie Chatsworth und Haddon Hall sind hervorragende Beispiele englischer Landh\u00e4user. D\u00f6rfer wie <a href=\"https:\/\/www.urlaubcornwall.de\/ferienhaeuser-fewos\/eng\/derbyshire\/matlock.html\">Matlock<\/a>, <a href=\"https:\/\/www.urlaubcornwall.de\/ferienhaeuser-fewos\/eng\/derbyshire\/castleton.html\">Castleton<\/a>, bekannt f\u00fcr seine H\u00f6hlen, und <a href=\"https:\/\/www.urlaubcornwall.de\/ferienhaeuser-fewos\/eng\/derbyshire\/bakewell.html\">Bakewell<\/a>, die \u201eHauptstadt\u201c des Peak District und bekannt f\u00fcr ihren Pudding, ziehen Besucher von nah und fern an.<\/p>\n<p style=\"text-align: left;\">Die Landschaft der Yorkshire Dales kann wild und windig oder friedlich ruhig sein. Hier finden Sie einige der feinsten Kalklandschaften Englands, von Felsen und B\u00fcrgersteigen bis hin zu einem Labyrinth an H\u00f6hlen untertage. Jedes Tal oder &#8216;dale\u2018 hat seinen eigenen bezeichnenden Charakter mit ausgedehntem Heidemoorland als Kulisse. Hawes, die h\u00f6chst gelegene Marktstadt Englands, liegt in Wensleydale, das bekannt ist f\u00fcr seinen K\u00e4se, und der h\u00f6chste Wasserfall ist der spektakul\u00e4re Hawdraw Force.<\/p>\n<p style=\"text-align: left;\">Die Stadt York befindet sich am Rande der n\u00f6rdlichen North York Moors und ist ein Muss einer jeden Rundreise durch England. Von den Meeresorten <a href=\"https:\/\/www.urlaubcornwall.de\/ferienhaeuser-fewos\/eng\/yorkshire\/whitby.html\">Whitby<\/a> und <a href=\"https:\/\/www.urlaubcornwall.de\/ferienhaeuser-fewos\/eng\/yorkshire\/scarborough.html\">Scarborough<\/a> bis hin zu kleinen Marktst\u00e4dten, bietet die herrliche Landschaft zu jeder Jahreszeit etwas.<\/p>\n<p style=\"text-align: left;\">Der Lake District mit seinen hoch aufragenden Bergen, st\u00fcrzenden Wasserf\u00e4llen und Seen jeglicher Form und Gr\u00f6\u00dfe schafft eine Landschaft, die seit \u00fcber 200 Jahren Poeten, Schriftsteller und K\u00fcnstler inspiriert.<\/p>\n<p style=\"text-align: center;\">UrlaubCornwall verf\u00fcgt Ferienh\u00e4user und Ferienwohnungen f\u00fcr Ihren Urlaub in Nordengland. Unterk\u00fcnfte der Spitzenklasse f\u00fcr 2 Personen, Familien und Gruppen mit 4, 6, 8, 10 oder 12 G\u00e4sten.<\/p>\n<h1 style=\"text-align: center;\"><strong>Bei uns finden Sie Ferienh\u00e4user zum Verlieben \u2013 so einfach ist das!<\/strong><\/h1>\n<p style=\"text-align: center;\"><a class=\"tidycta\" href=\"https:\/\/www.urlaubcornwall.de\/ferienhaeuser.php\">Suche Ferienh\u00e4user in Nordengland &gt;&gt;<\/a><\/p>\n<p style=\"text-align: center;\"><img loading=\"lazy\" class=\"aligncenter size-full wp-image-24598\" src=\"https:\/\/www.urlaubcornwall.de\/blog\/wp-content\/uploads\/2016\/06\/urlaub-und-gro\u00dfbritannien_logo_final.jpg\" alt=\"\" width=\"746\" height=\"361\" srcset=\"https:\/\/www.urlaubcornwall.de\/blog\/wp-content\/uploads\/2016\/06\/urlaub-und-gro\u00dfbritannien_logo_final.jpg 746w, https:\/\/www.urlaubcornwall.de\/blog\/wp-content\/uploads\/2016\/06\/urlaub-und-gro\u00dfbritannien_logo_final-300x145.jpg 300w\" sizes=\"(max-width: 746px) 100vw, 746px\" \/><\/p>\n<p style=\"text-align: center;\">UrlaubCornwall.de hat eine einzigartige Sammlung pers\u00f6nlich inspizierter Ferienh\u00e4user und Ferienwohnungen in Nordengland, <a href=\"https:\/\/www.urlaubcornwall.de\/ferienhaueser\/suedengland.php\">S\u00fcdengland<\/a> und nun auch im gesamten Gro\u00dfbritannien.<\/p>\n<p style=\"text-align: center;\">UrlaubCornwall.de hat seinen Firmensitz in Cornwall in S\u00fcdwestengland und bietet Kunden im Deutsch sprechenden Europa Hilfe im Erstellen der perfekten Urlaubserfahrung hier. Wir haben <a href=\"http:\/\/www.urlaubcornwall.de\/rundreisenservice.php\">ein Team Deutsch sprechender Experten<\/a>, so dass wir eine individuelle Urlaub in England &amp; Wales.<\/p>\n","protected":false},"excerpt":{"rendered":"<p>Wundersch\u00f6n unber\u00fchrte Landschaft , die Bergketten des Lake District, die saftigen gr\u00fcnen T\u00e4ler der Yorkshire Dales und die langen goldenen Sandstr\u00e4nde entlang der K\u00fcste Northumberlands. Als Urlaubsziel bieten die St\u00e4dte Nordenglands, Cheshire, Cumbria, Derbyshire und Yorkshire eine der vielf\u00e4ltigsten und spektakul\u00e4rsten Landschaften Gro\u00dfbritanniens. Die Westk\u00fcste hat goldene Sandstr\u00e4nde und mildes Klima; der Osten ist bekannt [&hellip;]<\/p>\n","protected":false},"author":1,"featured_media":0,"parent":0,"menu_order":0,"comment_status":"closed","ping_status":"closed","template":"single-four.php","meta":[],"acf":[],"yoast_head":"<!-- This site is optimized with the Yoast SEO plugin v19.4 - https:\/\/yoast.com\/wordpress\/plugins\/seo\/ -->\n<title>Urlaub &amp; Reisen durch Nordengland - Urlaub &amp; Reisen<\/title>\n<meta name=\"description\" content=\"Wundersch\u00f6n unber\u00fchrte Landschaft , die Bergketten des Lake District, die saftigen gr\u00fcnen T\u00e4ler der Yorkshire Dales und die langen goldenen Sandstr\u00e4nde entlang der K\u00fcste Northumberlands.\" \/>\n<meta name=\"robots\" content=\"index, follow, max-snippet:-1, max-image-preview:large, max-video-preview:-1\" \/>\n<link rel=\"canonical\" href=\"https:\/\/www.urlaubcornwall.de\/blog\/urlaub-reisen-durch-nordengland\/\" \/>\n<meta property=\"og:locale\" content=\"en_US\" \/>\n<meta property=\"og:type\" content=\"article\" \/>\n<meta property=\"og:title\" content=\"Urlaub &amp; Reisen durch Nordengland - Urlaub &amp; Reisen\" \/>\n<meta property=\"og:description\" content=\"Wundersch\u00f6n unber\u00fchrte Landschaft , die Bergketten des Lake District, die saftigen gr\u00fcnen T\u00e4ler der Yorkshire Dales und die langen goldenen Sandstr\u00e4nde entlang der K\u00fcste Northumberlands.\" \/>\n<meta property=\"og:url\" content=\"https:\/\/www.urlaubcornwall.de\/blog\/urlaub-reisen-durch-nordengland\/\" \/>\n<meta property=\"og:site_name\" content=\"Urlaub &amp; Reisen\" \/>\n<meta property=\"article:modified_time\" content=\"2024-05-28T15:08:02+00:00\" \/>\n<meta property=\"og:image\" content=\"https:\/\/www.urlaubcornwall.de\/blog\/wp-content\/uploads\/2015\/10\/yorkshire-dales_2.jpg\" \/>\n<meta name=\"twitter:card\" content=\"summary\" \/>\n<meta name=\"twitter:label1\" content=\"Est. reading time\" \/>\n\t<meta name=\"twitter:data1\" content=\"3 minutes\" \/>\n<script type=\"application\/ld+json\" class=\"yoast-schema-graph\">{\"@context\":\"https:\/\/schema.org\",\"@graph\":[{\"@type\":\"WebSite\",\"@id\":\"https:\/\/www.urlaubcornwall.de\/blog\/#website\",\"url\":\"https:\/\/www.urlaubcornwall.de\/blog\/\",\"name\":\"Urlaub &amp; Reisen\",\"description\":\"Urlaub, Reisen, Cornwall und S\u00fcdengland: eine perfekte Kombination\",\"potentialAction\":[{\"@type\":\"SearchAction\",\"target\":{\"@type\":\"EntryPoint\",\"urlTemplate\":\"https:\/\/www.urlaubcornwall.de\/blog\/?s={search_term_string}\"},\"query-input\":\"required name=search_term_string\"}],\"inLanguage\":\"en-US\"},{\"@type\":\"WebPage\",\"@id\":\"https:\/\/www.urlaubcornwall.de\/blog\/urlaub-reisen-durch-nordengland\/\",\"url\":\"https:\/\/www.urlaubcornwall.de\/blog\/urlaub-reisen-durch-nordengland\/\",\"name\":\"Urlaub & Reisen durch Nordengland - Urlaub &amp; Reisen\",\"isPartOf\":{\"@id\":\"https:\/\/www.urlaubcornwall.de\/blog\/#website\"},\"datePublished\":\"2015-10-10T14:21:36+00:00\",\"dateModified\":\"2024-05-28T15:08:02+00:00\",\"description\":\"Wundersch\u00f6n unber\u00fchrte Landschaft , die Bergketten des Lake District, die saftigen gr\u00fcnen T\u00e4ler der Yorkshire Dales und die langen goldenen Sandstr\u00e4nde entlang der K\u00fcste Northumberlands.\",\"breadcrumb\":{\"@id\":\"https:\/\/www.urlaubcornwall.de\/blog\/urlaub-reisen-durch-nordengland\/#breadcrumb\"},\"inLanguage\":\"en-US\",\"potentialAction\":[{\"@type\":\"ReadAction\",\"target\":[\"https:\/\/www.urlaubcornwall.de\/blog\/urlaub-reisen-durch-nordengland\/\"]}]},{\"@type\":\"BreadcrumbList\",\"@id\":\"https:\/\/www.urlaubcornwall.de\/blog\/urlaub-reisen-durch-nordengland\/#breadcrumb\",\"itemListElement\":[{\"@type\":\"ListItem\",\"position\":1,\"name\":\"Home\",\"item\":\"https:\/\/www.urlaubcornwall.de\/blog\/\"},{\"@type\":\"ListItem\",\"position\":2,\"name\":\"Urlaub &#038; Reisen durch Nordengland\"}]}]}<\/script>\n<!-- \/ Yoast SEO plugin. -->","yoast_head_json":{"title":"Urlaub & Reisen durch Nordengland - Urlaub &amp; Reisen","description":"Wundersch\u00f6n unber\u00fchrte Landschaft , die Bergketten des Lake District, die saftigen gr\u00fcnen T\u00e4ler der Yorkshire Dales und die langen goldenen Sandstr\u00e4nde entlang der K\u00fcste Northumberlands.","robots":{"index":"index","follow":"follow","max-snippet":"max-snippet:-1","max-image-preview":"max-image-preview:large","max-video-preview":"max-video-preview:-1"},"canonical":"https:\/\/www.urlaubcornwall.de\/blog\/urlaub-reisen-durch-nordengland\/","og_locale":"en_US","og_type":"article","og_title":"Urlaub & Reisen durch Nordengland - Urlaub &amp; Reisen","og_description":"Wundersch\u00f6n unber\u00fchrte Landschaft , die Bergketten des Lake District, die saftigen gr\u00fcnen T\u00e4ler der Yorkshire Dales und die langen goldenen Sandstr\u00e4nde entlang der K\u00fcste Northumberlands.","og_url":"https:\/\/www.urlaubcornwall.de\/blog\/urlaub-reisen-durch-nordengland\/","og_site_name":"Urlaub &amp; Reisen","article_modified_time":"2024-05-28T15:08:02+00:00","og_image":[{"url":"https:\/\/www.urlaubcornwall.de\/blog\/wp-content\/uploads\/2015\/10\/yorkshire-dales_2.jpg"}],"twitter_card":"summary","twitter_misc":{"Est. reading time":"3 minutes"},"schema":{"@context":"https:\/\/schema.org","@graph":[{"@type":"WebSite","@id":"https:\/\/www.urlaubcornwall.de\/blog\/#website","url":"https:\/\/www.urlaubcornwall.de\/blog\/","name":"Urlaub &amp; Reisen","description":"Urlaub, Reisen, Cornwall und S\u00fcdengland: eine perfekte Kombination","potentialAction":[{"@type":"SearchAction","target":{"@type":"EntryPoint","urlTemplate":"https:\/\/www.urlaubcornwall.de\/blog\/?s={search_term_string}"},"query-input":"required name=search_term_string"}],"inLanguage":"en-US"},{"@type":"WebPage","@id":"https:\/\/www.urlaubcornwall.de\/blog\/urlaub-reisen-durch-nordengland\/","url":"https:\/\/www.urlaubcornwall.de\/blog\/urlaub-reisen-durch-nordengland\/","name":"Urlaub & Reisen durch Nordengland - Urlaub &amp; Reisen","isPartOf":{"@id":"https:\/\/www.urlaubcornwall.de\/blog\/#website"},"datePublished":"2015-10-10T14:21:36+00:00","dateModified":"2024-05-28T15:08:02+00:00","description":"Wundersch\u00f6n unber\u00fchrte Landschaft , die Bergketten des Lake District, die saftigen gr\u00fcnen T\u00e4ler der Yorkshire Dales und die langen goldenen Sandstr\u00e4nde entlang der K\u00fcste Northumberlands.","breadcrumb":{"@id":"https:\/\/www.urlaubcornwall.de\/blog\/urlaub-reisen-durch-nordengland\/#breadcrumb"},"inLanguage":"en-US","potentialAction":[{"@type":"ReadAction","target":["https:\/\/www.urlaubcornwall.de\/blog\/urlaub-reisen-durch-nordengland\/"]}]},{"@type":"BreadcrumbList","@id":"https:\/\/www.urlaubcornwall.de\/blog\/urlaub-reisen-durch-nordengland\/#breadcrumb","itemListElement":[{"@type":"ListItem","position":1,"name":"Home","item":"https:\/\/www.urlaubcornwall.de\/blog\/"},{"@type":"ListItem","position":2,"name":"Urlaub &#038; Reisen durch Nordengland"}]}]}},"_links":{"self":[{"href":"https:\/\/www.urlaubcornwall.de\/blog\/wp-json\/wp\/v2\/pages\/20446"}],"collection":[{"href":"https:\/\/www.urlaubcornwall.de\/blog\/wp-json\/wp\/v2\/pages"}],"about":[{"href":"https:\/\/www.urlaubcornwall.de\/blog\/wp-json\/wp\/v2\/types\/page"}],"author":[{"embeddable":true,"href":"https:\/\/www.urlaubcornwall.de\/blog\/wp-json\/wp\/v2\/users\/1"}],"replies":[{"embeddable":true,"href":"https:\/\/www.urlaubcornwall.de\/blog\/wp-json\/wp\/v2\/comments?post=20446"}],"version-history":[{"count":14,"href":"https:\/\/www.urlaubcornwall.de\/blog\/wp-json\/wp\/v2\/pages\/20446\/revisions"}],"predecessor-version":[{"id":50496,"href":"https:\/\/www.urlaubcornwall.de\/blog\/wp-json\/wp\/v2\/pages\/20446\/revisions\/50496"}],"wp:attachment":[{"href":"https:\/\/www.urlaubcornwall.de\/blog\/wp-json\/wp\/v2\/media?parent=20446"}],"curies":[{"name":"wp","href":"https:\/\/api.w.org\/{rel}","templated":true}]}}