{"id":20429,"date":"2015-10-10T13:44:24","date_gmt":"2015-10-10T13:44:24","guid":{"rendered":"https:\/\/www.urlaubcornwall.de\/blog\/?page_id=20429"},"modified":"2024-04-08T15:10:57","modified_gmt":"2024-04-08T15:10:57","slug":"staedtereise-kurzurlaub-in-dublin","status":"publish","type":"page","link":"https:\/\/www.urlaubcornwall.de\/blog\/staedtereise-kurzurlaub-in-dublin\/","title":{"rendered":"St\u00e4dtereise &#038; Kurzurlaub in Dublin"},"content":{"rendered":"<p><img loading=\"lazy\" class=\"aligncenter size-full wp-image-47814\" src=\"https:\/\/www.urlaubcornwall.de\/blog\/wp-content\/uploads\/2024\/03\/dublin.jpg\" alt=\"dublin\" width=\"750\" height=\"500\" srcset=\"https:\/\/www.urlaubcornwall.de\/blog\/wp-content\/uploads\/2024\/03\/dublin.jpg 750w, https:\/\/www.urlaubcornwall.de\/blog\/wp-content\/uploads\/2024\/03\/dublin-300x200.jpg 300w\" sizes=\"(max-width: 750px) 100vw, 750px\" \/><\/p>\n<p>Dublin ist eine gro\u00dfartige Urlaubsstadt; sie ist klein genug, um w\u00e4hrend eines Kurzurlaubs alles hineinzupacken.<br \/>\nEine gef\u00fchrte Bustour in einem Bus mit offenem Oberdeck ist eine gro\u00dfartige M\u00f6glichkeit, um sich mit der Stadt vertraut zu machen und durch einen F\u00fchrer vor Ort von ihrer Geschichte erfahren. Eine Bustour mit Zu- und Aussteigem\u00f6glichkeit h\u00e4lt an 23 der ber\u00fchmten Wahrzeichen der Stadt an.<\/p>\n<p>Im Trinity College sehen Sie das Book of Kells, das um 800 AD geschrieben wurde und ein reich dekoriertes Manuskript der vier Evangelien darstellt. Das Naturkunde-Nationalmuseum stellt eine wundervolle Vielfalt an Leben aus. In der Nationalgalerie befindet sich eine fantastische Sammlung an 2500 Gem\u00e4lden und 10.000 weiteren Kunstwerken.<\/p>\n<h3><\/h3>\n<h2><span style=\"text-decoration: underline;\"><strong><a href=\"https:\/\/www.urlaubcornwall.de\/blog\/dublin-city-break-kurzreisen-dublin-wochenende-in-dublin\/\">Kurzurlaub &amp; Wochenende in Dublin 4 Tage<\/a><\/strong><\/span><\/h2>\n<h3><\/h3>\n<table>\n<tbody>\n<tr>\n<td><img loading=\"lazy\" class=\"aligncenter size-full wp-image-47809\" style=\"border: 0pt none; padding: 0px;\" src=\"https:\/\/www.urlaubcornwall.de\/blog\/wp-content\/uploads\/2024\/03\/irland-chloss.jpg\" alt=\"irland schloss\" width=\"148\" height=\"118\" \/><\/td>\n<td><strong>t\u00e4glich m\u00f6glich! : <\/strong>Dublin ist eine Mischung aus Tradition, Modern, Nighlife, gem\u00fctlichen Pubs und fr\u00f6hlichen Menschen. Dublin ist eine von Europas aufregendsten Hauptst\u00e4dten und bietet alles, was man sich f\u00fcr eine St\u00e4dtetour w\u00fcnschen kann.\n<h3><\/h3>\n<p><span style=\"text-decoration: underline;\"><strong><a href=\"https:\/\/www.urlaubcornwall.de\/blog\/dublin-city-break-kurzreisen-dublin-wochenende-in-dublin\/\">N\u00e4here Details<\/a><\/strong><\/span><\/p><\/td>\n<\/tr>\n<\/tbody>\n<\/table>\n<h3><\/h3>\n<p>Marschieren Sie durch die Stra\u00dfen, die von georgianischer Architektur umrahmt sind, \u00fcberqueren Sie den Fluss Liffey \u00fcber die O\u2019Connell Br\u00fccke und spazieren Sie die O\u2019Connell Street hinauf, die breiteste Durchgangsstra\u00dfe der Stadt; machen Sie Halt an der Post \u2013 dem belagerten Hauptquartier der Rebellen von 1916. Spazieren Sie dann durch die Einkaufsgebiete der Nordseite.<\/p>\n<p><a href=\"https:\/\/www.urlaubcornwall.de\/blog\/wp-content\/uploads\/2015\/10\/dublin.jpg\"><img loading=\"lazy\" class=\"aligncenter size-full wp-image-20439\" src=\"https:\/\/www.urlaubcornwall.de\/blog\/wp-content\/uploads\/2015\/10\/dublin.jpg\" alt=\"dublin bar\" width=\"745\" height=\"346\" srcset=\"https:\/\/www.urlaubcornwall.de\/blog\/wp-content\/uploads\/2015\/10\/dublin.jpg 745w, https:\/\/www.urlaubcornwall.de\/blog\/wp-content\/uploads\/2015\/10\/dublin-300x139.jpg 300w\" sizes=\"(max-width: 745px) 100vw, 745px\" \/><\/a><\/p>\n<p>Das Temple Bar Gebiet ist bekannt als kultureller Distrikt und verf\u00fcgt \u00fcber viele feine Bars, Restaurants und Gesch\u00e4fte. Nehmen Sie sich Zeit zum Entspannen und genie\u00dfen Sie die Parkanlagen Dublins, wie St Stephen\u2019s Green und den Phoenix Park, wo sich der Dublin Zoo befindet.<\/p>\n<p>Dublin hat eine herrliche K\u00fcste und malerische Fischerd\u00f6rfer, die sich lediglich Minuten vom Stadtzentrum entfernt befinden, leicht zu erreichen mit dem K\u00fcstenzug, dem DART.<\/p>\n<p>Keine Reise nach Dublin w\u00e4re komplett ohne einen Abstecher zum Guinness Lagerhaus, das sich seit 1759, als Arthur Guinness einen Pachtvertrag \u00fcber 9000 Jahre unterzeichnete, im Herzen der St James\u2019s Gate Brauerei befindet. Beenden Sie Ihre Tour mit einem Glas Guinness in der Gravity Bar und genie\u00dfen Sie den unvergleichlichen Panoramablick \u00fcber die Stadt.<\/p>\n<p style=\"text-align: left;\"><strong>Wenn Sie Ihre Selbstfahrerreise bei uns buchen, genie\u00dfen Sie folgende Vorteile:<\/strong><\/p>\n<ol style=\"text-align: left;\">\n<li>Gerne erstellen wir Ihnen einen individuellen Reiseverlauf<\/li>\n<li>Grosse Auswahl und Kontingente, auch in der Hochsaison<\/li>\n<li>Kompetente Beratung und Planung<\/li>\n<li>G\u00fcnstiger als bei einer Buchung vor Ort<\/li>\n<li>Zeitersparnis im Vorfeld und vor Ort, wenn alles schon vorgebucht ist<\/li>\n<\/ol>\n<p><strong>Um mit einem Teammitglied in Verbindung zu treten, schicken Sie uns einfach<\/strong><strong> <a href=\"http:\/\/www.urlaubcornwall.de\/anfrage.php\">Ihre Nachfragen.<\/a><\/strong><br \/>\n<\/p>\n","protected":false},"excerpt":{"rendered":"<p>Dublin ist eine gro\u00dfartige Urlaubsstadt; sie ist klein genug, um w\u00e4hrend eines Kurzurlaubs alles hineinzupacken. Eine gef\u00fchrte Bustour in einem Bus mit offenem Oberdeck ist eine gro\u00dfartige M\u00f6glichkeit, um sich mit der Stadt vertraut zu machen und durch einen F\u00fchrer vor Ort von ihrer Geschichte erfahren. Eine Bustour mit Zu- und Aussteigem\u00f6glichkeit h\u00e4lt an 23 [&hellip;]<\/p>\n","protected":false},"author":1,"featured_media":0,"parent":0,"menu_order":0,"comment_status":"closed","ping_status":"closed","template":"single-four.php","meta":[],"acf":[],"yoast_head":"<!-- This site is optimized with the Yoast SEO plugin v19.4 - https:\/\/yoast.com\/wordpress\/plugins\/seo\/ -->\n<title>St\u00e4dtereise &amp; Kurzurlaub in Dublin - Urlaub &amp; Reisen<\/title>\n<meta name=\"robots\" content=\"index, follow, max-snippet:-1, max-image-preview:large, max-video-preview:-1\" \/>\n<link rel=\"canonical\" href=\"https:\/\/www.urlaubcornwall.de\/blog\/staedtereise-kurzurlaub-in-dublin\/\" \/>\n<meta property=\"og:locale\" content=\"en_US\" \/>\n<meta property=\"og:type\" content=\"article\" \/>\n<meta property=\"og:title\" content=\"St\u00e4dtereise &amp; Kurzurlaub in Dublin - Urlaub &amp; Reisen\" \/>\n<meta property=\"og:description\" content=\"Dublin ist eine gro\u00dfartige Urlaubsstadt; sie ist klein genug, um w\u00e4hrend eines Kurzurlaubs alles hineinzupacken. Eine gef\u00fchrte Bustour in einem Bus mit offenem Oberdeck ist eine gro\u00dfartige M\u00f6glichkeit, um sich mit der Stadt vertraut zu machen und durch einen F\u00fchrer vor Ort von ihrer Geschichte erfahren. Eine Bustour mit Zu- und Aussteigem\u00f6glichkeit h\u00e4lt an 23 [&hellip;]\" \/>\n<meta property=\"og:url\" content=\"https:\/\/www.urlaubcornwall.de\/blog\/staedtereise-kurzurlaub-in-dublin\/\" \/>\n<meta property=\"og:site_name\" content=\"Urlaub &amp; Reisen\" \/>\n<meta property=\"article:modified_time\" content=\"2024-04-08T15:10:57+00:00\" \/>\n<meta property=\"og:image\" content=\"https:\/\/www.urlaubcornwall.de\/blog\/wp-content\/uploads\/2024\/03\/dublin.jpg\" \/>\n<meta name=\"twitter:card\" content=\"summary\" \/>\n<meta name=\"twitter:label1\" content=\"Est. reading time\" \/>\n\t<meta name=\"twitter:data1\" content=\"3 minutes\" \/>\n<script type=\"application\/ld+json\" class=\"yoast-schema-graph\">{\"@context\":\"https:\/\/schema.org\",\"@graph\":[{\"@type\":\"WebSite\",\"@id\":\"https:\/\/www.urlaubcornwall.de\/blog\/#website\",\"url\":\"https:\/\/www.urlaubcornwall.de\/blog\/\",\"name\":\"Urlaub &amp; Reisen\",\"description\":\"Urlaub, Reisen, Cornwall und S\u00fcdengland: eine perfekte Kombination\",\"potentialAction\":[{\"@type\":\"SearchAction\",\"target\":{\"@type\":\"EntryPoint\",\"urlTemplate\":\"https:\/\/www.urlaubcornwall.de\/blog\/?s={search_term_string}\"},\"query-input\":\"required name=search_term_string\"}],\"inLanguage\":\"en-US\"},{\"@type\":\"WebPage\",\"@id\":\"https:\/\/www.urlaubcornwall.de\/blog\/staedtereise-kurzurlaub-in-dublin\/\",\"url\":\"https:\/\/www.urlaubcornwall.de\/blog\/staedtereise-kurzurlaub-in-dublin\/\",\"name\":\"St\u00e4dtereise & Kurzurlaub in Dublin - Urlaub &amp; Reisen\",\"isPartOf\":{\"@id\":\"https:\/\/www.urlaubcornwall.de\/blog\/#website\"},\"datePublished\":\"2015-10-10T13:44:24+00:00\",\"dateModified\":\"2024-04-08T15:10:57+00:00\",\"breadcrumb\":{\"@id\":\"https:\/\/www.urlaubcornwall.de\/blog\/staedtereise-kurzurlaub-in-dublin\/#breadcrumb\"},\"inLanguage\":\"en-US\",\"potentialAction\":[{\"@type\":\"ReadAction\",\"target\":[\"https:\/\/www.urlaubcornwall.de\/blog\/staedtereise-kurzurlaub-in-dublin\/\"]}]},{\"@type\":\"BreadcrumbList\",\"@id\":\"https:\/\/www.urlaubcornwall.de\/blog\/staedtereise-kurzurlaub-in-dublin\/#breadcrumb\",\"itemListElement\":[{\"@type\":\"ListItem\",\"position\":1,\"name\":\"Home\",\"item\":\"https:\/\/www.urlaubcornwall.de\/blog\/\"},{\"@type\":\"ListItem\",\"position\":2,\"name\":\"St\u00e4dtereise &#038; Kurzurlaub in Dublin\"}]}]}<\/script>\n<!-- \/ Yoast SEO plugin. -->","yoast_head_json":{"title":"St\u00e4dtereise & Kurzurlaub in Dublin - Urlaub &amp; Reisen","robots":{"index":"index","follow":"follow","max-snippet":"max-snippet:-1","max-image-preview":"max-image-preview:large","max-video-preview":"max-video-preview:-1"},"canonical":"https:\/\/www.urlaubcornwall.de\/blog\/staedtereise-kurzurlaub-in-dublin\/","og_locale":"en_US","og_type":"article","og_title":"St\u00e4dtereise & Kurzurlaub in Dublin - Urlaub &amp; Reisen","og_description":"Dublin ist eine gro\u00dfartige Urlaubsstadt; sie ist klein genug, um w\u00e4hrend eines Kurzurlaubs alles hineinzupacken. Eine gef\u00fchrte Bustour in einem Bus mit offenem Oberdeck ist eine gro\u00dfartige M\u00f6glichkeit, um sich mit der Stadt vertraut zu machen und durch einen F\u00fchrer vor Ort von ihrer Geschichte erfahren. Eine Bustour mit Zu- und Aussteigem\u00f6glichkeit h\u00e4lt an 23 [&hellip;]","og_url":"https:\/\/www.urlaubcornwall.de\/blog\/staedtereise-kurzurlaub-in-dublin\/","og_site_name":"Urlaub &amp; Reisen","article_modified_time":"2024-04-08T15:10:57+00:00","og_image":[{"url":"https:\/\/www.urlaubcornwall.de\/blog\/wp-content\/uploads\/2024\/03\/dublin.jpg"}],"twitter_card":"summary","twitter_misc":{"Est. reading time":"3 minutes"},"schema":{"@context":"https:\/\/schema.org","@graph":[{"@type":"WebSite","@id":"https:\/\/www.urlaubcornwall.de\/blog\/#website","url":"https:\/\/www.urlaubcornwall.de\/blog\/","name":"Urlaub &amp; Reisen","description":"Urlaub, Reisen, Cornwall und S\u00fcdengland: eine perfekte Kombination","potentialAction":[{"@type":"SearchAction","target":{"@type":"EntryPoint","urlTemplate":"https:\/\/www.urlaubcornwall.de\/blog\/?s={search_term_string}"},"query-input":"required name=search_term_string"}],"inLanguage":"en-US"},{"@type":"WebPage","@id":"https:\/\/www.urlaubcornwall.de\/blog\/staedtereise-kurzurlaub-in-dublin\/","url":"https:\/\/www.urlaubcornwall.de\/blog\/staedtereise-kurzurlaub-in-dublin\/","name":"St\u00e4dtereise & Kurzurlaub in Dublin - Urlaub &amp; Reisen","isPartOf":{"@id":"https:\/\/www.urlaubcornwall.de\/blog\/#website"},"datePublished":"2015-10-10T13:44:24+00:00","dateModified":"2024-04-08T15:10:57+00:00","breadcrumb":{"@id":"https:\/\/www.urlaubcornwall.de\/blog\/staedtereise-kurzurlaub-in-dublin\/#breadcrumb"},"inLanguage":"en-US","potentialAction":[{"@type":"ReadAction","target":["https:\/\/www.urlaubcornwall.de\/blog\/staedtereise-kurzurlaub-in-dublin\/"]}]},{"@type":"BreadcrumbList","@id":"https:\/\/www.urlaubcornwall.de\/blog\/staedtereise-kurzurlaub-in-dublin\/#breadcrumb","itemListElement":[{"@type":"ListItem","position":1,"name":"Home","item":"https:\/\/www.urlaubcornwall.de\/blog\/"},{"@type":"ListItem","position":2,"name":"St\u00e4dtereise &#038; Kurzurlaub in Dublin"}]}]}},"_links":{"self":[{"href":"https:\/\/www.urlaubcornwall.de\/blog\/wp-json\/wp\/v2\/pages\/20429"}],"collection":[{"href":"https:\/\/www.urlaubcornwall.de\/blog\/wp-json\/wp\/v2\/pages"}],"about":[{"href":"https:\/\/www.urlaubcornwall.de\/blog\/wp-json\/wp\/v2\/types\/page"}],"author":[{"embeddable":true,"href":"https:\/\/www.urlaubcornwall.de\/blog\/wp-json\/wp\/v2\/users\/1"}],"replies":[{"embeddable":true,"href":"https:\/\/www.urlaubcornwall.de\/blog\/wp-json\/wp\/v2\/comments?post=20429"}],"version-history":[{"count":8,"href":"https:\/\/www.urlaubcornwall.de\/blog\/wp-json\/wp\/v2\/pages\/20429\/revisions"}],"predecessor-version":[{"id":49016,"href":"https:\/\/www.urlaubcornwall.de\/blog\/wp-json\/wp\/v2\/pages\/20429\/revisions\/49016"}],"wp:attachment":[{"href":"https:\/\/www.urlaubcornwall.de\/blog\/wp-json\/wp\/v2\/media?parent=20429"}],"curies":[{"name":"wp","href":"https:\/\/api.w.org\/{rel}","templated":true}]}}