{"id":20422,"date":"2015-10-10T13:37:05","date_gmt":"2015-10-10T13:37:05","guid":{"rendered":"https:\/\/www.urlaubcornwall.de\/blog\/?page_id=20422"},"modified":"2024-04-09T09:22:16","modified_gmt":"2024-04-09T09:22:16","slug":"staedtereisen-kurzurlaube-in-edinburgh","status":"publish","type":"page","link":"https:\/\/www.urlaubcornwall.de\/blog\/staedtereisen-kurzurlaube-in-edinburgh\/","title":{"rendered":"St\u00e4dtereisen &#038; Kurzurlaube in Edinburgh"},"content":{"rendered":"<p><a href=\"https:\/\/www.urlaubcornwall.de\/blog\/wp-content\/uploads\/2015\/10\/edinburgh1.jpg\"><img loading=\"lazy\" class=\"aligncenter size-full wp-image-22293\" src=\"https:\/\/www.urlaubcornwall.de\/blog\/wp-content\/uploads\/2015\/10\/edinburgh1.jpg\" alt=\"urlaub edinburgh\" width=\"745\" height=\"281\" srcset=\"https:\/\/www.urlaubcornwall.de\/blog\/wp-content\/uploads\/2015\/10\/edinburgh1.jpg 746w, https:\/\/www.urlaubcornwall.de\/blog\/wp-content\/uploads\/2015\/10\/edinburgh1-300x113.jpg 300w\" sizes=\"(max-width: 745px) 100vw, 745px\" \/><\/a><\/p>\n<p>Edinburgh, die Hauptstadt <a href=\"https:\/\/www.urlaubcornwall.de\/reiseziel\/schottland.php\">Schottlands<\/a> hat all das, was eine Hauptstadt haben sollte; eine mittelalterliche Burg, einen K\u00f6niglichen Palast, Pflasterstra\u00dfen, Kunstgalerien, Museen, feine Architektur, gro\u00dfartige Gesch\u00e4fte und ausgezeichnete Restaurants. Edinburgh ist eine kompakte Stadt, und es ist m\u00f6glich, all das, was sie zu bieten hat, w\u00e4hrend eines langen <a href=\"https:\/\/www.booking.com\/searchresults.html?city=-2595386&#038;aid=1320750&#038;no_rooms=1&#038;group_adults=2&#038;room1=A%2CA\" rel=\"nofollow\">Wochenendes oder eines Kurzurlaubs<\/a> zu genie\u00dfen.<\/p>\n<p>Beginnen Sie an der Burg Edinburghs, die auf einem erloschenen Vulkan errichtet wurde und die Altstadt dominiert; hier k\u00f6nnen Sie die schottischen Kronjuwelen und den Schicksalsstein sehen. Schlendern Sie dann die K\u00f6nigliche Meile entlang, die tief in der Geschichte verankert ist und voller Gesch\u00e4fte und Caf\u00e9s.<\/p>\n<p style=\"text-align: center;\"><a class=\"tidycta\" href=\"https:\/\/www.booking.com\/searchresults.html?city=-2595386&#038;aid=1320750&#038;no_rooms=1&#038;group_adults=2&#038;room1=A%2CA\" rel=\"nofollow\">Suche Hotels in Edinburgh<\/a><\/p>\n<p>Edinburgh ist recht h\u00fcgelig, und eine gef\u00fchrte Bustour bietet dem Besucher die M\u00f6glichkeit, gem\u00fctlicher die Stadt zu betrachten und von ihrer Geschichte zu erfahren. Sie steigen einfach an den verschiedenen Attraktionen ein und aus, dem Palast Holyroodhouse, dem schottischen Parlament, dem Nationalmuseum Schottlands oder dem Verlie\u00df von Edinburgh. Oder unternehmen Sie eine kurze Busfahrt, um die K\u00f6nigliche Jacht Britannia zu besuchen, die am Ocean Terminal in Leith liegt.<\/p>\n<p><a href=\"https:\/\/www.urlaubcornwall.de\/blog\/wp-content\/uploads\/2024\/03\/Edinburgh-Castle-Edinburgh-schottland.jpg\"><img loading=\"lazy\" src=\"https:\/\/www.urlaubcornwall.de\/blog\/wp-content\/uploads\/2024\/03\/Edinburgh-Castle-Edinburgh-schottland.jpg\" alt=\"Edinburgh Castle, Edinburgh, schottland\" width=\"750\" height=\"500\" class=\"alignnone size-full wp-image-48015\" srcset=\"https:\/\/www.urlaubcornwall.de\/blog\/wp-content\/uploads\/2024\/03\/Edinburgh-Castle-Edinburgh-schottland.jpg 750w, https:\/\/www.urlaubcornwall.de\/blog\/wp-content\/uploads\/2024\/03\/Edinburgh-Castle-Edinburgh-schottland-300x200.jpg 300w\" sizes=\"(max-width: 750px) 100vw, 750px\" \/><\/a><\/p>\n<p>Nach einer morgendlichen Einkaufstour auf der Princes Street und George Street besuchen Sie den K\u00f6niglich Botanischen Garten, der sich 1,5km von der Stadt entfernt in einer 30 Hektar gro\u00dfen, ruhigen und herrlichen Landschaft befinden. Der Garten mit seinen wundervollen Glash\u00e4usern, Pflanzen und Str\u00e4uchern ist einer der feinsten der Welt.<\/p>\n<p>Die Scotch Whisky Experience bietet Ihnen die M\u00f6glichkeit, am Ende Ihrer Tour durch die Nachbildung einer Brennerei einen Schluck von Schottlands Nationalgetr\u00e4nk zu probieren. Es gibt viele feine Restaurants, die Sie am Abend genie\u00dfen k\u00f6nnen, und der mutige Besucher m\u00f6chte vielleicht an einer Geistertour durch die Stadt teilnehmen.<\/p>\n<p><img loading=\"lazy\" class=\"aligncenter size-full wp-image-24598\" src=\"https:\/\/www.urlaubcornwall.de\/blog\/wp-content\/uploads\/2016\/06\/urlaub-und-gro\u00dfbritannien_logo_final.jpg\" alt=\"\" width=\"746\" height=\"361\" srcset=\"https:\/\/www.urlaubcornwall.de\/blog\/wp-content\/uploads\/2016\/06\/urlaub-und-gro\u00dfbritannien_logo_final.jpg 746w, https:\/\/www.urlaubcornwall.de\/blog\/wp-content\/uploads\/2016\/06\/urlaub-und-gro\u00dfbritannien_logo_final-300x145.jpg 300w\" sizes=\"(max-width: 746px) 100vw, 746px\" \/><\/p>\n","protected":false},"excerpt":{"rendered":"<p>Edinburgh, die Hauptstadt Schottlands hat all das, was eine Hauptstadt haben sollte; eine mittelalterliche Burg, einen K\u00f6niglichen Palast, Pflasterstra\u00dfen, Kunstgalerien, Museen, feine Architektur, gro\u00dfartige Gesch\u00e4fte und ausgezeichnete Restaurants. Edinburgh ist eine kompakte Stadt, und es ist m\u00f6glich, all das, was sie zu bieten hat, w\u00e4hrend eines langen Wochenendes oder eines Kurzurlaubs zu genie\u00dfen. Beginnen Sie [&hellip;]<\/p>\n","protected":false},"author":1,"featured_media":0,"parent":0,"menu_order":0,"comment_status":"closed","ping_status":"closed","template":"single-four.php","meta":[],"acf":[],"yoast_head":"<!-- This site is optimized with the Yoast SEO plugin v19.4 - https:\/\/yoast.com\/wordpress\/plugins\/seo\/ -->\n<title>St\u00e4dtereisen &amp; Kurzurlaube in Edinburgh - Urlaub &amp; Reisen<\/title>\n<meta name=\"robots\" content=\"index, follow, max-snippet:-1, max-image-preview:large, max-video-preview:-1\" \/>\n<link rel=\"canonical\" href=\"https:\/\/www.urlaubcornwall.de\/blog\/staedtereisen-kurzurlaube-in-edinburgh\/\" \/>\n<meta property=\"og:locale\" content=\"en_US\" \/>\n<meta property=\"og:type\" content=\"article\" \/>\n<meta property=\"og:title\" content=\"St\u00e4dtereisen &amp; Kurzurlaube in Edinburgh - Urlaub &amp; Reisen\" \/>\n<meta property=\"og:description\" content=\"Edinburgh, die Hauptstadt Schottlands hat all das, was eine Hauptstadt haben sollte; eine mittelalterliche Burg, einen K\u00f6niglichen Palast, Pflasterstra\u00dfen, Kunstgalerien, Museen, feine Architektur, gro\u00dfartige Gesch\u00e4fte und ausgezeichnete Restaurants. Edinburgh ist eine kompakte Stadt, und es ist m\u00f6glich, all das, was sie zu bieten hat, w\u00e4hrend eines langen Wochenendes oder eines Kurzurlaubs zu genie\u00dfen. Beginnen Sie [&hellip;]\" \/>\n<meta property=\"og:url\" content=\"https:\/\/www.urlaubcornwall.de\/blog\/staedtereisen-kurzurlaube-in-edinburgh\/\" \/>\n<meta property=\"og:site_name\" content=\"Urlaub &amp; Reisen\" \/>\n<meta property=\"article:modified_time\" content=\"2024-04-09T09:22:16+00:00\" \/>\n<meta property=\"og:image\" content=\"https:\/\/www.urlaubcornwall.de\/blog\/wp-content\/uploads\/2015\/10\/edinburgh1.jpg\" \/>\n<meta name=\"twitter:card\" content=\"summary\" \/>\n<meta name=\"twitter:label1\" content=\"Est. reading time\" \/>\n\t<meta name=\"twitter:data1\" content=\"2 minutes\" \/>\n<script type=\"application\/ld+json\" class=\"yoast-schema-graph\">{\"@context\":\"https:\/\/schema.org\",\"@graph\":[{\"@type\":\"WebSite\",\"@id\":\"https:\/\/www.urlaubcornwall.de\/blog\/#website\",\"url\":\"https:\/\/www.urlaubcornwall.de\/blog\/\",\"name\":\"Urlaub &amp; Reisen\",\"description\":\"Urlaub, Reisen, Cornwall und S\u00fcdengland: eine perfekte Kombination\",\"potentialAction\":[{\"@type\":\"SearchAction\",\"target\":{\"@type\":\"EntryPoint\",\"urlTemplate\":\"https:\/\/www.urlaubcornwall.de\/blog\/?s={search_term_string}\"},\"query-input\":\"required name=search_term_string\"}],\"inLanguage\":\"en-US\"},{\"@type\":\"WebPage\",\"@id\":\"https:\/\/www.urlaubcornwall.de\/blog\/staedtereisen-kurzurlaube-in-edinburgh\/\",\"url\":\"https:\/\/www.urlaubcornwall.de\/blog\/staedtereisen-kurzurlaube-in-edinburgh\/\",\"name\":\"St\u00e4dtereisen & Kurzurlaube in Edinburgh - Urlaub &amp; Reisen\",\"isPartOf\":{\"@id\":\"https:\/\/www.urlaubcornwall.de\/blog\/#website\"},\"datePublished\":\"2015-10-10T13:37:05+00:00\",\"dateModified\":\"2024-04-09T09:22:16+00:00\",\"breadcrumb\":{\"@id\":\"https:\/\/www.urlaubcornwall.de\/blog\/staedtereisen-kurzurlaube-in-edinburgh\/#breadcrumb\"},\"inLanguage\":\"en-US\",\"potentialAction\":[{\"@type\":\"ReadAction\",\"target\":[\"https:\/\/www.urlaubcornwall.de\/blog\/staedtereisen-kurzurlaube-in-edinburgh\/\"]}]},{\"@type\":\"BreadcrumbList\",\"@id\":\"https:\/\/www.urlaubcornwall.de\/blog\/staedtereisen-kurzurlaube-in-edinburgh\/#breadcrumb\",\"itemListElement\":[{\"@type\":\"ListItem\",\"position\":1,\"name\":\"Home\",\"item\":\"https:\/\/www.urlaubcornwall.de\/blog\/\"},{\"@type\":\"ListItem\",\"position\":2,\"name\":\"St\u00e4dtereisen &#038; Kurzurlaube in Edinburgh\"}]}]}<\/script>\n<!-- \/ Yoast SEO plugin. -->","yoast_head_json":{"title":"St\u00e4dtereisen & Kurzurlaube in Edinburgh - Urlaub &amp; Reisen","robots":{"index":"index","follow":"follow","max-snippet":"max-snippet:-1","max-image-preview":"max-image-preview:large","max-video-preview":"max-video-preview:-1"},"canonical":"https:\/\/www.urlaubcornwall.de\/blog\/staedtereisen-kurzurlaube-in-edinburgh\/","og_locale":"en_US","og_type":"article","og_title":"St\u00e4dtereisen & Kurzurlaube in Edinburgh - Urlaub &amp; Reisen","og_description":"Edinburgh, die Hauptstadt Schottlands hat all das, was eine Hauptstadt haben sollte; eine mittelalterliche Burg, einen K\u00f6niglichen Palast, Pflasterstra\u00dfen, Kunstgalerien, Museen, feine Architektur, gro\u00dfartige Gesch\u00e4fte und ausgezeichnete Restaurants. Edinburgh ist eine kompakte Stadt, und es ist m\u00f6glich, all das, was sie zu bieten hat, w\u00e4hrend eines langen Wochenendes oder eines Kurzurlaubs zu genie\u00dfen. Beginnen Sie [&hellip;]","og_url":"https:\/\/www.urlaubcornwall.de\/blog\/staedtereisen-kurzurlaube-in-edinburgh\/","og_site_name":"Urlaub &amp; Reisen","article_modified_time":"2024-04-09T09:22:16+00:00","og_image":[{"url":"https:\/\/www.urlaubcornwall.de\/blog\/wp-content\/uploads\/2015\/10\/edinburgh1.jpg"}],"twitter_card":"summary","twitter_misc":{"Est. reading time":"2 minutes"},"schema":{"@context":"https:\/\/schema.org","@graph":[{"@type":"WebSite","@id":"https:\/\/www.urlaubcornwall.de\/blog\/#website","url":"https:\/\/www.urlaubcornwall.de\/blog\/","name":"Urlaub &amp; Reisen","description":"Urlaub, Reisen, Cornwall und S\u00fcdengland: eine perfekte Kombination","potentialAction":[{"@type":"SearchAction","target":{"@type":"EntryPoint","urlTemplate":"https:\/\/www.urlaubcornwall.de\/blog\/?s={search_term_string}"},"query-input":"required name=search_term_string"}],"inLanguage":"en-US"},{"@type":"WebPage","@id":"https:\/\/www.urlaubcornwall.de\/blog\/staedtereisen-kurzurlaube-in-edinburgh\/","url":"https:\/\/www.urlaubcornwall.de\/blog\/staedtereisen-kurzurlaube-in-edinburgh\/","name":"St\u00e4dtereisen & Kurzurlaube in Edinburgh - Urlaub &amp; Reisen","isPartOf":{"@id":"https:\/\/www.urlaubcornwall.de\/blog\/#website"},"datePublished":"2015-10-10T13:37:05+00:00","dateModified":"2024-04-09T09:22:16+00:00","breadcrumb":{"@id":"https:\/\/www.urlaubcornwall.de\/blog\/staedtereisen-kurzurlaube-in-edinburgh\/#breadcrumb"},"inLanguage":"en-US","potentialAction":[{"@type":"ReadAction","target":["https:\/\/www.urlaubcornwall.de\/blog\/staedtereisen-kurzurlaube-in-edinburgh\/"]}]},{"@type":"BreadcrumbList","@id":"https:\/\/www.urlaubcornwall.de\/blog\/staedtereisen-kurzurlaube-in-edinburgh\/#breadcrumb","itemListElement":[{"@type":"ListItem","position":1,"name":"Home","item":"https:\/\/www.urlaubcornwall.de\/blog\/"},{"@type":"ListItem","position":2,"name":"St\u00e4dtereisen &#038; Kurzurlaube in Edinburgh"}]}]}},"_links":{"self":[{"href":"https:\/\/www.urlaubcornwall.de\/blog\/wp-json\/wp\/v2\/pages\/20422"}],"collection":[{"href":"https:\/\/www.urlaubcornwall.de\/blog\/wp-json\/wp\/v2\/pages"}],"about":[{"href":"https:\/\/www.urlaubcornwall.de\/blog\/wp-json\/wp\/v2\/types\/page"}],"author":[{"embeddable":true,"href":"https:\/\/www.urlaubcornwall.de\/blog\/wp-json\/wp\/v2\/users\/1"}],"replies":[{"embeddable":true,"href":"https:\/\/www.urlaubcornwall.de\/blog\/wp-json\/wp\/v2\/comments?post=20422"}],"version-history":[{"count":23,"href":"https:\/\/www.urlaubcornwall.de\/blog\/wp-json\/wp\/v2\/pages\/20422\/revisions"}],"predecessor-version":[{"id":49086,"href":"https:\/\/www.urlaubcornwall.de\/blog\/wp-json\/wp\/v2\/pages\/20422\/revisions\/49086"}],"wp:attachment":[{"href":"https:\/\/www.urlaubcornwall.de\/blog\/wp-json\/wp\/v2\/media?parent=20422"}],"curies":[{"name":"wp","href":"https:\/\/api.w.org\/{rel}","templated":true}]}}