{"id":20410,"date":"2015-10-10T11:16:38","date_gmt":"2015-10-10T11:16:38","guid":{"rendered":"https:\/\/www.urlaubcornwall.de\/blog\/?page_id=20410"},"modified":"2021-10-01T06:57:14","modified_gmt":"2021-10-01T06:57:14","slug":"urlaubspakete-fuer-die-scilly-inseln-das-unknown-paradise","status":"publish","type":"page","link":"https:\/\/www.urlaubcornwall.de\/blog\/urlaubspakete-fuer-die-scilly-inseln-das-unknown-paradise\/","title":{"rendered":"Urlaubspakete f\u00fcr die Scilly Inseln: Englands unbekannte Sch\u00f6nheit!"},"content":{"rendered":"<p style=\"text-align: center;\"><a href=\"https:\/\/www.urlaubcornwall.de\/blog\/wp-content\/uploads\/2015\/10\/Scilly-reisen.jpg\"><img loading=\"lazy\" class=\"aligncenter size-full wp-image-20418\" src=\"https:\/\/www.urlaubcornwall.de\/blog\/wp-content\/uploads\/2015\/10\/Scilly-reisen.jpg\" alt=\"Scilly reisen\" width=\"749\" height=\"353\"\/><\/a><\/p>\n<p>Mit einer mehr als 25j\u00e4hrigen Erfahrung im Organisieren von Urlauben zu den <a href=\"http:\/\/www.urlaubcornwall.de\/Scilly-Inseln.php\"><span style=\"text-decoration: underline;\">Scilly Inseln<\/span><\/a>, haben wir Fl\u00fcge und Transferm\u00f6glichkeiten im Angebot von Ihrem Flughafen in Deutschland, \u00d6sterreich oder der Schweiz aus nach England einschlie\u00dflich Reiseverbindungen nach Cornwall und zu den Inseln.<\/p>\n<p>\u00dcberlassen Sie uns die Planung, wir ersparen Ihnen jegliche Ungewissheit, was das Reisen zu den Inseln anbelangt, und haben garantierten Festpreis. Mit Sitz in Cornwall mit einem Deutsch sprechenden Reiseteam k\u00f6nnen wir Sie bez\u00fcglich aller Einzelheiten beraten, wie Sie zu den Inseln gelangen k\u00f6nnen, und Ihr Urlaub ist vollst\u00e4ndig von einem gro\u00dfen deutschen Reiseveranstalter abgesichert. Wir k\u00f6nnen Ihnen die beste Unterkunft empfehlen, zumal wir jedes einzelne unserer Hotels inspiziert und dort selbst \u00fcbernachtet haben. Was Sie lediglich tun brauchen, ist, sich auf eine Urlaubserfahrung freuen, die unvergesslich sein wird.<\/p>\n<p><strong>Hier finden Sie unsere ausgew\u00e4hlten Urlaubspakete bei denen Sie in unserer Auswahl pers\u00f6nlich inspizierter Hotels untergebracht sind&#8230;.<\/strong><\/p>\n<div class=\"snippet\"> <a class=\"featured-item\" href=\"https:\/\/www.urlaubcornwall.de\/blog\/scilly-inseln-suedliches-cornwall-8-tage-tui\/\"> <span class=\"image-holder\" style=\"background-image: url('https:\/\/www.urlaubcornwall.de\/blog\/wp-content\/uploads\/2018\/11\/IMG_0594_scilly_inseln_2.jpg');\"><\/span> <span class=\"featured-content\"> \n<h2 class=\"featured-title\">Urlaub auf den Isles of Scilly &#038; Cornwall \u2013 8 Tage<\/h2>\n<p class=\"featured-body\">Die Scilly Inseln erwarten Sie mit ihren wei\u00dfen Str\u00e4nden und der subtropischen Flora. Hotels in herrlicher Lage bieten beste M\u00f6glichkeiten zur Erkundung dieser Inselgruppe&#8230;<\/p>\n<\/span> <span class=\"featured-link-holder\"> <span class=\"featured-extra-info\"> \n<p>ab \u20ac 895<\/p>\n<\/span> \n<p class=\"featured-link\">Details<\/p>\n<\/span> <\/a><\/div>\n<div class=\"snippet\"> <a class=\"featured-item\" href=\"https:\/\/www.urlaubcornwall.de\/blog\/scilly-inseln-suedliches-cornwall-11-tage-tui\/\"> <span class=\"image-holder\" style=\"background-image: url('https:\/\/www.urlaubcornwall.de\/blog\/wp-content\/uploads\/2018\/12\/urlaub_isles_scilly_cornwall.jpg');\"><\/span> <span class=\"featured-content\"> \n<h2 class=\"featured-title\">Isles of Scilly, Cornwall &#038; S\u00fcdwestengland \u2013 15 Tage<\/h2>\n<p class=\"featured-body\">Auf dieser Autoreise erkunden Sie neben den H\u00f6hepunkten Cornwalls auch die einmalig sch\u00f6nen Scilly Islands. Diese besondere Inselgruppe ist autofrei und damit bei Naturfreunden besonders beliebt. &#8230;<\/p>\n<\/span> <span class=\"featured-link-holder\"> <span class=\"featured-extra-info\"> \n<p>ab \u20ac 1.609<\/p>\n<\/span> \n<p class=\"featured-link\">Details<\/p>\n<\/span> <\/a><\/div>\n<p style=\"text-align: center;\">Der<strong> EINZIGE <\/strong>Deutsch sprechende Reiseservice f\u00fcr die Scilly-Inseln.<\/p>\n<p style=\"text-align: center;\"><a class=\"tidycta\" href=\"http:\/\/www.urlaubcornwall.de\/anfrage.php?tourcode=Scilly Inseln\">Scilly Inseln Anfrage<\/a><\/p>\n","protected":false},"excerpt":{"rendered":"<p>Mit einer mehr als 25j\u00e4hrigen Erfahrung im Organisieren von Urlauben zu den Scilly Inseln, haben wir Fl\u00fcge und Transferm\u00f6glichkeiten im Angebot von Ihrem Flughafen in Deutschland, \u00d6sterreich oder der Schweiz aus nach England einschlie\u00dflich Reiseverbindungen nach Cornwall und zu den Inseln. \u00dcberlassen Sie uns die Planung, wir ersparen Ihnen jegliche Ungewissheit, was das Reisen zu [&hellip;]<\/p>\n","protected":false},"author":1,"featured_media":0,"parent":0,"menu_order":0,"comment_status":"closed","ping_status":"closed","template":"single-four.php","meta":[],"acf":[],"yoast_head":"<!-- This site is optimized with the Yoast SEO plugin v19.4 - https:\/\/yoast.com\/wordpress\/plugins\/seo\/ -->\n<title>Urlaubspakete f\u00fcr die Scilly Inseln: Englands unbekannte Sch\u00f6nheit! - Urlaub &amp; Reisen<\/title>\n<meta name=\"robots\" content=\"index, follow, max-snippet:-1, max-image-preview:large, max-video-preview:-1\" \/>\n<link rel=\"canonical\" href=\"https:\/\/www.urlaubcornwall.de\/blog\/urlaubspakete-fuer-die-scilly-inseln-das-unknown-paradise\/\" \/>\n<meta property=\"og:locale\" content=\"en_US\" \/>\n<meta property=\"og:type\" content=\"article\" \/>\n<meta property=\"og:title\" content=\"Urlaubspakete f\u00fcr die Scilly Inseln: Englands unbekannte Sch\u00f6nheit! - Urlaub &amp; Reisen\" \/>\n<meta property=\"og:description\" content=\"Mit einer mehr als 25j\u00e4hrigen Erfahrung im Organisieren von Urlauben zu den Scilly Inseln, haben wir Fl\u00fcge und Transferm\u00f6glichkeiten im Angebot von Ihrem Flughafen in Deutschland, \u00d6sterreich oder der Schweiz aus nach England einschlie\u00dflich Reiseverbindungen nach Cornwall und zu den Inseln. \u00dcberlassen Sie uns die Planung, wir ersparen Ihnen jegliche Ungewissheit, was das Reisen zu [&hellip;]\" \/>\n<meta property=\"og:url\" content=\"https:\/\/www.urlaubcornwall.de\/blog\/urlaubspakete-fuer-die-scilly-inseln-das-unknown-paradise\/\" \/>\n<meta property=\"og:site_name\" content=\"Urlaub &amp; Reisen\" \/>\n<meta property=\"article:modified_time\" content=\"2021-10-01T06:57:14+00:00\" \/>\n<meta property=\"og:image\" content=\"https:\/\/www.urlaubcornwall.de\/blog\/wp-content\/uploads\/2015\/10\/Scilly-reisen.jpg\" \/>\n<meta name=\"twitter:card\" content=\"summary\" \/>\n<meta name=\"twitter:label1\" content=\"Est. reading time\" \/>\n\t<meta name=\"twitter:data1\" content=\"1 minute\" \/>\n<script type=\"application\/ld+json\" class=\"yoast-schema-graph\">{\"@context\":\"https:\/\/schema.org\",\"@graph\":[{\"@type\":\"WebSite\",\"@id\":\"https:\/\/www.urlaubcornwall.de\/blog\/#website\",\"url\":\"https:\/\/www.urlaubcornwall.de\/blog\/\",\"name\":\"Urlaub &amp; Reisen\",\"description\":\"Urlaub, Reisen, Cornwall und S\u00fcdengland: eine perfekte Kombination\",\"potentialAction\":[{\"@type\":\"SearchAction\",\"target\":{\"@type\":\"EntryPoint\",\"urlTemplate\":\"https:\/\/www.urlaubcornwall.de\/blog\/?s={search_term_string}\"},\"query-input\":\"required name=search_term_string\"}],\"inLanguage\":\"en-US\"},{\"@type\":\"WebPage\",\"@id\":\"https:\/\/www.urlaubcornwall.de\/blog\/urlaubspakete-fuer-die-scilly-inseln-das-unknown-paradise\/\",\"url\":\"https:\/\/www.urlaubcornwall.de\/blog\/urlaubspakete-fuer-die-scilly-inseln-das-unknown-paradise\/\",\"name\":\"Urlaubspakete f\u00fcr die Scilly Inseln: Englands unbekannte Sch\u00f6nheit! - Urlaub &amp; Reisen\",\"isPartOf\":{\"@id\":\"https:\/\/www.urlaubcornwall.de\/blog\/#website\"},\"datePublished\":\"2015-10-10T11:16:38+00:00\",\"dateModified\":\"2021-10-01T06:57:14+00:00\",\"breadcrumb\":{\"@id\":\"https:\/\/www.urlaubcornwall.de\/blog\/urlaubspakete-fuer-die-scilly-inseln-das-unknown-paradise\/#breadcrumb\"},\"inLanguage\":\"en-US\",\"potentialAction\":[{\"@type\":\"ReadAction\",\"target\":[\"https:\/\/www.urlaubcornwall.de\/blog\/urlaubspakete-fuer-die-scilly-inseln-das-unknown-paradise\/\"]}]},{\"@type\":\"BreadcrumbList\",\"@id\":\"https:\/\/www.urlaubcornwall.de\/blog\/urlaubspakete-fuer-die-scilly-inseln-das-unknown-paradise\/#breadcrumb\",\"itemListElement\":[{\"@type\":\"ListItem\",\"position\":1,\"name\":\"Home\",\"item\":\"https:\/\/www.urlaubcornwall.de\/blog\/\"},{\"@type\":\"ListItem\",\"position\":2,\"name\":\"Urlaubspakete f\u00fcr die Scilly Inseln: Englands unbekannte Sch\u00f6nheit!\"}]}]}<\/script>\n<!-- \/ Yoast SEO plugin. -->","yoast_head_json":{"title":"Urlaubspakete f\u00fcr die Scilly Inseln: Englands unbekannte Sch\u00f6nheit! - Urlaub &amp; Reisen","robots":{"index":"index","follow":"follow","max-snippet":"max-snippet:-1","max-image-preview":"max-image-preview:large","max-video-preview":"max-video-preview:-1"},"canonical":"https:\/\/www.urlaubcornwall.de\/blog\/urlaubspakete-fuer-die-scilly-inseln-das-unknown-paradise\/","og_locale":"en_US","og_type":"article","og_title":"Urlaubspakete f\u00fcr die Scilly Inseln: Englands unbekannte Sch\u00f6nheit! - Urlaub &amp; Reisen","og_description":"Mit einer mehr als 25j\u00e4hrigen Erfahrung im Organisieren von Urlauben zu den Scilly Inseln, haben wir Fl\u00fcge und Transferm\u00f6glichkeiten im Angebot von Ihrem Flughafen in Deutschland, \u00d6sterreich oder der Schweiz aus nach England einschlie\u00dflich Reiseverbindungen nach Cornwall und zu den Inseln. \u00dcberlassen Sie uns die Planung, wir ersparen Ihnen jegliche Ungewissheit, was das Reisen zu [&hellip;]","og_url":"https:\/\/www.urlaubcornwall.de\/blog\/urlaubspakete-fuer-die-scilly-inseln-das-unknown-paradise\/","og_site_name":"Urlaub &amp; Reisen","article_modified_time":"2021-10-01T06:57:14+00:00","og_image":[{"url":"https:\/\/www.urlaubcornwall.de\/blog\/wp-content\/uploads\/2015\/10\/Scilly-reisen.jpg"}],"twitter_card":"summary","twitter_misc":{"Est. reading time":"1 minute"},"schema":{"@context":"https:\/\/schema.org","@graph":[{"@type":"WebSite","@id":"https:\/\/www.urlaubcornwall.de\/blog\/#website","url":"https:\/\/www.urlaubcornwall.de\/blog\/","name":"Urlaub &amp; Reisen","description":"Urlaub, Reisen, Cornwall und S\u00fcdengland: eine perfekte Kombination","potentialAction":[{"@type":"SearchAction","target":{"@type":"EntryPoint","urlTemplate":"https:\/\/www.urlaubcornwall.de\/blog\/?s={search_term_string}"},"query-input":"required name=search_term_string"}],"inLanguage":"en-US"},{"@type":"WebPage","@id":"https:\/\/www.urlaubcornwall.de\/blog\/urlaubspakete-fuer-die-scilly-inseln-das-unknown-paradise\/","url":"https:\/\/www.urlaubcornwall.de\/blog\/urlaubspakete-fuer-die-scilly-inseln-das-unknown-paradise\/","name":"Urlaubspakete f\u00fcr die Scilly Inseln: Englands unbekannte Sch\u00f6nheit! - Urlaub &amp; Reisen","isPartOf":{"@id":"https:\/\/www.urlaubcornwall.de\/blog\/#website"},"datePublished":"2015-10-10T11:16:38+00:00","dateModified":"2021-10-01T06:57:14+00:00","breadcrumb":{"@id":"https:\/\/www.urlaubcornwall.de\/blog\/urlaubspakete-fuer-die-scilly-inseln-das-unknown-paradise\/#breadcrumb"},"inLanguage":"en-US","potentialAction":[{"@type":"ReadAction","target":["https:\/\/www.urlaubcornwall.de\/blog\/urlaubspakete-fuer-die-scilly-inseln-das-unknown-paradise\/"]}]},{"@type":"BreadcrumbList","@id":"https:\/\/www.urlaubcornwall.de\/blog\/urlaubspakete-fuer-die-scilly-inseln-das-unknown-paradise\/#breadcrumb","itemListElement":[{"@type":"ListItem","position":1,"name":"Home","item":"https:\/\/www.urlaubcornwall.de\/blog\/"},{"@type":"ListItem","position":2,"name":"Urlaubspakete f\u00fcr die Scilly Inseln: Englands unbekannte Sch\u00f6nheit!"}]}]}},"_links":{"self":[{"href":"https:\/\/www.urlaubcornwall.de\/blog\/wp-json\/wp\/v2\/pages\/20410"}],"collection":[{"href":"https:\/\/www.urlaubcornwall.de\/blog\/wp-json\/wp\/v2\/pages"}],"about":[{"href":"https:\/\/www.urlaubcornwall.de\/blog\/wp-json\/wp\/v2\/types\/page"}],"author":[{"embeddable":true,"href":"https:\/\/www.urlaubcornwall.de\/blog\/wp-json\/wp\/v2\/users\/1"}],"replies":[{"embeddable":true,"href":"https:\/\/www.urlaubcornwall.de\/blog\/wp-json\/wp\/v2\/comments?post=20410"}],"version-history":[{"count":15,"href":"https:\/\/www.urlaubcornwall.de\/blog\/wp-json\/wp\/v2\/pages\/20410\/revisions"}],"predecessor-version":[{"id":23398,"href":"https:\/\/www.urlaubcornwall.de\/blog\/wp-json\/wp\/v2\/pages\/20410\/revisions\/23398"}],"wp:attachment":[{"href":"https:\/\/www.urlaubcornwall.de\/blog\/wp-json\/wp\/v2\/media?parent=20410"}],"curies":[{"name":"wp","href":"https:\/\/api.w.org\/{rel}","templated":true}]}}