{"id":20390,"date":"2015-10-09T15:32:58","date_gmt":"2015-10-09T15:32:58","guid":{"rendered":"https:\/\/www.urlaubcornwall.de\/blog\/?page_id=20390"},"modified":"2024-05-29T09:44:59","modified_gmt":"2024-05-29T09:44:59","slug":"autoreise-cornwall-scilly-inseln-13-tage","status":"publish","type":"page","link":"https:\/\/www.urlaubcornwall.de\/blog\/autoreise-cornwall-scilly-inseln-13-tage\/","title":{"rendered":"Autoreise Cornwall &#038; Scilly Inseln &#8211; 13 Tage Reisepaket"},"content":{"rendered":"<p><img loading=\"lazy\" class=\"aligncenter size-full wp-image-20287\" src=\"https:\/\/www.urlaubcornwall.de\/blog\/wp-content\/uploads\/2015\/10\/Pauschalreise-Scilly-Inseln.jpg\" alt=\"Pauschalreise Scilly Inseln\" width=\"748\" height=\"375\"\/><\/p>\n<h2 style=\"text-align: left;\"><strong>Highlights: Bristol, Exeter, Plymouth, Falmouth, Scilly Islands, Taunton, Dartmoor Nationalpark, Bath.<\/strong><\/h2>\n<p>13 Tage \/ 12 N\u00e4chte | t\u00e4glich m\u00f6glich (Tag 8 und 12 darf kein Sonntag sein) | ab\/bis Bristol<\/p>\n<p style=\"text-align: left;\">Auf dieser Autoreise erkunden Sie neben den H\u00f6hepunkten Cornwalls auch die einmalig sch\u00f6nen <a href=\"http:\/\/www.urlaubcornwall.de\/Scilly-Inseln.php\"><span style=\"text-decoration: underline;\">Scilly Islands<\/span><\/a>. Diese besondere Inselgruppe ist autofrei und damit bei Naturfreunden besonders beliebt. Eine kleine Auszeit w\u00e4hrend einer beeindruckenden Rundreise ist Ihnen damit sicher!<\/p>\n<p style=\"text-align: center;\"><a class=\"tidycta\" href=\"https:\/\/www.urlaubcornwall.de\/reisebuchung.php?tourcode=ENGSELBST-Scilly\">Anfrage \/ Buchung<\/a><\/p>\n<p><strong>Tourbeschreibung<\/strong><\/p>\n<p><strong>1. Tag: Bristol\/Bath<\/strong><\/p>\n<p>Anreise nach Bristol in Eigenregie (Fl\u00fcge bieten wir gerne passend dazu an). Nachdem Sie am Flughafen angekommen sind, nehmen Sie den Mietwagen entgegen und fahren in Ihre erste Unterkunft. Je nach Ankunftszeit bleibt noch Zeit um durch das Hafenviertel von Bristol \u201eHarbourside\u201c zu flanieren. 2 \u00dcbernachtungen im Raum Bristol\/Bath.<\/p>\n<p><strong>2. Tag: Bath und Umgebung<\/strong><\/p>\n<p><img loading=\"lazy\" class=\"aligncenter size-full wp-image-20068\" src=\"https:\/\/www.urlaubcornwall.de\/blog\/wp-content\/uploads\/2013\/03\/Bath1.jpg\" alt=\"Bath Somerset\" width=\"748\" height=\"353\"\/><\/p>\n<p>Nach dem Fr\u00fchst\u00fcck steht die Erkundung der Stadt Bath auf dem Programm. Vor Ort k\u00f6nnen Sie eine Stadtrundfahrt in einem der roten Doppeldeckerbusse buchen, die Sie zu allen Hauptsehensw\u00fcrdigkeiten f\u00fchren. Die r\u00f6mischen B\u00e4der im Herzen der Stadt sowie das Jane Austen Centre sind zwei H\u00f6hepunkte der Stadt. Alternativ k\u00f6nnen Sie auch einen Ausflug in die Cotswolds oder in Richtung Cardiff unternehmen. Gestalten Sie diesen Tag einfach nach eigenen Interessen. \u00dcbernachtung wie am Vortag.<\/p>\n<p><strong>3. Tag: Bath\/Bristol \u2013 Exeter\/Torqauy (ca. 160km)<\/strong><\/p>\n<p>Folgen Sie heute der Autobahn nach Exeter, die gr\u00f6\u00dfte Stadt im S\u00fcdwesten Englands und schon seit der R\u00f6merzeit eine wichtige Stadt in Devon. Bummeln Sie durch das Stadtzentrum und bewundern Sie die Kathedrale, ein wundersch\u00f6nes Beispiel der englischen Hochgotik. Sp\u00e4ter Weiterfahrt nach Torquay, direkt an der englischen Riviera gelegen. \u00dcbernachtung im Raum Exeter\/Torquay.<br \/>\n<strong><br \/>\n4. Tag: Exeter\/Torquay \u2013 Plymouth (ca. 60km)<\/strong><\/p>\n<p>Tag zur freien Verf\u00fcgung. Sehenswert sind unter anderem die zwei Kilometer au\u00dferhalb liegenden Tropfsteinh\u00f6hlen \u201eKent`s Cavern\u201c sowie der Dartmoor Nationalpark. Dieses Naturschutzgebiet bietet f\u00fcr jeden Besucher etwas: gr\u00fcne H\u00fcgel, W\u00e4lder, klare B\u00e4che, malerische D\u00f6rfer und Bauernh\u00f6fe, verschiedene Tierarten und Steinkreise. Auch eine Fahrt mit der Dartmouth Steam Railway ist m\u00f6glich. \u00dcbernachtung im Raum Plymouth.<\/p>\n<p><strong>5.\/6.\/7. Tag: Plymouth \u2013 Falmouth\/Penzance (ca. 100km)<\/strong><\/p>\n<p><img loading=\"lazy\" class=\"aligncenter size-full wp-image-32190\" src=\"https:\/\/www.urlaubcornwall.de\/blog\/wp-content\/uploads\/2018\/01\/falmouth-cornwall-hotels.jpg\" alt=\"falmouth cornwall gyllyngvase strand\" width=\"743\" height=\"476\" srcset=\"https:\/\/www.urlaubcornwall.de\/blog\/wp-content\/uploads\/2018\/01\/falmouth-cornwall-hotels.jpg 743w, https:\/\/www.urlaubcornwall.de\/blog\/wp-content\/uploads\/2018\/01\/falmouth-cornwall-hotels-300x192.jpg 300w\" sizes=\"(max-width: 743px) 100vw, 743px\" \/><\/p>\n<p>Am Morgen geht die Reise weiter nach Falmouth. Kurz nach Plymouth empfehlen wir einen Halt in dem reizenden Fischerdorf Polperro, durch das viele vertr\u00e4umte Gassen, Treppen und verschachtelte Wege f\u00fchren. Falls Sie an Botanik interessiert sind, k\u00f6nnen Sie an diesem Tag auch das weltbekannte Eden Project besichtigen. Anschlie\u00dfend Fahrt \u00fcber Truro, wo eine der sch\u00f6nsten Kathedralen Englands steht, nach Falmouth. Die restlichen beiden Tage stehen Ihnen zur freien Verf\u00fcgung um Cornwall zu erkunden. 3 \u00dcbernachtungen in Falmouth\/Penzance.<\/p>\n<p><strong>8. Tag: Falmouth\/Penzance \u2013 Newquay (ca. 40km) \u2013 Scilly Islands<\/strong><\/p>\n<p>Achtung: Dieser Tag darf kein Sonntag sein, da es an diesem Tag keine Fl\u00fcge auf die Scilly Inseln gibt! Nach dem Fr\u00fchst\u00fcck fahren Sie nach Newquay, wo Sie den Mietwagen f\u00fcr ein paar Tage abstellen. Flug in einem Kleinflugzeug auf St Marys, die Hauptinsel der Scilly Inseln. Nach Ankunft machen Sie sich individuell auf den Weg in Ihr Hotel. Vor Ort stehen Flughafenbusse bereit, die Sie f\u00fcr ca. GBP 4 pro Person\/Strecke in Ihre Unterkunft bringen (vor Ort zu zahlen). 4 \u00dcbernachtungen auf St Marys (St Marys Hall Hotel)<\/p>\n<p><strong>9.\/10.\/11. Tag: Scilly Islands<\/strong><\/p>\n<p><img loading=\"lazy\" class=\"aligncenter size-full wp-image-24086\" src=\"https:\/\/www.urlaubcornwall.de\/blog\/wp-content\/uploads\/2016\/05\/par-strand-scilly.jpg\" alt=\" scilly inseln urlaub am meer mit meerblick\" width=\"748\" height=\"399\"\/><\/p>\n<p>Tage zur freien Verf\u00fcgung. Wei\u00dfe unber\u00fchrte Sandstr\u00e4nde, klares t\u00fcrkisblaues Meer, gr\u00fcne Palmen und einzigartige Panoramablicke \u2013 das sind die Scilly Islands, eine geheimnisvolle Inselgruppe, die in etwa 45 Kilometer s\u00fcdwestlich von Land\u00b4s End im Atlantik liegt. Auf diesem Fleck Erde, fern ab des Vereinigten K\u00f6nigreiches, wo die Zeit keine Rolle zu spielen scheint, kommen Naturliebhaber, Fahrradfahrer, Segler, Ruderer und Taucher voll auf ihre Kosten. Nutzen Sie auch die Bootsverbindungen auf andere Inseln und erkunden Sie diese. \u00dcbernachtungen wie am Vortag.<\/p>\n<p><strong>12. Tag: Scilly Islands \u2013 Newquay \u2013 Barnstaple\/Taunton <\/strong><\/p>\n<p>R\u00fcckflug heute von St. Mary nach Newquay. Dort steigen Sie wieder in den Mietwagen und fahren in Richtung Taunton. Wenn es die Ankunftszeit in Newquay erlaubt, haben Sie heute noch Zeit einen Teil Nordcornwalls zu erkunden. Die bekannteste Burgruine Englands befindet sich in Tintagel, n\u00f6rdlich von Newquay gelegen. Es handelt sich um die legend\u00e4re Festung von K\u00f6nig Marke, Geburtsort von K\u00f6nig Arthur und Schauplatz des Ehebruchs zweier K\u00f6niginnen. Wenn Sie schon in diesem kleinen Dorf sind, statten Sie auch dem Old Post Office einen Besuch ab. \u00dcbernachtung im Raum Barnstaple\/Taunton.<\/p>\n<p><strong>13. Tag: Barnstaple\/Taunton \u2013 Bristol (ca. 150km)<\/strong><\/p>\n<p>R\u00fcckfahrt zum Flughafen Bristol und Abgabe des Mietwagen. Heimreise in Eigenregie und Ende der Selbstfahrertour \u201eCornwall &amp; Scilly\u201c.<\/p>\n<p><strong>Eingeschlossene Leistungen:<\/strong><\/p>\n<p>12 \u00dcbernachtungen laut Reiserverlauf in Mittelklassehotels<\/p>\n<p>T\u00e4gliches Fr\u00fchst\u00fcck<\/p>\n<p>Flug von Newquay nach St. Mary und zur\u00fcck im Kleinflugzeug (15kg Gep\u00e4ck)<\/p>\n<p>1 Reisef\u00fchrer \u00fcber England<\/p>\n<p><strong>Nicht eingeschlossene Leistungen:<\/strong><\/p>\n<p>Bristol-Fl\u00fcge und Mietwagen (bieten wir Ihnen gerne passend dazu an)<\/p>\n<p>Transfers auf den Scilly Inseln<\/p>\n<p>Parkgeb\u00fchren in Newquay<\/p>\n<p>Pers\u00f6niche Ausgaben<\/p>\n<p>Weitere Mahlzeiten<\/p>\n<p>Eintrittsgelder oder sonstige extras<\/p>\n<p><strong>Preise \/ Termine<\/strong><\/p>\n<p>Preise auf Anfrage!<\/p>\n<p style=\"text-align: center;\"><a class=\"tidycta\" href=\"https:\/\/www.urlaubcornwall.de\/reisebuchung.php?tourcode=ENGSELBST-Scilly\">Anfrage \/ Buchung<\/a><\/p>\n<p>Hier finden Sie eine Auswahl an Ready Made Touren und <a href=\"https:\/\/www.urlaubcornwall.de\/rundreisen\/cornwall-suedengland.php\">Rundreisen in Cornwall, S\u00fcdwest und S\u00fcdengland<\/a>.<\/p>\n","protected":false},"excerpt":{"rendered":"<p>Highlights: Bristol, Exeter, Plymouth, Falmouth, Scilly Islands, Taunton, Dartmoor Nationalpark, Bath. 13 Tage \/ 12 N\u00e4chte | t\u00e4glich m\u00f6glich (Tag 8 und 12 darf kein Sonntag sein) | ab\/bis Bristol Auf dieser Autoreise erkunden Sie neben den H\u00f6hepunkten Cornwalls auch die einmalig sch\u00f6nen Scilly Islands. Diese besondere Inselgruppe ist autofrei und damit bei Naturfreunden besonders [&hellip;]<\/p>\n","protected":false},"author":1,"featured_media":0,"parent":0,"menu_order":0,"comment_status":"closed","ping_status":"closed","template":"single-four.php","meta":[],"acf":[],"yoast_head":"<!-- This site is optimized with the Yoast SEO plugin v19.4 - https:\/\/yoast.com\/wordpress\/plugins\/seo\/ -->\n<title>Autoreise Cornwall &amp; Scilly Inseln - 13 Tage Reisepaket - Urlaub &amp; Reisen<\/title>\n<meta name=\"robots\" content=\"index, follow, max-snippet:-1, max-image-preview:large, max-video-preview:-1\" \/>\n<link rel=\"canonical\" href=\"https:\/\/www.urlaubcornwall.de\/blog\/autoreise-cornwall-scilly-inseln-13-tage\/\" \/>\n<meta property=\"og:locale\" content=\"en_US\" \/>\n<meta property=\"og:type\" content=\"article\" \/>\n<meta property=\"og:title\" content=\"Autoreise Cornwall &amp; Scilly Inseln - 13 Tage Reisepaket - Urlaub &amp; Reisen\" \/>\n<meta property=\"og:description\" content=\"Highlights: Bristol, Exeter, Plymouth, Falmouth, Scilly Islands, Taunton, Dartmoor Nationalpark, Bath. 13 Tage \/ 12 N\u00e4chte | t\u00e4glich m\u00f6glich (Tag 8 und 12 darf kein Sonntag sein) | ab\/bis Bristol Auf dieser Autoreise erkunden Sie neben den H\u00f6hepunkten Cornwalls auch die einmalig sch\u00f6nen Scilly Islands. Diese besondere Inselgruppe ist autofrei und damit bei Naturfreunden besonders [&hellip;]\" \/>\n<meta property=\"og:url\" content=\"https:\/\/www.urlaubcornwall.de\/blog\/autoreise-cornwall-scilly-inseln-13-tage\/\" \/>\n<meta property=\"og:site_name\" content=\"Urlaub &amp; Reisen\" \/>\n<meta property=\"article:modified_time\" content=\"2024-05-29T09:44:59+00:00\" \/>\n<meta property=\"og:image\" content=\"https:\/\/www.urlaubcornwall.de\/blog\/wp-content\/uploads\/2015\/10\/Pauschalreise-Scilly-Inseln.jpg\" \/>\n<meta name=\"twitter:card\" content=\"summary\" \/>\n<meta name=\"twitter:label1\" content=\"Est. reading time\" \/>\n\t<meta name=\"twitter:data1\" content=\"5 minutes\" \/>\n<script type=\"application\/ld+json\" class=\"yoast-schema-graph\">{\"@context\":\"https:\/\/schema.org\",\"@graph\":[{\"@type\":\"WebSite\",\"@id\":\"https:\/\/www.urlaubcornwall.de\/blog\/#website\",\"url\":\"https:\/\/www.urlaubcornwall.de\/blog\/\",\"name\":\"Urlaub &amp; Reisen\",\"description\":\"Urlaub, Reisen, Cornwall und S\u00fcdengland: eine perfekte Kombination\",\"potentialAction\":[{\"@type\":\"SearchAction\",\"target\":{\"@type\":\"EntryPoint\",\"urlTemplate\":\"https:\/\/www.urlaubcornwall.de\/blog\/?s={search_term_string}\"},\"query-input\":\"required name=search_term_string\"}],\"inLanguage\":\"en-US\"},{\"@type\":\"WebPage\",\"@id\":\"https:\/\/www.urlaubcornwall.de\/blog\/autoreise-cornwall-scilly-inseln-13-tage\/\",\"url\":\"https:\/\/www.urlaubcornwall.de\/blog\/autoreise-cornwall-scilly-inseln-13-tage\/\",\"name\":\"Autoreise Cornwall & Scilly Inseln - 13 Tage Reisepaket - Urlaub &amp; Reisen\",\"isPartOf\":{\"@id\":\"https:\/\/www.urlaubcornwall.de\/blog\/#website\"},\"datePublished\":\"2015-10-09T15:32:58+00:00\",\"dateModified\":\"2024-05-29T09:44:59+00:00\",\"breadcrumb\":{\"@id\":\"https:\/\/www.urlaubcornwall.de\/blog\/autoreise-cornwall-scilly-inseln-13-tage\/#breadcrumb\"},\"inLanguage\":\"en-US\",\"potentialAction\":[{\"@type\":\"ReadAction\",\"target\":[\"https:\/\/www.urlaubcornwall.de\/blog\/autoreise-cornwall-scilly-inseln-13-tage\/\"]}]},{\"@type\":\"BreadcrumbList\",\"@id\":\"https:\/\/www.urlaubcornwall.de\/blog\/autoreise-cornwall-scilly-inseln-13-tage\/#breadcrumb\",\"itemListElement\":[{\"@type\":\"ListItem\",\"position\":1,\"name\":\"Home\",\"item\":\"https:\/\/www.urlaubcornwall.de\/blog\/\"},{\"@type\":\"ListItem\",\"position\":2,\"name\":\"Autoreise Cornwall &#038; Scilly Inseln &#8211; 13 Tage Reisepaket\"}]}]}<\/script>\n<!-- \/ Yoast SEO plugin. -->","yoast_head_json":{"title":"Autoreise Cornwall & Scilly Inseln - 13 Tage Reisepaket - Urlaub &amp; Reisen","robots":{"index":"index","follow":"follow","max-snippet":"max-snippet:-1","max-image-preview":"max-image-preview:large","max-video-preview":"max-video-preview:-1"},"canonical":"https:\/\/www.urlaubcornwall.de\/blog\/autoreise-cornwall-scilly-inseln-13-tage\/","og_locale":"en_US","og_type":"article","og_title":"Autoreise Cornwall & Scilly Inseln - 13 Tage Reisepaket - Urlaub &amp; Reisen","og_description":"Highlights: Bristol, Exeter, Plymouth, Falmouth, Scilly Islands, Taunton, Dartmoor Nationalpark, Bath. 13 Tage \/ 12 N\u00e4chte | t\u00e4glich m\u00f6glich (Tag 8 und 12 darf kein Sonntag sein) | ab\/bis Bristol Auf dieser Autoreise erkunden Sie neben den H\u00f6hepunkten Cornwalls auch die einmalig sch\u00f6nen Scilly Islands. Diese besondere Inselgruppe ist autofrei und damit bei Naturfreunden besonders [&hellip;]","og_url":"https:\/\/www.urlaubcornwall.de\/blog\/autoreise-cornwall-scilly-inseln-13-tage\/","og_site_name":"Urlaub &amp; Reisen","article_modified_time":"2024-05-29T09:44:59+00:00","og_image":[{"url":"https:\/\/www.urlaubcornwall.de\/blog\/wp-content\/uploads\/2015\/10\/Pauschalreise-Scilly-Inseln.jpg"}],"twitter_card":"summary","twitter_misc":{"Est. reading time":"5 minutes"},"schema":{"@context":"https:\/\/schema.org","@graph":[{"@type":"WebSite","@id":"https:\/\/www.urlaubcornwall.de\/blog\/#website","url":"https:\/\/www.urlaubcornwall.de\/blog\/","name":"Urlaub &amp; Reisen","description":"Urlaub, Reisen, Cornwall und S\u00fcdengland: eine perfekte Kombination","potentialAction":[{"@type":"SearchAction","target":{"@type":"EntryPoint","urlTemplate":"https:\/\/www.urlaubcornwall.de\/blog\/?s={search_term_string}"},"query-input":"required name=search_term_string"}],"inLanguage":"en-US"},{"@type":"WebPage","@id":"https:\/\/www.urlaubcornwall.de\/blog\/autoreise-cornwall-scilly-inseln-13-tage\/","url":"https:\/\/www.urlaubcornwall.de\/blog\/autoreise-cornwall-scilly-inseln-13-tage\/","name":"Autoreise Cornwall & Scilly Inseln - 13 Tage Reisepaket - Urlaub &amp; Reisen","isPartOf":{"@id":"https:\/\/www.urlaubcornwall.de\/blog\/#website"},"datePublished":"2015-10-09T15:32:58+00:00","dateModified":"2024-05-29T09:44:59+00:00","breadcrumb":{"@id":"https:\/\/www.urlaubcornwall.de\/blog\/autoreise-cornwall-scilly-inseln-13-tage\/#breadcrumb"},"inLanguage":"en-US","potentialAction":[{"@type":"ReadAction","target":["https:\/\/www.urlaubcornwall.de\/blog\/autoreise-cornwall-scilly-inseln-13-tage\/"]}]},{"@type":"BreadcrumbList","@id":"https:\/\/www.urlaubcornwall.de\/blog\/autoreise-cornwall-scilly-inseln-13-tage\/#breadcrumb","itemListElement":[{"@type":"ListItem","position":1,"name":"Home","item":"https:\/\/www.urlaubcornwall.de\/blog\/"},{"@type":"ListItem","position":2,"name":"Autoreise Cornwall &#038; Scilly Inseln &#8211; 13 Tage Reisepaket"}]}]}},"_links":{"self":[{"href":"https:\/\/www.urlaubcornwall.de\/blog\/wp-json\/wp\/v2\/pages\/20390"}],"collection":[{"href":"https:\/\/www.urlaubcornwall.de\/blog\/wp-json\/wp\/v2\/pages"}],"about":[{"href":"https:\/\/www.urlaubcornwall.de\/blog\/wp-json\/wp\/v2\/types\/page"}],"author":[{"embeddable":true,"href":"https:\/\/www.urlaubcornwall.de\/blog\/wp-json\/wp\/v2\/users\/1"}],"replies":[{"embeddable":true,"href":"https:\/\/www.urlaubcornwall.de\/blog\/wp-json\/wp\/v2\/comments?post=20390"}],"version-history":[{"count":45,"href":"https:\/\/www.urlaubcornwall.de\/blog\/wp-json\/wp\/v2\/pages\/20390\/revisions"}],"predecessor-version":[{"id":50558,"href":"https:\/\/www.urlaubcornwall.de\/blog\/wp-json\/wp\/v2\/pages\/20390\/revisions\/50558"}],"wp:attachment":[{"href":"https:\/\/www.urlaubcornwall.de\/blog\/wp-json\/wp\/v2\/media?parent=20390"}],"curies":[{"name":"wp","href":"https:\/\/api.w.org\/{rel}","templated":true}]}}