{"id":20301,"date":"2015-10-02T16:21:03","date_gmt":"2015-10-02T16:21:03","guid":{"rendered":"https:\/\/www.urlaubcornwall.de\/blog\/?page_id=20301"},"modified":"2024-05-29T09:48:55","modified_gmt":"2024-05-29T09:48:55","slug":"scilly-islands-packages-6-tage","status":"publish","type":"page","link":"https:\/\/www.urlaubcornwall.de\/blog\/scilly-islands-packages-6-tage\/","title":{"rendered":"Scilly Islands Packages &#8211; 6 Tage"},"content":{"rendered":"<p><img loading=\"lazy\" class=\"aligncenter size-full wp-image-34153\" src=\"https:\/\/www.urlaubcornwall.de\/blog\/wp-content\/uploads\/2018\/08\/wanderurlaub-scilly-inseln-isles.jpg\" alt=\"urlaub scilly inseln isles\" width=\"749\" height=\"489\" srcset=\"https:\/\/www.urlaubcornwall.de\/blog\/wp-content\/uploads\/2018\/08\/wanderurlaub-scilly-inseln-isles.jpg 749w, https:\/\/www.urlaubcornwall.de\/blog\/wp-content\/uploads\/2018\/08\/wanderurlaub-scilly-inseln-isles-300x196.jpg 300w\" sizes=\"(max-width: 749px) 100vw, 749px\" \/><\/p>\n<p style=\"text-align: left;\"><strong>Tourbeschreibung: Scilly Islands Packages &#8211; <\/strong>6 Tage \/ 5 N\u00e4chte | t\u00e4glich m\u00f6glich | Zugfahren in England &amp; Fl\u00fcge nach Scilly Islands enthalten<\/p>\n<p style=\"text-align: left;\">Erkunden Sie mit unserem kompletten Package die Scilly Islands! Zugfahrten in England sowie Fl\u00fcge auf die Scilly Islands sind im Preis bereits enthalten, sodass Sie sich um nichts mehr zu k\u00fcmmern brauchen. Genie\u00dfen Sie einfach die unverwechselbare und einzigartige Flora und Fauna S\u00fcdenglands und die Unbeschwertheit der <a href=\"http:\/\/www.urlaubcornwall.de\/Scilly-Inseln.php\"><span style=\"text-decoration: underline;\">Scilly Islands. <\/span><\/a><\/p>\n<p style=\"text-align: center;\"><strong><a class=\"tidycta\" href=\"http:\/\/www.urlaubcornwall.de\/anfrage.php?tourcode=ENG-Scilly-6 Tage\">Scilly Inseln Anfrage<\/a><\/strong><\/p>\n<p><strong>Tourbeschreibung<\/strong><\/p>\n<p><strong>1. Tag: Flug nach London oder Bristol <\/strong><\/p>\n<p>Flug in Eigenregie nach London oder Bristol. Falls Sie sich f\u00fcr die Fl\u00fcgen nach London entscheiden, so steht am ersten Tag die Weiterfahrt mit dem Zug nach Exeter auf dem Programm. Es gibt regelm\u00e4\u00dfig Direktverbindungen zwischen London Paddington bzw. London Waterloo nach Exeter St David`s Station (ab GBP 60 pro Ticket). Beachten Sie also, dass Sie zun\u00e4chst vom Flughafen London in das Stadtzentrum fahren m\u00fcssen und von dort die Weiterfahrt nach Exeter antreten, wo Sie \u00fcbernachten werden. Falls Sie Fl\u00fcge nach Bristol bevorzugen, fahren Sie am Anreisetag je nach Flugzeiten entweder in Eigenregie in das Hotel nach Bristol oder mit dem Zug ab Bristol Temple Meads direkt nach Exeter (ab GBP 15 pro Ticket). \u00dcbernachtung in einem Mittelklassehotel in Bristol oder Exeter<\/p>\n<p><strong>2. Tag: Exeter \u2013 Isles of Scilly<\/strong><\/p>\n<p>Falls Sie noch nicht in Exeter sind, fahren Sie heute Vormittag mit dem Zug dorthin. Anschlie\u00dfend erfolgt ein Flug im Kleinflugzeug nach St Mary`s, die Hauptinsel der Scilly Inseln. Nach Ihrer Ankunft auf den Scilly Islands machen Sie sich individuell auf den Weg in Ihre Unterkunft. Es stehen nach Ankunft Minibusse bereit, die Sie zu Ihrer Unterkunft bringen. Sie zahlen ca. 4 GBP pro Weg direkt an den Fahrer. 3 \u00dcbernachtungen im St Marys Hall Hotel<\/p>\n<p><strong>3.\/4. Tag: Isles of Scilly<\/strong><\/p>\n<p>Zwei volle Tage zur Erkundung der Scilly Islands und zur Erholung in dieser wunderbaren Umgebung. Die Scilly Inseln sind Cornwalls bestgeh\u00fctetes Geheimnis. Aufgrund ihres milden Klimas, der perfekten Sandstr\u00e4nde und dem t\u00fcrkisblauen Meer werden sie auch die gl\u00fccklichen Inseln (Fortunate Isles) genannt. Sie bestehen aus hunderten kleiner Inseln, von denen nur 5 bewohnt sind. Jede Insel ist einzigartig und bietet ihre eigenen Sehensw\u00fcrdigkeiten und Aktivit\u00e4ten, allen Scilly Inseln gemeinsam ist jedoch das klare blaue Meer, die unber\u00fchrten Str\u00e4nde und die unglaublichen Panoramablicke. Wer einmal dort war wird unweigerlich \u201einfiziert\u201c und kommt jedes Jahr zur\u00fcck \u2013 einmal besucht, f\u00fcr immer im Herzen! Es gibt nur wenige Autos auf den Inseln, weshalb Bootsfahrten oder Wanderungen auf den sanften K\u00fcstenpfaden Ihnen eine besondere Urlaubserfahrung bescheren. \u00dcbernachtungen wie am Vortag.<\/p>\n<p><strong>5. Tag: Isles of Scilly \u2013 Exeter oder Bristol<\/strong><\/p>\n<p>Fahrt in Eigenregie zum Flughafen St Mary`s, denn heute fliegen Sie zur\u00fcck nach Exeter. Dort nehmen Sie entweder den Zug nach Bristol oder \u00fcbernachten direkt in Exeter (je nach Abflugzeit am n\u00e4chsten Tag). \u00dcbernachtung in einem Mittelklassehotel in Bristol oder Exeter<\/p>\n<p><strong>6. Tag: Heimreise<\/strong><\/p>\n<p>R\u00fcckflug in Eigenregie und Ende der Leistungen.<\/p>\n<p><strong>Eingeschlossene Leistungen<\/strong><\/p>\n<p>Flug im Kleinflugzeug von Exeter nach St Mary`s und zur\u00fcck, Sondertarif (15kg Gep\u00e4ck p.P.)<\/p>\n<p>2 \u00dcbernachtungen in einem Mittelklassehotel in Bristol oder Exeter (je nach Flugzeiten)<\/p>\n<p>3 \u00dcbernachtungen im St Mary`s Hall Hotel (Count Leon Room)<\/p>\n<p>T\u00e4gliches Fr\u00fchst\u00fcck<\/p>\n<p>Informationsmaterial \u00fcber die Scilly Inseln<\/p>\n<p><strong>Nicht eingeschlossene Leistungen:<\/strong><\/p>\n<p>Fl\u00fcge nach England (bieten wir gerne an)<\/p>\n<p>Zugtickets (k\u00f6nnen wir leider nicht buchen)<\/p>\n<p>Transfers in Bristol, Exeter und auf den Scilly Inseln<\/p>\n<p>Weitere Mahlzeiten<\/p>\n<p>Ausfl\u00fcge, Eintritte<\/p>\n<p>Pers\u00f6nliche Ausgaben aller Art<\/p>\n<p><strong>Alle Preise auf Anfrage!<\/strong><\/p>\n<p style=\"text-align: center;\"><strong><a class=\"tidycta\" href=\"http:\/\/www.urlaubcornwall.de\/anfrage.php?tourcode=ENG-Scilly-6 Tage\">Scilly Inseln Anfrage<\/a><\/strong><\/p>\n","protected":false},"excerpt":{"rendered":"<p>Tourbeschreibung: Scilly Islands Packages &#8211; 6 Tage \/ 5 N\u00e4chte | t\u00e4glich m\u00f6glich | Zugfahren in England &amp; Fl\u00fcge nach Scilly Islands enthalten Erkunden Sie mit unserem kompletten Package die Scilly Islands! Zugfahrten in England sowie Fl\u00fcge auf die Scilly Islands sind im Preis bereits enthalten, sodass Sie sich um nichts mehr zu k\u00fcmmern brauchen. [&hellip;]<\/p>\n","protected":false},"author":1,"featured_media":0,"parent":0,"menu_order":0,"comment_status":"closed","ping_status":"closed","template":"single-four.php","meta":[],"acf":[],"yoast_head":"<!-- This site is optimized with the Yoast SEO plugin v19.4 - https:\/\/yoast.com\/wordpress\/plugins\/seo\/ -->\n<title>Scilly Islands Packages - 6 Tage - Urlaub &amp; Reisen<\/title>\n<meta name=\"robots\" content=\"index, follow, max-snippet:-1, max-image-preview:large, max-video-preview:-1\" \/>\n<link rel=\"canonical\" href=\"https:\/\/www.urlaubcornwall.de\/blog\/scilly-islands-packages-6-tage\/\" \/>\n<meta property=\"og:locale\" content=\"en_US\" \/>\n<meta property=\"og:type\" content=\"article\" \/>\n<meta property=\"og:title\" content=\"Scilly Islands Packages - 6 Tage - Urlaub &amp; Reisen\" \/>\n<meta property=\"og:description\" content=\"Tourbeschreibung: Scilly Islands Packages &#8211; 6 Tage \/ 5 N\u00e4chte | t\u00e4glich m\u00f6glich | Zugfahren in England &amp; Fl\u00fcge nach Scilly Islands enthalten Erkunden Sie mit unserem kompletten Package die Scilly Islands! Zugfahrten in England sowie Fl\u00fcge auf die Scilly Islands sind im Preis bereits enthalten, sodass Sie sich um nichts mehr zu k\u00fcmmern brauchen. [&hellip;]\" \/>\n<meta property=\"og:url\" content=\"https:\/\/www.urlaubcornwall.de\/blog\/scilly-islands-packages-6-tage\/\" \/>\n<meta property=\"og:site_name\" content=\"Urlaub &amp; Reisen\" \/>\n<meta property=\"article:modified_time\" content=\"2024-05-29T09:48:55+00:00\" \/>\n<meta property=\"og:image\" content=\"https:\/\/www.urlaubcornwall.de\/blog\/wp-content\/uploads\/2018\/08\/wanderurlaub-scilly-inseln-isles.jpg\" \/>\n<meta name=\"twitter:card\" content=\"summary\" \/>\n<meta name=\"twitter:label1\" content=\"Est. reading time\" \/>\n\t<meta name=\"twitter:data1\" content=\"4 minutes\" \/>\n<script type=\"application\/ld+json\" class=\"yoast-schema-graph\">{\"@context\":\"https:\/\/schema.org\",\"@graph\":[{\"@type\":\"WebSite\",\"@id\":\"https:\/\/www.urlaubcornwall.de\/blog\/#website\",\"url\":\"https:\/\/www.urlaubcornwall.de\/blog\/\",\"name\":\"Urlaub &amp; Reisen\",\"description\":\"Urlaub, Reisen, Cornwall und S\u00fcdengland: eine perfekte Kombination\",\"potentialAction\":[{\"@type\":\"SearchAction\",\"target\":{\"@type\":\"EntryPoint\",\"urlTemplate\":\"https:\/\/www.urlaubcornwall.de\/blog\/?s={search_term_string}\"},\"query-input\":\"required name=search_term_string\"}],\"inLanguage\":\"en-US\"},{\"@type\":\"WebPage\",\"@id\":\"https:\/\/www.urlaubcornwall.de\/blog\/scilly-islands-packages-6-tage\/\",\"url\":\"https:\/\/www.urlaubcornwall.de\/blog\/scilly-islands-packages-6-tage\/\",\"name\":\"Scilly Islands Packages - 6 Tage - Urlaub &amp; Reisen\",\"isPartOf\":{\"@id\":\"https:\/\/www.urlaubcornwall.de\/blog\/#website\"},\"datePublished\":\"2015-10-02T16:21:03+00:00\",\"dateModified\":\"2024-05-29T09:48:55+00:00\",\"breadcrumb\":{\"@id\":\"https:\/\/www.urlaubcornwall.de\/blog\/scilly-islands-packages-6-tage\/#breadcrumb\"},\"inLanguage\":\"en-US\",\"potentialAction\":[{\"@type\":\"ReadAction\",\"target\":[\"https:\/\/www.urlaubcornwall.de\/blog\/scilly-islands-packages-6-tage\/\"]}]},{\"@type\":\"BreadcrumbList\",\"@id\":\"https:\/\/www.urlaubcornwall.de\/blog\/scilly-islands-packages-6-tage\/#breadcrumb\",\"itemListElement\":[{\"@type\":\"ListItem\",\"position\":1,\"name\":\"Home\",\"item\":\"https:\/\/www.urlaubcornwall.de\/blog\/\"},{\"@type\":\"ListItem\",\"position\":2,\"name\":\"Scilly Islands Packages &#8211; 6 Tage\"}]}]}<\/script>\n<!-- \/ Yoast SEO plugin. -->","yoast_head_json":{"title":"Scilly Islands Packages - 6 Tage - Urlaub &amp; Reisen","robots":{"index":"index","follow":"follow","max-snippet":"max-snippet:-1","max-image-preview":"max-image-preview:large","max-video-preview":"max-video-preview:-1"},"canonical":"https:\/\/www.urlaubcornwall.de\/blog\/scilly-islands-packages-6-tage\/","og_locale":"en_US","og_type":"article","og_title":"Scilly Islands Packages - 6 Tage - Urlaub &amp; Reisen","og_description":"Tourbeschreibung: Scilly Islands Packages &#8211; 6 Tage \/ 5 N\u00e4chte | t\u00e4glich m\u00f6glich | Zugfahren in England &amp; Fl\u00fcge nach Scilly Islands enthalten Erkunden Sie mit unserem kompletten Package die Scilly Islands! Zugfahrten in England sowie Fl\u00fcge auf die Scilly Islands sind im Preis bereits enthalten, sodass Sie sich um nichts mehr zu k\u00fcmmern brauchen. [&hellip;]","og_url":"https:\/\/www.urlaubcornwall.de\/blog\/scilly-islands-packages-6-tage\/","og_site_name":"Urlaub &amp; Reisen","article_modified_time":"2024-05-29T09:48:55+00:00","og_image":[{"url":"https:\/\/www.urlaubcornwall.de\/blog\/wp-content\/uploads\/2018\/08\/wanderurlaub-scilly-inseln-isles.jpg"}],"twitter_card":"summary","twitter_misc":{"Est. reading time":"4 minutes"},"schema":{"@context":"https:\/\/schema.org","@graph":[{"@type":"WebSite","@id":"https:\/\/www.urlaubcornwall.de\/blog\/#website","url":"https:\/\/www.urlaubcornwall.de\/blog\/","name":"Urlaub &amp; Reisen","description":"Urlaub, Reisen, Cornwall und S\u00fcdengland: eine perfekte Kombination","potentialAction":[{"@type":"SearchAction","target":{"@type":"EntryPoint","urlTemplate":"https:\/\/www.urlaubcornwall.de\/blog\/?s={search_term_string}"},"query-input":"required name=search_term_string"}],"inLanguage":"en-US"},{"@type":"WebPage","@id":"https:\/\/www.urlaubcornwall.de\/blog\/scilly-islands-packages-6-tage\/","url":"https:\/\/www.urlaubcornwall.de\/blog\/scilly-islands-packages-6-tage\/","name":"Scilly Islands Packages - 6 Tage - Urlaub &amp; Reisen","isPartOf":{"@id":"https:\/\/www.urlaubcornwall.de\/blog\/#website"},"datePublished":"2015-10-02T16:21:03+00:00","dateModified":"2024-05-29T09:48:55+00:00","breadcrumb":{"@id":"https:\/\/www.urlaubcornwall.de\/blog\/scilly-islands-packages-6-tage\/#breadcrumb"},"inLanguage":"en-US","potentialAction":[{"@type":"ReadAction","target":["https:\/\/www.urlaubcornwall.de\/blog\/scilly-islands-packages-6-tage\/"]}]},{"@type":"BreadcrumbList","@id":"https:\/\/www.urlaubcornwall.de\/blog\/scilly-islands-packages-6-tage\/#breadcrumb","itemListElement":[{"@type":"ListItem","position":1,"name":"Home","item":"https:\/\/www.urlaubcornwall.de\/blog\/"},{"@type":"ListItem","position":2,"name":"Scilly Islands Packages &#8211; 6 Tage"}]}]}},"_links":{"self":[{"href":"https:\/\/www.urlaubcornwall.de\/blog\/wp-json\/wp\/v2\/pages\/20301"}],"collection":[{"href":"https:\/\/www.urlaubcornwall.de\/blog\/wp-json\/wp\/v2\/pages"}],"about":[{"href":"https:\/\/www.urlaubcornwall.de\/blog\/wp-json\/wp\/v2\/types\/page"}],"author":[{"embeddable":true,"href":"https:\/\/www.urlaubcornwall.de\/blog\/wp-json\/wp\/v2\/users\/1"}],"replies":[{"embeddable":true,"href":"https:\/\/www.urlaubcornwall.de\/blog\/wp-json\/wp\/v2\/comments?post=20301"}],"version-history":[{"count":64,"href":"https:\/\/www.urlaubcornwall.de\/blog\/wp-json\/wp\/v2\/pages\/20301\/revisions"}],"predecessor-version":[{"id":50565,"href":"https:\/\/www.urlaubcornwall.de\/blog\/wp-json\/wp\/v2\/pages\/20301\/revisions\/50565"}],"wp:attachment":[{"href":"https:\/\/www.urlaubcornwall.de\/blog\/wp-json\/wp\/v2\/media?parent=20301"}],"curies":[{"name":"wp","href":"https:\/\/api.w.org\/{rel}","templated":true}]}}