{"id":19727,"date":"2015-08-25T13:26:43","date_gmt":"2015-08-25T13:26:43","guid":{"rendered":"https:\/\/www.urlaubcornwall.de\/blog\/?page_id=19727"},"modified":"2021-12-09T14:01:36","modified_gmt":"2021-12-09T14:01:36","slug":"urlaub-in-cambridge-east-anglia","status":"publish","type":"page","link":"https:\/\/www.urlaubcornwall.de\/blog\/urlaub-in-cambridge-east-anglia\/","title":{"rendered":"Urlaub in Cambridge &#8211; eine Stadt f\u00fcr jede Jahreszeit."},"content":{"rendered":"<p style=\"text-align: left;\"><a href=\"https:\/\/www.urlaubcornwall.de\/blog\/wp-content\/uploads\/2015\/08\/urlaub-cambridge_1.jpg\"><img loading=\"lazy\" class=\"aligncenter size-full wp-image-19729\" src=\"https:\/\/www.urlaubcornwall.de\/blog\/wp-content\/uploads\/2015\/08\/urlaub-cambridge_1.jpg\" alt=\"urlaub cambridge\" width=\"746\" height=\"366\"\/><\/a><\/p>\n<p>Cambridge ist eine Stadt f\u00fcr jede Jahreszeit, die inspiriert durch ihre zahlreichen wundersch\u00f6nen Museen und Kunstgalerien. Bewundern Sie die h\u00fcbsche Architektur und herrschaftlichen Hochschulgeb\u00e4ude. Erkunden Sie urige Passagen um den historischen Marktplatz und die Hochschulen herum. Dort finden Sie eine einzigartige entspannte Einkaufsatmosph\u00e4re. Bekannt geworden durch seine Universit\u00e4t, die entlang der Flussufer des Cam gewachsen ist, hat es sich dennoch die Atmosph\u00e4re einer l\u00e4ndlichen Marktstadt erhalten.<\/p>\n<p style=\"text-align: left;\">Ely schmiegt sich an die Fen Landschaft an; diese kleine Stadt liegt in Ost Cambridgeshire. Die Kathedrale Elys ist der H\u00f6hepunkt eines jeden Besuches der Stadt. Au\u00dferdem gibt es h\u00fcbsche Spazierwege entlang des Flusses Ouse, von wo aus Sie das historische Ely am besten genie\u00dfen k\u00f6nnen.<\/p>\n<p><script async src=\"https:\/\/pagead2.googlesyndication.com\/pagead\/js\/adsbygoogle.js?client=ca-pub-3901089389175725\"\n     crossorigin=\"anonymous\"><\/script><br \/>\n<!-- New UC --><br \/>\n<ins class=\"adsbygoogle\"\n     style=\"display:block\"\n     data-ad-client=\"ca-pub-3901089389175725\"\n     data-ad-slot=\"8080314818\"\n     data-ad-format=\"auto\"\n     data-full-width-responsive=\"true\"><\/ins><br \/>\n<script>\n     (adsbygoogle = window.adsbygoogle || []).push({});\n<\/script><\/p>\n<p style=\"text-align: left;\">Huntingdon ist eine urige Marktstadt und war einst 1599 Geburtsort von Oliver Cromwell. Huntingdon mit seinem historischen Erbe, Spazierwegen entlang des Flusses, Gesch\u00e4ften und einer Auswahl an Speisem\u00f6glichkeiten, ist der perfekte Ausflugsort zu jeder Jahreszeit.<\/p>\n<p style=\"text-align: left;\">Wisbech ist die Hauptstadt der Fens und bekannt f\u00fcr seine elegante georgianische Architektur, das Erbe aus einer Zeit, als die Stadt ein bl\u00fchendes Handelszentrum war. Das Wisbech und Fenland Museum ist eines der \u00e4ltesten Museen des Vereinigten K\u00f6nigreichs. Das Originalmanuskript von Charles Dickens \u201eGreat Expectations\u201c kann hier gefunden werden.<\/p>\n<h1 style=\"text-align: left;\"><strong>Bei uns finden Sie Ferienh\u00e4user zum Verlieben \u2013 so einfach ist das!<\/strong><\/h1>\n<p style=\"text-align: left;\">UrlaubCornwall verf\u00fcgt Ferienh\u00e4user und Ferienwohnungen in Cambridge f\u00fcr Ihren <a href=\"https:\/\/www.urlaubcornwall.de\/reiseziel\/england.php\">Urlaub in England<\/a>. Unterk\u00fcnfte der Spitzenklasse f\u00fcr 2 Personen, Familien und Gruppen mit 4, 6, 8, 10 oder 12 G\u00e4sten.<\/p>\n<p style=\"text-align: center;\"><a class=\"tidycta\" href=\"https:\/\/www.urlaubcornwall.de\/ferienhaeuser-fewos\/eng\/buckinghamshire\/buckinghamshire.html\">Suche Ferienh\u00e4user in Cambridgeshire<\/a><\/p>\n<h2 style=\"text-align: center;\">Unser Rundreisenservice<\/h2>\n<p style=\"text-align: center;\"><a href=\"http:\/\/urlaubcornwall.de\/\">UrlaubCornwall.de<\/a> hat seinen Firmensitz in Cornwall in S\u00fcdwestengland und bietet Kunden im Deutsch sprechenden Europa Hilfe im Erstellen der perfekten Urlaubserfahrung hier. Wir haben <a href=\"http:\/\/www.urlaubcornwall.de\/rundreisenservice.php\">ein Team Deutsch sprechender Experten<\/a>, so dass wir eine individuelle Rundreise durch Cornwall, S\u00fcdengland und nun auch durch den Rest Gro\u00dfbritanniens und Irlands anbieten k\u00f6nnen.<\/p>\n","protected":false},"excerpt":{"rendered":"<p>Cambridge ist eine Stadt f\u00fcr jede Jahreszeit, die inspiriert durch ihre zahlreichen wundersch\u00f6nen Museen und Kunstgalerien. Bewundern Sie die h\u00fcbsche Architektur und herrschaftlichen Hochschulgeb\u00e4ude. Erkunden Sie urige Passagen um den historischen Marktplatz und die Hochschulen herum. Dort finden Sie eine einzigartige entspannte Einkaufsatmosph\u00e4re. Bekannt geworden durch seine Universit\u00e4t, die entlang der Flussufer des Cam gewachsen [&hellip;]<\/p>\n","protected":false},"author":1,"featured_media":0,"parent":0,"menu_order":0,"comment_status":"closed","ping_status":"closed","template":"single-four.php","meta":[],"acf":[],"yoast_head":"<!-- This site is optimized with the Yoast SEO plugin v19.4 - https:\/\/yoast.com\/wordpress\/plugins\/seo\/ -->\n<title>Urlaub in Cambridge - eine Stadt f\u00fcr jede Jahreszeit. - Urlaub &amp; Reisen<\/title>\n<meta name=\"robots\" content=\"index, follow, max-snippet:-1, max-image-preview:large, max-video-preview:-1\" \/>\n<link rel=\"canonical\" href=\"https:\/\/www.urlaubcornwall.de\/blog\/urlaub-in-cambridge-east-anglia\/\" \/>\n<meta property=\"og:locale\" content=\"en_US\" \/>\n<meta property=\"og:type\" content=\"article\" \/>\n<meta property=\"og:title\" content=\"Urlaub in Cambridge - eine Stadt f\u00fcr jede Jahreszeit. - Urlaub &amp; Reisen\" \/>\n<meta property=\"og:description\" content=\"Cambridge ist eine Stadt f\u00fcr jede Jahreszeit, die inspiriert durch ihre zahlreichen wundersch\u00f6nen Museen und Kunstgalerien. Bewundern Sie die h\u00fcbsche Architektur und herrschaftlichen Hochschulgeb\u00e4ude. Erkunden Sie urige Passagen um den historischen Marktplatz und die Hochschulen herum. Dort finden Sie eine einzigartige entspannte Einkaufsatmosph\u00e4re. Bekannt geworden durch seine Universit\u00e4t, die entlang der Flussufer des Cam gewachsen [&hellip;]\" \/>\n<meta property=\"og:url\" content=\"https:\/\/www.urlaubcornwall.de\/blog\/urlaub-in-cambridge-east-anglia\/\" \/>\n<meta property=\"og:site_name\" content=\"Urlaub &amp; Reisen\" \/>\n<meta property=\"article:modified_time\" content=\"2021-12-09T14:01:36+00:00\" \/>\n<meta property=\"og:image\" content=\"https:\/\/www.urlaubcornwall.de\/blog\/wp-content\/uploads\/2015\/08\/urlaub-cambridge_1.jpg\" \/>\n<meta name=\"twitter:card\" content=\"summary\" \/>\n<meta name=\"twitter:label1\" content=\"Est. reading time\" \/>\n\t<meta name=\"twitter:data1\" content=\"2 minutes\" \/>\n<script type=\"application\/ld+json\" class=\"yoast-schema-graph\">{\"@context\":\"https:\/\/schema.org\",\"@graph\":[{\"@type\":\"WebSite\",\"@id\":\"https:\/\/www.urlaubcornwall.de\/blog\/#website\",\"url\":\"https:\/\/www.urlaubcornwall.de\/blog\/\",\"name\":\"Urlaub &amp; Reisen\",\"description\":\"Urlaub, Reisen, Cornwall und S\u00fcdengland: eine perfekte Kombination\",\"potentialAction\":[{\"@type\":\"SearchAction\",\"target\":{\"@type\":\"EntryPoint\",\"urlTemplate\":\"https:\/\/www.urlaubcornwall.de\/blog\/?s={search_term_string}\"},\"query-input\":\"required name=search_term_string\"}],\"inLanguage\":\"en-US\"},{\"@type\":\"WebPage\",\"@id\":\"https:\/\/www.urlaubcornwall.de\/blog\/urlaub-in-cambridge-east-anglia\/\",\"url\":\"https:\/\/www.urlaubcornwall.de\/blog\/urlaub-in-cambridge-east-anglia\/\",\"name\":\"Urlaub in Cambridge - eine Stadt f\u00fcr jede Jahreszeit. - Urlaub &amp; Reisen\",\"isPartOf\":{\"@id\":\"https:\/\/www.urlaubcornwall.de\/blog\/#website\"},\"datePublished\":\"2015-08-25T13:26:43+00:00\",\"dateModified\":\"2021-12-09T14:01:36+00:00\",\"breadcrumb\":{\"@id\":\"https:\/\/www.urlaubcornwall.de\/blog\/urlaub-in-cambridge-east-anglia\/#breadcrumb\"},\"inLanguage\":\"en-US\",\"potentialAction\":[{\"@type\":\"ReadAction\",\"target\":[\"https:\/\/www.urlaubcornwall.de\/blog\/urlaub-in-cambridge-east-anglia\/\"]}]},{\"@type\":\"BreadcrumbList\",\"@id\":\"https:\/\/www.urlaubcornwall.de\/blog\/urlaub-in-cambridge-east-anglia\/#breadcrumb\",\"itemListElement\":[{\"@type\":\"ListItem\",\"position\":1,\"name\":\"Home\",\"item\":\"https:\/\/www.urlaubcornwall.de\/blog\/\"},{\"@type\":\"ListItem\",\"position\":2,\"name\":\"Urlaub in Cambridge &#8211; eine Stadt f\u00fcr jede Jahreszeit.\"}]}]}<\/script>\n<!-- \/ Yoast SEO plugin. -->","yoast_head_json":{"title":"Urlaub in Cambridge - eine Stadt f\u00fcr jede Jahreszeit. - Urlaub &amp; Reisen","robots":{"index":"index","follow":"follow","max-snippet":"max-snippet:-1","max-image-preview":"max-image-preview:large","max-video-preview":"max-video-preview:-1"},"canonical":"https:\/\/www.urlaubcornwall.de\/blog\/urlaub-in-cambridge-east-anglia\/","og_locale":"en_US","og_type":"article","og_title":"Urlaub in Cambridge - eine Stadt f\u00fcr jede Jahreszeit. - Urlaub &amp; Reisen","og_description":"Cambridge ist eine Stadt f\u00fcr jede Jahreszeit, die inspiriert durch ihre zahlreichen wundersch\u00f6nen Museen und Kunstgalerien. Bewundern Sie die h\u00fcbsche Architektur und herrschaftlichen Hochschulgeb\u00e4ude. Erkunden Sie urige Passagen um den historischen Marktplatz und die Hochschulen herum. Dort finden Sie eine einzigartige entspannte Einkaufsatmosph\u00e4re. Bekannt geworden durch seine Universit\u00e4t, die entlang der Flussufer des Cam gewachsen [&hellip;]","og_url":"https:\/\/www.urlaubcornwall.de\/blog\/urlaub-in-cambridge-east-anglia\/","og_site_name":"Urlaub &amp; Reisen","article_modified_time":"2021-12-09T14:01:36+00:00","og_image":[{"url":"https:\/\/www.urlaubcornwall.de\/blog\/wp-content\/uploads\/2015\/08\/urlaub-cambridge_1.jpg"}],"twitter_card":"summary","twitter_misc":{"Est. reading time":"2 minutes"},"schema":{"@context":"https:\/\/schema.org","@graph":[{"@type":"WebSite","@id":"https:\/\/www.urlaubcornwall.de\/blog\/#website","url":"https:\/\/www.urlaubcornwall.de\/blog\/","name":"Urlaub &amp; Reisen","description":"Urlaub, Reisen, Cornwall und S\u00fcdengland: eine perfekte Kombination","potentialAction":[{"@type":"SearchAction","target":{"@type":"EntryPoint","urlTemplate":"https:\/\/www.urlaubcornwall.de\/blog\/?s={search_term_string}"},"query-input":"required name=search_term_string"}],"inLanguage":"en-US"},{"@type":"WebPage","@id":"https:\/\/www.urlaubcornwall.de\/blog\/urlaub-in-cambridge-east-anglia\/","url":"https:\/\/www.urlaubcornwall.de\/blog\/urlaub-in-cambridge-east-anglia\/","name":"Urlaub in Cambridge - eine Stadt f\u00fcr jede Jahreszeit. - Urlaub &amp; Reisen","isPartOf":{"@id":"https:\/\/www.urlaubcornwall.de\/blog\/#website"},"datePublished":"2015-08-25T13:26:43+00:00","dateModified":"2021-12-09T14:01:36+00:00","breadcrumb":{"@id":"https:\/\/www.urlaubcornwall.de\/blog\/urlaub-in-cambridge-east-anglia\/#breadcrumb"},"inLanguage":"en-US","potentialAction":[{"@type":"ReadAction","target":["https:\/\/www.urlaubcornwall.de\/blog\/urlaub-in-cambridge-east-anglia\/"]}]},{"@type":"BreadcrumbList","@id":"https:\/\/www.urlaubcornwall.de\/blog\/urlaub-in-cambridge-east-anglia\/#breadcrumb","itemListElement":[{"@type":"ListItem","position":1,"name":"Home","item":"https:\/\/www.urlaubcornwall.de\/blog\/"},{"@type":"ListItem","position":2,"name":"Urlaub in Cambridge &#8211; eine Stadt f\u00fcr jede Jahreszeit."}]}]}},"_links":{"self":[{"href":"https:\/\/www.urlaubcornwall.de\/blog\/wp-json\/wp\/v2\/pages\/19727"}],"collection":[{"href":"https:\/\/www.urlaubcornwall.de\/blog\/wp-json\/wp\/v2\/pages"}],"about":[{"href":"https:\/\/www.urlaubcornwall.de\/blog\/wp-json\/wp\/v2\/types\/page"}],"author":[{"embeddable":true,"href":"https:\/\/www.urlaubcornwall.de\/blog\/wp-json\/wp\/v2\/users\/1"}],"replies":[{"embeddable":true,"href":"https:\/\/www.urlaubcornwall.de\/blog\/wp-json\/wp\/v2\/comments?post=19727"}],"version-history":[{"count":11,"href":"https:\/\/www.urlaubcornwall.de\/blog\/wp-json\/wp\/v2\/pages\/19727\/revisions"}],"predecessor-version":[{"id":23575,"href":"https:\/\/www.urlaubcornwall.de\/blog\/wp-json\/wp\/v2\/pages\/19727\/revisions\/23575"}],"wp:attachment":[{"href":"https:\/\/www.urlaubcornwall.de\/blog\/wp-json\/wp\/v2\/media?parent=19727"}],"curies":[{"name":"wp","href":"https:\/\/api.w.org\/{rel}","templated":true}]}}