{"id":19448,"date":"2015-08-13T15:41:54","date_gmt":"2015-08-13T15:41:54","guid":{"rendered":"https:\/\/www.urlaubcornwall.de\/blog\/?page_id=19448"},"modified":"2024-05-29T09:02:19","modified_gmt":"2024-05-29T09:02:19","slug":"top-10-reisetipps-dorset-die-sie-sehen-und-erleben-sollten","status":"publish","type":"page","link":"https:\/\/www.urlaubcornwall.de\/blog\/top-10-reisetipps-dorset-die-sie-sehen-und-erleben-sollten\/","title":{"rendered":"Top 10 Reisetipps Dorset: die Sie sehen und erleben sollten"},"content":{"rendered":"<p><a href=\"https:\/\/www.urlaubcornwall.de\/blog\/wp-content\/uploads\/2024\/05\/IMG_0665-scaled-e1715764935943.jpg\"><img loading=\"lazy\" src=\"https:\/\/www.urlaubcornwall.de\/blog\/wp-content\/uploads\/2024\/05\/IMG_0665-1024x768.jpg\" alt=\"dorset\" width=\"1024\" height=\"768\" class=\"alignnone size-large wp-image-50130\" \/><\/a><\/p>\n<p><strong>Jurak\u00fcste: <\/strong>Graben Sie nach Fossilien entlang der 95 Meilen langen <a href=\"https:\/\/www.urlaubcornwall.de\/reiseziel\/dorset.php\">K\u00fcste von Dorset<\/a>. Die Jurak\u00fcste war Englands erste nat\u00fcrliche Kulturerbest\u00e4tte. Lyme Regis und Charmouth sind die St\u00e4dte im Herzen der Jurak\u00fcste, wo Besucher an den Str\u00e4nden nach Ammoniten suchen.<\/p>\n<p><strong>Lulworth Cove und Durdle Door: <\/strong>Ein perfekter Strandkreis liegt bei der Lulworth Bucht, und Durdle Door ist einer von Englands meist fotografierten Orten, ein nat\u00fcrlicher Bogen, welcher sich bis hinaus ins Meer erstreckt.<\/p>\n<p><strong>Brownsea Island: <\/strong>Ein perfektes Tagesabenteuer ist es, die Brownsea Insel zu besuchen inmitten von Poole Harbour, dem zweitgr\u00f6\u00dften nat\u00fcrlichen Hafen der Welt. Nehmen Sie das Boot von Poole oder Sandbanks hin zu diesem 500 Ar umfassenden Naturreservat, der Heimat der roten Eichh\u00f6rnchen, Wild und einer riesigen Vielfalt an V\u00f6geln.<\/p>\n<p><a href=\"https:\/\/www.urlaubcornwall.de\/blog\/wp-content\/uploads\/2024\/03\/corfe-castle.jpg\"><img loading=\"lazy\" src=\"https:\/\/www.urlaubcornwall.de\/blog\/wp-content\/uploads\/2024\/03\/corfe-castle.jpg\" alt=\"corfe castle\" width=\"750\" height=\"719\" class=\"alignnone size-full wp-image-47968\" srcset=\"https:\/\/www.urlaubcornwall.de\/blog\/wp-content\/uploads\/2024\/03\/corfe-castle.jpg 750w, https:\/\/www.urlaubcornwall.de\/blog\/wp-content\/uploads\/2024\/03\/corfe-castle-300x288.jpg 300w\" sizes=\"(max-width: 750px) 100vw, 750px\" \/><\/a><\/p>\n<p><strong>Corfe Castle: <\/strong>Corfe Castle ist einer der ikonischsten und dramatischsten Orte im gesamten S\u00fcdengland. Es wurde 1080-1105 hoch oben auf einem H\u00fcgel errichtet und dominierte die Region, bis es teilweise w\u00e4hrend des Englischen B\u00fcrgerkriegs 1646 zerst\u00f6rt wurde. Die romantischen Ruinen bieten atemberaubenden Blick \u00fcber Purbeck, und es gibt 1000 Jahre Geschichte zu entdecken.<\/p>\n<div class=\"snippet\"> <a class=\"featured-item\" href=\"https:\/\/www.urlaubcornwall.de\/ferienhaeuser\/suedengland.php\"> <span class=\"image-holder\" style=\"background-image: url('https:\/\/www.urlaubcornwall.de\/blog\/wp-content\/uploads\/2018\/12\/ferienhaus-cornwall-mit-hund.jpg');\"><\/span> <span class=\"featured-content\"> \n<h2 class=\"featured-title\">Ferienh\u00e4user in Devon &#038; S\u00fcdengland<\/h2>\n<p class=\"featured-body\">Bei uns finden Sie Ferienh\u00e4user zum Verlieben &#8211; so einfach ist das! Dank seiner langen Geschichte, der reizvollen Landschaften und seinen vielen Attraktionen ist S\u00fcdengland ein wahres Mekka f\u00fcr Urlauber&#8230;..<\/p><\/span> <span class=\"featured-link-holder\"> <span class=\"featured-extra-info\"> \n<p>Pers\u00f6nlich inspizierter Ferienh\u00e4user<\/p>\n<\/span> \n<p class=\"featured-link\">DETAILS<\/p>\n<\/span> <\/a><\/div>\n<p><strong>Monkey World: <\/strong>Wollen Sie einen gro\u00dfartigen Familientag erleben, so besuchen Sie Monkey World Ape Affenrettungsstation bei Wool, Dorset. Sie ist das Zuhause f\u00fcr mehr als 250 gerettete Affen und Menschenaffen 20 verschiedener Rassen.<\/p>\n<p><strong>Norddorset Radweg: <\/strong>Der Norddorset Radweg bahnt sich seinen Weg durch klassisches Hardy Land. Der 73 Meilen umfassende Rundweg verbindet Gillingham, Shaftesbury, Farnham, Blandford Forum und Sturminster Newton. Uralte Festungen wie die seltsame Hod Hill Festung bilden Teil der Landschaft hier. Der Radweg schlie\u00dft sich an an den 137 Meilen langen Wessex Ridgeway Pfad von Marlborough, Wiltshire aus.<\/p>\n<p><strong>Studland Strand: <\/strong>Ein vier Meilen langer goldener Sandstrand, sanfte Badegew\u00e4sser und Blick hin zu den Old Harry Rocks und der Isle of Wight. Das Heideland hinter dem Strand ist ein Paradies f\u00fcr die einheimische Tierwelt und s\u00e4mtliche sechs britische Reptilien. Es gibt ausgeschilderte Pfade durch die Sandd\u00fcnen und das Waldgebiet, so dass Sie die Gegend erkunden k\u00f6nnen.<\/p>\n<p><a href=\"https:\/\/www.urlaubcornwall.de\/blog\/wp-content\/uploads\/2015\/08\/chesil-plage.jpg\"><img loading=\"lazy\" class=\"aligncenter size-full wp-image-19489\" src=\"https:\/\/www.urlaubcornwall.de\/blog\/wp-content\/uploads\/2015\/08\/chesil-plage.jpg\" alt=\"chesil plage\" width=\"748\" height=\"370\"\/><\/a><\/p>\n<p><strong>Chesil Strand: <\/strong>ist eine weitere seltsame Naturerscheinung Dorsets und eines Besuches wert. Es ist ein 27,3 km langer Kieselstrand, der bis zu 10,7 Meter hoch und 137-183 Meter breit ist und die Fleet Lagune mit einschlie\u00dft. Die Lagune ist ein Niedrigsalzwassergebiet, 13 km lang zwischen dem Chesil Strand und dem Festland. Den besten Blick darauf haben Sie von oben bei Portland.<\/p>\n<p><strong>Kingston Lacy: <\/strong>Entfernt von der K\u00fcste bei Wimborne Minster liegt Kingston Lacy, der Palast italienischen Stils aus dem 17. Jahrhundert, der heute im Besitz des National Trust ist. Er wurde von William John Bankes errichtet und ist der Traum eines jeden Kunstliebhabers. Schauen Sie sich die R\u00e4umlichkeiten an, in denen es nur so wimmelt von Gem\u00e4lden von Rubens, Van Dyck, Titian und Brueghel. Im \u00e4gyptischen Salon k\u00f6nnen Sie die gr\u00f6\u00dfte private Sammlung alter \u00e4gyptischer Kunstwerke des Vereinigten K\u00f6nigreiches entdecken. Genie\u00dfen Sie ein Sommerpicknick auf dem S\u00fcdrasen oder lassen Sie ihre Kinder herumtoben auf den nahe gelegenen Spielfl\u00e4chen. Spazieren Sie durch den japanischen Garten samt seines authentischen Teehauses oder machen Sie einen Spaziergang durch das umgebende Waldland.<\/p>\n<p><a href=\"https:\/\/www.urlaubcornwall.de\/blog\/wp-content\/uploads\/2024\/03\/bournemouth-garten.jpg\"><img loading=\"lazy\" src=\"https:\/\/www.urlaubcornwall.de\/blog\/wp-content\/uploads\/2024\/03\/bournemouth-garten.jpg\" alt=\"bournemouth garten\" width=\"750\" height=\"500\" class=\"alignnone size-full wp-image-47882\" srcset=\"https:\/\/www.urlaubcornwall.de\/blog\/wp-content\/uploads\/2024\/03\/bournemouth-garten.jpg 750w, https:\/\/www.urlaubcornwall.de\/blog\/wp-content\/uploads\/2024\/03\/bournemouth-garten-300x200.jpg 300w\" sizes=\"(max-width: 750px) 100vw, 750px\" \/><\/a><\/p>\n<p><strong>Bournemouth: <\/strong>Es ist ein Eimer- und-Schaufel-Paradies in Bournemouth und beliebt seit Zeiten K\u00f6nigin Victorias mit seinen unglaublichen sieben Meilen an Str\u00e4nden. Angeschmiegt an die Klippen genie\u00dft die Bucht ihr eigenes Mikroklima und eine der w\u00e4rmsten Meerestemperaturen des Vereinigten K\u00f6nigreichs. Jeder Bereich des Strandes hat etwas ganz Eigenes zu bieten, von Wassersport bis hin zu Familienattraktionen. Es gibt drei Klippenlifte, die Sie hinunterbringen zum Strand, und ein Landzug f\u00e4hrt der Promenade und an den G\u00e4rten entlang.<\/p>\n<div class=\"snippet\"> <a class=\"featured-item\" href=\"https:\/\/www.urlaubcornwall.de\/rundreisen\/cornwall-suedengland.php\"> <span class=\"image-holder\" style=\"background-image: url('https:\/\/www.urlaubcornwall.de\/blog\/wp-content\/uploads\/2019\/01\/DiTn0QVWsAIOgjG.jpg');\"><\/span> <span class=\"featured-content\"> \n<h2 class=\"featured-title\">Rundreisen Cornwall &#038; S\u00fcdengland eine perfekte Kombination<\/h2>\n<p class=\"featured-body\">Die perfekte Reisem\u00f6glichkeit und erm\u00f6glicht es Ihnen, Entdeckungen zu machen und einen Urlaub im eigenen Schritttempo&#8230;.<\/p><\/span> <span class=\"featured-link-holder\"> <span class=\"featured-extra-info\"> \n<p>F\u00fcr Paare, Familien &#038; Gruppen<\/p>\n<\/span> \n<p class=\"featured-link\">DETAILS<\/p>\n<\/span> <\/a><\/div>\n<p><strong>Sehensw\u00fcrdigkeiten Dorset Karte<\/strong><\/p>\n<p><iframe loading=\"lazy\" src=\"https:\/\/www.google.com\/maps\/d\/u\/0\/embed?mid=zPZ6ttwx7pSg.k29XKe2bcza4\" width=\"640\" height=\"480\"><\/iframe><\/p>\n<p><a href=\"https:\/\/www.urlaubcornwall.de\/blog\/reisetipps-fuer-suedengland-unsere-top-10-sie-sie-sehen-und-erleben-sollten\/\"><span style=\"text-decoration: underline;\"><strong>Reisetipps f\u00fcr S\u00fcdengland<\/strong><\/span><\/a>: unsere Top 10, sie Sie sehen und erleben sollten.<\/p>\n","protected":false},"excerpt":{"rendered":"<p>Jurak\u00fcste: Graben Sie nach Fossilien entlang der 95 Meilen langen K\u00fcste von Dorset. Die Jurak\u00fcste war Englands erste nat\u00fcrliche Kulturerbest\u00e4tte. Lyme Regis und Charmouth sind die St\u00e4dte im Herzen der Jurak\u00fcste, wo Besucher an den Str\u00e4nden nach Ammoniten suchen. Lulworth Cove und Durdle Door: Ein perfekter Strandkreis liegt bei der Lulworth Bucht, und Durdle Door [&hellip;]<\/p>\n","protected":false},"author":1,"featured_media":0,"parent":0,"menu_order":0,"comment_status":"closed","ping_status":"closed","template":"single-four.php","meta":[],"acf":[],"yoast_head":"<!-- This site is optimized with the Yoast SEO plugin v19.4 - https:\/\/yoast.com\/wordpress\/plugins\/seo\/ -->\n<title>Top 10 Reisetipps Dorset: die Sie sehen und erleben sollten - Urlaub &amp; Reisen<\/title>\n<meta name=\"robots\" content=\"index, follow, max-snippet:-1, max-image-preview:large, max-video-preview:-1\" \/>\n<link rel=\"canonical\" href=\"https:\/\/www.urlaubcornwall.de\/blog\/top-10-reisetipps-dorset-die-sie-sehen-und-erleben-sollten\/\" \/>\n<meta property=\"og:locale\" content=\"en_US\" \/>\n<meta property=\"og:type\" content=\"article\" \/>\n<meta property=\"og:title\" content=\"Top 10 Reisetipps Dorset: die Sie sehen und erleben sollten - Urlaub &amp; Reisen\" \/>\n<meta property=\"og:description\" content=\"Jurak\u00fcste: Graben Sie nach Fossilien entlang der 95 Meilen langen K\u00fcste von Dorset. Die Jurak\u00fcste war Englands erste nat\u00fcrliche Kulturerbest\u00e4tte. Lyme Regis und Charmouth sind die St\u00e4dte im Herzen der Jurak\u00fcste, wo Besucher an den Str\u00e4nden nach Ammoniten suchen. Lulworth Cove und Durdle Door: Ein perfekter Strandkreis liegt bei der Lulworth Bucht, und Durdle Door [&hellip;]\" \/>\n<meta property=\"og:url\" content=\"https:\/\/www.urlaubcornwall.de\/blog\/top-10-reisetipps-dorset-die-sie-sehen-und-erleben-sollten\/\" \/>\n<meta property=\"og:site_name\" content=\"Urlaub &amp; Reisen\" \/>\n<meta property=\"article:modified_time\" content=\"2024-05-29T09:02:19+00:00\" \/>\n<meta property=\"og:image\" content=\"https:\/\/www.urlaubcornwall.de\/blog\/wp-content\/uploads\/2024\/05\/IMG_0665-1024x768.jpg\" \/>\n<meta name=\"twitter:card\" content=\"summary\" \/>\n<meta name=\"twitter:label1\" content=\"Est. reading time\" \/>\n\t<meta name=\"twitter:data1\" content=\"4 minutes\" \/>\n<script type=\"application\/ld+json\" class=\"yoast-schema-graph\">{\"@context\":\"https:\/\/schema.org\",\"@graph\":[{\"@type\":\"WebSite\",\"@id\":\"https:\/\/www.urlaubcornwall.de\/blog\/#website\",\"url\":\"https:\/\/www.urlaubcornwall.de\/blog\/\",\"name\":\"Urlaub &amp; Reisen\",\"description\":\"Urlaub, Reisen, Cornwall und S\u00fcdengland: eine perfekte Kombination\",\"potentialAction\":[{\"@type\":\"SearchAction\",\"target\":{\"@type\":\"EntryPoint\",\"urlTemplate\":\"https:\/\/www.urlaubcornwall.de\/blog\/?s={search_term_string}\"},\"query-input\":\"required name=search_term_string\"}],\"inLanguage\":\"en-US\"},{\"@type\":\"WebPage\",\"@id\":\"https:\/\/www.urlaubcornwall.de\/blog\/top-10-reisetipps-dorset-die-sie-sehen-und-erleben-sollten\/\",\"url\":\"https:\/\/www.urlaubcornwall.de\/blog\/top-10-reisetipps-dorset-die-sie-sehen-und-erleben-sollten\/\",\"name\":\"Top 10 Reisetipps Dorset: die Sie sehen und erleben sollten - Urlaub &amp; Reisen\",\"isPartOf\":{\"@id\":\"https:\/\/www.urlaubcornwall.de\/blog\/#website\"},\"datePublished\":\"2015-08-13T15:41:54+00:00\",\"dateModified\":\"2024-05-29T09:02:19+00:00\",\"breadcrumb\":{\"@id\":\"https:\/\/www.urlaubcornwall.de\/blog\/top-10-reisetipps-dorset-die-sie-sehen-und-erleben-sollten\/#breadcrumb\"},\"inLanguage\":\"en-US\",\"potentialAction\":[{\"@type\":\"ReadAction\",\"target\":[\"https:\/\/www.urlaubcornwall.de\/blog\/top-10-reisetipps-dorset-die-sie-sehen-und-erleben-sollten\/\"]}]},{\"@type\":\"BreadcrumbList\",\"@id\":\"https:\/\/www.urlaubcornwall.de\/blog\/top-10-reisetipps-dorset-die-sie-sehen-und-erleben-sollten\/#breadcrumb\",\"itemListElement\":[{\"@type\":\"ListItem\",\"position\":1,\"name\":\"Home\",\"item\":\"https:\/\/www.urlaubcornwall.de\/blog\/\"},{\"@type\":\"ListItem\",\"position\":2,\"name\":\"Top 10 Reisetipps Dorset: die Sie sehen und erleben sollten\"}]}]}<\/script>\n<!-- \/ Yoast SEO plugin. -->","yoast_head_json":{"title":"Top 10 Reisetipps Dorset: die Sie sehen und erleben sollten - Urlaub &amp; Reisen","robots":{"index":"index","follow":"follow","max-snippet":"max-snippet:-1","max-image-preview":"max-image-preview:large","max-video-preview":"max-video-preview:-1"},"canonical":"https:\/\/www.urlaubcornwall.de\/blog\/top-10-reisetipps-dorset-die-sie-sehen-und-erleben-sollten\/","og_locale":"en_US","og_type":"article","og_title":"Top 10 Reisetipps Dorset: die Sie sehen und erleben sollten - Urlaub &amp; Reisen","og_description":"Jurak\u00fcste: Graben Sie nach Fossilien entlang der 95 Meilen langen K\u00fcste von Dorset. Die Jurak\u00fcste war Englands erste nat\u00fcrliche Kulturerbest\u00e4tte. Lyme Regis und Charmouth sind die St\u00e4dte im Herzen der Jurak\u00fcste, wo Besucher an den Str\u00e4nden nach Ammoniten suchen. Lulworth Cove und Durdle Door: Ein perfekter Strandkreis liegt bei der Lulworth Bucht, und Durdle Door [&hellip;]","og_url":"https:\/\/www.urlaubcornwall.de\/blog\/top-10-reisetipps-dorset-die-sie-sehen-und-erleben-sollten\/","og_site_name":"Urlaub &amp; Reisen","article_modified_time":"2024-05-29T09:02:19+00:00","og_image":[{"url":"https:\/\/www.urlaubcornwall.de\/blog\/wp-content\/uploads\/2024\/05\/IMG_0665-1024x768.jpg"}],"twitter_card":"summary","twitter_misc":{"Est. reading time":"4 minutes"},"schema":{"@context":"https:\/\/schema.org","@graph":[{"@type":"WebSite","@id":"https:\/\/www.urlaubcornwall.de\/blog\/#website","url":"https:\/\/www.urlaubcornwall.de\/blog\/","name":"Urlaub &amp; Reisen","description":"Urlaub, Reisen, Cornwall und S\u00fcdengland: eine perfekte Kombination","potentialAction":[{"@type":"SearchAction","target":{"@type":"EntryPoint","urlTemplate":"https:\/\/www.urlaubcornwall.de\/blog\/?s={search_term_string}"},"query-input":"required name=search_term_string"}],"inLanguage":"en-US"},{"@type":"WebPage","@id":"https:\/\/www.urlaubcornwall.de\/blog\/top-10-reisetipps-dorset-die-sie-sehen-und-erleben-sollten\/","url":"https:\/\/www.urlaubcornwall.de\/blog\/top-10-reisetipps-dorset-die-sie-sehen-und-erleben-sollten\/","name":"Top 10 Reisetipps Dorset: die Sie sehen und erleben sollten - Urlaub &amp; Reisen","isPartOf":{"@id":"https:\/\/www.urlaubcornwall.de\/blog\/#website"},"datePublished":"2015-08-13T15:41:54+00:00","dateModified":"2024-05-29T09:02:19+00:00","breadcrumb":{"@id":"https:\/\/www.urlaubcornwall.de\/blog\/top-10-reisetipps-dorset-die-sie-sehen-und-erleben-sollten\/#breadcrumb"},"inLanguage":"en-US","potentialAction":[{"@type":"ReadAction","target":["https:\/\/www.urlaubcornwall.de\/blog\/top-10-reisetipps-dorset-die-sie-sehen-und-erleben-sollten\/"]}]},{"@type":"BreadcrumbList","@id":"https:\/\/www.urlaubcornwall.de\/blog\/top-10-reisetipps-dorset-die-sie-sehen-und-erleben-sollten\/#breadcrumb","itemListElement":[{"@type":"ListItem","position":1,"name":"Home","item":"https:\/\/www.urlaubcornwall.de\/blog\/"},{"@type":"ListItem","position":2,"name":"Top 10 Reisetipps Dorset: die Sie sehen und erleben sollten"}]}]}},"_links":{"self":[{"href":"https:\/\/www.urlaubcornwall.de\/blog\/wp-json\/wp\/v2\/pages\/19448"}],"collection":[{"href":"https:\/\/www.urlaubcornwall.de\/blog\/wp-json\/wp\/v2\/pages"}],"about":[{"href":"https:\/\/www.urlaubcornwall.de\/blog\/wp-json\/wp\/v2\/types\/page"}],"author":[{"embeddable":true,"href":"https:\/\/www.urlaubcornwall.de\/blog\/wp-json\/wp\/v2\/users\/1"}],"replies":[{"embeddable":true,"href":"https:\/\/www.urlaubcornwall.de\/blog\/wp-json\/wp\/v2\/comments?post=19448"}],"version-history":[{"count":22,"href":"https:\/\/www.urlaubcornwall.de\/blog\/wp-json\/wp\/v2\/pages\/19448\/revisions"}],"predecessor-version":[{"id":50545,"href":"https:\/\/www.urlaubcornwall.de\/blog\/wp-json\/wp\/v2\/pages\/19448\/revisions\/50545"}],"wp:attachment":[{"href":"https:\/\/www.urlaubcornwall.de\/blog\/wp-json\/wp\/v2\/media?parent=19448"}],"curies":[{"name":"wp","href":"https:\/\/api.w.org\/{rel}","templated":true}]}}