{"id":19276,"date":"2015-06-15T08:53:15","date_gmt":"2015-06-15T08:53:15","guid":{"rendered":"https:\/\/www.urlaubcornwall.de\/blog\/?page_id=19276"},"modified":"2017-04-25T13:58:21","modified_gmt":"2017-04-25T13:58:21","slug":"last-minute-angebote-urlaub-in-cornwall-devon-and-suedwest-england","status":"publish","type":"page","link":"https:\/\/www.urlaubcornwall.de\/blog\/last-minute-angebote-urlaub-in-cornwall-devon-and-suedwest-england\/","title":{"rendered":"Last-Minute-Angebote: Urlaub in Cornwall, Devon and S\u00fcdwest-England"},"content":{"rendered":"<h1 style=\"text-align: center;\">Ferienh\u00e4user und Ferienwohnungen : Sonderangebote und Last-Minute-Angebote in S\u00fcdwest-England.<\/h1>\n<p style=\"text-align: center;\">Wir bieten Ihnen attraktive Rabatte f\u00fcr eine Vielfalt an pers\u00f6nlich inspizierten Unterk\u00fcnften, die von Luxusferienh\u00e4usern und Fewos bis zu preiswerten Cottages in Cornwall, Devon und in ganz S\u00fcdwest-England reichen. Alle unsere Ferienobjekte erf\u00fcllen die h\u00f6chsten Standards, aber aufgrund von sp\u00e4ter Verf\u00fcgbarkeit oder Stornierungen k\u00f6nnen wir Ihnen einige fantastische Sonderangebote anbieten. Buchen Sie die perfekte Unterkunft f\u00fcr einen Urlaub mit Selbstverpflegung in Englands beliebtester Urlaubsregion.<\/p>\n<table>\n<tbody>\n<tr>\n<td><img loading=\"lazy\" class=\"aligncenter size-full wp-image-7093\" style=\"border: 0pt none; padding: 0px;\" src=\"https:\/\/www.urlaubcornwall.de\/blog\/wp-content\/uploads\/2012\/01\/Pendeen-Watch.jpg\" alt=\"Pendeen Watch \" width=\"148\" height=\"118\"\/><\/td>\n<td>\n<h2 style=\"text-align: center;\">Cornwall<\/h2>\n<p style=\"text-align: center;\">Cornwall besitzt mehr K\u00fcstenlinien als jede andere Grafschaft und bietet einige der besten Str\u00e4nde, K\u00fcstenwanderwege und Klippenlandschaften, die man \u00fcberhaupt finden kann&#8230;<\/p>\n<p style=\"text-align: center;\"><a href=\"http:\/\/www.urlaubcornwall.de\/ferienhaeuser-fewos\/sonderangebote-cornwall.html\"><strong><\/strong><strong><span style=\"text-decoration: underline;\"><strong>mehr<\/strong><\/span><\/strong><strong>&gt;<\/strong><\/a><\/p>\n<\/td>\n<\/tr>\n<\/tbody>\n<\/table>\n<table>\n<tbody>\n<tr>\n<td><img loading=\"lazy\" class=\"aligncenter size-full wp-image-7093\" style=\"border: 0pt none; padding: 0px;\" src=\"https:\/\/www.urlaubcornwall.de\/blog\/wp-content\/uploads\/2012\/04\/porth-trevelgue.jpg\" alt=\"Devon Strand\" width=\"148\" height=\"118\"\/><\/td>\n<td>\n<h2 style=\"text-align: center;\">Devon<\/h2>\n<p style=\"text-align: center;\">Diese Region ist von l\u00e4ndlicher Idylle gepr\u00e4gt: Von Schafen, die in <a href=\"http:\/\/www.urlaubcornwall.de\/ferienhaeuser-fewos\/dartmoor.html\">Dartmoor<\/a> die Stra\u00dfe \u00fcberqueren, bis zu den Cricket-Spielern, die auf der Dorfwiese spielen. Auch die K\u00fcste ist herrlich&#8230;<\/p>\n<p style=\"text-align: center;\"><a href=\"http:\/\/www.urlaubcornwall.de\/ferienhaeuser-fewos\/sonderangebote-devon.html\"><strong><span style=\"text-decoration: underline;\"><strong>mehr<\/strong><\/span><\/strong><strong><\/strong><strong>&gt;<\/strong><\/a><\/p>\n<\/td>\n<\/tr>\n<\/tbody>\n<\/table>\n<table>\n<tbody>\n<tr>\n<td><img loading=\"lazy\" class=\"aligncenter size-full wp-image-7094\" style=\"border: 0pt none; padding: 0px;\" src=\"https:\/\/www.urlaubcornwall.de\/blog\/wp-content\/uploads\/2013\/01\/Agapanthus-on-Tresco1-Custom.jpg\" alt=\"Agapanthus-on-Tresco1 \" width=\"148\" height=\"118\"\/><\/td>\n<td>\n<h2 style=\"text-align: center;\">Dorset<\/h2>\n<p style=\"text-align: center;\">Der Gro\u00dfteil von Dorset ist als ein \u201eArea of outstanding natural beauty\u201c (\u201eGebiet von au\u00dferordentlicher nat\u00fcrlicher Sch\u00f6nheit\u201c) ausgezeichnet, und diese Ehrung spricht f\u00fcr sich&#8230;<\/p>\n<p style=\"text-align: center;\"><a href=\"http:\/\/www.urlaubcornwall.de\/ferienhaeuser-fewos\/sonderangebote-dorset.html\"><strong><span style=\"text-decoration: underline;\"><strong> mehr<\/strong><\/span><\/strong><strong>&gt;<\/strong><\/a><\/p>\n<\/td>\n<\/tr>\n<\/tbody>\n<\/table>\n<table>\n<tbody>\n<tr>\n<td><img loading=\"lazy\" class=\"aligncenter size-full wp-image-7095\" style=\"border: 0pt none; padding: 0px;\" src=\"https:\/\/www.urlaubcornwall.de\/blog\/wp-content\/uploads\/2013\/01\/Woolacombe-Custom.jpg\" alt=\"Woolacombe \" width=\"148\" height=\"118\"\/><\/td>\n<td>\n<h2 style=\"text-align: center;\">Somerset<\/h2>\n<p style=\"text-align: center;\">Somerset verw\u00f6hnt Sie im Westcountry mit seinen Tiefebenen von Sedgemoor bis zu den Quantocks und im Norden mit dem wilden Exmoor. Das h\u00fcbsche Dorf Porlock ist ein beliebter Ausgangspunkt&#8230;<\/p>\n<p style=\"text-align: center;\"><a href=\"http:\/\/www.urlaubcornwall.de\/ferienhaeuser-fewos\/sonderangebote-somerset.html\"><strong><span style=\"text-decoration: underline;\"><strong>Erfahren Sie mehr<\/strong><\/span><\/strong><strong>&gt;<\/strong><\/a><\/p>\n<\/td>\n<\/tr>\n<\/tbody>\n<\/table>\n","protected":false},"excerpt":{"rendered":"<p>Ferienh\u00e4user und Ferienwohnungen : Sonderangebote und Last-Minute-Angebote in S\u00fcdwest-England. Wir bieten Ihnen attraktive Rabatte f\u00fcr eine Vielfalt an pers\u00f6nlich inspizierten Unterk\u00fcnften, die von Luxusferienh\u00e4usern und Fewos bis zu preiswerten Cottages in Cornwall, Devon und in ganz S\u00fcdwest-England reichen. Alle unsere Ferienobjekte erf\u00fcllen die h\u00f6chsten Standards, aber aufgrund von sp\u00e4ter Verf\u00fcgbarkeit oder Stornierungen k\u00f6nnen wir Ihnen [&hellip;]<\/p>\n","protected":false},"author":1,"featured_media":0,"parent":0,"menu_order":0,"comment_status":"closed","ping_status":"closed","template":"single-four.php","meta":[],"acf":[],"yoast_head":"<!-- This site is optimized with the Yoast SEO plugin v19.4 - https:\/\/yoast.com\/wordpress\/plugins\/seo\/ -->\n<title>Last-Minute-Angebote: Urlaub in Cornwall, Devon and S\u00fcdwest-England - Urlaub &amp; Reisen<\/title>\n<meta name=\"robots\" content=\"index, follow, max-snippet:-1, max-image-preview:large, max-video-preview:-1\" \/>\n<link rel=\"canonical\" href=\"https:\/\/www.urlaubcornwall.de\/blog\/last-minute-angebote-urlaub-in-cornwall-devon-and-suedwest-england\/\" \/>\n<meta property=\"og:locale\" content=\"en_US\" \/>\n<meta property=\"og:type\" content=\"article\" \/>\n<meta property=\"og:title\" content=\"Last-Minute-Angebote: Urlaub in Cornwall, Devon and S\u00fcdwest-England - Urlaub &amp; Reisen\" \/>\n<meta property=\"og:description\" content=\"Ferienh\u00e4user und Ferienwohnungen : Sonderangebote und Last-Minute-Angebote in S\u00fcdwest-England. Wir bieten Ihnen attraktive Rabatte f\u00fcr eine Vielfalt an pers\u00f6nlich inspizierten Unterk\u00fcnften, die von Luxusferienh\u00e4usern und Fewos bis zu preiswerten Cottages in Cornwall, Devon und in ganz S\u00fcdwest-England reichen. Alle unsere Ferienobjekte erf\u00fcllen die h\u00f6chsten Standards, aber aufgrund von sp\u00e4ter Verf\u00fcgbarkeit oder Stornierungen k\u00f6nnen wir Ihnen [&hellip;]\" \/>\n<meta property=\"og:url\" content=\"https:\/\/www.urlaubcornwall.de\/blog\/last-minute-angebote-urlaub-in-cornwall-devon-and-suedwest-england\/\" \/>\n<meta property=\"og:site_name\" content=\"Urlaub &amp; Reisen\" \/>\n<meta property=\"article:modified_time\" content=\"2017-04-25T13:58:21+00:00\" \/>\n<meta property=\"og:image\" content=\"https:\/\/www.urlaubcornwall.de\/blog\/wp-content\/uploads\/2012\/01\/Pendeen-Watch.jpg\" \/>\n<meta name=\"twitter:card\" content=\"summary\" \/>\n<meta name=\"twitter:label1\" content=\"Est. reading time\" \/>\n\t<meta name=\"twitter:data1\" content=\"1 minute\" \/>\n<script type=\"application\/ld+json\" class=\"yoast-schema-graph\">{\"@context\":\"https:\/\/schema.org\",\"@graph\":[{\"@type\":\"WebSite\",\"@id\":\"https:\/\/www.urlaubcornwall.de\/blog\/#website\",\"url\":\"https:\/\/www.urlaubcornwall.de\/blog\/\",\"name\":\"Urlaub &amp; Reisen\",\"description\":\"Urlaub, Reisen, Cornwall und S\u00fcdengland: eine perfekte Kombination\",\"potentialAction\":[{\"@type\":\"SearchAction\",\"target\":{\"@type\":\"EntryPoint\",\"urlTemplate\":\"https:\/\/www.urlaubcornwall.de\/blog\/?s={search_term_string}\"},\"query-input\":\"required name=search_term_string\"}],\"inLanguage\":\"en-US\"},{\"@type\":\"WebPage\",\"@id\":\"https:\/\/www.urlaubcornwall.de\/blog\/last-minute-angebote-urlaub-in-cornwall-devon-and-suedwest-england\/\",\"url\":\"https:\/\/www.urlaubcornwall.de\/blog\/last-minute-angebote-urlaub-in-cornwall-devon-and-suedwest-england\/\",\"name\":\"Last-Minute-Angebote: Urlaub in Cornwall, Devon and S\u00fcdwest-England - Urlaub &amp; Reisen\",\"isPartOf\":{\"@id\":\"https:\/\/www.urlaubcornwall.de\/blog\/#website\"},\"datePublished\":\"2015-06-15T08:53:15+00:00\",\"dateModified\":\"2017-04-25T13:58:21+00:00\",\"breadcrumb\":{\"@id\":\"https:\/\/www.urlaubcornwall.de\/blog\/last-minute-angebote-urlaub-in-cornwall-devon-and-suedwest-england\/#breadcrumb\"},\"inLanguage\":\"en-US\",\"potentialAction\":[{\"@type\":\"ReadAction\",\"target\":[\"https:\/\/www.urlaubcornwall.de\/blog\/last-minute-angebote-urlaub-in-cornwall-devon-and-suedwest-england\/\"]}]},{\"@type\":\"BreadcrumbList\",\"@id\":\"https:\/\/www.urlaubcornwall.de\/blog\/last-minute-angebote-urlaub-in-cornwall-devon-and-suedwest-england\/#breadcrumb\",\"itemListElement\":[{\"@type\":\"ListItem\",\"position\":1,\"name\":\"Home\",\"item\":\"https:\/\/www.urlaubcornwall.de\/blog\/\"},{\"@type\":\"ListItem\",\"position\":2,\"name\":\"Last-Minute-Angebote: Urlaub in Cornwall, Devon and S\u00fcdwest-England\"}]}]}<\/script>\n<!-- \/ Yoast SEO plugin. -->","yoast_head_json":{"title":"Last-Minute-Angebote: Urlaub in Cornwall, Devon and S\u00fcdwest-England - Urlaub &amp; Reisen","robots":{"index":"index","follow":"follow","max-snippet":"max-snippet:-1","max-image-preview":"max-image-preview:large","max-video-preview":"max-video-preview:-1"},"canonical":"https:\/\/www.urlaubcornwall.de\/blog\/last-minute-angebote-urlaub-in-cornwall-devon-and-suedwest-england\/","og_locale":"en_US","og_type":"article","og_title":"Last-Minute-Angebote: Urlaub in Cornwall, Devon and S\u00fcdwest-England - Urlaub &amp; Reisen","og_description":"Ferienh\u00e4user und Ferienwohnungen : Sonderangebote und Last-Minute-Angebote in S\u00fcdwest-England. Wir bieten Ihnen attraktive Rabatte f\u00fcr eine Vielfalt an pers\u00f6nlich inspizierten Unterk\u00fcnften, die von Luxusferienh\u00e4usern und Fewos bis zu preiswerten Cottages in Cornwall, Devon und in ganz S\u00fcdwest-England reichen. Alle unsere Ferienobjekte erf\u00fcllen die h\u00f6chsten Standards, aber aufgrund von sp\u00e4ter Verf\u00fcgbarkeit oder Stornierungen k\u00f6nnen wir Ihnen [&hellip;]","og_url":"https:\/\/www.urlaubcornwall.de\/blog\/last-minute-angebote-urlaub-in-cornwall-devon-and-suedwest-england\/","og_site_name":"Urlaub &amp; Reisen","article_modified_time":"2017-04-25T13:58:21+00:00","og_image":[{"url":"https:\/\/www.urlaubcornwall.de\/blog\/wp-content\/uploads\/2012\/01\/Pendeen-Watch.jpg"}],"twitter_card":"summary","twitter_misc":{"Est. reading time":"1 minute"},"schema":{"@context":"https:\/\/schema.org","@graph":[{"@type":"WebSite","@id":"https:\/\/www.urlaubcornwall.de\/blog\/#website","url":"https:\/\/www.urlaubcornwall.de\/blog\/","name":"Urlaub &amp; Reisen","description":"Urlaub, Reisen, Cornwall und S\u00fcdengland: eine perfekte Kombination","potentialAction":[{"@type":"SearchAction","target":{"@type":"EntryPoint","urlTemplate":"https:\/\/www.urlaubcornwall.de\/blog\/?s={search_term_string}"},"query-input":"required name=search_term_string"}],"inLanguage":"en-US"},{"@type":"WebPage","@id":"https:\/\/www.urlaubcornwall.de\/blog\/last-minute-angebote-urlaub-in-cornwall-devon-and-suedwest-england\/","url":"https:\/\/www.urlaubcornwall.de\/blog\/last-minute-angebote-urlaub-in-cornwall-devon-and-suedwest-england\/","name":"Last-Minute-Angebote: Urlaub in Cornwall, Devon and S\u00fcdwest-England - Urlaub &amp; Reisen","isPartOf":{"@id":"https:\/\/www.urlaubcornwall.de\/blog\/#website"},"datePublished":"2015-06-15T08:53:15+00:00","dateModified":"2017-04-25T13:58:21+00:00","breadcrumb":{"@id":"https:\/\/www.urlaubcornwall.de\/blog\/last-minute-angebote-urlaub-in-cornwall-devon-and-suedwest-england\/#breadcrumb"},"inLanguage":"en-US","potentialAction":[{"@type":"ReadAction","target":["https:\/\/www.urlaubcornwall.de\/blog\/last-minute-angebote-urlaub-in-cornwall-devon-and-suedwest-england\/"]}]},{"@type":"BreadcrumbList","@id":"https:\/\/www.urlaubcornwall.de\/blog\/last-minute-angebote-urlaub-in-cornwall-devon-and-suedwest-england\/#breadcrumb","itemListElement":[{"@type":"ListItem","position":1,"name":"Home","item":"https:\/\/www.urlaubcornwall.de\/blog\/"},{"@type":"ListItem","position":2,"name":"Last-Minute-Angebote: Urlaub in Cornwall, Devon and S\u00fcdwest-England"}]}]}},"_links":{"self":[{"href":"https:\/\/www.urlaubcornwall.de\/blog\/wp-json\/wp\/v2\/pages\/19276"}],"collection":[{"href":"https:\/\/www.urlaubcornwall.de\/blog\/wp-json\/wp\/v2\/pages"}],"about":[{"href":"https:\/\/www.urlaubcornwall.de\/blog\/wp-json\/wp\/v2\/types\/page"}],"author":[{"embeddable":true,"href":"https:\/\/www.urlaubcornwall.de\/blog\/wp-json\/wp\/v2\/users\/1"}],"replies":[{"embeddable":true,"href":"https:\/\/www.urlaubcornwall.de\/blog\/wp-json\/wp\/v2\/comments?post=19276"}],"version-history":[{"count":21,"href":"https:\/\/www.urlaubcornwall.de\/blog\/wp-json\/wp\/v2\/pages\/19276\/revisions"}],"predecessor-version":[{"id":27797,"href":"https:\/\/www.urlaubcornwall.de\/blog\/wp-json\/wp\/v2\/pages\/19276\/revisions\/27797"}],"wp:attachment":[{"href":"https:\/\/www.urlaubcornwall.de\/blog\/wp-json\/wp\/v2\/media?parent=19276"}],"curies":[{"name":"wp","href":"https:\/\/api.w.org\/{rel}","templated":true}]}}