{"id":19251,"date":"2015-06-13T12:36:50","date_gmt":"2015-06-13T12:36:50","guid":{"rendered":"https:\/\/www.urlaubcornwall.de\/blog\/?page_id=19251"},"modified":"2015-08-14T15:44:35","modified_gmt":"2015-08-14T15:44:35","slug":"cornwalls-verlorene-ruinen-und-antike-steinkreise","status":"publish","type":"page","link":"https:\/\/www.urlaubcornwall.de\/blog\/cornwalls-verlorene-ruinen-und-antike-steinkreise\/","title":{"rendered":"Cornwalls verlorene Ruinen und antike Steinkreise"},"content":{"rendered":"<p>Im gesamten Cornwall verstreut, befinden sich Tausende faszinierender antiker Monumente; und hier sind unsere Lieblingsst\u00fccke.<\/p>\n<div id=\"attachment_19256\" style=\"width: 746px\" class=\"wp-caption aligncenter\"><a href=\"https:\/\/www.urlaubcornwall.de\/blog\/wp-content\/uploads\/2015\/06\/DSC_0435.jpg\"><img aria-describedby=\"caption-attachment-19256\" loading=\"lazy\" class=\"size-full wp-image-19256\" src=\"https:\/\/www.urlaubcornwall.de\/blog\/wp-content\/uploads\/2015\/06\/DSC_0435.jpg\" alt=\"Steinkreise cornwall \" width=\"736\" height=\"439\" srcset=\"https:\/\/www.urlaubcornwall.de\/blog\/wp-content\/uploads\/2015\/06\/DSC_0435.jpg 736w, https:\/\/www.urlaubcornwall.de\/blog\/wp-content\/uploads\/2015\/06\/DSC_0435-300x179.jpg 300w\" sizes=\"(max-width: 736px) 100vw, 736px\" \/><\/a><p id=\"caption-attachment-19256\" class=\"wp-caption-text\">Lanyon Quoit \u00a9 <a href=\"https:\/\/www.facebook.com\/west.cornwall.photos?fref=ts\" target=\"_blank\" rel=\"nofollow\">West Cornwall Photos<\/a><\/p><\/div>\n<p><strong>Lanyon Quoit &#8211; bei St Ives<\/strong><br \/>\nAls einer der bestbekannten cornischen Steinkreise befindet sich der Lanyon Steinkreis an der Stra\u00dfe zwischen Madron und Morvah. Es wird davon ausgegangen, dass die Originalstruktur 2500 vor Christi Geburt errichtet wurde. Es gibt eine Anzahl weiterer Begr\u00e4bnisst\u00e4tten in der N\u00e4he des Lanyon Quoit mit einem langen Stein, der sich ungef\u00e4hr 90m nordwestlich befindet. Am s\u00fcdlichen Ende des H\u00fcgels, der den Steinkreis umgibt, befinden sich die \u00dcberbleibsel einer Reihe an Steingr\u00e4bern.<\/p>\n<p><strong>Nahegelegendste Adresse: <\/strong>bei Morvah, Penzance, TR20 8NU<\/p>\n<p><strong>Nine Maidens (Neun Jungfrauen) &#8211; bei Wadebridge<\/strong><br \/>\nMan m\u00f6chte gerne meinen, dass diese Reihe stehender Steine bei Wadebridge 9 Steine umfasst, doch ein schnelles Durchz\u00e4hlen wirft einen mysteri\u00f6sen Schleier \u00fcber den Namen, da es derzeit 11 Steine sind und man davon ausgeht, dass es urspr\u00fcnglich bis zu 20 Steine waren. Wie sein Name, so ist auch die Legende der Neun Jungfrauen geheimnisvoll. Doch wird erz\u00e4hlt, dass sie der Geschichte der Fr\u00f6hlichen Jungfrauen \u00e4hnelt, indem von Jungfrauen die Rede ist, die in Stein verwandelt wurden aufgrund der unverzeihlichen S\u00fcnde, an einem Sabbat zu tanzen.<\/p>\n<p><strong>Adresse: <\/strong>Redruth, Cornwall TR16 6ND<\/p>\n<div id=\"attachment_19258\" style=\"width: 745px\" class=\"wp-caption aligncenter\"><a href=\"https:\/\/www.urlaubcornwall.de\/blog\/wp-content\/uploads\/2015\/06\/Men-An-TolPW_1.jpg\"><img aria-describedby=\"caption-attachment-19258\" loading=\"lazy\" class=\"size-full wp-image-19258\" src=\"https:\/\/www.urlaubcornwall.de\/blog\/wp-content\/uploads\/2015\/06\/Men-An-TolPW_1.jpg\" alt=\"Men an Tol \" width=\"735\" height=\"362\" srcset=\"https:\/\/www.urlaubcornwall.de\/blog\/wp-content\/uploads\/2015\/06\/Men-An-TolPW_1.jpg 735w, https:\/\/www.urlaubcornwall.de\/blog\/wp-content\/uploads\/2015\/06\/Men-An-TolPW_1-300x148.jpg 300w\" sizes=\"(max-width: 735px) 100vw, 735px\" \/><\/a><p id=\"caption-attachment-19258\" class=\"wp-caption-text\">Men an Tol \u00a9 Paul Watts\/VisitCornwall<\/p><\/div>\n<p><strong>Men an Tol &#8211; Westcornwall<\/strong><br \/>\nGeformt wie ein \u00fcbergro\u00dfes Polo-Mint, wird an dieser antiken Struktur deutlich, wie weit zur\u00fcck das Erbe Cornwalls reicht. Vor ungef\u00e4hr 3000 Jahren auf dem windgepeitschten Moorland Westcornwalls errichtet, ist das Men-an-Tol flankiert von zwei aufgerichteten Steinen. Und obwohl es einst wahrscheinlich der Eingangsstein zu einer lang verlorenen Begr\u00e4bnisst\u00e4tte war, ist es doch ber\u00fcchtigt f\u00fcr seine wohl heilenden Kr\u00e4fte. Der Legende nach konnten k\u00f6rperliche Schmerzen geheilt werden, indem man neunmal durch das Loch kroch. Dies zieht seit Jahrhunderten Menschen an.<\/p>\n<p><strong>Adresse:<\/strong> Penzance, Cornwall TR20 8YX<\/p>\n<p><strong>Merry Maidens (Fr\u00f6hliche Jungfrauen)- bei Penzance<\/strong><br \/>\nDie Gruppe von 19 Steinen, die sich in einem gro\u00dfen Kreis bei Lands End befinden, sollen einst 19 h\u00fcbsche Jungfrauen auf ihrem Weg zum Sonntagsgebet gewesen sein. Der Geschichte nach wurden sie vom Spiel der Pfeifenspieler in der Ferne abgelenkt und haben sich gut gelaunt in ein Feld verirrt, um zu lachen und zu deren Musik zu tanzen. Ein gewaltiger Donnerschlag ert\u00f6nte, und die Jungfrauen und Musiker wurden an Ort und Stelle gebannt, wo sie nun f\u00fcr immer stehen, in Stein verwandelt, ob ihrer S\u00fcnde, am Sabbat zu tanzen.<\/p>\n<p><strong>Adresse:<\/strong> Penzance, Cornwall TR19 6BQ<\/p>\n<div id=\"attachment_19259\" style=\"width: 759px\" class=\"wp-caption aligncenter\"><a href=\"https:\/\/www.urlaubcornwall.de\/blog\/wp-content\/uploads\/2015\/06\/HurlersSunsetPW_1.jpg\"><img aria-describedby=\"caption-attachment-19259\" loading=\"lazy\" class=\"size-full wp-image-19259\" src=\"https:\/\/www.urlaubcornwall.de\/blog\/wp-content\/uploads\/2015\/06\/HurlersSunsetPW_1.jpg\" alt=\"Hurlers of St Cleer\" width=\"749\" height=\"374\" srcset=\"https:\/\/www.urlaubcornwall.de\/blog\/wp-content\/uploads\/2015\/06\/HurlersSunsetPW_1.jpg 749w, https:\/\/www.urlaubcornwall.de\/blog\/wp-content\/uploads\/2015\/06\/HurlersSunsetPW_1-300x150.jpg 300w\" sizes=\"(max-width: 749px) 100vw, 749px\" \/><\/a><p id=\"caption-attachment-19259\" class=\"wp-caption-text\">Hurlers of St Cleer \u00a9 Paul Watts\/VisitCornwall<\/p><\/div>\n<p><strong>The Hurlers of St Cleer &#8211; bei Liskeard<\/strong><br \/>\nNicht weit von Liskeard entfernt befindet sich eine weitere Steingruppe, die ebenfalls davor warnt, am Sabbat Spa\u00df zu haben und zu spielen. Die Hurlers sind die \u00dcberbleibsel von drei Steinkreisen, deren urspr\u00fcngliche Verwendung wahrscheinlich druidischen Ursprungs war, doch nun im Nebel der Zeiten verloren gegangen ist. Vor vielen Jahrhunderten, zu Hochzeiten des antiken Hurling Spiels, hat sich das Volk von St Cleer gegen den Rat des lokalen Heiligen und Priesters, St Cleer selbst, hinweggesetzt und an einem Sonntag gespielt. In einem Anflug von \u00c4rger gebot St Cleer dem s\u00fcndigen Spiel abrupten Einhalt, indem er die Spieler in Stein verwandelte und f\u00fcr immer auf dem Craddock Moor stehen lie\u00df.<\/p>\n<p><strong>Nahegelegendste Adresse:<\/strong> Minions, Cornwall, PL14 5LW<\/p>\n<p><strong>Legenden und Geschichte Cornwalls:<\/strong> Sie regen die Fantasie an, gehen zu Herzen und lassen Sie mystisch \u00fcber den Wahrheitsgehalt nachdenken \u2013 doch vielleicht am aufregendsten ist, dass Cornwalls zahlreiche und variantenreiche Legenden ein ganz neues Licht werfen auf beliebte Ortschaften&#8230;.. <a href=\"https:\/\/www.urlaubcornwall.de\/blog\/legenden-und-geschichte-cornwalls\/\"><span style=\"text-decoration: underline;\"><strong>[Mehr]<\/strong><\/span><\/a><\/p>\n<p><strong>Englands sch\u00f6nstes Urlaubsziel:<\/strong> <a href=\"http:\/\/www.urlaubcornwall.de\/\"><span style=\"text-decoration: underline;\"><strong>Ihr Traumurlaub beginnt hier!<\/strong><\/span><\/a> <strong>Urlaub, Reisen, Cornwall, S\u00fcdengland: eine perfekte Kombination.<\/strong><\/p>\n","protected":false},"excerpt":{"rendered":"<p>Im gesamten Cornwall verstreut, befinden sich Tausende faszinierender antiker Monumente; und hier sind unsere Lieblingsst\u00fccke. Lanyon Quoit &#8211; bei St Ives Als einer der bestbekannten cornischen Steinkreise befindet sich der Lanyon Steinkreis an der Stra\u00dfe zwischen Madron und Morvah. Es wird davon ausgegangen, dass die Originalstruktur 2500 vor Christi Geburt errichtet wurde. Es gibt eine [&hellip;]<\/p>\n","protected":false},"author":1,"featured_media":0,"parent":0,"menu_order":0,"comment_status":"closed","ping_status":"closed","template":"single-four.php","meta":[],"acf":[],"yoast_head":"<!-- This site is optimized with the Yoast SEO plugin v19.4 - https:\/\/yoast.com\/wordpress\/plugins\/seo\/ -->\n<title>Cornwalls verlorene Ruinen und antike Steinkreise - Urlaub &amp; Reisen<\/title>\n<meta name=\"robots\" content=\"index, follow, max-snippet:-1, max-image-preview:large, max-video-preview:-1\" \/>\n<link rel=\"canonical\" href=\"https:\/\/www.urlaubcornwall.de\/blog\/cornwalls-verlorene-ruinen-und-antike-steinkreise\/\" \/>\n<meta property=\"og:locale\" content=\"en_US\" \/>\n<meta property=\"og:type\" content=\"article\" \/>\n<meta property=\"og:title\" content=\"Cornwalls verlorene Ruinen und antike Steinkreise - Urlaub &amp; Reisen\" \/>\n<meta property=\"og:description\" content=\"Im gesamten Cornwall verstreut, befinden sich Tausende faszinierender antiker Monumente; und hier sind unsere Lieblingsst\u00fccke. Lanyon Quoit &#8211; bei St Ives Als einer der bestbekannten cornischen Steinkreise befindet sich der Lanyon Steinkreis an der Stra\u00dfe zwischen Madron und Morvah. Es wird davon ausgegangen, dass die Originalstruktur 2500 vor Christi Geburt errichtet wurde. Es gibt eine [&hellip;]\" \/>\n<meta property=\"og:url\" content=\"https:\/\/www.urlaubcornwall.de\/blog\/cornwalls-verlorene-ruinen-und-antike-steinkreise\/\" \/>\n<meta property=\"og:site_name\" content=\"Urlaub &amp; Reisen\" \/>\n<meta property=\"article:modified_time\" content=\"2015-08-14T15:44:35+00:00\" \/>\n<meta property=\"og:image\" content=\"https:\/\/www.urlaubcornwall.de\/blog\/wp-content\/uploads\/2015\/06\/DSC_0435.jpg\" \/>\n<meta name=\"twitter:card\" content=\"summary\" \/>\n<meta name=\"twitter:label1\" content=\"Est. reading time\" \/>\n\t<meta name=\"twitter:data1\" content=\"3 minutes\" \/>\n<script type=\"application\/ld+json\" class=\"yoast-schema-graph\">{\"@context\":\"https:\/\/schema.org\",\"@graph\":[{\"@type\":\"WebSite\",\"@id\":\"https:\/\/www.urlaubcornwall.de\/blog\/#website\",\"url\":\"https:\/\/www.urlaubcornwall.de\/blog\/\",\"name\":\"Urlaub &amp; Reisen\",\"description\":\"Urlaub, Reisen, Cornwall und S\u00fcdengland: eine perfekte Kombination\",\"potentialAction\":[{\"@type\":\"SearchAction\",\"target\":{\"@type\":\"EntryPoint\",\"urlTemplate\":\"https:\/\/www.urlaubcornwall.de\/blog\/?s={search_term_string}\"},\"query-input\":\"required name=search_term_string\"}],\"inLanguage\":\"en-US\"},{\"@type\":\"WebPage\",\"@id\":\"https:\/\/www.urlaubcornwall.de\/blog\/cornwalls-verlorene-ruinen-und-antike-steinkreise\/\",\"url\":\"https:\/\/www.urlaubcornwall.de\/blog\/cornwalls-verlorene-ruinen-und-antike-steinkreise\/\",\"name\":\"Cornwalls verlorene Ruinen und antike Steinkreise - Urlaub &amp; Reisen\",\"isPartOf\":{\"@id\":\"https:\/\/www.urlaubcornwall.de\/blog\/#website\"},\"datePublished\":\"2015-06-13T12:36:50+00:00\",\"dateModified\":\"2015-08-14T15:44:35+00:00\",\"breadcrumb\":{\"@id\":\"https:\/\/www.urlaubcornwall.de\/blog\/cornwalls-verlorene-ruinen-und-antike-steinkreise\/#breadcrumb\"},\"inLanguage\":\"en-US\",\"potentialAction\":[{\"@type\":\"ReadAction\",\"target\":[\"https:\/\/www.urlaubcornwall.de\/blog\/cornwalls-verlorene-ruinen-und-antike-steinkreise\/\"]}]},{\"@type\":\"BreadcrumbList\",\"@id\":\"https:\/\/www.urlaubcornwall.de\/blog\/cornwalls-verlorene-ruinen-und-antike-steinkreise\/#breadcrumb\",\"itemListElement\":[{\"@type\":\"ListItem\",\"position\":1,\"name\":\"Home\",\"item\":\"https:\/\/www.urlaubcornwall.de\/blog\/\"},{\"@type\":\"ListItem\",\"position\":2,\"name\":\"Cornwalls verlorene Ruinen und antike Steinkreise\"}]}]}<\/script>\n<!-- \/ Yoast SEO plugin. -->","yoast_head_json":{"title":"Cornwalls verlorene Ruinen und antike Steinkreise - Urlaub &amp; Reisen","robots":{"index":"index","follow":"follow","max-snippet":"max-snippet:-1","max-image-preview":"max-image-preview:large","max-video-preview":"max-video-preview:-1"},"canonical":"https:\/\/www.urlaubcornwall.de\/blog\/cornwalls-verlorene-ruinen-und-antike-steinkreise\/","og_locale":"en_US","og_type":"article","og_title":"Cornwalls verlorene Ruinen und antike Steinkreise - Urlaub &amp; Reisen","og_description":"Im gesamten Cornwall verstreut, befinden sich Tausende faszinierender antiker Monumente; und hier sind unsere Lieblingsst\u00fccke. Lanyon Quoit &#8211; bei St Ives Als einer der bestbekannten cornischen Steinkreise befindet sich der Lanyon Steinkreis an der Stra\u00dfe zwischen Madron und Morvah. Es wird davon ausgegangen, dass die Originalstruktur 2500 vor Christi Geburt errichtet wurde. Es gibt eine [&hellip;]","og_url":"https:\/\/www.urlaubcornwall.de\/blog\/cornwalls-verlorene-ruinen-und-antike-steinkreise\/","og_site_name":"Urlaub &amp; Reisen","article_modified_time":"2015-08-14T15:44:35+00:00","og_image":[{"url":"https:\/\/www.urlaubcornwall.de\/blog\/wp-content\/uploads\/2015\/06\/DSC_0435.jpg"}],"twitter_card":"summary","twitter_misc":{"Est. reading time":"3 minutes"},"schema":{"@context":"https:\/\/schema.org","@graph":[{"@type":"WebSite","@id":"https:\/\/www.urlaubcornwall.de\/blog\/#website","url":"https:\/\/www.urlaubcornwall.de\/blog\/","name":"Urlaub &amp; Reisen","description":"Urlaub, Reisen, Cornwall und S\u00fcdengland: eine perfekte Kombination","potentialAction":[{"@type":"SearchAction","target":{"@type":"EntryPoint","urlTemplate":"https:\/\/www.urlaubcornwall.de\/blog\/?s={search_term_string}"},"query-input":"required name=search_term_string"}],"inLanguage":"en-US"},{"@type":"WebPage","@id":"https:\/\/www.urlaubcornwall.de\/blog\/cornwalls-verlorene-ruinen-und-antike-steinkreise\/","url":"https:\/\/www.urlaubcornwall.de\/blog\/cornwalls-verlorene-ruinen-und-antike-steinkreise\/","name":"Cornwalls verlorene Ruinen und antike Steinkreise - Urlaub &amp; Reisen","isPartOf":{"@id":"https:\/\/www.urlaubcornwall.de\/blog\/#website"},"datePublished":"2015-06-13T12:36:50+00:00","dateModified":"2015-08-14T15:44:35+00:00","breadcrumb":{"@id":"https:\/\/www.urlaubcornwall.de\/blog\/cornwalls-verlorene-ruinen-und-antike-steinkreise\/#breadcrumb"},"inLanguage":"en-US","potentialAction":[{"@type":"ReadAction","target":["https:\/\/www.urlaubcornwall.de\/blog\/cornwalls-verlorene-ruinen-und-antike-steinkreise\/"]}]},{"@type":"BreadcrumbList","@id":"https:\/\/www.urlaubcornwall.de\/blog\/cornwalls-verlorene-ruinen-und-antike-steinkreise\/#breadcrumb","itemListElement":[{"@type":"ListItem","position":1,"name":"Home","item":"https:\/\/www.urlaubcornwall.de\/blog\/"},{"@type":"ListItem","position":2,"name":"Cornwalls verlorene Ruinen und antike Steinkreise"}]}]}},"_links":{"self":[{"href":"https:\/\/www.urlaubcornwall.de\/blog\/wp-json\/wp\/v2\/pages\/19251"}],"collection":[{"href":"https:\/\/www.urlaubcornwall.de\/blog\/wp-json\/wp\/v2\/pages"}],"about":[{"href":"https:\/\/www.urlaubcornwall.de\/blog\/wp-json\/wp\/v2\/types\/page"}],"author":[{"embeddable":true,"href":"https:\/\/www.urlaubcornwall.de\/blog\/wp-json\/wp\/v2\/users\/1"}],"replies":[{"embeddable":true,"href":"https:\/\/www.urlaubcornwall.de\/blog\/wp-json\/wp\/v2\/comments?post=19251"}],"version-history":[{"count":8,"href":"https:\/\/www.urlaubcornwall.de\/blog\/wp-json\/wp\/v2\/pages\/19251\/revisions"}],"predecessor-version":[{"id":19506,"href":"https:\/\/www.urlaubcornwall.de\/blog\/wp-json\/wp\/v2\/pages\/19251\/revisions\/19506"}],"wp:attachment":[{"href":"https:\/\/www.urlaubcornwall.de\/blog\/wp-json\/wp\/v2\/media?parent=19251"}],"curies":[{"name":"wp","href":"https:\/\/api.w.org\/{rel}","templated":true}]}}