{"id":19210,"date":"2015-06-08T15:33:43","date_gmt":"2015-06-08T15:33:43","guid":{"rendered":"https:\/\/www.urlaubcornwall.de\/blog\/?page_id=19210"},"modified":"2018-11-12T10:07:17","modified_gmt":"2018-11-12T10:07:17","slug":"fantastisches-restaurant-mit-aussicht-in-der-naehe-dartmoors-das-horn-of-plenty-tavistock-devon","status":"publish","type":"page","link":"https:\/\/www.urlaubcornwall.de\/blog\/fantastisches-restaurant-mit-aussicht-in-der-naehe-dartmoors-das-horn-of-plenty-tavistock-devon\/","title":{"rendered":"Fantastisches Restaurant mit Aussicht in der N\u00e4he Dartmoors: Das Horn of Plenty, Tavistock, Devon."},"content":{"rendered":"<p>Mit 2AA Rosetten ausgezeichnet f\u00fcr feines Speiseerlebnis, einer Leidenschaft f\u00fcr \u00f6rtlich angebaute Produkte und einem Team wahrhaft l\u00e4chelnder, hilfreicher Angestellter, gilt das <a href=\"https:\/\/www.booking.com\/hotel\/gb\/the-horn-of-plenty.en.html?aid=1320750&#038;no_rooms=1&#038;group_adults=2&#038;room1=A%2CA\" rel=\"nofollow\"><span style=\"text-decoration: underline;\"><strong>Horn of Plenty<\/strong><\/span><\/a> schon seit \u00fcber 40 Jahren als eines der allerbesten Restaurants in Devon. Zudem bietet es stilvolle R\u00e4ume im Hotel mit der atemberaubenden, unber\u00fchrten Sch\u00f6nheit des Tamar Tales als Hintergrund. Speiseg\u00e4ste sind eingeladen, eine wahrhaft einzigartige Erfahrung zu machen.<\/p>\n<p>Die Speisekarte zeugt von einer Leidenschaft f\u00fcr britische Speisen mit einem Hauch franz\u00f6sischem Flair. Ein talentiertes Team von sechs K\u00f6chen eifert darum, aufregende Gerichte hoher Qualit\u00e4t zu kreieren. Als gro\u00dfe F\u00fcrsprecher lokal angebauter Produkte glauben sie leidenschaftlich daran, dass Devon und Cornwall einige der feinsten Zutaten des ganzen Landes zu bieten haben. Daher verwenden Sie, was immer sie \u00f6rtlich finden k\u00f6nnen. Derzeit stammen \u00fcber 70% der Produkte aus Devon, und 90% aus dem S\u00fcdwesten.<\/p>\n<p><strong>Nachmittagstee in Devon: das englische Vergn\u00fcgen schlechthin<\/strong><\/p>\n<p>Die britische Tradition des Nachmittagstees ist nach wie vor beliebt in Devon. Und dies nicht nur, weil von hier der ber\u00fchmte Rahm stammt, der zu einem frisch gebackenem s\u00fc\u00dfen Br\u00f6tchen geh\u00f6rt. Die Speisekarte bietet eine Auswahl an Gen\u00fcssen an. Jeder davon eignet sich, die ultimative Nachmittagstee-Erfahrung zu machen, zudem in einer wundersch\u00f6nen britischen Umgebung, die sowohl besonders als auch unvergesslich ist.<br \/>\nMit malerischem Blick \u00fcber das Tamar Tal ist das Horn of Plenty die perfekte Kulisse, um sich zur\u00fcck zu lehnen und zu entspannen, w\u00e4hrend Sie diese klassische Quintessenz genie\u00dfen; entweder auf dem Freisitz, im Restaurant oder im entz\u00fcckenden Salon.<\/p>\n<p><strong>Der klassische Devon Cream Tea (Rahmtee)<\/strong><\/p>\n<p>Der klassische Devon Cream Tea umfasst frisch gebackene s\u00fc\u00dfe Br\u00f6tchen mit Erdbeermarmelade und Devons ber\u00fchmtem Rahm, dazu eine Auswahl an Tee oder Kaffee &#8211; \u00a39.50 pro Person.<br \/>\nNachmittagstee wird t\u00e4glich zwischen 15.30 Uhr und 17 Uhr serviert; bitte buchen Sie im Voraus.<br \/>\nT\u00e4glich ge\u00f6ffnet f\u00fcr Mittagessen, Nachmittagstee und Abendessen.<\/p>\n\n<p><iframe loading=\"lazy\" src=\"https:\/\/www.google.com\/maps\/d\/embed?mid=zPZ6ttwx7pSg.km1h7qSISzdU\" width=\"700\" height=\"510\"><\/iframe><\/p>\n<p style=\"text-align: left;\"><b>Klicken Sie <\/b><b>hier<\/b><b>, um sich unser vollst\u00e4ndiges Angebot der besten <a href=\"http:\/\/www.urlaubcornwall.de\/restaurants-and-gastronomie.php\"><span style=\"text-decoration: underline;\">Restaurants in Cornwall <\/span><\/a> anzusehen.<\/b><\/p>\n\n","protected":false},"excerpt":{"rendered":"<p>Mit 2AA Rosetten ausgezeichnet f\u00fcr feines Speiseerlebnis, einer Leidenschaft f\u00fcr \u00f6rtlich angebaute Produkte und einem Team wahrhaft l\u00e4chelnder, hilfreicher Angestellter, gilt das Horn of Plenty schon seit \u00fcber 40 Jahren als eines der allerbesten Restaurants in Devon. Zudem bietet es stilvolle R\u00e4ume im Hotel mit der atemberaubenden, unber\u00fchrten Sch\u00f6nheit des Tamar Tales als Hintergrund. Speiseg\u00e4ste [&hellip;]<\/p>\n","protected":false},"author":1,"featured_media":0,"parent":0,"menu_order":0,"comment_status":"closed","ping_status":"closed","template":"single-three.php","meta":[],"acf":[],"yoast_head":"<!-- This site is optimized with the Yoast SEO plugin v19.4 - https:\/\/yoast.com\/wordpress\/plugins\/seo\/ -->\n<title>Fantastisches Restaurant mit Aussicht in der N\u00e4he Dartmoors: Das Horn of Plenty, Tavistock, Devon. - Urlaub &amp; Reisen<\/title>\n<meta name=\"robots\" content=\"index, follow, max-snippet:-1, max-image-preview:large, max-video-preview:-1\" \/>\n<link rel=\"canonical\" href=\"https:\/\/www.urlaubcornwall.de\/blog\/fantastisches-restaurant-mit-aussicht-in-der-naehe-dartmoors-das-horn-of-plenty-tavistock-devon\/\" \/>\n<meta property=\"og:locale\" content=\"en_US\" \/>\n<meta property=\"og:type\" content=\"article\" \/>\n<meta property=\"og:title\" content=\"Fantastisches Restaurant mit Aussicht in der N\u00e4he Dartmoors: Das Horn of Plenty, Tavistock, Devon. - Urlaub &amp; Reisen\" \/>\n<meta property=\"og:description\" content=\"Mit 2AA Rosetten ausgezeichnet f\u00fcr feines Speiseerlebnis, einer Leidenschaft f\u00fcr \u00f6rtlich angebaute Produkte und einem Team wahrhaft l\u00e4chelnder, hilfreicher Angestellter, gilt das Horn of Plenty schon seit \u00fcber 40 Jahren als eines der allerbesten Restaurants in Devon. Zudem bietet es stilvolle R\u00e4ume im Hotel mit der atemberaubenden, unber\u00fchrten Sch\u00f6nheit des Tamar Tales als Hintergrund. Speiseg\u00e4ste [&hellip;]\" \/>\n<meta property=\"og:url\" content=\"https:\/\/www.urlaubcornwall.de\/blog\/fantastisches-restaurant-mit-aussicht-in-der-naehe-dartmoors-das-horn-of-plenty-tavistock-devon\/\" \/>\n<meta property=\"og:site_name\" content=\"Urlaub &amp; Reisen\" \/>\n<meta property=\"article:modified_time\" content=\"2018-11-12T10:07:17+00:00\" \/>\n<meta name=\"twitter:card\" content=\"summary\" \/>\n<meta name=\"twitter:label1\" content=\"Est. reading time\" \/>\n\t<meta name=\"twitter:data1\" content=\"2 minutes\" \/>\n<script type=\"application\/ld+json\" class=\"yoast-schema-graph\">{\"@context\":\"https:\/\/schema.org\",\"@graph\":[{\"@type\":\"WebSite\",\"@id\":\"https:\/\/www.urlaubcornwall.de\/blog\/#website\",\"url\":\"https:\/\/www.urlaubcornwall.de\/blog\/\",\"name\":\"Urlaub &amp; Reisen\",\"description\":\"Urlaub, Reisen, Cornwall und S\u00fcdengland: eine perfekte Kombination\",\"potentialAction\":[{\"@type\":\"SearchAction\",\"target\":{\"@type\":\"EntryPoint\",\"urlTemplate\":\"https:\/\/www.urlaubcornwall.de\/blog\/?s={search_term_string}\"},\"query-input\":\"required name=search_term_string\"}],\"inLanguage\":\"en-US\"},{\"@type\":\"WebPage\",\"@id\":\"https:\/\/www.urlaubcornwall.de\/blog\/fantastisches-restaurant-mit-aussicht-in-der-naehe-dartmoors-das-horn-of-plenty-tavistock-devon\/\",\"url\":\"https:\/\/www.urlaubcornwall.de\/blog\/fantastisches-restaurant-mit-aussicht-in-der-naehe-dartmoors-das-horn-of-plenty-tavistock-devon\/\",\"name\":\"Fantastisches Restaurant mit Aussicht in der N\u00e4he Dartmoors: Das Horn of Plenty, Tavistock, Devon. - Urlaub &amp; Reisen\",\"isPartOf\":{\"@id\":\"https:\/\/www.urlaubcornwall.de\/blog\/#website\"},\"datePublished\":\"2015-06-08T15:33:43+00:00\",\"dateModified\":\"2018-11-12T10:07:17+00:00\",\"breadcrumb\":{\"@id\":\"https:\/\/www.urlaubcornwall.de\/blog\/fantastisches-restaurant-mit-aussicht-in-der-naehe-dartmoors-das-horn-of-plenty-tavistock-devon\/#breadcrumb\"},\"inLanguage\":\"en-US\",\"potentialAction\":[{\"@type\":\"ReadAction\",\"target\":[\"https:\/\/www.urlaubcornwall.de\/blog\/fantastisches-restaurant-mit-aussicht-in-der-naehe-dartmoors-das-horn-of-plenty-tavistock-devon\/\"]}]},{\"@type\":\"BreadcrumbList\",\"@id\":\"https:\/\/www.urlaubcornwall.de\/blog\/fantastisches-restaurant-mit-aussicht-in-der-naehe-dartmoors-das-horn-of-plenty-tavistock-devon\/#breadcrumb\",\"itemListElement\":[{\"@type\":\"ListItem\",\"position\":1,\"name\":\"Home\",\"item\":\"https:\/\/www.urlaubcornwall.de\/blog\/\"},{\"@type\":\"ListItem\",\"position\":2,\"name\":\"Fantastisches Restaurant mit Aussicht in der N\u00e4he Dartmoors: Das Horn of Plenty, Tavistock, Devon.\"}]}]}<\/script>\n<!-- \/ Yoast SEO plugin. -->","yoast_head_json":{"title":"Fantastisches Restaurant mit Aussicht in der N\u00e4he Dartmoors: Das Horn of Plenty, Tavistock, Devon. - Urlaub &amp; Reisen","robots":{"index":"index","follow":"follow","max-snippet":"max-snippet:-1","max-image-preview":"max-image-preview:large","max-video-preview":"max-video-preview:-1"},"canonical":"https:\/\/www.urlaubcornwall.de\/blog\/fantastisches-restaurant-mit-aussicht-in-der-naehe-dartmoors-das-horn-of-plenty-tavistock-devon\/","og_locale":"en_US","og_type":"article","og_title":"Fantastisches Restaurant mit Aussicht in der N\u00e4he Dartmoors: Das Horn of Plenty, Tavistock, Devon. - Urlaub &amp; Reisen","og_description":"Mit 2AA Rosetten ausgezeichnet f\u00fcr feines Speiseerlebnis, einer Leidenschaft f\u00fcr \u00f6rtlich angebaute Produkte und einem Team wahrhaft l\u00e4chelnder, hilfreicher Angestellter, gilt das Horn of Plenty schon seit \u00fcber 40 Jahren als eines der allerbesten Restaurants in Devon. Zudem bietet es stilvolle R\u00e4ume im Hotel mit der atemberaubenden, unber\u00fchrten Sch\u00f6nheit des Tamar Tales als Hintergrund. Speiseg\u00e4ste [&hellip;]","og_url":"https:\/\/www.urlaubcornwall.de\/blog\/fantastisches-restaurant-mit-aussicht-in-der-naehe-dartmoors-das-horn-of-plenty-tavistock-devon\/","og_site_name":"Urlaub &amp; Reisen","article_modified_time":"2018-11-12T10:07:17+00:00","twitter_card":"summary","twitter_misc":{"Est. reading time":"2 minutes"},"schema":{"@context":"https:\/\/schema.org","@graph":[{"@type":"WebSite","@id":"https:\/\/www.urlaubcornwall.de\/blog\/#website","url":"https:\/\/www.urlaubcornwall.de\/blog\/","name":"Urlaub &amp; Reisen","description":"Urlaub, Reisen, Cornwall und S\u00fcdengland: eine perfekte Kombination","potentialAction":[{"@type":"SearchAction","target":{"@type":"EntryPoint","urlTemplate":"https:\/\/www.urlaubcornwall.de\/blog\/?s={search_term_string}"},"query-input":"required name=search_term_string"}],"inLanguage":"en-US"},{"@type":"WebPage","@id":"https:\/\/www.urlaubcornwall.de\/blog\/fantastisches-restaurant-mit-aussicht-in-der-naehe-dartmoors-das-horn-of-plenty-tavistock-devon\/","url":"https:\/\/www.urlaubcornwall.de\/blog\/fantastisches-restaurant-mit-aussicht-in-der-naehe-dartmoors-das-horn-of-plenty-tavistock-devon\/","name":"Fantastisches Restaurant mit Aussicht in der N\u00e4he Dartmoors: Das Horn of Plenty, Tavistock, Devon. - Urlaub &amp; Reisen","isPartOf":{"@id":"https:\/\/www.urlaubcornwall.de\/blog\/#website"},"datePublished":"2015-06-08T15:33:43+00:00","dateModified":"2018-11-12T10:07:17+00:00","breadcrumb":{"@id":"https:\/\/www.urlaubcornwall.de\/blog\/fantastisches-restaurant-mit-aussicht-in-der-naehe-dartmoors-das-horn-of-plenty-tavistock-devon\/#breadcrumb"},"inLanguage":"en-US","potentialAction":[{"@type":"ReadAction","target":["https:\/\/www.urlaubcornwall.de\/blog\/fantastisches-restaurant-mit-aussicht-in-der-naehe-dartmoors-das-horn-of-plenty-tavistock-devon\/"]}]},{"@type":"BreadcrumbList","@id":"https:\/\/www.urlaubcornwall.de\/blog\/fantastisches-restaurant-mit-aussicht-in-der-naehe-dartmoors-das-horn-of-plenty-tavistock-devon\/#breadcrumb","itemListElement":[{"@type":"ListItem","position":1,"name":"Home","item":"https:\/\/www.urlaubcornwall.de\/blog\/"},{"@type":"ListItem","position":2,"name":"Fantastisches Restaurant mit Aussicht in der N\u00e4he Dartmoors: Das Horn of Plenty, Tavistock, Devon."}]}]}},"_links":{"self":[{"href":"https:\/\/www.urlaubcornwall.de\/blog\/wp-json\/wp\/v2\/pages\/19210"}],"collection":[{"href":"https:\/\/www.urlaubcornwall.de\/blog\/wp-json\/wp\/v2\/pages"}],"about":[{"href":"https:\/\/www.urlaubcornwall.de\/blog\/wp-json\/wp\/v2\/types\/page"}],"author":[{"embeddable":true,"href":"https:\/\/www.urlaubcornwall.de\/blog\/wp-json\/wp\/v2\/users\/1"}],"replies":[{"embeddable":true,"href":"https:\/\/www.urlaubcornwall.de\/blog\/wp-json\/wp\/v2\/comments?post=19210"}],"version-history":[{"count":10,"href":"https:\/\/www.urlaubcornwall.de\/blog\/wp-json\/wp\/v2\/pages\/19210\/revisions"}],"predecessor-version":[{"id":34544,"href":"https:\/\/www.urlaubcornwall.de\/blog\/wp-json\/wp\/v2\/pages\/19210\/revisions\/34544"}],"wp:attachment":[{"href":"https:\/\/www.urlaubcornwall.de\/blog\/wp-json\/wp\/v2\/media?parent=19210"}],"curies":[{"name":"wp","href":"https:\/\/api.w.org\/{rel}","templated":true}]}}