{"id":18980,"date":"2015-04-17T10:10:35","date_gmt":"2015-04-17T10:10:35","guid":{"rendered":"https:\/\/www.urlaubcornwall.de\/blog\/?page_id=18980"},"modified":"2019-02-18T09:31:55","modified_gmt":"2019-02-18T09:31:55","slug":"handverlesene-familienfreundliche-hotels-in-london","status":"publish","type":"page","link":"https:\/\/www.urlaubcornwall.de\/blog\/handverlesene-familienfreundliche-hotels-in-london\/","title":{"rendered":"Die Besten Familienfreundliche Hotels in London"},"content":{"rendered":"<p><a href=\"https:\/\/www.urlaubcornwall.de\/blog\/wp-content\/uploads\/2015\/04\/kew_2.jpg\"><img loading=\"lazy\" class=\"aligncenter size-full wp-image-19086\" src=\"https:\/\/www.urlaubcornwall.de\/blog\/wp-content\/uploads\/2015\/04\/kew_2.jpg\" alt=\"kew garten london\" width=\"745\" height=\"300\" \/><\/a><\/p>\n<p><strong>Bei uns finden Sie Hotels zum Verlieben \u2013 so einfach ist das!<\/strong>\u00a0Eine familienfreundliche Unterkunft in London zu finden, kann zu einer echten Herausforderung werden. Seit 1997 arrangieren wir Familienurlaube und bieten einen sehr pers\u00f6nlichen Service, um den perfekten Ort f\u00fcr Sie zu finden.<br \/>\n<ins class=\"bookingaff\" data-aid=\"1702083\" data-target_aid=\"1702083\" data-prod=\"map\" data-width=\"100%\" data-height=\"590\" data-lang=\"ualng\" data-dest_id=\"0\" data-dest_type=\"landmark\" data-latitude=\"51.5073509\" data-longitude=\"-0.1277583\" data-mwhsb=\"1\"><br \/>\n    <!-- Anything inside will go away once widget is loaded. --><br \/>\n        <a href=\"\/\/www.booking.com?aid=1702083\"rel=\"nofollow\">Booking.com<\/a><br \/>\n<\/ins><br \/>\n<script type=\"text\/javascript\">\n    (function(d, sc, u) {\n      var s = d.createElement(sc), p = d.getElementsByTagName(sc)[0];\n      s.type = 'text\/javascript';\n      s.async = true;\n      s.src = u + '?v=' + (+new Date());\n      p.parentNode.insertBefore(s,p);\n      })(document, 'script', '\/\/aff.bstatic.com\/static\/affiliate_base\/js\/flexiproduct.js');\n<\/script><\/p>\n<h3><\/h3>\n<p><ins class=\"bookingaff\" data-aid=\"1358105\" data-target_aid=\"1358105\" data-prod=\"nsb\" data-width=\"100%\" data-height=\"auto\" data-lang=\"de\" data-dest_id=\"-2601889\" data-dest_type=\"city\"><br \/>\n    <!-- Anything inside will go away once widget is loaded. --><br \/>\n        <a href=\"\/\/www.booking.com?aid=1358105\"rel=\"nofollow\">Booking.com<\/a><br \/>\n<\/ins><br \/>\n<script type=\"text\/javascript\">\n    (function(d, sc, u) {\n      var s = d.createElement(sc), p = d.getElementsByTagName(sc)[0];\n      s.type = 'text\/javascript';\n      s.async = true;\n      s.src = u + '?v=' + (+new Date());\n      p.parentNode.insertBefore(s,p);\n      })(document, 'script', '\/\/aff.bstatic.com\/static\/affiliate_base\/js\/flexiproduct.js');\n<\/script><br \/>\nFamilienunterk\u00fcnfte gibt es in allen m\u00f6glichen Formen und Gr\u00f6\u00dfen, um den unterschiedlichsten Familiengruppen gerecht zu werden. Viele <a href=\"https:\/\/www.urlaubcornwall.de\/blog\/handverlesene-hotels-in-london\/\"><span style=\"text-decoration: underline;\"><strong>Hotels in London<\/strong><\/span><\/a> haben besondere Dienstleistungen und spezifische Eigenschaften, die f\u00fcr Familien hilfreich sind. Dazu geh\u00f6ren zum Beispiel miteinander verbundene R\u00e4ume, Reisebetten f\u00fcr Kleinkinder und Babysitter- Service. Einige von Londons besten Familienhotels gehen sogar noch einen Schritt weiter und bieten Kinderm\u00e4dchenservice f\u00fcr Kinder.<\/p>\n<p>Wir k\u00f6nnen genau das Hotel f\u00fcr Sie finden, nach dem Sie suchen; zu gro\u00dfartigem Preis, und Sie kommen in den Genuss unserer Ratschl\u00e4ge, Tipps, und Tickets f\u00fcr Ereignisse und sehenswerte \u00d6rtlichkeiten, um das Beste aus Ihrem Familienurlaub in London zu machen.<\/p>\n<p style=\"text-align: center;\"><strong>Wir freuen uns auf<\/strong> <a href=\"http:\/\/www.urlaubcornwall.de\/anfrage.php\"><span style=\"text-decoration: underline;\"><strong>Ihre Anfrage<\/strong><\/span>.<\/a><\/p>\n","protected":false},"excerpt":{"rendered":"<p>Bei uns finden Sie Hotels zum Verlieben \u2013 so einfach ist das!\u00a0Eine familienfreundliche Unterkunft in London zu finden, kann zu einer echten Herausforderung werden. Seit 1997 arrangieren wir Familienurlaube und bieten einen sehr pers\u00f6nlichen Service, um den perfekten Ort f\u00fcr Sie zu finden. Booking.com Booking.com Familienunterk\u00fcnfte gibt es in allen m\u00f6glichen Formen und Gr\u00f6\u00dfen, um [&hellip;]<\/p>\n","protected":false},"author":1,"featured_media":0,"parent":0,"menu_order":0,"comment_status":"closed","ping_status":"closed","template":"single-four.php","meta":[],"acf":[],"yoast_head":"<!-- This site is optimized with the Yoast SEO plugin v19.4 - https:\/\/yoast.com\/wordpress\/plugins\/seo\/ -->\n<title>Die Besten Familienfreundliche Hotels in London - Urlaub &amp; Reisen<\/title>\n<meta name=\"robots\" content=\"index, follow, max-snippet:-1, max-image-preview:large, max-video-preview:-1\" \/>\n<link rel=\"canonical\" href=\"https:\/\/www.urlaubcornwall.de\/blog\/handverlesene-familienfreundliche-hotels-in-london\/\" \/>\n<meta property=\"og:locale\" content=\"en_US\" \/>\n<meta property=\"og:type\" content=\"article\" \/>\n<meta property=\"og:title\" content=\"Die Besten Familienfreundliche Hotels in London - Urlaub &amp; Reisen\" \/>\n<meta property=\"og:description\" content=\"Bei uns finden Sie Hotels zum Verlieben \u2013 so einfach ist das!\u00a0Eine familienfreundliche Unterkunft in London zu finden, kann zu einer echten Herausforderung werden. Seit 1997 arrangieren wir Familienurlaube und bieten einen sehr pers\u00f6nlichen Service, um den perfekten Ort f\u00fcr Sie zu finden. Booking.com Booking.com Familienunterk\u00fcnfte gibt es in allen m\u00f6glichen Formen und Gr\u00f6\u00dfen, um [&hellip;]\" \/>\n<meta property=\"og:url\" content=\"https:\/\/www.urlaubcornwall.de\/blog\/handverlesene-familienfreundliche-hotels-in-london\/\" \/>\n<meta property=\"og:site_name\" content=\"Urlaub &amp; Reisen\" \/>\n<meta property=\"article:modified_time\" content=\"2019-02-18T09:31:55+00:00\" \/>\n<meta property=\"og:image\" content=\"https:\/\/www.urlaubcornwall.de\/blog\/wp-content\/uploads\/2015\/04\/kew_2.jpg\" \/>\n<meta name=\"twitter:card\" content=\"summary\" \/>\n<meta name=\"twitter:label1\" content=\"Est. reading time\" \/>\n\t<meta name=\"twitter:data1\" content=\"1 minute\" \/>\n<script type=\"application\/ld+json\" class=\"yoast-schema-graph\">{\"@context\":\"https:\/\/schema.org\",\"@graph\":[{\"@type\":\"WebSite\",\"@id\":\"https:\/\/www.urlaubcornwall.de\/blog\/#website\",\"url\":\"https:\/\/www.urlaubcornwall.de\/blog\/\",\"name\":\"Urlaub &amp; Reisen\",\"description\":\"Urlaub, Reisen, Cornwall und S\u00fcdengland: eine perfekte Kombination\",\"potentialAction\":[{\"@type\":\"SearchAction\",\"target\":{\"@type\":\"EntryPoint\",\"urlTemplate\":\"https:\/\/www.urlaubcornwall.de\/blog\/?s={search_term_string}\"},\"query-input\":\"required name=search_term_string\"}],\"inLanguage\":\"en-US\"},{\"@type\":\"WebPage\",\"@id\":\"https:\/\/www.urlaubcornwall.de\/blog\/handverlesene-familienfreundliche-hotels-in-london\/\",\"url\":\"https:\/\/www.urlaubcornwall.de\/blog\/handverlesene-familienfreundliche-hotels-in-london\/\",\"name\":\"Die Besten Familienfreundliche Hotels in London - Urlaub &amp; Reisen\",\"isPartOf\":{\"@id\":\"https:\/\/www.urlaubcornwall.de\/blog\/#website\"},\"datePublished\":\"2015-04-17T10:10:35+00:00\",\"dateModified\":\"2019-02-18T09:31:55+00:00\",\"breadcrumb\":{\"@id\":\"https:\/\/www.urlaubcornwall.de\/blog\/handverlesene-familienfreundliche-hotels-in-london\/#breadcrumb\"},\"inLanguage\":\"en-US\",\"potentialAction\":[{\"@type\":\"ReadAction\",\"target\":[\"https:\/\/www.urlaubcornwall.de\/blog\/handverlesene-familienfreundliche-hotels-in-london\/\"]}]},{\"@type\":\"BreadcrumbList\",\"@id\":\"https:\/\/www.urlaubcornwall.de\/blog\/handverlesene-familienfreundliche-hotels-in-london\/#breadcrumb\",\"itemListElement\":[{\"@type\":\"ListItem\",\"position\":1,\"name\":\"Home\",\"item\":\"https:\/\/www.urlaubcornwall.de\/blog\/\"},{\"@type\":\"ListItem\",\"position\":2,\"name\":\"Die Besten Familienfreundliche Hotels in London\"}]}]}<\/script>\n<!-- \/ Yoast SEO plugin. -->","yoast_head_json":{"title":"Die Besten Familienfreundliche Hotels in London - Urlaub &amp; Reisen","robots":{"index":"index","follow":"follow","max-snippet":"max-snippet:-1","max-image-preview":"max-image-preview:large","max-video-preview":"max-video-preview:-1"},"canonical":"https:\/\/www.urlaubcornwall.de\/blog\/handverlesene-familienfreundliche-hotels-in-london\/","og_locale":"en_US","og_type":"article","og_title":"Die Besten Familienfreundliche Hotels in London - Urlaub &amp; Reisen","og_description":"Bei uns finden Sie Hotels zum Verlieben \u2013 so einfach ist das!\u00a0Eine familienfreundliche Unterkunft in London zu finden, kann zu einer echten Herausforderung werden. Seit 1997 arrangieren wir Familienurlaube und bieten einen sehr pers\u00f6nlichen Service, um den perfekten Ort f\u00fcr Sie zu finden. Booking.com Booking.com Familienunterk\u00fcnfte gibt es in allen m\u00f6glichen Formen und Gr\u00f6\u00dfen, um [&hellip;]","og_url":"https:\/\/www.urlaubcornwall.de\/blog\/handverlesene-familienfreundliche-hotels-in-london\/","og_site_name":"Urlaub &amp; Reisen","article_modified_time":"2019-02-18T09:31:55+00:00","og_image":[{"url":"https:\/\/www.urlaubcornwall.de\/blog\/wp-content\/uploads\/2015\/04\/kew_2.jpg"}],"twitter_card":"summary","twitter_misc":{"Est. reading time":"1 minute"},"schema":{"@context":"https:\/\/schema.org","@graph":[{"@type":"WebSite","@id":"https:\/\/www.urlaubcornwall.de\/blog\/#website","url":"https:\/\/www.urlaubcornwall.de\/blog\/","name":"Urlaub &amp; Reisen","description":"Urlaub, Reisen, Cornwall und S\u00fcdengland: eine perfekte Kombination","potentialAction":[{"@type":"SearchAction","target":{"@type":"EntryPoint","urlTemplate":"https:\/\/www.urlaubcornwall.de\/blog\/?s={search_term_string}"},"query-input":"required name=search_term_string"}],"inLanguage":"en-US"},{"@type":"WebPage","@id":"https:\/\/www.urlaubcornwall.de\/blog\/handverlesene-familienfreundliche-hotels-in-london\/","url":"https:\/\/www.urlaubcornwall.de\/blog\/handverlesene-familienfreundliche-hotels-in-london\/","name":"Die Besten Familienfreundliche Hotels in London - Urlaub &amp; Reisen","isPartOf":{"@id":"https:\/\/www.urlaubcornwall.de\/blog\/#website"},"datePublished":"2015-04-17T10:10:35+00:00","dateModified":"2019-02-18T09:31:55+00:00","breadcrumb":{"@id":"https:\/\/www.urlaubcornwall.de\/blog\/handverlesene-familienfreundliche-hotels-in-london\/#breadcrumb"},"inLanguage":"en-US","potentialAction":[{"@type":"ReadAction","target":["https:\/\/www.urlaubcornwall.de\/blog\/handverlesene-familienfreundliche-hotels-in-london\/"]}]},{"@type":"BreadcrumbList","@id":"https:\/\/www.urlaubcornwall.de\/blog\/handverlesene-familienfreundliche-hotels-in-london\/#breadcrumb","itemListElement":[{"@type":"ListItem","position":1,"name":"Home","item":"https:\/\/www.urlaubcornwall.de\/blog\/"},{"@type":"ListItem","position":2,"name":"Die Besten Familienfreundliche Hotels in London"}]}]}},"_links":{"self":[{"href":"https:\/\/www.urlaubcornwall.de\/blog\/wp-json\/wp\/v2\/pages\/18980"}],"collection":[{"href":"https:\/\/www.urlaubcornwall.de\/blog\/wp-json\/wp\/v2\/pages"}],"about":[{"href":"https:\/\/www.urlaubcornwall.de\/blog\/wp-json\/wp\/v2\/types\/page"}],"author":[{"embeddable":true,"href":"https:\/\/www.urlaubcornwall.de\/blog\/wp-json\/wp\/v2\/users\/1"}],"replies":[{"embeddable":true,"href":"https:\/\/www.urlaubcornwall.de\/blog\/wp-json\/wp\/v2\/comments?post=18980"}],"version-history":[{"count":10,"href":"https:\/\/www.urlaubcornwall.de\/blog\/wp-json\/wp\/v2\/pages\/18980\/revisions"}],"predecessor-version":[{"id":36358,"href":"https:\/\/www.urlaubcornwall.de\/blog\/wp-json\/wp\/v2\/pages\/18980\/revisions\/36358"}],"wp:attachment":[{"href":"https:\/\/www.urlaubcornwall.de\/blog\/wp-json\/wp\/v2\/media?parent=18980"}],"curies":[{"name":"wp","href":"https:\/\/api.w.org\/{rel}","templated":true}]}}