{"id":18773,"date":"2015-04-03T08:11:21","date_gmt":"2015-04-03T08:11:21","guid":{"rendered":"https:\/\/www.urlaubcornwall.de\/blog\/?page_id=18773"},"modified":"2022-11-28T12:23:47","modified_gmt":"2022-11-28T12:23:47","slug":"tregea-vip-deluxe-lodge-fuer-6-personen-ferienanlage-in-cornwall-suedengland","status":"publish","type":"page","link":"https:\/\/www.urlaubcornwall.de\/blog\/tregea-vip-deluxe-lodge-fuer-6-personen-ferienanlage-in-cornwall-suedengland\/","title":{"rendered":"Tregea VIP Deluxe Lodge f\u00fcr 6 Personen-Ferienanlage in Cornwall, S\u00fcdengland"},"content":{"rendered":"<p><strong>Unterkunft<\/strong><\/p>\n<p>Nur zu, verw\u00f6hnen Sie sich! Diese exquisiten Luxusferienh\u00e4user heben tats\u00e4chlich die Messlatte, was <a href=\"https:\/\/www.booking.com\/holiday-parks\/region\/gb\/cornwall-county.de.html?aid=1320750\"target=\"_blank\" rel=\"nofollow noopener noreferrer\"><span style=\"text-decoration: underline;\"><strong>Deluxe Selbstversorgerunterk\u00fcnfte<\/strong><\/span><\/a> angeht.<\/p>\n<p>Neben hervorragender Designerinneneinrichtung, einem Holzofen, privatem Hot Tub auf Ihrer Sonnenterrasse und einem zus\u00e4tzlichen LCD TV im Hauptschlafzimmer, verf\u00fcgt die Tregea Deluxe VIP Lodge \u00fcber eine Gasgrillstelle und eine Reihe anderer kleiner Extras, die dazu f\u00fchren werden, dass Sie hier in diesen Luxuslodges den besten Urlaub erleben werden, den Sie je hatten.<\/p>\n<p>Sie sind die <a href=\"https:\/\/www.booking.com\/holiday-parks\/region\/gb\/cornwall-county.de.html?aid=1320750\"target=\"_blank\" rel=\"nofollow noopener noreferrer\">ultimativen Ferienunterk\u00fcnfte<\/a> schlechthin. Cornwall ist eine Weltklassen-Tourismusregion, und nun bietet Ihnen Gwel an Mor die dazu geh\u00f6rigen Weltklasse- Luxusunterk\u00fcnfte.<\/p>\n<p>Sie bekommen eine Ahnung dessen, was Sie erwarten wird, sobald Sie Ihre Luxuslodge betreten, zumal Champagner auf Eis und Kanapees zu Ihrer Ankunft bereitstehen.<\/p>\n<p>Wenn Sie eine Tregea Deluxe VIP Lodge w\u00e4hlen, bekommen Sie t\u00e4glichen Zimmerpflegeservice, so dass Sie sich zur\u00fccklehnen und vollkommen entspannen k\u00f6nnen. Und falls Sie etwas Hilfe dabei brauchen, erhalten Sie inklusive zwei einst\u00fcndige Behandlungen im Wellbeing Spa, vorausgesetzt Sie bleiben eine Woche.<\/p>\n<p><a href=\"https:\/\/www.booking.com\/holiday-parks\/region\/gb\/cornwall-county.de.html?aid=1320750\" rel=\"nofollow\">Suche Ferienparks in Cornwall <\/a><\/p>\n<p><strong>Ausstattung &amp; Dienstleistungen<\/strong><\/p>\n<p>Bettw\u00e4sche und Handt\u00fccher inbegriffen | Brennstoff und Strom inbegriffen | Parken<\/p>\n<p>Satellitenfernsehen | DVD | kostenfreies ultraschnelles WLAN<\/p>\n<p>Holzofen | Voll ausgestattete K\u00fcche | Herd | Veranda | BBQ<\/p>\n<p>K\u00fchlschrank\/Gefrierschrank | Sp\u00fclmaschine | Mikrowelle<\/p>\n<p><strong>Aktivit\u00e4ten<\/strong><\/p>\n<p>Tennis | Fahrradverleih | Surfen | Innenschwimmbad<\/p>\n<p>Sauna | Whirlpool |Fitnessstudio | 10 min\u00fctiger Spaziergang zum Sandstrand<\/p>\n<p><a href=\"https:\/\/www.booking.com\/holiday-parks\/region\/gb\/cornwall-county.de.html?aid=1320750\" rel=\"nofollow\">Suche Ferienparks in Cornwall <\/a><\/p>\n","protected":false},"excerpt":{"rendered":"<p>Unterkunft Nur zu, verw\u00f6hnen Sie sich! Diese exquisiten Luxusferienh\u00e4user heben tats\u00e4chlich die Messlatte, was Deluxe Selbstversorgerunterk\u00fcnfte angeht. Neben hervorragender Designerinneneinrichtung, einem Holzofen, privatem Hot Tub auf Ihrer Sonnenterrasse und einem zus\u00e4tzlichen LCD TV im Hauptschlafzimmer, verf\u00fcgt die Tregea Deluxe VIP Lodge \u00fcber eine Gasgrillstelle und eine Reihe anderer kleiner Extras, die dazu f\u00fchren werden, dass [&hellip;]<\/p>\n","protected":false},"author":1,"featured_media":0,"parent":0,"menu_order":0,"comment_status":"closed","ping_status":"closed","template":"single-two.php","meta":[],"acf":[],"yoast_head":"<!-- This site is optimized with the Yoast SEO plugin v19.4 - https:\/\/yoast.com\/wordpress\/plugins\/seo\/ -->\n<title>Tregea VIP Deluxe Lodge f\u00fcr 6 Personen-Ferienanlage in Cornwall, S\u00fcdengland - Urlaub &amp; Reisen<\/title>\n<meta name=\"robots\" content=\"index, follow, max-snippet:-1, max-image-preview:large, max-video-preview:-1\" \/>\n<link rel=\"canonical\" href=\"https:\/\/www.urlaubcornwall.de\/blog\/tregea-vip-deluxe-lodge-fuer-6-personen-ferienanlage-in-cornwall-suedengland\/\" \/>\n<meta property=\"og:locale\" content=\"en_US\" \/>\n<meta property=\"og:type\" content=\"article\" \/>\n<meta property=\"og:title\" content=\"Tregea VIP Deluxe Lodge f\u00fcr 6 Personen-Ferienanlage in Cornwall, S\u00fcdengland - Urlaub &amp; Reisen\" \/>\n<meta property=\"og:description\" content=\"Unterkunft Nur zu, verw\u00f6hnen Sie sich! Diese exquisiten Luxusferienh\u00e4user heben tats\u00e4chlich die Messlatte, was Deluxe Selbstversorgerunterk\u00fcnfte angeht. Neben hervorragender Designerinneneinrichtung, einem Holzofen, privatem Hot Tub auf Ihrer Sonnenterrasse und einem zus\u00e4tzlichen LCD TV im Hauptschlafzimmer, verf\u00fcgt die Tregea Deluxe VIP Lodge \u00fcber eine Gasgrillstelle und eine Reihe anderer kleiner Extras, die dazu f\u00fchren werden, dass [&hellip;]\" \/>\n<meta property=\"og:url\" content=\"https:\/\/www.urlaubcornwall.de\/blog\/tregea-vip-deluxe-lodge-fuer-6-personen-ferienanlage-in-cornwall-suedengland\/\" \/>\n<meta property=\"og:site_name\" content=\"Urlaub &amp; Reisen\" \/>\n<meta property=\"article:modified_time\" content=\"2022-11-28T12:23:47+00:00\" \/>\n<meta name=\"twitter:card\" content=\"summary\" \/>\n<meta name=\"twitter:label1\" content=\"Est. reading time\" \/>\n\t<meta name=\"twitter:data1\" content=\"1 minute\" \/>\n<script type=\"application\/ld+json\" class=\"yoast-schema-graph\">{\"@context\":\"https:\/\/schema.org\",\"@graph\":[{\"@type\":\"WebSite\",\"@id\":\"https:\/\/www.urlaubcornwall.de\/blog\/#website\",\"url\":\"https:\/\/www.urlaubcornwall.de\/blog\/\",\"name\":\"Urlaub &amp; Reisen\",\"description\":\"Urlaub, Reisen, Cornwall und S\u00fcdengland: eine perfekte Kombination\",\"potentialAction\":[{\"@type\":\"SearchAction\",\"target\":{\"@type\":\"EntryPoint\",\"urlTemplate\":\"https:\/\/www.urlaubcornwall.de\/blog\/?s={search_term_string}\"},\"query-input\":\"required name=search_term_string\"}],\"inLanguage\":\"en-US\"},{\"@type\":\"WebPage\",\"@id\":\"https:\/\/www.urlaubcornwall.de\/blog\/tregea-vip-deluxe-lodge-fuer-6-personen-ferienanlage-in-cornwall-suedengland\/\",\"url\":\"https:\/\/www.urlaubcornwall.de\/blog\/tregea-vip-deluxe-lodge-fuer-6-personen-ferienanlage-in-cornwall-suedengland\/\",\"name\":\"Tregea VIP Deluxe Lodge f\u00fcr 6 Personen-Ferienanlage in Cornwall, S\u00fcdengland - Urlaub &amp; Reisen\",\"isPartOf\":{\"@id\":\"https:\/\/www.urlaubcornwall.de\/blog\/#website\"},\"datePublished\":\"2015-04-03T08:11:21+00:00\",\"dateModified\":\"2022-11-28T12:23:47+00:00\",\"breadcrumb\":{\"@id\":\"https:\/\/www.urlaubcornwall.de\/blog\/tregea-vip-deluxe-lodge-fuer-6-personen-ferienanlage-in-cornwall-suedengland\/#breadcrumb\"},\"inLanguage\":\"en-US\",\"potentialAction\":[{\"@type\":\"ReadAction\",\"target\":[\"https:\/\/www.urlaubcornwall.de\/blog\/tregea-vip-deluxe-lodge-fuer-6-personen-ferienanlage-in-cornwall-suedengland\/\"]}]},{\"@type\":\"BreadcrumbList\",\"@id\":\"https:\/\/www.urlaubcornwall.de\/blog\/tregea-vip-deluxe-lodge-fuer-6-personen-ferienanlage-in-cornwall-suedengland\/#breadcrumb\",\"itemListElement\":[{\"@type\":\"ListItem\",\"position\":1,\"name\":\"Home\",\"item\":\"https:\/\/www.urlaubcornwall.de\/blog\/\"},{\"@type\":\"ListItem\",\"position\":2,\"name\":\"Tregea VIP Deluxe Lodge f\u00fcr 6 Personen-Ferienanlage in Cornwall, S\u00fcdengland\"}]}]}<\/script>\n<!-- \/ Yoast SEO plugin. -->","yoast_head_json":{"title":"Tregea VIP Deluxe Lodge f\u00fcr 6 Personen-Ferienanlage in Cornwall, S\u00fcdengland - Urlaub &amp; Reisen","robots":{"index":"index","follow":"follow","max-snippet":"max-snippet:-1","max-image-preview":"max-image-preview:large","max-video-preview":"max-video-preview:-1"},"canonical":"https:\/\/www.urlaubcornwall.de\/blog\/tregea-vip-deluxe-lodge-fuer-6-personen-ferienanlage-in-cornwall-suedengland\/","og_locale":"en_US","og_type":"article","og_title":"Tregea VIP Deluxe Lodge f\u00fcr 6 Personen-Ferienanlage in Cornwall, S\u00fcdengland - Urlaub &amp; Reisen","og_description":"Unterkunft Nur zu, verw\u00f6hnen Sie sich! Diese exquisiten Luxusferienh\u00e4user heben tats\u00e4chlich die Messlatte, was Deluxe Selbstversorgerunterk\u00fcnfte angeht. Neben hervorragender Designerinneneinrichtung, einem Holzofen, privatem Hot Tub auf Ihrer Sonnenterrasse und einem zus\u00e4tzlichen LCD TV im Hauptschlafzimmer, verf\u00fcgt die Tregea Deluxe VIP Lodge \u00fcber eine Gasgrillstelle und eine Reihe anderer kleiner Extras, die dazu f\u00fchren werden, dass [&hellip;]","og_url":"https:\/\/www.urlaubcornwall.de\/blog\/tregea-vip-deluxe-lodge-fuer-6-personen-ferienanlage-in-cornwall-suedengland\/","og_site_name":"Urlaub &amp; Reisen","article_modified_time":"2022-11-28T12:23:47+00:00","twitter_card":"summary","twitter_misc":{"Est. reading time":"1 minute"},"schema":{"@context":"https:\/\/schema.org","@graph":[{"@type":"WebSite","@id":"https:\/\/www.urlaubcornwall.de\/blog\/#website","url":"https:\/\/www.urlaubcornwall.de\/blog\/","name":"Urlaub &amp; Reisen","description":"Urlaub, Reisen, Cornwall und S\u00fcdengland: eine perfekte Kombination","potentialAction":[{"@type":"SearchAction","target":{"@type":"EntryPoint","urlTemplate":"https:\/\/www.urlaubcornwall.de\/blog\/?s={search_term_string}"},"query-input":"required name=search_term_string"}],"inLanguage":"en-US"},{"@type":"WebPage","@id":"https:\/\/www.urlaubcornwall.de\/blog\/tregea-vip-deluxe-lodge-fuer-6-personen-ferienanlage-in-cornwall-suedengland\/","url":"https:\/\/www.urlaubcornwall.de\/blog\/tregea-vip-deluxe-lodge-fuer-6-personen-ferienanlage-in-cornwall-suedengland\/","name":"Tregea VIP Deluxe Lodge f\u00fcr 6 Personen-Ferienanlage in Cornwall, S\u00fcdengland - Urlaub &amp; Reisen","isPartOf":{"@id":"https:\/\/www.urlaubcornwall.de\/blog\/#website"},"datePublished":"2015-04-03T08:11:21+00:00","dateModified":"2022-11-28T12:23:47+00:00","breadcrumb":{"@id":"https:\/\/www.urlaubcornwall.de\/blog\/tregea-vip-deluxe-lodge-fuer-6-personen-ferienanlage-in-cornwall-suedengland\/#breadcrumb"},"inLanguage":"en-US","potentialAction":[{"@type":"ReadAction","target":["https:\/\/www.urlaubcornwall.de\/blog\/tregea-vip-deluxe-lodge-fuer-6-personen-ferienanlage-in-cornwall-suedengland\/"]}]},{"@type":"BreadcrumbList","@id":"https:\/\/www.urlaubcornwall.de\/blog\/tregea-vip-deluxe-lodge-fuer-6-personen-ferienanlage-in-cornwall-suedengland\/#breadcrumb","itemListElement":[{"@type":"ListItem","position":1,"name":"Home","item":"https:\/\/www.urlaubcornwall.de\/blog\/"},{"@type":"ListItem","position":2,"name":"Tregea VIP Deluxe Lodge f\u00fcr 6 Personen-Ferienanlage in Cornwall, S\u00fcdengland"}]}]}},"_links":{"self":[{"href":"https:\/\/www.urlaubcornwall.de\/blog\/wp-json\/wp\/v2\/pages\/18773"}],"collection":[{"href":"https:\/\/www.urlaubcornwall.de\/blog\/wp-json\/wp\/v2\/pages"}],"about":[{"href":"https:\/\/www.urlaubcornwall.de\/blog\/wp-json\/wp\/v2\/types\/page"}],"author":[{"embeddable":true,"href":"https:\/\/www.urlaubcornwall.de\/blog\/wp-json\/wp\/v2\/users\/1"}],"replies":[{"embeddable":true,"href":"https:\/\/www.urlaubcornwall.de\/blog\/wp-json\/wp\/v2\/comments?post=18773"}],"version-history":[{"count":13,"href":"https:\/\/www.urlaubcornwall.de\/blog\/wp-json\/wp\/v2\/pages\/18773\/revisions"}],"predecessor-version":[{"id":45462,"href":"https:\/\/www.urlaubcornwall.de\/blog\/wp-json\/wp\/v2\/pages\/18773\/revisions\/45462"}],"wp:attachment":[{"href":"https:\/\/www.urlaubcornwall.de\/blog\/wp-json\/wp\/v2\/media?parent=18773"}],"curies":[{"name":"wp","href":"https:\/\/api.w.org\/{rel}","templated":true}]}}