{"id":18764,"date":"2015-04-02T15:49:06","date_gmt":"2015-04-02T15:49:06","guid":{"rendered":"https:\/\/www.urlaubcornwall.de\/blog\/?page_id=18764"},"modified":"2022-11-28T12:23:28","modified_gmt":"2022-11-28T12:23:28","slug":"tregea-vip-lodge-fuer-6-personen-luxus-ferienpark-cornwall","status":"publish","type":"page","link":"https:\/\/www.urlaubcornwall.de\/blog\/tregea-vip-lodge-fuer-6-personen-luxus-ferienpark-cornwall\/","title":{"rendered":"Tregea VIP Lodge f\u00fcr 6 Personen-Luxus Ferienpark Cornwall"},"content":{"rendered":"<p><strong>Unterkunft<\/strong><\/p>\n<p>Diese 5-Sterne-Urlaubslodge verf\u00fcgt \u00fcber ein paar extra VIP Elemente, die sie von anderen absetzt. Dies bedeutet, dass diese top Urlaubserfahrung sogar noch spezieller sein wird. Mit all den Eigenschaften der Standard Tregea Lodge verf\u00fcgt dieses exklusive Ferienhaus zus\u00e4tzlich \u00fcber einen Holzofen im Wohnbereich, einen wundervoll privaten Hot Tub auf der Terrasse und ein zus\u00e4tzliches LCD TV-Ger\u00e4t im Hauptschlafzimmer.<\/p>\n<p>Stellen Sie sich vor, sich an einem k\u00fchlen Abend im Schein des Holzofens zu aalen oder mit einem Weinglas in der Hand an einem lauen Sommerabend im verf\u00fchrerischen Hot Tub zu entspannen. Und Sie werden es kaum glauben, doch der Hot Tub ist in einer kalten sternklaren Nacht noch vergn\u00fcglicher!<\/p>\n<p>Diese beiden zus\u00e4tzlichen VIP Elemente erhalten Sie neben der wundervollen Designerinneneinrichtung, die Sie in s\u00e4mtlichen Ferienh\u00e4usern von Gwel an Mor vorfinden, sowie den Standardvorrichtungen wie Flachbildfernsehschirm und Breitbandinternetzugang.<\/p>\n<p><a href=\"https:\/\/www.booking.com\/holiday-parks\/region\/gb\/cornwall-county.de.html?aid=1320750\" rel=\"nofollow\">Suche Ferienparks in Cornwall <\/a><\/p>\n<p><strong>Ausstattung &amp; Dienstleistungen<\/strong><\/p>\n<p>Bettw\u00e4sche und Handt\u00fccher inbegriffen | Brennstoff und Strom inbegriffen | Parken<\/p>\n<p>Satellitenfernsehen | DVD | kostenfreies ultraschnelles WLAN<\/p>\n<p>Holzofen | Voll ausgestattete K\u00fcche | Herd | Veranda | BBQ<\/p>\n<p>K\u00fchlschrank\/Gefrierschrank | Sp\u00fclmaschine | Mikrowelle<\/p>\n<p><strong>Aktivit\u00e4ten<\/strong><\/p>\n<p>Tennis | Fahrradverleih | Surfen | Innenschwimmbad<\/p>\n<p>Sauna | Whirlpool |Fitnessstudio | 10 min\u00fctiger Spaziergang zum Sandstrand<\/p>\n<p><a href=\"https:\/\/www.booking.com\/holiday-parks\/region\/gb\/cornwall-county.de.html?aid=1320750\" rel=\"nofollow\">Suche Ferienparks in Cornwall <\/a><\/p>\n","protected":false},"excerpt":{"rendered":"<p>Unterkunft Diese 5-Sterne-Urlaubslodge verf\u00fcgt \u00fcber ein paar extra VIP Elemente, die sie von anderen absetzt. Dies bedeutet, dass diese top Urlaubserfahrung sogar noch spezieller sein wird. Mit all den Eigenschaften der Standard Tregea Lodge verf\u00fcgt dieses exklusive Ferienhaus zus\u00e4tzlich \u00fcber einen Holzofen im Wohnbereich, einen wundervoll privaten Hot Tub auf der Terrasse und ein zus\u00e4tzliches [&hellip;]<\/p>\n","protected":false},"author":1,"featured_media":0,"parent":0,"menu_order":0,"comment_status":"closed","ping_status":"closed","template":"single-two.php","meta":[],"acf":[],"yoast_head":"<!-- This site is optimized with the Yoast SEO plugin v19.4 - https:\/\/yoast.com\/wordpress\/plugins\/seo\/ -->\n<title>Tregea VIP Lodge f\u00fcr 6 Personen-Luxus Ferienpark Cornwall - Urlaub &amp; Reisen<\/title>\n<meta name=\"robots\" content=\"index, follow, max-snippet:-1, max-image-preview:large, max-video-preview:-1\" \/>\n<link rel=\"canonical\" href=\"https:\/\/www.urlaubcornwall.de\/blog\/tregea-vip-lodge-fuer-6-personen-luxus-ferienpark-cornwall\/\" \/>\n<meta property=\"og:locale\" content=\"en_US\" \/>\n<meta property=\"og:type\" content=\"article\" \/>\n<meta property=\"og:title\" content=\"Tregea VIP Lodge f\u00fcr 6 Personen-Luxus Ferienpark Cornwall - Urlaub &amp; Reisen\" \/>\n<meta property=\"og:description\" content=\"Unterkunft Diese 5-Sterne-Urlaubslodge verf\u00fcgt \u00fcber ein paar extra VIP Elemente, die sie von anderen absetzt. Dies bedeutet, dass diese top Urlaubserfahrung sogar noch spezieller sein wird. Mit all den Eigenschaften der Standard Tregea Lodge verf\u00fcgt dieses exklusive Ferienhaus zus\u00e4tzlich \u00fcber einen Holzofen im Wohnbereich, einen wundervoll privaten Hot Tub auf der Terrasse und ein zus\u00e4tzliches [&hellip;]\" \/>\n<meta property=\"og:url\" content=\"https:\/\/www.urlaubcornwall.de\/blog\/tregea-vip-lodge-fuer-6-personen-luxus-ferienpark-cornwall\/\" \/>\n<meta property=\"og:site_name\" content=\"Urlaub &amp; Reisen\" \/>\n<meta property=\"article:modified_time\" content=\"2022-11-28T12:23:28+00:00\" \/>\n<meta name=\"twitter:card\" content=\"summary\" \/>\n<meta name=\"twitter:label1\" content=\"Est. reading time\" \/>\n\t<meta name=\"twitter:data1\" content=\"1 minute\" \/>\n<script type=\"application\/ld+json\" class=\"yoast-schema-graph\">{\"@context\":\"https:\/\/schema.org\",\"@graph\":[{\"@type\":\"WebSite\",\"@id\":\"https:\/\/www.urlaubcornwall.de\/blog\/#website\",\"url\":\"https:\/\/www.urlaubcornwall.de\/blog\/\",\"name\":\"Urlaub &amp; Reisen\",\"description\":\"Urlaub, Reisen, Cornwall und S\u00fcdengland: eine perfekte Kombination\",\"potentialAction\":[{\"@type\":\"SearchAction\",\"target\":{\"@type\":\"EntryPoint\",\"urlTemplate\":\"https:\/\/www.urlaubcornwall.de\/blog\/?s={search_term_string}\"},\"query-input\":\"required name=search_term_string\"}],\"inLanguage\":\"en-US\"},{\"@type\":\"WebPage\",\"@id\":\"https:\/\/www.urlaubcornwall.de\/blog\/tregea-vip-lodge-fuer-6-personen-luxus-ferienpark-cornwall\/\",\"url\":\"https:\/\/www.urlaubcornwall.de\/blog\/tregea-vip-lodge-fuer-6-personen-luxus-ferienpark-cornwall\/\",\"name\":\"Tregea VIP Lodge f\u00fcr 6 Personen-Luxus Ferienpark Cornwall - Urlaub &amp; Reisen\",\"isPartOf\":{\"@id\":\"https:\/\/www.urlaubcornwall.de\/blog\/#website\"},\"datePublished\":\"2015-04-02T15:49:06+00:00\",\"dateModified\":\"2022-11-28T12:23:28+00:00\",\"breadcrumb\":{\"@id\":\"https:\/\/www.urlaubcornwall.de\/blog\/tregea-vip-lodge-fuer-6-personen-luxus-ferienpark-cornwall\/#breadcrumb\"},\"inLanguage\":\"en-US\",\"potentialAction\":[{\"@type\":\"ReadAction\",\"target\":[\"https:\/\/www.urlaubcornwall.de\/blog\/tregea-vip-lodge-fuer-6-personen-luxus-ferienpark-cornwall\/\"]}]},{\"@type\":\"BreadcrumbList\",\"@id\":\"https:\/\/www.urlaubcornwall.de\/blog\/tregea-vip-lodge-fuer-6-personen-luxus-ferienpark-cornwall\/#breadcrumb\",\"itemListElement\":[{\"@type\":\"ListItem\",\"position\":1,\"name\":\"Home\",\"item\":\"https:\/\/www.urlaubcornwall.de\/blog\/\"},{\"@type\":\"ListItem\",\"position\":2,\"name\":\"Tregea VIP Lodge f\u00fcr 6 Personen-Luxus Ferienpark Cornwall\"}]}]}<\/script>\n<!-- \/ Yoast SEO plugin. -->","yoast_head_json":{"title":"Tregea VIP Lodge f\u00fcr 6 Personen-Luxus Ferienpark Cornwall - Urlaub &amp; Reisen","robots":{"index":"index","follow":"follow","max-snippet":"max-snippet:-1","max-image-preview":"max-image-preview:large","max-video-preview":"max-video-preview:-1"},"canonical":"https:\/\/www.urlaubcornwall.de\/blog\/tregea-vip-lodge-fuer-6-personen-luxus-ferienpark-cornwall\/","og_locale":"en_US","og_type":"article","og_title":"Tregea VIP Lodge f\u00fcr 6 Personen-Luxus Ferienpark Cornwall - Urlaub &amp; Reisen","og_description":"Unterkunft Diese 5-Sterne-Urlaubslodge verf\u00fcgt \u00fcber ein paar extra VIP Elemente, die sie von anderen absetzt. Dies bedeutet, dass diese top Urlaubserfahrung sogar noch spezieller sein wird. Mit all den Eigenschaften der Standard Tregea Lodge verf\u00fcgt dieses exklusive Ferienhaus zus\u00e4tzlich \u00fcber einen Holzofen im Wohnbereich, einen wundervoll privaten Hot Tub auf der Terrasse und ein zus\u00e4tzliches [&hellip;]","og_url":"https:\/\/www.urlaubcornwall.de\/blog\/tregea-vip-lodge-fuer-6-personen-luxus-ferienpark-cornwall\/","og_site_name":"Urlaub &amp; Reisen","article_modified_time":"2022-11-28T12:23:28+00:00","twitter_card":"summary","twitter_misc":{"Est. reading time":"1 minute"},"schema":{"@context":"https:\/\/schema.org","@graph":[{"@type":"WebSite","@id":"https:\/\/www.urlaubcornwall.de\/blog\/#website","url":"https:\/\/www.urlaubcornwall.de\/blog\/","name":"Urlaub &amp; Reisen","description":"Urlaub, Reisen, Cornwall und S\u00fcdengland: eine perfekte Kombination","potentialAction":[{"@type":"SearchAction","target":{"@type":"EntryPoint","urlTemplate":"https:\/\/www.urlaubcornwall.de\/blog\/?s={search_term_string}"},"query-input":"required name=search_term_string"}],"inLanguage":"en-US"},{"@type":"WebPage","@id":"https:\/\/www.urlaubcornwall.de\/blog\/tregea-vip-lodge-fuer-6-personen-luxus-ferienpark-cornwall\/","url":"https:\/\/www.urlaubcornwall.de\/blog\/tregea-vip-lodge-fuer-6-personen-luxus-ferienpark-cornwall\/","name":"Tregea VIP Lodge f\u00fcr 6 Personen-Luxus Ferienpark Cornwall - Urlaub &amp; Reisen","isPartOf":{"@id":"https:\/\/www.urlaubcornwall.de\/blog\/#website"},"datePublished":"2015-04-02T15:49:06+00:00","dateModified":"2022-11-28T12:23:28+00:00","breadcrumb":{"@id":"https:\/\/www.urlaubcornwall.de\/blog\/tregea-vip-lodge-fuer-6-personen-luxus-ferienpark-cornwall\/#breadcrumb"},"inLanguage":"en-US","potentialAction":[{"@type":"ReadAction","target":["https:\/\/www.urlaubcornwall.de\/blog\/tregea-vip-lodge-fuer-6-personen-luxus-ferienpark-cornwall\/"]}]},{"@type":"BreadcrumbList","@id":"https:\/\/www.urlaubcornwall.de\/blog\/tregea-vip-lodge-fuer-6-personen-luxus-ferienpark-cornwall\/#breadcrumb","itemListElement":[{"@type":"ListItem","position":1,"name":"Home","item":"https:\/\/www.urlaubcornwall.de\/blog\/"},{"@type":"ListItem","position":2,"name":"Tregea VIP Lodge f\u00fcr 6 Personen-Luxus Ferienpark Cornwall"}]}]}},"_links":{"self":[{"href":"https:\/\/www.urlaubcornwall.de\/blog\/wp-json\/wp\/v2\/pages\/18764"}],"collection":[{"href":"https:\/\/www.urlaubcornwall.de\/blog\/wp-json\/wp\/v2\/pages"}],"about":[{"href":"https:\/\/www.urlaubcornwall.de\/blog\/wp-json\/wp\/v2\/types\/page"}],"author":[{"embeddable":true,"href":"https:\/\/www.urlaubcornwall.de\/blog\/wp-json\/wp\/v2\/users\/1"}],"replies":[{"embeddable":true,"href":"https:\/\/www.urlaubcornwall.de\/blog\/wp-json\/wp\/v2\/comments?post=18764"}],"version-history":[{"count":15,"href":"https:\/\/www.urlaubcornwall.de\/blog\/wp-json\/wp\/v2\/pages\/18764\/revisions"}],"predecessor-version":[{"id":45461,"href":"https:\/\/www.urlaubcornwall.de\/blog\/wp-json\/wp\/v2\/pages\/18764\/revisions\/45461"}],"wp:attachment":[{"href":"https:\/\/www.urlaubcornwall.de\/blog\/wp-json\/wp\/v2\/media?parent=18764"}],"curies":[{"name":"wp","href":"https:\/\/api.w.org\/{rel}","templated":true}]}}