{"id":17805,"date":"2015-02-03T12:17:29","date_gmt":"2015-02-03T12:17:29","guid":{"rendered":"https:\/\/www.urlaubcornwall.de\/blog\/?page_id=17805"},"modified":"2019-12-10T15:38:05","modified_gmt":"2019-12-10T15:38:05","slug":"inselurlaub-in-england","status":"publish","type":"page","link":"https:\/\/www.urlaubcornwall.de\/blog\/inselurlaub-in-england\/","title":{"rendered":"Inselurlaub in England"},"content":{"rendered":"<p><a href=\"https:\/\/www.urlaubcornwall.de\/blog\/wp-content\/uploads\/2015\/02\/DSC012042_2.jpg\"><img loading=\"lazy\" class=\"aligncenter size-full wp-image-17806\" src=\"https:\/\/www.urlaubcornwall.de\/blog\/wp-content\/uploads\/2015\/02\/DSC012042_2.jpg\" alt=\"Inselurlaub in England\" width=\"745\" height=\"330\"\/><\/a><\/p>\n<p>Jedermann wird recht aufgeregt, sobald man \u00fcber Inselurlaube spricht. Allgemein gilt dies als das ultimative Mittel, sich am Strand zu vergn\u00fcgen, die K\u00fcste entlang zu spazieren, das Wetter und den schicken neuen Badeanzug zu genie\u00dfen. Griechenland, die Philippinen, Indonesien \u2013 es gibt einige unglaublich sch\u00f6ne Insel-Urlaubsziele. Dabei geraten die gro\u00dfartigen Inseln vor den Ufern Englands gelegentlich leicht in Vergessenheit.<\/p>\n<p><strong>Hier sind unsere beiden beliebtesten Insel-Urlaubsziele&#8230;.<\/strong><\/p>\n<p>Mit Sitz in <a href=\"http:\/\/www.urlaubcornwall.de\/reiseziel\/cornwall.php\">Cornwall<\/a>, S\u00fcdwest-England, sind wir ein bisschen voreingenommen, doch glauben wir, dass die Scilly-Inseln eine ganz besonders sch\u00f6ne und von Besuchern aus Europa weitestgehend unentdeckte Inselregion ist. 45km s\u00fcdwestlich von Lands End gelegen, bilden die f\u00fcnf bewohnten Inseln das Archipel mit dem mildesten Klima Gro\u00dfbritanniens: St Marys, St Martins, Bryher, St Agnes und Tresco, die luxuri\u00f6se Urlaubsinsel, die sich im Familienbesitz befindet.<\/p>\n<p><strong>Isles of Scilly:<\/strong> Ein Besuch der <a href=\"http:\/\/www.urlaubcornwall.de\/Scilly-Inseln.php\">Scilly Inseln<\/a> bietet die Chance, Urlaub in Cornwall so zu genie\u00dfen wie es einst war. Es gibt nur wenige Autos, bezaubernde Landschaft, Bootsfahrten, frische, \u00f6rtlich gefangene Meeresfr\u00fcchte, eine Menge M\u00f6glichkeit zu wandern, hervorragende Sandstr\u00e4nde und freundliches Inselvolk, das Sie herzlich willkommen hei\u00dft. Wir sind der einzige deutschsprachige Reiseservice f\u00fcr die Scilly Inseln und profitieren von unserem 25j\u00e4hrigen Vor-Ort- Wissen in der Planung von Inselurlauben. <a href=\"http:\/\/www.urlaubcornwall.de\/Scilly-Inseln.php\">Finden Sie dazu mehr heraus.<\/a><\/p>\n<p><strong>Insel Wight:<\/strong> Die <a href=\"https:\/\/www.urlaubcornwall.de\/reiseziel\/isle-of-wight.php\">Isle of Wight<\/a> ist ein \u00e4u\u00dferst beliebtes Inselurlaubsdomizil, lediglich eine kurze F\u00e4hrfahrt von Portsmouth entfernt an der S\u00fcdk\u00fcste Englands. Bekannt f\u00fcr seine ruhigen, urspr\u00fcnglichen D\u00f6rfer mit urig englischen reetgedeckten Cottages, kleinen St\u00e4dten mit Boutique-Einkaufsl\u00e4den und jeder Menge Caf\u00e9s und Restaurants. <\/p>\n<p><strong>Kanalinseln:<\/strong> Unsere weitere unbedingte Empfehlung sind die <a href=\"https:\/\/www.urlaubcornwall.de\/reiseziel\/kanalinseln\/\">Kanalinseln<\/a>, die sich in Vielem der Charakteristik der Scilly-Inseln \u00e4hneln; ein \u00e4hnlich warmes Klima mit der h\u00f6chsten Anzahl an Sonnenstunden \u00fcberhaupt in England, ber\u00fchmt f\u00fcr ihre familienfreundlichen Sandstr\u00e4nde und ein gem\u00fctlicheres Leben. Die Hauptinseln Jersey und Guernsey sind gr\u00f6\u00dfer mit mehr Hotels und einer gro\u00dfartigen Auswahl an Ferienh\u00e4usern und Ferienwohnungen, von denen Sie w\u00e4hlen k\u00f6nnen.<\/p>\n<p>Die N\u00e4he der Inseln zu Frankreich gibt ihnen ein ganz bestimmtes gallisches Gef\u00fchl, ganz anders als irgendwo sonst im Vereinigten K\u00f6nigreich. Die Inseln bieten etwas f\u00fcr Jedermann und sind beliebt bei Paaren, Familien oder Gruppen. <a href=\"https:\/\/www.urlaubcornwall.de\/reiseziel\/kanalinseln\/\">Finden Sie dazu mehr heraus.<\/a><\/p>\n<h2 style=\"text-align: center;\">Unser Rundreisenservice<\/h2>\n<p style=\"text-align: center;\"><a class=\"tidycta\" href=\"http:\/\/www.urlaubcornwall.de\/anfrage.php?tourcode=Urlaub Scilly-Inseln\">Urlaub Scilly-Inseln Anfrage<\/a><\/p>\n<p style=\"text-align: center;\">UrlaubCornwall, mit Firmensitz in Cornwall und selbst h\u00e4ufig Besucher der <a href=\"http:\/\/www.urlaubcornwall.de\/Scilly-Inseln.php\">Scilly Inseln<\/a>, hat eine einzigartige Sammlung handverlesener, pers\u00f6nlich inspizierter Hotels und B&amp;Bs in dieser atemberaubenden Inselwelt zusammengestellt.<\/p>\n<p style=\"text-align: center;\">Wir bieten den <strong>EINZIGEN<\/strong> Deutsch sprechenden <a href=\"http:\/\/www.urlaubcornwall.de\/anfrage.php?tourcode=Scilly Inseln\">Reiseservice<\/a> f\u00fcr die Inseln und k\u00f6nnen einen Urlaub f\u00fcr Sie kreieren, einschlie\u00dflich Unterkunft, Fl\u00fcgen, Transfers und Autovermietung. Genie\u00dfen Sie einen Urlaub hier oder binden Sie die Inseln als Teil einer Rundreise durch Cornwall mit ein.<\/p>\n","protected":false},"excerpt":{"rendered":"<p>Jedermann wird recht aufgeregt, sobald man \u00fcber Inselurlaube spricht. Allgemein gilt dies als das ultimative Mittel, sich am Strand zu vergn\u00fcgen, die K\u00fcste entlang zu spazieren, das Wetter und den schicken neuen Badeanzug zu genie\u00dfen. Griechenland, die Philippinen, Indonesien \u2013 es gibt einige unglaublich sch\u00f6ne Insel-Urlaubsziele. Dabei geraten die gro\u00dfartigen Inseln vor den Ufern Englands [&hellip;]<\/p>\n","protected":false},"author":1,"featured_media":0,"parent":0,"menu_order":0,"comment_status":"closed","ping_status":"closed","template":"single-four.php","meta":[],"acf":[],"yoast_head":"<!-- This site is optimized with the Yoast SEO plugin v19.4 - https:\/\/yoast.com\/wordpress\/plugins\/seo\/ -->\n<title>Inselurlaub in England - Urlaub &amp; Reisen<\/title>\n<meta name=\"robots\" content=\"index, follow, max-snippet:-1, max-image-preview:large, max-video-preview:-1\" \/>\n<link rel=\"canonical\" href=\"https:\/\/www.urlaubcornwall.de\/blog\/inselurlaub-in-england\/\" \/>\n<meta property=\"og:locale\" content=\"en_US\" \/>\n<meta property=\"og:type\" content=\"article\" \/>\n<meta property=\"og:title\" content=\"Inselurlaub in England - Urlaub &amp; Reisen\" \/>\n<meta property=\"og:description\" content=\"Jedermann wird recht aufgeregt, sobald man \u00fcber Inselurlaube spricht. Allgemein gilt dies als das ultimative Mittel, sich am Strand zu vergn\u00fcgen, die K\u00fcste entlang zu spazieren, das Wetter und den schicken neuen Badeanzug zu genie\u00dfen. Griechenland, die Philippinen, Indonesien \u2013 es gibt einige unglaublich sch\u00f6ne Insel-Urlaubsziele. Dabei geraten die gro\u00dfartigen Inseln vor den Ufern Englands [&hellip;]\" \/>\n<meta property=\"og:url\" content=\"https:\/\/www.urlaubcornwall.de\/blog\/inselurlaub-in-england\/\" \/>\n<meta property=\"og:site_name\" content=\"Urlaub &amp; Reisen\" \/>\n<meta property=\"article:modified_time\" content=\"2019-12-10T15:38:05+00:00\" \/>\n<meta property=\"og:image\" content=\"https:\/\/www.urlaubcornwall.de\/blog\/wp-content\/uploads\/2015\/02\/DSC012042_2.jpg\" \/>\n<meta name=\"twitter:card\" content=\"summary\" \/>\n<meta name=\"twitter:label1\" content=\"Est. reading time\" \/>\n\t<meta name=\"twitter:data1\" content=\"2 minutes\" \/>\n<script type=\"application\/ld+json\" class=\"yoast-schema-graph\">{\"@context\":\"https:\/\/schema.org\",\"@graph\":[{\"@type\":\"WebSite\",\"@id\":\"https:\/\/www.urlaubcornwall.de\/blog\/#website\",\"url\":\"https:\/\/www.urlaubcornwall.de\/blog\/\",\"name\":\"Urlaub &amp; Reisen\",\"description\":\"Urlaub, Reisen, Cornwall und S\u00fcdengland: eine perfekte Kombination\",\"potentialAction\":[{\"@type\":\"SearchAction\",\"target\":{\"@type\":\"EntryPoint\",\"urlTemplate\":\"https:\/\/www.urlaubcornwall.de\/blog\/?s={search_term_string}\"},\"query-input\":\"required name=search_term_string\"}],\"inLanguage\":\"en-US\"},{\"@type\":\"WebPage\",\"@id\":\"https:\/\/www.urlaubcornwall.de\/blog\/inselurlaub-in-england\/\",\"url\":\"https:\/\/www.urlaubcornwall.de\/blog\/inselurlaub-in-england\/\",\"name\":\"Inselurlaub in England - Urlaub &amp; Reisen\",\"isPartOf\":{\"@id\":\"https:\/\/www.urlaubcornwall.de\/blog\/#website\"},\"datePublished\":\"2015-02-03T12:17:29+00:00\",\"dateModified\":\"2019-12-10T15:38:05+00:00\",\"breadcrumb\":{\"@id\":\"https:\/\/www.urlaubcornwall.de\/blog\/inselurlaub-in-england\/#breadcrumb\"},\"inLanguage\":\"en-US\",\"potentialAction\":[{\"@type\":\"ReadAction\",\"target\":[\"https:\/\/www.urlaubcornwall.de\/blog\/inselurlaub-in-england\/\"]}]},{\"@type\":\"BreadcrumbList\",\"@id\":\"https:\/\/www.urlaubcornwall.de\/blog\/inselurlaub-in-england\/#breadcrumb\",\"itemListElement\":[{\"@type\":\"ListItem\",\"position\":1,\"name\":\"Home\",\"item\":\"https:\/\/www.urlaubcornwall.de\/blog\/\"},{\"@type\":\"ListItem\",\"position\":2,\"name\":\"Inselurlaub in England\"}]}]}<\/script>\n<!-- \/ Yoast SEO plugin. -->","yoast_head_json":{"title":"Inselurlaub in England - Urlaub &amp; Reisen","robots":{"index":"index","follow":"follow","max-snippet":"max-snippet:-1","max-image-preview":"max-image-preview:large","max-video-preview":"max-video-preview:-1"},"canonical":"https:\/\/www.urlaubcornwall.de\/blog\/inselurlaub-in-england\/","og_locale":"en_US","og_type":"article","og_title":"Inselurlaub in England - Urlaub &amp; Reisen","og_description":"Jedermann wird recht aufgeregt, sobald man \u00fcber Inselurlaube spricht. Allgemein gilt dies als das ultimative Mittel, sich am Strand zu vergn\u00fcgen, die K\u00fcste entlang zu spazieren, das Wetter und den schicken neuen Badeanzug zu genie\u00dfen. Griechenland, die Philippinen, Indonesien \u2013 es gibt einige unglaublich sch\u00f6ne Insel-Urlaubsziele. Dabei geraten die gro\u00dfartigen Inseln vor den Ufern Englands [&hellip;]","og_url":"https:\/\/www.urlaubcornwall.de\/blog\/inselurlaub-in-england\/","og_site_name":"Urlaub &amp; Reisen","article_modified_time":"2019-12-10T15:38:05+00:00","og_image":[{"url":"https:\/\/www.urlaubcornwall.de\/blog\/wp-content\/uploads\/2015\/02\/DSC012042_2.jpg"}],"twitter_card":"summary","twitter_misc":{"Est. reading time":"2 minutes"},"schema":{"@context":"https:\/\/schema.org","@graph":[{"@type":"WebSite","@id":"https:\/\/www.urlaubcornwall.de\/blog\/#website","url":"https:\/\/www.urlaubcornwall.de\/blog\/","name":"Urlaub &amp; Reisen","description":"Urlaub, Reisen, Cornwall und S\u00fcdengland: eine perfekte Kombination","potentialAction":[{"@type":"SearchAction","target":{"@type":"EntryPoint","urlTemplate":"https:\/\/www.urlaubcornwall.de\/blog\/?s={search_term_string}"},"query-input":"required name=search_term_string"}],"inLanguage":"en-US"},{"@type":"WebPage","@id":"https:\/\/www.urlaubcornwall.de\/blog\/inselurlaub-in-england\/","url":"https:\/\/www.urlaubcornwall.de\/blog\/inselurlaub-in-england\/","name":"Inselurlaub in England - Urlaub &amp; Reisen","isPartOf":{"@id":"https:\/\/www.urlaubcornwall.de\/blog\/#website"},"datePublished":"2015-02-03T12:17:29+00:00","dateModified":"2019-12-10T15:38:05+00:00","breadcrumb":{"@id":"https:\/\/www.urlaubcornwall.de\/blog\/inselurlaub-in-england\/#breadcrumb"},"inLanguage":"en-US","potentialAction":[{"@type":"ReadAction","target":["https:\/\/www.urlaubcornwall.de\/blog\/inselurlaub-in-england\/"]}]},{"@type":"BreadcrumbList","@id":"https:\/\/www.urlaubcornwall.de\/blog\/inselurlaub-in-england\/#breadcrumb","itemListElement":[{"@type":"ListItem","position":1,"name":"Home","item":"https:\/\/www.urlaubcornwall.de\/blog\/"},{"@type":"ListItem","position":2,"name":"Inselurlaub in England"}]}]}},"_links":{"self":[{"href":"https:\/\/www.urlaubcornwall.de\/blog\/wp-json\/wp\/v2\/pages\/17805"}],"collection":[{"href":"https:\/\/www.urlaubcornwall.de\/blog\/wp-json\/wp\/v2\/pages"}],"about":[{"href":"https:\/\/www.urlaubcornwall.de\/blog\/wp-json\/wp\/v2\/types\/page"}],"author":[{"embeddable":true,"href":"https:\/\/www.urlaubcornwall.de\/blog\/wp-json\/wp\/v2\/users\/1"}],"replies":[{"embeddable":true,"href":"https:\/\/www.urlaubcornwall.de\/blog\/wp-json\/wp\/v2\/comments?post=17805"}],"version-history":[{"count":9,"href":"https:\/\/www.urlaubcornwall.de\/blog\/wp-json\/wp\/v2\/pages\/17805\/revisions"}],"predecessor-version":[{"id":39250,"href":"https:\/\/www.urlaubcornwall.de\/blog\/wp-json\/wp\/v2\/pages\/17805\/revisions\/39250"}],"wp:attachment":[{"href":"https:\/\/www.urlaubcornwall.de\/blog\/wp-json\/wp\/v2\/media?parent=17805"}],"curies":[{"name":"wp","href":"https:\/\/api.w.org\/{rel}","templated":true}]}}