{"id":17721,"date":"2015-01-25T16:08:22","date_gmt":"2015-01-25T16:08:22","guid":{"rendered":"https:\/\/www.urlaubcornwall.de\/blog\/?page_id=17721"},"modified":"2024-05-27T11:30:40","modified_gmt":"2024-05-27T11:30:40","slug":"spezielle-veranstaltungen-gruppenreisen-grossbritannien","status":"publish","type":"page","link":"https:\/\/www.urlaubcornwall.de\/blog\/spezielle-veranstaltungen-gruppenreisen-grossbritannien\/","title":{"rendered":"Spezielle Veranstaltungen &#8211; Gruppenreisen Gro\u00dfbritannien: England, Schottland &#038; Wales"},"content":{"rendered":"<p><img loading=\"lazy\" class=\"aligncenter size-full wp-image-20068\" src=\"https:\/\/www.urlaubcornwall.de\/blog\/wp-content\/uploads\/2013\/03\/Bath1.jpg\" alt=\"Spezielle Veranstaltungen \u2013 Gruppenreisen Gro\u00dfbritannien\" width=\"747\" height=\"353\" srcset=\"https:\/\/www.urlaubcornwall.de\/blog\/wp-content\/uploads\/2013\/03\/Bath1.jpg 744w, https:\/\/www.urlaubcornwall.de\/blog\/wp-content\/uploads\/2013\/03\/Bath1-300x142.jpg 300w\" sizes=\"(max-width: 747px) 100vw, 747px\" \/><\/p>\n<p>Mit \u00fcber 35 Jahren Erfahrung im Destinationsmanagement k\u00f6nnen wir Ihnen einen umfassenden Service f\u00fcr Gruppenreisen nach London, Cornwall, S\u00fcd- und S\u00fcdwestengland und dar\u00fcber hinaus durch ganz Gro\u00dfbritannien anbieten. Unsere Kunden profitieren von einem \u00fcberragenden Angebot an spezialisierten Reiseprogrammen, erstklassigen Unterk\u00fcnften und hochwertigen, komfortablen Transportmitteln, erfahrenen Reiseleitern sowie un\u00fcbertroffenen Orts- und Sachkenntnissen.<\/p>\n<div class=\"snippet\"> <a class=\"featured-item\" href=\" https:\/\/www.urlaubcornwall.de\/massgeschneiderte-gruppenreisen-und-touren.php \"> <span class=\"image-holder\" style=\"background-image: url(' https:\/\/www.urlaubcornwall.de\/blog\/wp-content\/uploads\/2024\/05\/gruppenreisen.jpg ');\"><\/span> <span class=\"featured-content\"> \n<h2 class=\"featured-title\"> Ma\u00dfgeschneiderte Gruppenreisen in Cornwall &#038; durch Gro\u00dfbritannien<\/h2>\n<p class=\"featured-body\">Als spezialisierte Tourismusorganisation kann UrlaubCornwall f\u00fcr Sie ma\u00dfgeschneiderte Busrundreisen, Gruppenf\u00fchrungen oder Veranstaltungen mit deutschsprachiger Reisebegleitung und fachkundigen einheimischen Reiseleitern nach Ihren spezifischen Anforderungen und Bed\u00fcrfnissen organisieren&#8230;<\/p>\n<\/span> <span class=\"featured-link-holder\"> <span class=\"featured-extra-info\"> \n<p> Auch interessante Themenreisen, Gartenreise, Literaturreise oder Chorreise\u2026<\/p>\n<\/span> \n<p class=\"featured-link\">DETAILS<\/p>\n<\/span> <\/a><\/div>\n<p style=\"text-align: center;\"><a class=\"tidycta\" href=\"http:\/\/www.urlaubcornwall.de\/gruppenanfrage.php\">Gruppenreisen Anfrage<\/a><\/p>\n<p style=\"text-align: center;\"><strong>Wir garantieren Ihnen eine Antwort innerhalb von 24 Stunden.<\/strong><\/p>\n<h1><a href=\"https:\/\/www.urlaubcornwall.de\/blog\/gruppenreisen-nach-england-fuer-oldtimerfans\/\">Gruppenreisen nach England f\u00fcr Oldtimerfans<\/a><\/h1>\n<h3>&nbsp;<\/h3>\n<table>\n<tbody>\n<tr>\n<td>\n<p style=\"text-align: center;\"><img loading=\"lazy\" class=\"size-full wp-image-7096 aligncenter\" style=\"border: 0pt none; padding: 0px;\" src=\"https:\/\/www.urlaubcornwall.de\/blog\/wp-content\/uploads\/2015\/01\/Classic-Car-Festival-0191.jpg\" alt=\"oldtimer gruppe\" height=\"118\" width=\"148\"\/><\/p>\n<\/td>\n<td>Der Classic Car Markt ist nun bekannterweise der weltweit anspruchsvollste, und eine der Hauptst\u00e4rken liegt auf den UK Oldtimern. Briten haben schon immer ihre Autos geliebt&#8230;\n<h3>&nbsp;<\/h3>\n<p><strong><span class=\"minvk\"> <a href=\"https:\/\/www.urlaubcornwall.de\/blog\/gruppenreisen-nach-england-fuer-oldtimerfans\/\"><span style=\"text-decoration: underline;\">Mehr<\/span> &gt;&gt;<\/a><br \/>\n<\/span><\/strong><\/p><\/td>\n<\/tr>\n<\/tbody>\n<\/table>\n<h3>&nbsp;<\/h3>\n<h1><a href=\"https:\/\/www.urlaubcornwall.de\/blog\/reisen-nach-london-gruppenreisen-und-gruppenurlaub\/\">Gruppenreisen f\u00fcr Vereine nach London<\/a><\/h1>\n<h3>&nbsp;<\/h3>\n<table>\n<tbody>\n<tr>\n<td><img loading=\"lazy\" class=\"aligncenter size-full wp-image-6899\" style=\"border: 0pt none; padding: 0px;\" src=\"https:\/\/www.urlaubcornwall.de\/blog\/wp-content\/uploads\/2015\/01\/gruppenreisen-london.jpg\" alt=\"luxus gruppenreisen london\" height=\"118\" width=\"148\"\/><\/td>\n<td>Auf eine gewisse Art ist London ein eigenes Land, unabh\u00e4ngig vom Gro\u00dfbritannien. Eine lebhafte Metropole von \u00fcber 13 Millionen Menschen macht London zur einzigen wahren Metropole Europas mit einer reichen und lebhaften Kulturszene&#8230;\n<h3>&nbsp;<\/h3>\n<p><strong><span class=\"minvk\"><a href=\"https:\/\/www.urlaubcornwall.de\/blog\/reisen-nach-london-gruppenreisen-und-gruppenurlaub\/\"><span style=\"text-decoration: underline;\">Mehr<\/span> &gt;&gt;<\/a><br \/>\n<\/span><\/strong><\/p><\/td>\n<\/tr>\n<\/tbody>\n<\/table>\n<h3>&nbsp;<\/h3>\n<h1><a href=\"https:\/\/www.urlaubcornwall.de\/blog\/chorbesuche-nach-grossbritannien\/\">Chorbesuche nach Gro\u00dfbritannien<\/a><\/h1>\n<h3>&nbsp;<\/h3>\n<table>\n<tbody>\n<tr>\n<td><img loading=\"lazy\" class=\"aligncenter size-full wp-image-7249\" style=\"border: 0pt none; padding: 0px;\" src=\"https:\/\/www.urlaubcornwall.de\/blog\/wp-content\/uploads\/2015\/01\/truro-cathederal.jpg\" alt=\"Chorbesuche nach Gro\u00dfbritannien \" height=\"118\" width=\"148\"\/><\/td>\n<td>Von allen Arten von Gruppenreisen, die w\u00e4hrend eines Besuchs in Gro\u00dfbritannien m\u00f6glich sind, so sind es wom\u00f6glich die des Chors, welche zu den sch\u00f6nsten und lohnenswertesten z\u00e4hlt.\n<h3>&nbsp;<\/h3>\n<p><strong><span class=\"minvk\"><a href=\"https:\/\/www.urlaubcornwall.de\/blog\/chorbesuche-nach-grossbritannien\/\"><span style=\"text-decoration: underline;\">Mehr<\/span> &gt;&gt;<\/a><br \/>\n<\/span><\/strong><\/p><\/td>\n<\/tr>\n<\/tbody>\n<\/table>\n<h3>&nbsp;<\/h3>\n<h1><a href=\"https:\/\/www.urlaubcornwall.de\/blog\/gruppenreisen-durch-grossbritannien-fuer-eisenbahnfreunde-england-wales-und-schottland\/\">Gruppenreisen durch Gro\u00dfbritannien f\u00fcr Eisenbahnfreunde<\/a><\/h1>\n<h3>&nbsp;<\/h3>\n<table>\n<tbody>\n<tr>\n<td><img loading=\"lazy\" class=\"aligncenter size-full wp-image-6603\" style=\"border: 0pt none; padding: 0px;\" src=\"https:\/\/www.urlaubcornwall.de\/blog\/wp-content\/uploads\/2014\/12\/Severn-Valley-Railway-2.jpg\" alt=\"Dampflokomotiven England\" height=\"118\" width=\"148\"\/><\/td>\n<td>Da Gro\u00dfbritannien die Geburtsst\u00e4tte der Eisenbahn ist, gibt es eine Reihe an nahezu 200 historischer Bahnstrecken, die im ganzen Land verstreut liegen, und die es Eisenbahnfreunden erm\u00f6glichen&#8230;\n<h3>&nbsp;<\/h3>\n<p><strong><span class=\"minvk\"><a href=\"https:\/\/www.urlaubcornwall.de\/blog\/gruppenreisen-durch-grossbritannien-fuer-eisenbahnfreunde-england-wales-und-schottland\/\"><span style=\"text-decoration: underline;\">Mehr<\/span> &gt;&gt;<\/a><br \/>\n<\/span><\/strong><\/p><\/td>\n<\/tr>\n<\/tbody>\n<\/table>\n<p><img loading=\"lazy\" class=\"aligncenter size-full wp-image-24598\" src=\"https:\/\/www.urlaubcornwall.de\/blog\/wp-content\/uploads\/2016\/06\/urlaub-und-gro\u00dfbritannien_logo_final.jpg\" alt=\"\" height=\"361\" width=\"746\" srcset=\"https:\/\/www.urlaubcornwall.de\/blog\/wp-content\/uploads\/2016\/06\/urlaub-und-gro\u00dfbritannien_logo_final.jpg 746w, https:\/\/www.urlaubcornwall.de\/blog\/wp-content\/uploads\/2016\/06\/urlaub-und-gro\u00dfbritannien_logo_final-300x145.jpg 300w\" sizes=\"(max-width: 746px) 100vw, 746px\" \/><\/p>\n<h2 style=\"text-align: center;\">Unser Gruppenreisen Service<\/h2>\n<p style=\"text-align: center;\">Wir haben ein Team Deutsch sprechender Experten, so dass wir eine individuelle Rundreise durch Cornwall, S\u00fcdengland und nun auch durch den Rest Gro\u00dfbritanniens und Irlands anbieten k\u00f6nnen.<\/p>\n<p style=\"text-align: center;\">M\u00f6chten Sie eine private Busreise, Vereinreise, Seniorenreise, Klassenfahrt oder Gruppenfahrt organisieren? Wir k\u00f6nnen Ihnen behilflich sein, eine <a href=\"http:\/\/www.urlaubcornwall.de\/massgeschneiderte-gruppenreisen-und-touren.php\">fantastische Gruppenreise<\/a> zusammenzustellen, auf der Sie die sch\u00f6nsten Sehensw\u00fcrdigkeiten S\u00fcdenglands entdecken k\u00f6nnen. Auch interessante Themenreisen, wie z.B. eine Gartentour ,Literaturreise, oder Chorreise auf der Sie die ber\u00fchmten Schaupl\u00e4tze der Rosamunde Pilcher Verfilmungen besichtigen k\u00f6nnen, sind m\u00f6glich.<\/p>\n<p style=\"text-align: center;\"><a class=\"tidycta\" href=\"http:\/\/www.urlaubcornwall.de\/gruppenanfrage.php\">Gruppenreisen Anfrage<\/a><\/p>\n<p style=\"text-align: center;\">Wir garantieren eine R\u00fcckantwort innerhalb von 24 Stunden!<\/p>\n","protected":false},"excerpt":{"rendered":"<p>Mit \u00fcber 35 Jahren Erfahrung im Destinationsmanagement k\u00f6nnen wir Ihnen einen umfassenden Service f\u00fcr Gruppenreisen nach London, Cornwall, S\u00fcd- und S\u00fcdwestengland und dar\u00fcber hinaus durch ganz Gro\u00dfbritannien anbieten. Unsere Kunden profitieren von einem \u00fcberragenden Angebot an spezialisierten Reiseprogrammen, erstklassigen Unterk\u00fcnften und hochwertigen, komfortablen Transportmitteln, erfahrenen Reiseleitern sowie un\u00fcbertroffenen Orts- und Sachkenntnissen. Ma\u00dfgeschneiderte Gruppenreisen in Cornwall [&hellip;]<\/p>\n","protected":false},"author":1,"featured_media":0,"parent":0,"menu_order":0,"comment_status":"closed","ping_status":"closed","template":"single-four.php","meta":[],"acf":[],"yoast_head":"<!-- This site is optimized with the Yoast SEO plugin v19.4 - https:\/\/yoast.com\/wordpress\/plugins\/seo\/ -->\n<title>Spezielle Veranstaltungen - Gruppenreisen Gro\u00dfbritannien: England, Schottland &amp; Wales - Urlaub &amp; Reisen<\/title>\n<meta name=\"robots\" content=\"index, follow, max-snippet:-1, max-image-preview:large, max-video-preview:-1\" \/>\n<link rel=\"canonical\" href=\"https:\/\/www.urlaubcornwall.de\/blog\/spezielle-veranstaltungen-gruppenreisen-grossbritannien\/\" \/>\n<meta property=\"og:locale\" content=\"en_US\" \/>\n<meta property=\"og:type\" content=\"article\" \/>\n<meta property=\"og:title\" content=\"Spezielle Veranstaltungen - Gruppenreisen Gro\u00dfbritannien: England, Schottland &amp; Wales - Urlaub &amp; Reisen\" \/>\n<meta property=\"og:description\" content=\"Mit \u00fcber 35 Jahren Erfahrung im Destinationsmanagement k\u00f6nnen wir Ihnen einen umfassenden Service f\u00fcr Gruppenreisen nach London, Cornwall, S\u00fcd- und S\u00fcdwestengland und dar\u00fcber hinaus durch ganz Gro\u00dfbritannien anbieten. Unsere Kunden profitieren von einem \u00fcberragenden Angebot an spezialisierten Reiseprogrammen, erstklassigen Unterk\u00fcnften und hochwertigen, komfortablen Transportmitteln, erfahrenen Reiseleitern sowie un\u00fcbertroffenen Orts- und Sachkenntnissen. Ma\u00dfgeschneiderte Gruppenreisen in Cornwall [&hellip;]\" \/>\n<meta property=\"og:url\" content=\"https:\/\/www.urlaubcornwall.de\/blog\/spezielle-veranstaltungen-gruppenreisen-grossbritannien\/\" \/>\n<meta property=\"og:site_name\" content=\"Urlaub &amp; Reisen\" \/>\n<meta property=\"article:modified_time\" content=\"2024-05-27T11:30:40+00:00\" \/>\n<meta property=\"og:image\" content=\"https:\/\/www.urlaubcornwall.de\/blog\/wp-content\/uploads\/2013\/03\/Bath1.jpg\" \/>\n<meta name=\"twitter:card\" content=\"summary\" \/>\n<meta name=\"twitter:label1\" content=\"Est. reading time\" \/>\n\t<meta name=\"twitter:data1\" content=\"3 minutes\" \/>\n<script type=\"application\/ld+json\" class=\"yoast-schema-graph\">{\"@context\":\"https:\/\/schema.org\",\"@graph\":[{\"@type\":\"WebSite\",\"@id\":\"https:\/\/www.urlaubcornwall.de\/blog\/#website\",\"url\":\"https:\/\/www.urlaubcornwall.de\/blog\/\",\"name\":\"Urlaub &amp; Reisen\",\"description\":\"Urlaub, Reisen, Cornwall und S\u00fcdengland: eine perfekte Kombination\",\"potentialAction\":[{\"@type\":\"SearchAction\",\"target\":{\"@type\":\"EntryPoint\",\"urlTemplate\":\"https:\/\/www.urlaubcornwall.de\/blog\/?s={search_term_string}\"},\"query-input\":\"required name=search_term_string\"}],\"inLanguage\":\"en-US\"},{\"@type\":\"WebPage\",\"@id\":\"https:\/\/www.urlaubcornwall.de\/blog\/spezielle-veranstaltungen-gruppenreisen-grossbritannien\/\",\"url\":\"https:\/\/www.urlaubcornwall.de\/blog\/spezielle-veranstaltungen-gruppenreisen-grossbritannien\/\",\"name\":\"Spezielle Veranstaltungen - Gruppenreisen Gro\u00dfbritannien: England, Schottland & Wales - Urlaub &amp; Reisen\",\"isPartOf\":{\"@id\":\"https:\/\/www.urlaubcornwall.de\/blog\/#website\"},\"datePublished\":\"2015-01-25T16:08:22+00:00\",\"dateModified\":\"2024-05-27T11:30:40+00:00\",\"breadcrumb\":{\"@id\":\"https:\/\/www.urlaubcornwall.de\/blog\/spezielle-veranstaltungen-gruppenreisen-grossbritannien\/#breadcrumb\"},\"inLanguage\":\"en-US\",\"potentialAction\":[{\"@type\":\"ReadAction\",\"target\":[\"https:\/\/www.urlaubcornwall.de\/blog\/spezielle-veranstaltungen-gruppenreisen-grossbritannien\/\"]}]},{\"@type\":\"BreadcrumbList\",\"@id\":\"https:\/\/www.urlaubcornwall.de\/blog\/spezielle-veranstaltungen-gruppenreisen-grossbritannien\/#breadcrumb\",\"itemListElement\":[{\"@type\":\"ListItem\",\"position\":1,\"name\":\"Home\",\"item\":\"https:\/\/www.urlaubcornwall.de\/blog\/\"},{\"@type\":\"ListItem\",\"position\":2,\"name\":\"Spezielle Veranstaltungen &#8211; Gruppenreisen Gro\u00dfbritannien: England, Schottland &#038; Wales\"}]}]}<\/script>\n<!-- \/ Yoast SEO plugin. -->","yoast_head_json":{"title":"Spezielle Veranstaltungen - Gruppenreisen Gro\u00dfbritannien: England, Schottland & Wales - Urlaub &amp; Reisen","robots":{"index":"index","follow":"follow","max-snippet":"max-snippet:-1","max-image-preview":"max-image-preview:large","max-video-preview":"max-video-preview:-1"},"canonical":"https:\/\/www.urlaubcornwall.de\/blog\/spezielle-veranstaltungen-gruppenreisen-grossbritannien\/","og_locale":"en_US","og_type":"article","og_title":"Spezielle Veranstaltungen - Gruppenreisen Gro\u00dfbritannien: England, Schottland & Wales - Urlaub &amp; Reisen","og_description":"Mit \u00fcber 35 Jahren Erfahrung im Destinationsmanagement k\u00f6nnen wir Ihnen einen umfassenden Service f\u00fcr Gruppenreisen nach London, Cornwall, S\u00fcd- und S\u00fcdwestengland und dar\u00fcber hinaus durch ganz Gro\u00dfbritannien anbieten. Unsere Kunden profitieren von einem \u00fcberragenden Angebot an spezialisierten Reiseprogrammen, erstklassigen Unterk\u00fcnften und hochwertigen, komfortablen Transportmitteln, erfahrenen Reiseleitern sowie un\u00fcbertroffenen Orts- und Sachkenntnissen. Ma\u00dfgeschneiderte Gruppenreisen in Cornwall [&hellip;]","og_url":"https:\/\/www.urlaubcornwall.de\/blog\/spezielle-veranstaltungen-gruppenreisen-grossbritannien\/","og_site_name":"Urlaub &amp; Reisen","article_modified_time":"2024-05-27T11:30:40+00:00","og_image":[{"url":"https:\/\/www.urlaubcornwall.de\/blog\/wp-content\/uploads\/2013\/03\/Bath1.jpg"}],"twitter_card":"summary","twitter_misc":{"Est. reading time":"3 minutes"},"schema":{"@context":"https:\/\/schema.org","@graph":[{"@type":"WebSite","@id":"https:\/\/www.urlaubcornwall.de\/blog\/#website","url":"https:\/\/www.urlaubcornwall.de\/blog\/","name":"Urlaub &amp; Reisen","description":"Urlaub, Reisen, Cornwall und S\u00fcdengland: eine perfekte Kombination","potentialAction":[{"@type":"SearchAction","target":{"@type":"EntryPoint","urlTemplate":"https:\/\/www.urlaubcornwall.de\/blog\/?s={search_term_string}"},"query-input":"required name=search_term_string"}],"inLanguage":"en-US"},{"@type":"WebPage","@id":"https:\/\/www.urlaubcornwall.de\/blog\/spezielle-veranstaltungen-gruppenreisen-grossbritannien\/","url":"https:\/\/www.urlaubcornwall.de\/blog\/spezielle-veranstaltungen-gruppenreisen-grossbritannien\/","name":"Spezielle Veranstaltungen - Gruppenreisen Gro\u00dfbritannien: England, Schottland & Wales - Urlaub &amp; Reisen","isPartOf":{"@id":"https:\/\/www.urlaubcornwall.de\/blog\/#website"},"datePublished":"2015-01-25T16:08:22+00:00","dateModified":"2024-05-27T11:30:40+00:00","breadcrumb":{"@id":"https:\/\/www.urlaubcornwall.de\/blog\/spezielle-veranstaltungen-gruppenreisen-grossbritannien\/#breadcrumb"},"inLanguage":"en-US","potentialAction":[{"@type":"ReadAction","target":["https:\/\/www.urlaubcornwall.de\/blog\/spezielle-veranstaltungen-gruppenreisen-grossbritannien\/"]}]},{"@type":"BreadcrumbList","@id":"https:\/\/www.urlaubcornwall.de\/blog\/spezielle-veranstaltungen-gruppenreisen-grossbritannien\/#breadcrumb","itemListElement":[{"@type":"ListItem","position":1,"name":"Home","item":"https:\/\/www.urlaubcornwall.de\/blog\/"},{"@type":"ListItem","position":2,"name":"Spezielle Veranstaltungen &#8211; Gruppenreisen Gro\u00dfbritannien: England, Schottland &#038; Wales"}]}]}},"_links":{"self":[{"href":"https:\/\/www.urlaubcornwall.de\/blog\/wp-json\/wp\/v2\/pages\/17721"}],"collection":[{"href":"https:\/\/www.urlaubcornwall.de\/blog\/wp-json\/wp\/v2\/pages"}],"about":[{"href":"https:\/\/www.urlaubcornwall.de\/blog\/wp-json\/wp\/v2\/types\/page"}],"author":[{"embeddable":true,"href":"https:\/\/www.urlaubcornwall.de\/blog\/wp-json\/wp\/v2\/users\/1"}],"replies":[{"embeddable":true,"href":"https:\/\/www.urlaubcornwall.de\/blog\/wp-json\/wp\/v2\/comments?post=17721"}],"version-history":[{"count":6,"href":"https:\/\/www.urlaubcornwall.de\/blog\/wp-json\/wp\/v2\/pages\/17721\/revisions"}],"predecessor-version":[{"id":50278,"href":"https:\/\/www.urlaubcornwall.de\/blog\/wp-json\/wp\/v2\/pages\/17721\/revisions\/50278"}],"wp:attachment":[{"href":"https:\/\/www.urlaubcornwall.de\/blog\/wp-json\/wp\/v2\/media?parent=17721"}],"curies":[{"name":"wp","href":"https:\/\/api.w.org\/{rel}","templated":true}]}}