{"id":17715,"date":"2015-01-25T12:12:16","date_gmt":"2015-01-25T12:12:16","guid":{"rendered":"https:\/\/www.urlaubcornwall.de\/blog\/?page_id=17715"},"modified":"2018-05-25T10:13:01","modified_gmt":"2018-05-25T10:13:01","slug":"spezialisten-fuer-incentive-reisen-und-incentive-events-in-grossbritannien","status":"publish","type":"page","link":"https:\/\/www.urlaubcornwall.de\/blog\/spezialisten-fuer-incentive-reisen-und-incentive-events-in-grossbritannien\/","title":{"rendered":"Spezialisten f\u00fcr Incentive-Reisen und Incentive-Events in Gro\u00dfbritannien"},"content":{"rendered":"<p><a href=\"https:\/\/www.urlaubcornwall.de\/blog\/wp-content\/uploads\/2015\/01\/incentive-reisen-england.jpg\"><img loading=\"lazy\" class=\"aligncenter size-full wp-image-17716\" src=\"https:\/\/www.urlaubcornwall.de\/blog\/wp-content\/uploads\/2015\/01\/incentive-reisen-england.jpg\" alt=\"incentive reisen england\" width=\"741\" height=\"151\" srcset=\"https:\/\/www.urlaubcornwall.de\/blog\/wp-content\/uploads\/2015\/01\/incentive-reisen-england.jpg 741w, https:\/\/www.urlaubcornwall.de\/blog\/wp-content\/uploads\/2015\/01\/incentive-reisen-england-300x61.jpg 300w\" sizes=\"(max-width: 741px) 100vw, 741px\" \/><\/a><br \/>\n<strong>Ihr Partner f\u00fcr Business- \/ MICE-Events in England, Schottland, Wales und Irland.<\/strong><\/p>\n<p>Angestellte mit einer Reise zu belohnen, ist ein hervorragendes Mittel, sie f\u00fcr ihre Bem\u00fchungen, zum Wachstum und Erfolg der Firma beizutragen, zu belohnen.<\/p>\n<p>Wir k\u00f6nnen auf einen eindrucksvollen Rekord blicken, was das Gestalten und Managen zahlreicher erfolgreicher korporativer Incentive-Systeme angeht, sowie Konferenzen und spezielle Veranstaltungen f\u00fcr sowohl nationale als auch internationale Firmen; und dies nicht nur in London, sondern durch das gesamte England, Schottland und Wales.<\/p>\n<p>Wir k\u00f6nnen eine erfindungsreiche, Incentive- Erfahrung ma\u00dfschneidern. Dabei beachten wir genau das Budget und die von Ihnen dargelegten Erfordernisse. Wir sorgen f\u00fcr alles und liefern die ultimative Idee f\u00fcr einen Incentive, um Ihre Angestellten zu beeinflussen und zu inspirieren.<\/p>\n<p>Incentives ins Vereinigte K\u00f6nigreich werden Sie nicht bedauern; sie inspirieren und sorgen f\u00fcr verbessertes Arbeiten Ihrer Angestellten, Kunden und\/oder Partner und Verteiler. Unser Deutsch sprechendes Team mit Sitz in England bei UrlaubCornwall wird Ihnen zuh\u00f6ren und sich mit Ihrer Firma eingehend besch\u00e4ftigen, um Programme zu gestalten, die einzigartig sind. Erfahrungen sind mit Geld nicht zu erstehen.<\/p>\n<p>Jedes Reiseprogramm ist so gestaltet, Ihre strategischen Ziele zu erreichen und gleichzeitig den Teilnehmern Freude zu bereiten. Unser Ziel ist es, jedes Detail geplant und nahtlos ausgef\u00fchrt zu haben \u2013 mit ansprechender, informativer Kommunikation vor, w\u00e4hrend und nach der Veranstaltung.<\/p>\n<p style=\"text-align: center;\">\n<strong>Unser Gruppenreisen Service<\/strong><\/p>\n<p style=\"text-align: center;\"><a class=\"tidycta\" href=\"http:\/\/www.urlaubcornwall.de\/gruppenanfrage.php\">Gruppenreisen Anfrage<\/a><\/p>\n<p style=\"text-align: center;\">Um ein unverbindliches Reiseprogramm f\u00fcr Ihre n\u00e4chste <a href=\"https:\/\/www.urlaubcornwall.de\/massgeschneiderte-gruppenreisen-und-touren.php\">Incentive-Reise ins Vereinigte K\u00f6nigreich<\/a> zu erhalten, stellen Sie bitte Ihre Anfrage hier und wir garantieren, innerhalb von 24 Stunden zu antworten!<\/p>\n\n","protected":false},"excerpt":{"rendered":"<p>Ihr Partner f\u00fcr Business- \/ MICE-Events in England, Schottland, Wales und Irland. Angestellte mit einer Reise zu belohnen, ist ein hervorragendes Mittel, sie f\u00fcr ihre Bem\u00fchungen, zum Wachstum und Erfolg der Firma beizutragen, zu belohnen. Wir k\u00f6nnen auf einen eindrucksvollen Rekord blicken, was das Gestalten und Managen zahlreicher erfolgreicher korporativer Incentive-Systeme angeht, sowie Konferenzen und [&hellip;]<\/p>\n","protected":false},"author":1,"featured_media":0,"parent":0,"menu_order":0,"comment_status":"closed","ping_status":"closed","template":"single-four.php","meta":[],"acf":[],"yoast_head":"<!-- This site is optimized with the Yoast SEO plugin v19.4 - https:\/\/yoast.com\/wordpress\/plugins\/seo\/ -->\n<title>Spezialisten f\u00fcr Incentive-Reisen und Incentive-Events in Gro\u00dfbritannien - Urlaub &amp; Reisen<\/title>\n<meta name=\"robots\" content=\"index, follow, max-snippet:-1, max-image-preview:large, max-video-preview:-1\" \/>\n<link rel=\"canonical\" href=\"https:\/\/www.urlaubcornwall.de\/blog\/spezialisten-fuer-incentive-reisen-und-incentive-events-in-grossbritannien\/\" \/>\n<meta property=\"og:locale\" content=\"en_US\" \/>\n<meta property=\"og:type\" content=\"article\" \/>\n<meta property=\"og:title\" content=\"Spezialisten f\u00fcr Incentive-Reisen und Incentive-Events in Gro\u00dfbritannien - Urlaub &amp; Reisen\" \/>\n<meta property=\"og:description\" content=\"Ihr Partner f\u00fcr Business- \/ MICE-Events in England, Schottland, Wales und Irland. Angestellte mit einer Reise zu belohnen, ist ein hervorragendes Mittel, sie f\u00fcr ihre Bem\u00fchungen, zum Wachstum und Erfolg der Firma beizutragen, zu belohnen. Wir k\u00f6nnen auf einen eindrucksvollen Rekord blicken, was das Gestalten und Managen zahlreicher erfolgreicher korporativer Incentive-Systeme angeht, sowie Konferenzen und [&hellip;]\" \/>\n<meta property=\"og:url\" content=\"https:\/\/www.urlaubcornwall.de\/blog\/spezialisten-fuer-incentive-reisen-und-incentive-events-in-grossbritannien\/\" \/>\n<meta property=\"og:site_name\" content=\"Urlaub &amp; Reisen\" \/>\n<meta property=\"article:modified_time\" content=\"2018-05-25T10:13:01+00:00\" \/>\n<meta property=\"og:image\" content=\"https:\/\/www.urlaubcornwall.de\/blog\/wp-content\/uploads\/2015\/01\/incentive-reisen-england.jpg\" \/>\n<meta name=\"twitter:card\" content=\"summary\" \/>\n<meta name=\"twitter:label1\" content=\"Est. reading time\" \/>\n\t<meta name=\"twitter:data1\" content=\"1 minute\" \/>\n<script type=\"application\/ld+json\" class=\"yoast-schema-graph\">{\"@context\":\"https:\/\/schema.org\",\"@graph\":[{\"@type\":\"WebSite\",\"@id\":\"https:\/\/www.urlaubcornwall.de\/blog\/#website\",\"url\":\"https:\/\/www.urlaubcornwall.de\/blog\/\",\"name\":\"Urlaub &amp; Reisen\",\"description\":\"Urlaub, Reisen, Cornwall und S\u00fcdengland: eine perfekte Kombination\",\"potentialAction\":[{\"@type\":\"SearchAction\",\"target\":{\"@type\":\"EntryPoint\",\"urlTemplate\":\"https:\/\/www.urlaubcornwall.de\/blog\/?s={search_term_string}\"},\"query-input\":\"required name=search_term_string\"}],\"inLanguage\":\"en-US\"},{\"@type\":\"WebPage\",\"@id\":\"https:\/\/www.urlaubcornwall.de\/blog\/spezialisten-fuer-incentive-reisen-und-incentive-events-in-grossbritannien\/\",\"url\":\"https:\/\/www.urlaubcornwall.de\/blog\/spezialisten-fuer-incentive-reisen-und-incentive-events-in-grossbritannien\/\",\"name\":\"Spezialisten f\u00fcr Incentive-Reisen und Incentive-Events in Gro\u00dfbritannien - Urlaub &amp; Reisen\",\"isPartOf\":{\"@id\":\"https:\/\/www.urlaubcornwall.de\/blog\/#website\"},\"datePublished\":\"2015-01-25T12:12:16+00:00\",\"dateModified\":\"2018-05-25T10:13:01+00:00\",\"breadcrumb\":{\"@id\":\"https:\/\/www.urlaubcornwall.de\/blog\/spezialisten-fuer-incentive-reisen-und-incentive-events-in-grossbritannien\/#breadcrumb\"},\"inLanguage\":\"en-US\",\"potentialAction\":[{\"@type\":\"ReadAction\",\"target\":[\"https:\/\/www.urlaubcornwall.de\/blog\/spezialisten-fuer-incentive-reisen-und-incentive-events-in-grossbritannien\/\"]}]},{\"@type\":\"BreadcrumbList\",\"@id\":\"https:\/\/www.urlaubcornwall.de\/blog\/spezialisten-fuer-incentive-reisen-und-incentive-events-in-grossbritannien\/#breadcrumb\",\"itemListElement\":[{\"@type\":\"ListItem\",\"position\":1,\"name\":\"Home\",\"item\":\"https:\/\/www.urlaubcornwall.de\/blog\/\"},{\"@type\":\"ListItem\",\"position\":2,\"name\":\"Spezialisten f\u00fcr Incentive-Reisen und Incentive-Events in Gro\u00dfbritannien\"}]}]}<\/script>\n<!-- \/ Yoast SEO plugin. -->","yoast_head_json":{"title":"Spezialisten f\u00fcr Incentive-Reisen und Incentive-Events in Gro\u00dfbritannien - Urlaub &amp; Reisen","robots":{"index":"index","follow":"follow","max-snippet":"max-snippet:-1","max-image-preview":"max-image-preview:large","max-video-preview":"max-video-preview:-1"},"canonical":"https:\/\/www.urlaubcornwall.de\/blog\/spezialisten-fuer-incentive-reisen-und-incentive-events-in-grossbritannien\/","og_locale":"en_US","og_type":"article","og_title":"Spezialisten f\u00fcr Incentive-Reisen und Incentive-Events in Gro\u00dfbritannien - Urlaub &amp; Reisen","og_description":"Ihr Partner f\u00fcr Business- \/ MICE-Events in England, Schottland, Wales und Irland. Angestellte mit einer Reise zu belohnen, ist ein hervorragendes Mittel, sie f\u00fcr ihre Bem\u00fchungen, zum Wachstum und Erfolg der Firma beizutragen, zu belohnen. Wir k\u00f6nnen auf einen eindrucksvollen Rekord blicken, was das Gestalten und Managen zahlreicher erfolgreicher korporativer Incentive-Systeme angeht, sowie Konferenzen und [&hellip;]","og_url":"https:\/\/www.urlaubcornwall.de\/blog\/spezialisten-fuer-incentive-reisen-und-incentive-events-in-grossbritannien\/","og_site_name":"Urlaub &amp; Reisen","article_modified_time":"2018-05-25T10:13:01+00:00","og_image":[{"url":"https:\/\/www.urlaubcornwall.de\/blog\/wp-content\/uploads\/2015\/01\/incentive-reisen-england.jpg"}],"twitter_card":"summary","twitter_misc":{"Est. reading time":"1 minute"},"schema":{"@context":"https:\/\/schema.org","@graph":[{"@type":"WebSite","@id":"https:\/\/www.urlaubcornwall.de\/blog\/#website","url":"https:\/\/www.urlaubcornwall.de\/blog\/","name":"Urlaub &amp; Reisen","description":"Urlaub, Reisen, Cornwall und S\u00fcdengland: eine perfekte Kombination","potentialAction":[{"@type":"SearchAction","target":{"@type":"EntryPoint","urlTemplate":"https:\/\/www.urlaubcornwall.de\/blog\/?s={search_term_string}"},"query-input":"required name=search_term_string"}],"inLanguage":"en-US"},{"@type":"WebPage","@id":"https:\/\/www.urlaubcornwall.de\/blog\/spezialisten-fuer-incentive-reisen-und-incentive-events-in-grossbritannien\/","url":"https:\/\/www.urlaubcornwall.de\/blog\/spezialisten-fuer-incentive-reisen-und-incentive-events-in-grossbritannien\/","name":"Spezialisten f\u00fcr Incentive-Reisen und Incentive-Events in Gro\u00dfbritannien - Urlaub &amp; Reisen","isPartOf":{"@id":"https:\/\/www.urlaubcornwall.de\/blog\/#website"},"datePublished":"2015-01-25T12:12:16+00:00","dateModified":"2018-05-25T10:13:01+00:00","breadcrumb":{"@id":"https:\/\/www.urlaubcornwall.de\/blog\/spezialisten-fuer-incentive-reisen-und-incentive-events-in-grossbritannien\/#breadcrumb"},"inLanguage":"en-US","potentialAction":[{"@type":"ReadAction","target":["https:\/\/www.urlaubcornwall.de\/blog\/spezialisten-fuer-incentive-reisen-und-incentive-events-in-grossbritannien\/"]}]},{"@type":"BreadcrumbList","@id":"https:\/\/www.urlaubcornwall.de\/blog\/spezialisten-fuer-incentive-reisen-und-incentive-events-in-grossbritannien\/#breadcrumb","itemListElement":[{"@type":"ListItem","position":1,"name":"Home","item":"https:\/\/www.urlaubcornwall.de\/blog\/"},{"@type":"ListItem","position":2,"name":"Spezialisten f\u00fcr Incentive-Reisen und Incentive-Events in Gro\u00dfbritannien"}]}]}},"_links":{"self":[{"href":"https:\/\/www.urlaubcornwall.de\/blog\/wp-json\/wp\/v2\/pages\/17715"}],"collection":[{"href":"https:\/\/www.urlaubcornwall.de\/blog\/wp-json\/wp\/v2\/pages"}],"about":[{"href":"https:\/\/www.urlaubcornwall.de\/blog\/wp-json\/wp\/v2\/types\/page"}],"author":[{"embeddable":true,"href":"https:\/\/www.urlaubcornwall.de\/blog\/wp-json\/wp\/v2\/users\/1"}],"replies":[{"embeddable":true,"href":"https:\/\/www.urlaubcornwall.de\/blog\/wp-json\/wp\/v2\/comments?post=17715"}],"version-history":[{"count":8,"href":"https:\/\/www.urlaubcornwall.de\/blog\/wp-json\/wp\/v2\/pages\/17715\/revisions"}],"predecessor-version":[{"id":33840,"href":"https:\/\/www.urlaubcornwall.de\/blog\/wp-json\/wp\/v2\/pages\/17715\/revisions\/33840"}],"wp:attachment":[{"href":"https:\/\/www.urlaubcornwall.de\/blog\/wp-json\/wp\/v2\/media?parent=17715"}],"curies":[{"name":"wp","href":"https:\/\/api.w.org\/{rel}","templated":true}]}}