{"id":17304,"date":"2014-12-03T11:27:27","date_gmt":"2014-12-03T11:27:27","guid":{"rendered":"https:\/\/www.urlaubcornwall.de\/blog\/?page_id=17304"},"modified":"2019-04-01T08:55:35","modified_gmt":"2019-04-01T08:55:35","slug":"ferienhaus-sittingbourne-little-house-in-der-naehe-leeds-castle-kent","status":"publish","type":"page","link":"https:\/\/www.urlaubcornwall.de\/blog\/ferienhaus-sittingbourne-little-house-in-der-naehe-leeds-castle-kent\/","title":{"rendered":"Ferienhaus Sittingbourne: Little House in der N\u00e4he Leeds Castle, Kent"},"content":{"rendered":"<p><strong>Bleiben Sie in diesem luxuri\u00f6sen Ferienhaus f\u00fcr 6 Personen, direkt im Herzen des Gartens Englands bei Leeds Castle.<\/strong><\/p>\n<p>Ein wundersch\u00f6nes, modernes Cottage im Chalet-Stil, das all das bietet, wonach Sie sich w\u00e4hrend eines entspannenden Urlaubes sehnen. Dieses Cottage erf\u00fcllt s\u00e4mtliche W\u00fcnsche und liegt am Pilgerweg in der wundersch\u00f6nen, sich sanft dahin schwingenden Landschaft Kents.<\/p>\n<p><strong>3 Schlafzimmer , Schlafplatz f\u00fcr 6 , hundefreundlich , <a href=\"https:\/\/www.urlaubcornwall.de\/ferienhaeuser-fewos\/eng\/kent\/kent.html\">Ferienhaus Bearstead 14 Kilometer von Sittingbourne<\/a> , Kent<\/strong><br \/>\n<strong> Preisepanne \u00a3575-\u00a31200<\/strong><\/p>\n<p>Der gro\u00dfe, offene Wohnbereich bietet sich f\u00fcr Familienzusammenk\u00fcnfte an oder ein Treffen von Freunden. Vom Wohnzimmer aus geht es in einen gro\u00dfen Wintergarten und eine moderne K\u00fcche. Das Geb\u00e4ude verf\u00fcgt \u00fcber zwei Schlafzimmer im Erdgeschoss, ein Doppelzimmer und ein Zwillingszimmer, die sich einen Bade-Duschraum im Erdgeschoss teilen. Das Hauptschlafzimmer befindet sich im ersten Stock, ist offen und luftig mit en-Suite Badezimmer, Sitzecke und \u00fcbergro\u00dfem Bett. Im Erdgeschoss gibt es einen gro\u00dfen Spieleraum mit Tischtennisplatte und Sitzm\u00f6glichkeit. Der Garten ist umgrenzt mit einer Mauer aus Feuerstein, geradezu perfekt, um Krocket oder Kricket zu spielen.<\/p>\n<ul>\n<li>Grillm\u00f6glichkeit<\/li>\n<li>unkomplizierte Parkm\u00f6glichkeit<\/li>\n<li>Garten<\/li>\n<li>Schlafzimmer und Badezimmer im Erdgeschoss<\/li>\n<li>Internetzugang<\/li>\n<li>Bettzeug und Handt\u00fccher inclusive<\/li>\n<li>Haustiere willkommen<\/li>\n<li>Fernseher und DVD<\/li>\n<li>Kinderreisebett<\/li>\n<\/ul>\n<p>Das Dorf Bearsted befindet sich am Fu\u00dfe der North Downs. Das Dorfzentrum hat sich eine traditionelle Atmosph\u00e4re bewahrt, einschlie\u00dflich des Dorfparks und zweier Kneipen. Es gibt einen Bahnhof mit Zugverbindungen nach London. Die ungef\u00e4hre Fahrtzeit betr\u00e4gt eine Stunde. Au\u00dferdem finden Sie einen kleinen Supermarkt und eine Auswahl an Restaurants.<\/p>\n<p>Die Burg Leeds befindet sich zehn Minuten vom Geb\u00e4ude entfernt und liegt innerhalb von 500 Ar wundersch\u00f6ner Parklandschaft. Die historische Burg mit herrlichen G\u00e4rten, Attraktionen und Veranstaltungen ist das ganze Jahr \u00fcber ge\u00f6ffnet und es gibt stets etwas f\u00fcr Jedermann.<\/p>\n<p>Die Marktstadt Maidstone befindet sich lediglich drei Meilen entfernt und ist bekannt als Herz des \u201eGartens Englands\u201c. Das historische Rochester ist zwanzig Minuten entfernt, Zuhause des Schriftstellers Charles Dickens, die Rochester Kathedrale, Burg Rochester und der historische Seefahrtshafen.<\/p>\n<p style=\"text-align: center;\"><strong>Bei uns finden Sie Ferienh\u00e4user zum Verlieben \u2013 so einfach ist das!<\/strong><\/p>\n<p style=\"text-align: center;\"><a class=\"tidycta\" href=\"https:\/\/www.urlaubcornwall.de\/ferienhaeuser\/kent.php\">Suche Ferienh\u00e4user in Kent<\/a><\/p>\n<p style=\"text-align: center;\">Um Kent in Ihre Rundreise durch S\u00fcdengland mit einzugliedern, stellen Sie Ihre Anfrage hier oder w\u00e4hlen Sie ein Ferienhaus aus unserer besten Auswahl handverlesener und inspizierter H\u00e4user aus.<\/p>\n\n","protected":false},"excerpt":{"rendered":"<p>Bleiben Sie in diesem luxuri\u00f6sen Ferienhaus f\u00fcr 6 Personen, direkt im Herzen des Gartens Englands bei Leeds Castle. Ein wundersch\u00f6nes, modernes Cottage im Chalet-Stil, das all das bietet, wonach Sie sich w\u00e4hrend eines entspannenden Urlaubes sehnen. Dieses Cottage erf\u00fcllt s\u00e4mtliche W\u00fcnsche und liegt am Pilgerweg in der wundersch\u00f6nen, sich sanft dahin schwingenden Landschaft Kents. 3 [&hellip;]<\/p>\n","protected":false},"author":1,"featured_media":0,"parent":0,"menu_order":0,"comment_status":"closed","ping_status":"closed","template":"single-two.php","meta":[],"acf":[],"yoast_head":"<!-- This site is optimized with the Yoast SEO plugin v19.4 - https:\/\/yoast.com\/wordpress\/plugins\/seo\/ -->\n<title>Ferienhaus Sittingbourne: Little House in der N\u00e4he Leeds Castle, Kent - Urlaub &amp; Reisen<\/title>\n<meta name=\"robots\" content=\"index, follow, max-snippet:-1, max-image-preview:large, max-video-preview:-1\" \/>\n<link rel=\"canonical\" href=\"https:\/\/www.urlaubcornwall.de\/blog\/ferienhaus-sittingbourne-little-house-in-der-naehe-leeds-castle-kent\/\" \/>\n<meta property=\"og:locale\" content=\"en_US\" \/>\n<meta property=\"og:type\" content=\"article\" \/>\n<meta property=\"og:title\" content=\"Ferienhaus Sittingbourne: Little House in der N\u00e4he Leeds Castle, Kent - Urlaub &amp; Reisen\" \/>\n<meta property=\"og:description\" content=\"Bleiben Sie in diesem luxuri\u00f6sen Ferienhaus f\u00fcr 6 Personen, direkt im Herzen des Gartens Englands bei Leeds Castle. Ein wundersch\u00f6nes, modernes Cottage im Chalet-Stil, das all das bietet, wonach Sie sich w\u00e4hrend eines entspannenden Urlaubes sehnen. Dieses Cottage erf\u00fcllt s\u00e4mtliche W\u00fcnsche und liegt am Pilgerweg in der wundersch\u00f6nen, sich sanft dahin schwingenden Landschaft Kents. 3 [&hellip;]\" \/>\n<meta property=\"og:url\" content=\"https:\/\/www.urlaubcornwall.de\/blog\/ferienhaus-sittingbourne-little-house-in-der-naehe-leeds-castle-kent\/\" \/>\n<meta property=\"og:site_name\" content=\"Urlaub &amp; Reisen\" \/>\n<meta property=\"article:modified_time\" content=\"2019-04-01T08:55:35+00:00\" \/>\n<meta name=\"twitter:card\" content=\"summary\" \/>\n<meta name=\"twitter:label1\" content=\"Est. reading time\" \/>\n\t<meta name=\"twitter:data1\" content=\"2 minutes\" \/>\n<script type=\"application\/ld+json\" class=\"yoast-schema-graph\">{\"@context\":\"https:\/\/schema.org\",\"@graph\":[{\"@type\":\"WebSite\",\"@id\":\"https:\/\/www.urlaubcornwall.de\/blog\/#website\",\"url\":\"https:\/\/www.urlaubcornwall.de\/blog\/\",\"name\":\"Urlaub &amp; Reisen\",\"description\":\"Urlaub, Reisen, Cornwall und S\u00fcdengland: eine perfekte Kombination\",\"potentialAction\":[{\"@type\":\"SearchAction\",\"target\":{\"@type\":\"EntryPoint\",\"urlTemplate\":\"https:\/\/www.urlaubcornwall.de\/blog\/?s={search_term_string}\"},\"query-input\":\"required name=search_term_string\"}],\"inLanguage\":\"en-US\"},{\"@type\":\"WebPage\",\"@id\":\"https:\/\/www.urlaubcornwall.de\/blog\/ferienhaus-sittingbourne-little-house-in-der-naehe-leeds-castle-kent\/\",\"url\":\"https:\/\/www.urlaubcornwall.de\/blog\/ferienhaus-sittingbourne-little-house-in-der-naehe-leeds-castle-kent\/\",\"name\":\"Ferienhaus Sittingbourne: Little House in der N\u00e4he Leeds Castle, Kent - Urlaub &amp; Reisen\",\"isPartOf\":{\"@id\":\"https:\/\/www.urlaubcornwall.de\/blog\/#website\"},\"datePublished\":\"2014-12-03T11:27:27+00:00\",\"dateModified\":\"2019-04-01T08:55:35+00:00\",\"breadcrumb\":{\"@id\":\"https:\/\/www.urlaubcornwall.de\/blog\/ferienhaus-sittingbourne-little-house-in-der-naehe-leeds-castle-kent\/#breadcrumb\"},\"inLanguage\":\"en-US\",\"potentialAction\":[{\"@type\":\"ReadAction\",\"target\":[\"https:\/\/www.urlaubcornwall.de\/blog\/ferienhaus-sittingbourne-little-house-in-der-naehe-leeds-castle-kent\/\"]}]},{\"@type\":\"BreadcrumbList\",\"@id\":\"https:\/\/www.urlaubcornwall.de\/blog\/ferienhaus-sittingbourne-little-house-in-der-naehe-leeds-castle-kent\/#breadcrumb\",\"itemListElement\":[{\"@type\":\"ListItem\",\"position\":1,\"name\":\"Home\",\"item\":\"https:\/\/www.urlaubcornwall.de\/blog\/\"},{\"@type\":\"ListItem\",\"position\":2,\"name\":\"Ferienhaus Sittingbourne: Little House in der N\u00e4he Leeds Castle, Kent\"}]}]}<\/script>\n<!-- \/ Yoast SEO plugin. -->","yoast_head_json":{"title":"Ferienhaus Sittingbourne: Little House in der N\u00e4he Leeds Castle, Kent - Urlaub &amp; Reisen","robots":{"index":"index","follow":"follow","max-snippet":"max-snippet:-1","max-image-preview":"max-image-preview:large","max-video-preview":"max-video-preview:-1"},"canonical":"https:\/\/www.urlaubcornwall.de\/blog\/ferienhaus-sittingbourne-little-house-in-der-naehe-leeds-castle-kent\/","og_locale":"en_US","og_type":"article","og_title":"Ferienhaus Sittingbourne: Little House in der N\u00e4he Leeds Castle, Kent - Urlaub &amp; Reisen","og_description":"Bleiben Sie in diesem luxuri\u00f6sen Ferienhaus f\u00fcr 6 Personen, direkt im Herzen des Gartens Englands bei Leeds Castle. Ein wundersch\u00f6nes, modernes Cottage im Chalet-Stil, das all das bietet, wonach Sie sich w\u00e4hrend eines entspannenden Urlaubes sehnen. Dieses Cottage erf\u00fcllt s\u00e4mtliche W\u00fcnsche und liegt am Pilgerweg in der wundersch\u00f6nen, sich sanft dahin schwingenden Landschaft Kents. 3 [&hellip;]","og_url":"https:\/\/www.urlaubcornwall.de\/blog\/ferienhaus-sittingbourne-little-house-in-der-naehe-leeds-castle-kent\/","og_site_name":"Urlaub &amp; Reisen","article_modified_time":"2019-04-01T08:55:35+00:00","twitter_card":"summary","twitter_misc":{"Est. reading time":"2 minutes"},"schema":{"@context":"https:\/\/schema.org","@graph":[{"@type":"WebSite","@id":"https:\/\/www.urlaubcornwall.de\/blog\/#website","url":"https:\/\/www.urlaubcornwall.de\/blog\/","name":"Urlaub &amp; Reisen","description":"Urlaub, Reisen, Cornwall und S\u00fcdengland: eine perfekte Kombination","potentialAction":[{"@type":"SearchAction","target":{"@type":"EntryPoint","urlTemplate":"https:\/\/www.urlaubcornwall.de\/blog\/?s={search_term_string}"},"query-input":"required name=search_term_string"}],"inLanguage":"en-US"},{"@type":"WebPage","@id":"https:\/\/www.urlaubcornwall.de\/blog\/ferienhaus-sittingbourne-little-house-in-der-naehe-leeds-castle-kent\/","url":"https:\/\/www.urlaubcornwall.de\/blog\/ferienhaus-sittingbourne-little-house-in-der-naehe-leeds-castle-kent\/","name":"Ferienhaus Sittingbourne: Little House in der N\u00e4he Leeds Castle, Kent - Urlaub &amp; Reisen","isPartOf":{"@id":"https:\/\/www.urlaubcornwall.de\/blog\/#website"},"datePublished":"2014-12-03T11:27:27+00:00","dateModified":"2019-04-01T08:55:35+00:00","breadcrumb":{"@id":"https:\/\/www.urlaubcornwall.de\/blog\/ferienhaus-sittingbourne-little-house-in-der-naehe-leeds-castle-kent\/#breadcrumb"},"inLanguage":"en-US","potentialAction":[{"@type":"ReadAction","target":["https:\/\/www.urlaubcornwall.de\/blog\/ferienhaus-sittingbourne-little-house-in-der-naehe-leeds-castle-kent\/"]}]},{"@type":"BreadcrumbList","@id":"https:\/\/www.urlaubcornwall.de\/blog\/ferienhaus-sittingbourne-little-house-in-der-naehe-leeds-castle-kent\/#breadcrumb","itemListElement":[{"@type":"ListItem","position":1,"name":"Home","item":"https:\/\/www.urlaubcornwall.de\/blog\/"},{"@type":"ListItem","position":2,"name":"Ferienhaus Sittingbourne: Little House in der N\u00e4he Leeds Castle, Kent"}]}]}},"_links":{"self":[{"href":"https:\/\/www.urlaubcornwall.de\/blog\/wp-json\/wp\/v2\/pages\/17304"}],"collection":[{"href":"https:\/\/www.urlaubcornwall.de\/blog\/wp-json\/wp\/v2\/pages"}],"about":[{"href":"https:\/\/www.urlaubcornwall.de\/blog\/wp-json\/wp\/v2\/types\/page"}],"author":[{"embeddable":true,"href":"https:\/\/www.urlaubcornwall.de\/blog\/wp-json\/wp\/v2\/users\/1"}],"replies":[{"embeddable":true,"href":"https:\/\/www.urlaubcornwall.de\/blog\/wp-json\/wp\/v2\/comments?post=17304"}],"version-history":[{"count":5,"href":"https:\/\/www.urlaubcornwall.de\/blog\/wp-json\/wp\/v2\/pages\/17304\/revisions"}],"predecessor-version":[{"id":36938,"href":"https:\/\/www.urlaubcornwall.de\/blog\/wp-json\/wp\/v2\/pages\/17304\/revisions\/36938"}],"wp:attachment":[{"href":"https:\/\/www.urlaubcornwall.de\/blog\/wp-json\/wp\/v2\/media?parent=17304"}],"curies":[{"name":"wp","href":"https:\/\/api.w.org\/{rel}","templated":true}]}}