{"id":17079,"date":"2014-11-15T16:34:28","date_gmt":"2014-11-15T16:34:28","guid":{"rendered":"https:\/\/www.urlaubcornwall.de\/blog\/?page_id=17079"},"modified":"2019-02-27T09:42:36","modified_gmt":"2019-02-27T09:42:36","slug":"ferienhaus-haslemere-parkhurst-cottage-die-sussex-downs-west-sussex","status":"publish","type":"page","link":"https:\/\/www.urlaubcornwall.de\/blog\/ferienhaus-haslemere-parkhurst-cottage-die-sussex-downs-west-sussex\/","title":{"rendered":"Ferienhaus Haslemere &#8211; Parkhurst Cottage die Sussex Downs, West Sussex"},"content":{"rendered":"<p>Genie\u00dfen Sie <a href=\"https:\/\/www.urlaubcornwall.de\/reiseziel\/sussex.php\">Urlaub in Sussex<\/a> in diesem traditionellen Landferienhaus direkt unterhalb von Black Down in West Sussex<\/p>\n<p>Dieses traditionelle Cottage mit sehr viel Charakter ist perfekt f\u00fcr all jene, die eine l\u00e4ndliche und entspannende Zuflucht suchen. Am Fu\u00dfe des Black Down gelegen, mit 280 Metern der h\u00f6chste Punkt des South Downs Nationalparks, befindet sich das Cottage doch in geringer Entfernung von Petworth, Midhurst und Cowdray.<\/p>\n<p><strong>2 Schlafzimmer , Schlafplatz f\u00fcr 4, leider keine Haustiere erlaubt, Ferienhaus Lurgshall 5 Kilometer von Haslemere , Sussex Downs.<\/strong><\/p>\n<p>Das Haus liegt v\u00f6llig privat mit wundervollem Blick nach S\u00fcdosten. Im Erdgeschoss befindet sich ein traditionelles Wohnzimmer, separates Esszimmer und eine voll ausgestattete K\u00fcche. \u00dcber die T\u00fcre des Wohnzimmers geht es hinauf zu den beiden Doppelschlafzimmern. Das \u00fcbergro\u00dfe Bett im Hauptschlafzimmer kann zu Zwillingsbetten umgebaut werden, falls erforderlich. Zwischen den Schlafzimmern befindet sich ein Familienbadezimmer von guter Gr\u00f6\u00dfe mit Badewanne und Kraftdusche \u00fcber der Wanne. Es gibt auch eine separate Toilette im Erdgeschoss.<\/p>\n<p>Drau\u00dfen befindet sich ein privater und umgrenzter Garten mit einem sehr kleinen Fluss am Rande. Der Weg au\u00dferhalb f\u00fchrt s\u00fcdlich zum malerischen Dorf Lurgashall. Richtung Norden ist es nur eine kurze Autofahrt zur malerischen Marktstadt Haslemere.<\/p>\n<p style=\"text-align: center;\"><strong>Bei uns finden Sie Ferienh\u00e4user zum Verlieben \u2013 so einfach ist das!<\/strong><\/p>\n<p style=\"text-align: center;\"><a class=\"tidycta\" href=\"https:\/\/www.urlaubcornwall.de\/ferienhaeuser\/sussex.php\">Suche Ferienh\u00e4user in Sussex<\/a><\/p>\n<p style=\"text-align: center;\">UrlaubCornwall.de hat eine einzigartige Sammlung pers\u00f6nlich inspizierter Ferienh\u00e4user und Ferienwohnungen in Sussex, <a href=\"https:\/\/www.urlaubcornwall.de\/ferienhaueser\/suedengland.php\">S\u00fcdengland<\/a> und nun auch im gesamten Gro\u00dfbritannien.<\/p>\n\n\n","protected":false},"excerpt":{"rendered":"<p>Genie\u00dfen Sie Urlaub in Sussex in diesem traditionellen Landferienhaus direkt unterhalb von Black Down in West Sussex Dieses traditionelle Cottage mit sehr viel Charakter ist perfekt f\u00fcr all jene, die eine l\u00e4ndliche und entspannende Zuflucht suchen. Am Fu\u00dfe des Black Down gelegen, mit 280 Metern der h\u00f6chste Punkt des South Downs Nationalparks, befindet sich das [&hellip;]<\/p>\n","protected":false},"author":1,"featured_media":0,"parent":0,"menu_order":0,"comment_status":"closed","ping_status":"closed","template":"single-two.php","meta":[],"acf":[],"yoast_head":"<!-- This site is optimized with the Yoast SEO plugin v19.4 - https:\/\/yoast.com\/wordpress\/plugins\/seo\/ -->\n<title>Ferienhaus Haslemere - Parkhurst Cottage die Sussex Downs, West Sussex - Urlaub &amp; Reisen<\/title>\n<meta name=\"robots\" content=\"index, follow, max-snippet:-1, max-image-preview:large, max-video-preview:-1\" \/>\n<link rel=\"canonical\" href=\"https:\/\/www.urlaubcornwall.de\/blog\/ferienhaus-haslemere-parkhurst-cottage-die-sussex-downs-west-sussex\/\" \/>\n<meta property=\"og:locale\" content=\"en_US\" \/>\n<meta property=\"og:type\" content=\"article\" \/>\n<meta property=\"og:title\" content=\"Ferienhaus Haslemere - Parkhurst Cottage die Sussex Downs, West Sussex - Urlaub &amp; Reisen\" \/>\n<meta property=\"og:description\" content=\"Genie\u00dfen Sie Urlaub in Sussex in diesem traditionellen Landferienhaus direkt unterhalb von Black Down in West Sussex Dieses traditionelle Cottage mit sehr viel Charakter ist perfekt f\u00fcr all jene, die eine l\u00e4ndliche und entspannende Zuflucht suchen. Am Fu\u00dfe des Black Down gelegen, mit 280 Metern der h\u00f6chste Punkt des South Downs Nationalparks, befindet sich das [&hellip;]\" \/>\n<meta property=\"og:url\" content=\"https:\/\/www.urlaubcornwall.de\/blog\/ferienhaus-haslemere-parkhurst-cottage-die-sussex-downs-west-sussex\/\" \/>\n<meta property=\"og:site_name\" content=\"Urlaub &amp; Reisen\" \/>\n<meta property=\"article:modified_time\" content=\"2019-02-27T09:42:36+00:00\" \/>\n<meta name=\"twitter:card\" content=\"summary\" \/>\n<meta name=\"twitter:label1\" content=\"Est. reading time\" \/>\n\t<meta name=\"twitter:data1\" content=\"1 minute\" \/>\n<script type=\"application\/ld+json\" class=\"yoast-schema-graph\">{\"@context\":\"https:\/\/schema.org\",\"@graph\":[{\"@type\":\"WebSite\",\"@id\":\"https:\/\/www.urlaubcornwall.de\/blog\/#website\",\"url\":\"https:\/\/www.urlaubcornwall.de\/blog\/\",\"name\":\"Urlaub &amp; Reisen\",\"description\":\"Urlaub, Reisen, Cornwall und S\u00fcdengland: eine perfekte Kombination\",\"potentialAction\":[{\"@type\":\"SearchAction\",\"target\":{\"@type\":\"EntryPoint\",\"urlTemplate\":\"https:\/\/www.urlaubcornwall.de\/blog\/?s={search_term_string}\"},\"query-input\":\"required name=search_term_string\"}],\"inLanguage\":\"en-US\"},{\"@type\":\"WebPage\",\"@id\":\"https:\/\/www.urlaubcornwall.de\/blog\/ferienhaus-haslemere-parkhurst-cottage-die-sussex-downs-west-sussex\/\",\"url\":\"https:\/\/www.urlaubcornwall.de\/blog\/ferienhaus-haslemere-parkhurst-cottage-die-sussex-downs-west-sussex\/\",\"name\":\"Ferienhaus Haslemere - Parkhurst Cottage die Sussex Downs, West Sussex - Urlaub &amp; Reisen\",\"isPartOf\":{\"@id\":\"https:\/\/www.urlaubcornwall.de\/blog\/#website\"},\"datePublished\":\"2014-11-15T16:34:28+00:00\",\"dateModified\":\"2019-02-27T09:42:36+00:00\",\"breadcrumb\":{\"@id\":\"https:\/\/www.urlaubcornwall.de\/blog\/ferienhaus-haslemere-parkhurst-cottage-die-sussex-downs-west-sussex\/#breadcrumb\"},\"inLanguage\":\"en-US\",\"potentialAction\":[{\"@type\":\"ReadAction\",\"target\":[\"https:\/\/www.urlaubcornwall.de\/blog\/ferienhaus-haslemere-parkhurst-cottage-die-sussex-downs-west-sussex\/\"]}]},{\"@type\":\"BreadcrumbList\",\"@id\":\"https:\/\/www.urlaubcornwall.de\/blog\/ferienhaus-haslemere-parkhurst-cottage-die-sussex-downs-west-sussex\/#breadcrumb\",\"itemListElement\":[{\"@type\":\"ListItem\",\"position\":1,\"name\":\"Home\",\"item\":\"https:\/\/www.urlaubcornwall.de\/blog\/\"},{\"@type\":\"ListItem\",\"position\":2,\"name\":\"Ferienhaus Haslemere &#8211; Parkhurst Cottage die Sussex Downs, West Sussex\"}]}]}<\/script>\n<!-- \/ Yoast SEO plugin. -->","yoast_head_json":{"title":"Ferienhaus Haslemere - Parkhurst Cottage die Sussex Downs, West Sussex - Urlaub &amp; Reisen","robots":{"index":"index","follow":"follow","max-snippet":"max-snippet:-1","max-image-preview":"max-image-preview:large","max-video-preview":"max-video-preview:-1"},"canonical":"https:\/\/www.urlaubcornwall.de\/blog\/ferienhaus-haslemere-parkhurst-cottage-die-sussex-downs-west-sussex\/","og_locale":"en_US","og_type":"article","og_title":"Ferienhaus Haslemere - Parkhurst Cottage die Sussex Downs, West Sussex - Urlaub &amp; Reisen","og_description":"Genie\u00dfen Sie Urlaub in Sussex in diesem traditionellen Landferienhaus direkt unterhalb von Black Down in West Sussex Dieses traditionelle Cottage mit sehr viel Charakter ist perfekt f\u00fcr all jene, die eine l\u00e4ndliche und entspannende Zuflucht suchen. Am Fu\u00dfe des Black Down gelegen, mit 280 Metern der h\u00f6chste Punkt des South Downs Nationalparks, befindet sich das [&hellip;]","og_url":"https:\/\/www.urlaubcornwall.de\/blog\/ferienhaus-haslemere-parkhurst-cottage-die-sussex-downs-west-sussex\/","og_site_name":"Urlaub &amp; Reisen","article_modified_time":"2019-02-27T09:42:36+00:00","twitter_card":"summary","twitter_misc":{"Est. reading time":"1 minute"},"schema":{"@context":"https:\/\/schema.org","@graph":[{"@type":"WebSite","@id":"https:\/\/www.urlaubcornwall.de\/blog\/#website","url":"https:\/\/www.urlaubcornwall.de\/blog\/","name":"Urlaub &amp; Reisen","description":"Urlaub, Reisen, Cornwall und S\u00fcdengland: eine perfekte Kombination","potentialAction":[{"@type":"SearchAction","target":{"@type":"EntryPoint","urlTemplate":"https:\/\/www.urlaubcornwall.de\/blog\/?s={search_term_string}"},"query-input":"required name=search_term_string"}],"inLanguage":"en-US"},{"@type":"WebPage","@id":"https:\/\/www.urlaubcornwall.de\/blog\/ferienhaus-haslemere-parkhurst-cottage-die-sussex-downs-west-sussex\/","url":"https:\/\/www.urlaubcornwall.de\/blog\/ferienhaus-haslemere-parkhurst-cottage-die-sussex-downs-west-sussex\/","name":"Ferienhaus Haslemere - Parkhurst Cottage die Sussex Downs, West Sussex - Urlaub &amp; Reisen","isPartOf":{"@id":"https:\/\/www.urlaubcornwall.de\/blog\/#website"},"datePublished":"2014-11-15T16:34:28+00:00","dateModified":"2019-02-27T09:42:36+00:00","breadcrumb":{"@id":"https:\/\/www.urlaubcornwall.de\/blog\/ferienhaus-haslemere-parkhurst-cottage-die-sussex-downs-west-sussex\/#breadcrumb"},"inLanguage":"en-US","potentialAction":[{"@type":"ReadAction","target":["https:\/\/www.urlaubcornwall.de\/blog\/ferienhaus-haslemere-parkhurst-cottage-die-sussex-downs-west-sussex\/"]}]},{"@type":"BreadcrumbList","@id":"https:\/\/www.urlaubcornwall.de\/blog\/ferienhaus-haslemere-parkhurst-cottage-die-sussex-downs-west-sussex\/#breadcrumb","itemListElement":[{"@type":"ListItem","position":1,"name":"Home","item":"https:\/\/www.urlaubcornwall.de\/blog\/"},{"@type":"ListItem","position":2,"name":"Ferienhaus Haslemere &#8211; Parkhurst Cottage die Sussex Downs, West Sussex"}]}]}},"_links":{"self":[{"href":"https:\/\/www.urlaubcornwall.de\/blog\/wp-json\/wp\/v2\/pages\/17079"}],"collection":[{"href":"https:\/\/www.urlaubcornwall.de\/blog\/wp-json\/wp\/v2\/pages"}],"about":[{"href":"https:\/\/www.urlaubcornwall.de\/blog\/wp-json\/wp\/v2\/types\/page"}],"author":[{"embeddable":true,"href":"https:\/\/www.urlaubcornwall.de\/blog\/wp-json\/wp\/v2\/users\/1"}],"replies":[{"embeddable":true,"href":"https:\/\/www.urlaubcornwall.de\/blog\/wp-json\/wp\/v2\/comments?post=17079"}],"version-history":[{"count":3,"href":"https:\/\/www.urlaubcornwall.de\/blog\/wp-json\/wp\/v2\/pages\/17079\/revisions"}],"predecessor-version":[{"id":36588,"href":"https:\/\/www.urlaubcornwall.de\/blog\/wp-json\/wp\/v2\/pages\/17079\/revisions\/36588"}],"wp:attachment":[{"href":"https:\/\/www.urlaubcornwall.de\/blog\/wp-json\/wp\/v2\/media?parent=17079"}],"curies":[{"name":"wp","href":"https:\/\/api.w.org\/{rel}","templated":true}]}}