{"id":16953,"date":"2014-10-15T13:05:03","date_gmt":"2014-10-15T13:05:03","guid":{"rendered":"https:\/\/www.urlaubcornwall.de\/blog\/?page_id=16953"},"modified":"2018-07-26T15:18:28","modified_gmt":"2018-07-26T15:18:28","slug":"urlaub-ohne-auto-das-ist-sehr-wohl-moeglich","status":"publish","type":"page","link":"https:\/\/www.urlaubcornwall.de\/blog\/urlaub-ohne-auto-das-ist-sehr-wohl-moeglich\/","title":{"rendered":"Urlaub in Cornwall ohne Auto? Das ist sehr wohl m\u00f6glich!"},"content":{"rendered":"<p>Denken Sie an Urlaub in Cornwall. Was f\u00e4llt Ihnen dazu ein? Flache Sandstr\u00e4nde, rollende Wellen, mit Schieferd\u00e4chern versehene Fischerd\u00f6rfer, durchsichtige Pools in den Felsen und w\u00e4hrend der gesch\u00e4ftigen Sommersaison\u2026..<strong>Verkehr.<\/strong><\/p>\n<p><a href=\"https:\/\/www.urlaubcornwall.de\/blog\/wp-content\/uploads\/2014\/10\/Cornwall-Urlaub-ohne-Auto.jpg\"><img loading=\"lazy\" class=\"aligncenter size-full wp-image-19757\" src=\"https:\/\/www.urlaubcornwall.de\/blog\/wp-content\/uploads\/2014\/10\/Cornwall-Urlaub-ohne-Auto.jpg\" alt=\"Cornwall Urlaub ohne Auto\" width=\"743\" height=\"358\" srcset=\"https:\/\/www.urlaubcornwall.de\/blog\/wp-content\/uploads\/2014\/10\/Cornwall-Urlaub-ohne-Auto.jpg 743w, https:\/\/www.urlaubcornwall.de\/blog\/wp-content\/uploads\/2014\/10\/Cornwall-Urlaub-ohne-Auto-300x145.jpg 300w\" sizes=\"(max-width: 743px) 100vw, 743px\" \/><\/a><\/p>\n<p>Die engen, kurvigen Wege und Steinhecken, die mit gelbem Ginster bewachsen sind, haben ihren l\u00e4ndlichen Charme, stark an die urspr\u00fcnglichen Muster der Felder erinnernd, doch harmonisieren sie nicht mit modernen Wohnw\u00e4gen und 4&#215;4-Autos, die mit Fahrr\u00e4dern beladen sind. Jedoch ist es ganz einfach m\u00f6glich, w\u00e4hrend eines Kurzurlaubs oder Urlaubs \u00f6ffentliche Verkehrsmittel in Gebrauch zu nehmen.<\/p>\n<p>Ihr Ausgangspunkt ist vielleicht London, von wo aus Sie ein Zug oder Bus nach Truro, im Herzen Cornwalls bringen kann. Einmal angekommen, machen Sie ruhig Gebrauch von den \u00f6rtlichen Verkehrsmittel-Angeboten und Bootstouren, um die <a href=\"http:\/\/www.urlaubcornwall.de\/roseland-halbinsel.php\"><span style=\"text-decoration: underline;\"><strong>Gegend der Roseland Halbinsel und des Flusses Fal<\/strong><\/span><\/a>, einer von Cornwalls wundersch\u00f6nsten Regionen, zu erkunden.<\/p>\n<p><a href=\"https:\/\/www.urlaubcornwall.de\/blog\/wp-content\/uploads\/2014\/10\/enterprise-boats-fal-river-cornwall_1.jpg\"><img loading=\"lazy\" class=\"aligncenter size-full wp-image-16964\" src=\"https:\/\/www.urlaubcornwall.de\/blog\/wp-content\/uploads\/2014\/10\/enterprise-boats-fal-river-cornwall_1.jpg\" alt=\"enterprise-boats-fal-river-cornwall_1\" width=\"740\" height=\"368\" srcset=\"https:\/\/www.urlaubcornwall.de\/blog\/wp-content\/uploads\/2014\/10\/enterprise-boats-fal-river-cornwall_1.jpg 740w, https:\/\/www.urlaubcornwall.de\/blog\/wp-content\/uploads\/2014\/10\/enterprise-boats-fal-river-cornwall_1-300x149.jpg 300w\" sizes=\"(max-width: 740px) 100vw, 740px\" \/><\/a><\/p>\n<p>Ohne Auto das Beste aus der Gegend zu machen und dabei Geld zu sparen, k\u00f6nnte nicht einfacher sein mit der <a href=\"http:\/\/www.falriver.co.uk\/getting-about\/fal-mussel-card\/visitor\" target=\"_blank\" rel=\"nofollow\"><span style=\"text-decoration: underline;\"><strong>\u201eMussel Card\u201c<\/strong><\/span><\/a>, die von FalRiver angeboten wird, der Firma, die hinter den Booten und F\u00e4hren steckt, die zwischen Falmouth, St Mawes und Truro verkehren. Dieser preisgekr\u00f6nte Service umfasst klassische F\u00e4hrschiffe, malerische Zugfahrten und l\u00e4ndliche Busverbindungen, sowie Meilen wundersch\u00f6ner K\u00fcstenwege und autofreier Fahrradwege, die Sie benutzen k\u00f6nnen, um um den Fluss herum zu kommen.<\/p>\n<p>Eine Familie kann bis zu 50% sparen, wenn sie eine Karte f\u00fcr 3 Tage unbegrenzter Reisen f\u00fcr \u00a365.70 kauft oder f\u00fcr 6 Tage f\u00fcr \u00a3106.20. <a href=\"http:\/\/www.falriver.co.uk\/getting-about\/fal-mussel-card\/visitor\" target=\"_blank\" rel=\"nofollow\"><span style=\"text-decoration: underline;\"><strong>\u201eMussel Card\u201c<\/strong><\/span><\/a>-Besitzer genie\u00dfen den Vorteil gro\u00dfartiger Angebote, einschlie\u00dflich Nachl\u00e4sse auf Attraktionen, Burgen, in Gesch\u00e4ften, Caf\u00e9s und G\u00e4rten.<\/p>\n<p>Selbst mit Familie ist es m\u00f6glich, diesen wahrhaft sch\u00f6nen und faszinierenden Teil der Grafschaft mit \u00f6ffentlichen Verkehrsmitteln zu erkunden. <a href=\"https:\/\/www.urlaubcornwall.de\/blog\/urlaub-in-falmouth-im-herzen-von-cornwalls-seefahrtsgeschichte\/\"><span style=\"text-decoration: underline;\"><strong>Falmouth Urlaubstipps ohne Auto &gt;&gt;<\/strong><\/span><\/a><\/p>\n","protected":false},"excerpt":{"rendered":"<p>Denken Sie an Urlaub in Cornwall. Was f\u00e4llt Ihnen dazu ein? Flache Sandstr\u00e4nde, rollende Wellen, mit Schieferd\u00e4chern versehene Fischerd\u00f6rfer, durchsichtige Pools in den Felsen und w\u00e4hrend der gesch\u00e4ftigen Sommersaison\u2026..Verkehr. Die engen, kurvigen Wege und Steinhecken, die mit gelbem Ginster bewachsen sind, haben ihren l\u00e4ndlichen Charme, stark an die urspr\u00fcnglichen Muster der Felder erinnernd, doch harmonisieren [&hellip;]<\/p>\n","protected":false},"author":1,"featured_media":0,"parent":0,"menu_order":0,"comment_status":"closed","ping_status":"closed","template":"single-four.php","meta":[],"acf":[],"yoast_head":"<!-- This site is optimized with the Yoast SEO plugin v19.4 - https:\/\/yoast.com\/wordpress\/plugins\/seo\/ -->\n<title>Urlaub in Cornwall ohne Auto? Das ist sehr wohl m\u00f6glich! - Urlaub &amp; Reisen<\/title>\n<meta name=\"robots\" content=\"index, follow, max-snippet:-1, max-image-preview:large, max-video-preview:-1\" \/>\n<link rel=\"canonical\" href=\"https:\/\/www.urlaubcornwall.de\/blog\/urlaub-ohne-auto-das-ist-sehr-wohl-moeglich\/\" \/>\n<meta property=\"og:locale\" content=\"en_US\" \/>\n<meta property=\"og:type\" content=\"article\" \/>\n<meta property=\"og:title\" content=\"Urlaub in Cornwall ohne Auto? Das ist sehr wohl m\u00f6glich! - Urlaub &amp; Reisen\" \/>\n<meta property=\"og:description\" content=\"Denken Sie an Urlaub in Cornwall. Was f\u00e4llt Ihnen dazu ein? Flache Sandstr\u00e4nde, rollende Wellen, mit Schieferd\u00e4chern versehene Fischerd\u00f6rfer, durchsichtige Pools in den Felsen und w\u00e4hrend der gesch\u00e4ftigen Sommersaison\u2026..Verkehr. Die engen, kurvigen Wege und Steinhecken, die mit gelbem Ginster bewachsen sind, haben ihren l\u00e4ndlichen Charme, stark an die urspr\u00fcnglichen Muster der Felder erinnernd, doch harmonisieren [&hellip;]\" \/>\n<meta property=\"og:url\" content=\"https:\/\/www.urlaubcornwall.de\/blog\/urlaub-ohne-auto-das-ist-sehr-wohl-moeglich\/\" \/>\n<meta property=\"og:site_name\" content=\"Urlaub &amp; Reisen\" \/>\n<meta property=\"article:modified_time\" content=\"2018-07-26T15:18:28+00:00\" \/>\n<meta property=\"og:image\" content=\"https:\/\/www.urlaubcornwall.de\/blog\/wp-content\/uploads\/2014\/10\/Cornwall-Urlaub-ohne-Auto.jpg\" \/>\n<meta name=\"twitter:card\" content=\"summary\" \/>\n<meta name=\"twitter:label1\" content=\"Est. reading time\" \/>\n\t<meta name=\"twitter:data1\" content=\"2 minutes\" \/>\n<script type=\"application\/ld+json\" class=\"yoast-schema-graph\">{\"@context\":\"https:\/\/schema.org\",\"@graph\":[{\"@type\":\"WebSite\",\"@id\":\"https:\/\/www.urlaubcornwall.de\/blog\/#website\",\"url\":\"https:\/\/www.urlaubcornwall.de\/blog\/\",\"name\":\"Urlaub &amp; Reisen\",\"description\":\"Urlaub, Reisen, Cornwall und S\u00fcdengland: eine perfekte Kombination\",\"potentialAction\":[{\"@type\":\"SearchAction\",\"target\":{\"@type\":\"EntryPoint\",\"urlTemplate\":\"https:\/\/www.urlaubcornwall.de\/blog\/?s={search_term_string}\"},\"query-input\":\"required name=search_term_string\"}],\"inLanguage\":\"en-US\"},{\"@type\":\"WebPage\",\"@id\":\"https:\/\/www.urlaubcornwall.de\/blog\/urlaub-ohne-auto-das-ist-sehr-wohl-moeglich\/\",\"url\":\"https:\/\/www.urlaubcornwall.de\/blog\/urlaub-ohne-auto-das-ist-sehr-wohl-moeglich\/\",\"name\":\"Urlaub in Cornwall ohne Auto? Das ist sehr wohl m\u00f6glich! - Urlaub &amp; Reisen\",\"isPartOf\":{\"@id\":\"https:\/\/www.urlaubcornwall.de\/blog\/#website\"},\"datePublished\":\"2014-10-15T13:05:03+00:00\",\"dateModified\":\"2018-07-26T15:18:28+00:00\",\"breadcrumb\":{\"@id\":\"https:\/\/www.urlaubcornwall.de\/blog\/urlaub-ohne-auto-das-ist-sehr-wohl-moeglich\/#breadcrumb\"},\"inLanguage\":\"en-US\",\"potentialAction\":[{\"@type\":\"ReadAction\",\"target\":[\"https:\/\/www.urlaubcornwall.de\/blog\/urlaub-ohne-auto-das-ist-sehr-wohl-moeglich\/\"]}]},{\"@type\":\"BreadcrumbList\",\"@id\":\"https:\/\/www.urlaubcornwall.de\/blog\/urlaub-ohne-auto-das-ist-sehr-wohl-moeglich\/#breadcrumb\",\"itemListElement\":[{\"@type\":\"ListItem\",\"position\":1,\"name\":\"Home\",\"item\":\"https:\/\/www.urlaubcornwall.de\/blog\/\"},{\"@type\":\"ListItem\",\"position\":2,\"name\":\"Urlaub in Cornwall ohne Auto? Das ist sehr wohl m\u00f6glich!\"}]}]}<\/script>\n<!-- \/ Yoast SEO plugin. -->","yoast_head_json":{"title":"Urlaub in Cornwall ohne Auto? Das ist sehr wohl m\u00f6glich! - Urlaub &amp; Reisen","robots":{"index":"index","follow":"follow","max-snippet":"max-snippet:-1","max-image-preview":"max-image-preview:large","max-video-preview":"max-video-preview:-1"},"canonical":"https:\/\/www.urlaubcornwall.de\/blog\/urlaub-ohne-auto-das-ist-sehr-wohl-moeglich\/","og_locale":"en_US","og_type":"article","og_title":"Urlaub in Cornwall ohne Auto? Das ist sehr wohl m\u00f6glich! - Urlaub &amp; Reisen","og_description":"Denken Sie an Urlaub in Cornwall. Was f\u00e4llt Ihnen dazu ein? Flache Sandstr\u00e4nde, rollende Wellen, mit Schieferd\u00e4chern versehene Fischerd\u00f6rfer, durchsichtige Pools in den Felsen und w\u00e4hrend der gesch\u00e4ftigen Sommersaison\u2026..Verkehr. Die engen, kurvigen Wege und Steinhecken, die mit gelbem Ginster bewachsen sind, haben ihren l\u00e4ndlichen Charme, stark an die urspr\u00fcnglichen Muster der Felder erinnernd, doch harmonisieren [&hellip;]","og_url":"https:\/\/www.urlaubcornwall.de\/blog\/urlaub-ohne-auto-das-ist-sehr-wohl-moeglich\/","og_site_name":"Urlaub &amp; Reisen","article_modified_time":"2018-07-26T15:18:28+00:00","og_image":[{"url":"https:\/\/www.urlaubcornwall.de\/blog\/wp-content\/uploads\/2014\/10\/Cornwall-Urlaub-ohne-Auto.jpg"}],"twitter_card":"summary","twitter_misc":{"Est. reading time":"2 minutes"},"schema":{"@context":"https:\/\/schema.org","@graph":[{"@type":"WebSite","@id":"https:\/\/www.urlaubcornwall.de\/blog\/#website","url":"https:\/\/www.urlaubcornwall.de\/blog\/","name":"Urlaub &amp; Reisen","description":"Urlaub, Reisen, Cornwall und S\u00fcdengland: eine perfekte Kombination","potentialAction":[{"@type":"SearchAction","target":{"@type":"EntryPoint","urlTemplate":"https:\/\/www.urlaubcornwall.de\/blog\/?s={search_term_string}"},"query-input":"required name=search_term_string"}],"inLanguage":"en-US"},{"@type":"WebPage","@id":"https:\/\/www.urlaubcornwall.de\/blog\/urlaub-ohne-auto-das-ist-sehr-wohl-moeglich\/","url":"https:\/\/www.urlaubcornwall.de\/blog\/urlaub-ohne-auto-das-ist-sehr-wohl-moeglich\/","name":"Urlaub in Cornwall ohne Auto? Das ist sehr wohl m\u00f6glich! - Urlaub &amp; Reisen","isPartOf":{"@id":"https:\/\/www.urlaubcornwall.de\/blog\/#website"},"datePublished":"2014-10-15T13:05:03+00:00","dateModified":"2018-07-26T15:18:28+00:00","breadcrumb":{"@id":"https:\/\/www.urlaubcornwall.de\/blog\/urlaub-ohne-auto-das-ist-sehr-wohl-moeglich\/#breadcrumb"},"inLanguage":"en-US","potentialAction":[{"@type":"ReadAction","target":["https:\/\/www.urlaubcornwall.de\/blog\/urlaub-ohne-auto-das-ist-sehr-wohl-moeglich\/"]}]},{"@type":"BreadcrumbList","@id":"https:\/\/www.urlaubcornwall.de\/blog\/urlaub-ohne-auto-das-ist-sehr-wohl-moeglich\/#breadcrumb","itemListElement":[{"@type":"ListItem","position":1,"name":"Home","item":"https:\/\/www.urlaubcornwall.de\/blog\/"},{"@type":"ListItem","position":2,"name":"Urlaub in Cornwall ohne Auto? Das ist sehr wohl m\u00f6glich!"}]}]}},"_links":{"self":[{"href":"https:\/\/www.urlaubcornwall.de\/blog\/wp-json\/wp\/v2\/pages\/16953"}],"collection":[{"href":"https:\/\/www.urlaubcornwall.de\/blog\/wp-json\/wp\/v2\/pages"}],"about":[{"href":"https:\/\/www.urlaubcornwall.de\/blog\/wp-json\/wp\/v2\/types\/page"}],"author":[{"embeddable":true,"href":"https:\/\/www.urlaubcornwall.de\/blog\/wp-json\/wp\/v2\/users\/1"}],"replies":[{"embeddable":true,"href":"https:\/\/www.urlaubcornwall.de\/blog\/wp-json\/wp\/v2\/comments?post=16953"}],"version-history":[{"count":8,"href":"https:\/\/www.urlaubcornwall.de\/blog\/wp-json\/wp\/v2\/pages\/16953\/revisions"}],"predecessor-version":[{"id":34042,"href":"https:\/\/www.urlaubcornwall.de\/blog\/wp-json\/wp\/v2\/pages\/16953\/revisions\/34042"}],"wp:attachment":[{"href":"https:\/\/www.urlaubcornwall.de\/blog\/wp-json\/wp\/v2\/media?parent=16953"}],"curies":[{"name":"wp","href":"https:\/\/api.w.org\/{rel}","templated":true}]}}