{"id":16649,"date":"2014-09-16T10:37:30","date_gmt":"2014-09-16T10:37:30","guid":{"rendered":"https:\/\/www.urlaubcornwall.de\/blog\/?page_id=16649"},"modified":"2026-01-06T16:49:21","modified_gmt":"2026-01-06T16:49:21","slug":"fuenf-der-besten-unsere-beliebtesten-haefen-in-cornwall","status":"publish","type":"page","link":"https:\/\/www.urlaubcornwall.de\/blog\/fuenf-der-besten-unsere-beliebtesten-haefen-in-cornwall\/","title":{"rendered":"F\u00fcnf der Besten \u2013 unsere beliebtesten H\u00e4fen in Cornwall"},"content":{"rendered":"<p>Reiseziele Cornwall: Wir sind sehr verw\u00f6hnt hier in <a href=\"http:\/\/www.urlaubcornwall.de\/reiseziel\/cornwall.php\">Cornwall<\/a>, was die Wahl wundersch\u00f6ner H\u00e4fen angeht. Hier finden Sie also unsere Liste der 5 cornischen H\u00e4fen, die Sie auf Ihrer Rundreise nicht vers\u00e4umen sollten.<\/p>\n<p style=\"text-align: center;\">\n\t\t<strong><br \/>\n\t\t\t<a href=\"#polperro\" title=\"Polperro Hafen\">Polperro<\/a> |<br \/>\n\t\t\t<a href=\"#padstow\" title=\"Padstow Hafen\">Padstow<\/a> |<br \/>\n\t\t\t<a href=\"#mevagissey\" title=\"Mevagissey Hafen\">Mevagissey<\/a> |<br \/>\n\t\t\t<a href=\"#mousehole\" title=\"Mousehole Hafen\">Mousehole<\/a> |<br \/>\n\t\t\t<a href=\"#portisaac\" title=\"Port Isaac Hafen\">Port Isaac<\/a><br \/>\n\t\t<\/strong>\n\t<\/p>\n<p><a href=\"https:\/\/www.urlaubcornwall.de\/blog\/wp-content\/uploads\/2021\/10\/polperro_insta.jpg\"><img loading=\"lazy\" class=\"aligncenter size-full wp-image-43329\" src=\"https:\/\/www.urlaubcornwall.de\/blog\/wp-content\/uploads\/2021\/10\/polperro_insta.jpg\" alt=\"polperro\" width=\"750\" height=\"498\" srcset=\"https:\/\/www.urlaubcornwall.de\/blog\/wp-content\/uploads\/2021\/10\/polperro_insta.jpg 750w, https:\/\/www.urlaubcornwall.de\/blog\/wp-content\/uploads\/2021\/10\/polperro_insta-300x199.jpg 300w\" sizes=\"(max-width: 750px) 100vw, 750px\" \/><\/a><\/p>\n<p><a href=\"https:\/\/www.urlaubcornwall.de\/blog\/wp-content\/uploads\/2021\/10\/polperro_insta.jpg\"><img src=\" class=\"alignnone size-full wp-image-\" \/><\/a><\/p>\n<h1 id=\"polperro\"><a href=\"https:\/\/www.urlaubcornwall.de\/ferienhaeuser-fewos\/polperro.html\">1) Hafen Polperro, S\u00fcdostcornwall<\/a><\/h1>\n<p><strong>Polperro ist ein wahrhaftes Juwel mit seinem malerischen Hafen und engen, verschlungenen Str\u00e4\u00dfchen voller charaktervoller Cottages, angeschmiegt an einen steilen Hang an der S\u00fcdk\u00fcste Cornwalls.<\/strong><\/p>\n<p>Die Fischerei war traditionell die Hauptbesch\u00e4ftigung f\u00fcr Polperros Bewohner. Noch heute gibt es eine Anzahl an Fischerbooten, die vom Hafen aus arbeiten, doch der Tourismus ist inzwischen die Hauptindustrie des Dorfes.<\/p>\n<p>Es gibt f\u00fcr Besucher viel zu sehen und zu tun w\u00e4hrend eines Besuches in <a href=\"https:\/\/www.urlaubcornwall.de\/blog\/polperro-ein-charmantes-fischerdorf-in-cornwall\/\">Polperro<\/a>, vom Heimatkundemuseum der Schmuggelei und Fischerei, bis hin zu einem fantastischen \u201cDorfmodell\u201d, Kunstgalerien, und nat\u00fcrlich den wundersch\u00f6nen K\u00fcstenpfaden, von denen aus Sie versteckte Buchten und einsame Str\u00e4nde der Gegend entdecken k\u00f6nnen. Polperros urige und enge Str\u00e4\u00dfchen erschweren das Fahren und Parken im Dorf, daher lassen Sie Ihr Auto lieber im gro\u00dfen Parkplatz vor den Toren des Dorfes.<\/p>\n<p><a href=\"https:\/\/www.urlaubcornwall.de\/blog\/wp-content\/uploads\/2014\/09\/Padstow_1.jpg\"><img loading=\"lazy\" class=\"aligncenter size-full wp-image-16787\" src=\"https:\/\/www.urlaubcornwall.de\/blog\/wp-content\/uploads\/2014\/09\/Padstow_1.jpg\" alt=\"padstow\" height=\"354\" width=\"748\"\/><\/a><\/p>\n<h1 id=\"padstow\"><a href=\"https:\/\/www.urlaubcornwall.de\/ferienhaeuser-fewos\/padstow.html\">2) Hafen Padstow, Nordcornwall<\/a><\/h1>\n<p><strong>Padstow befindet sich am Westufer der Camel-Flussm\u00fcndung in Nordcornwall. Es ist ein beliebtes Urlaubsziel f\u00fcr Besucher Cornwalls, und dies ist verst\u00e4ndlich.<\/strong><\/p>\n<p>Padstow ist eine gesch\u00e4ftige Stadt, vielleicht besonders bekannt f\u00fcr seine Auswahl an fantastischen Fischrestaurants, die sich um den Hafen herum und im Labyrinth der Hinterg\u00e4sschen befinden.<\/p>\n<p>Es gibt eine Menge zu sehen und zu tun im Gebiet um <a href=\"https:\/\/www.urlaubcornwall.de\/blog\/padstow-geschichte-sehenswuerdigkeiten-und-unterkunft\/\">Padstow<\/a> herum. Abgesehen von seinem bezaubernden Hafen und den K\u00fcstenwegen, k\u00f6nnen Sie ein Fahrrad mieten und den Camel Radweg entlang radeln, welcher sich entlang de der Flussm\u00fcndung an einer stillgelegten Bahnstrecke befindet. Die Nationale Hummer -Aufzuchtstation befindet sich ebenfalls in Padstow und ist eine beliebte Attraktion. Auch die vielen kleinen Gesch\u00e4fte und Galerien, die es anzuschauen gibt, all das macht Padstow zum perfekten Ort, um hier einen entspannenden Urlaub zu verbringen oder einen Tagesausflug mit der Familie.<\/p>\n<p><a href=\"https:\/\/www.urlaubcornwall.de\/blog\/wp-content\/uploads\/2014\/09\/mevagissey_1.jpg\"><img loading=\"lazy\" class=\"aligncenter size-full wp-image-16784\" src=\"https:\/\/www.urlaubcornwall.de\/blog\/wp-content\/uploads\/2014\/09\/mevagissey_1.jpg\" alt=\"mevagissey hafen\" height=\"354\" width=\"748\"\/><\/a><\/p>\n<h1 id=\"mevagissey\"><a href=\"https:\/\/www.urlaubcornwall.de\/ferienhaeuser-fewos\/mevagissey.html\">3) Hafen Mevagissey, S\u00fcdcornwall<\/a><\/h1>\n<p><strong>Mevagissey bei St Austell an Cornwalls S\u00fcdk\u00fcste liegt in einem kleinen Tal \u00f6stlich der Bucht Mevagissey.<\/strong><\/p>\n<p>Das Dorf hat einen inneren Hafen, auf einem mittelalterlichen Kai errichtet, und einen \u00e4u\u00dferen Hafen, die beide f\u00fcr die Fischerei und auch f\u00fcr Vergn\u00fcgungsboote genutzt werden. Den Stra\u00dfen Mevagisseys entlang finden Sie eine Auswahl an Geschenkel\u00e4den mit nautischen Themen, Restaurants und Kneipen, die es allesamt zum Vergn\u00fcgen werden lassen, im Dorf herum zu schlendern. Sie k\u00f6nnen auch mit der F\u00e4hre in das benachbarte Dorf Fowey oder sogar Ihr eigenes Boot am Hafen mieten, um die K\u00fcste auf eigene Faust zu erkunden.<\/p>\n<p><a href=\"https:\/\/www.urlaubcornwall.de\/blog\/wp-content\/uploads\/2014\/09\/Mousehole_1.jpg\"><img loading=\"lazy\" class=\"aligncenter size-full wp-image-16785\" src=\"https:\/\/www.urlaubcornwall.de\/blog\/wp-content\/uploads\/2014\/09\/Mousehole_1.jpg\" alt=\"mousehole\" height=\"354\" width=\"748\"\/><\/a><\/p>\n<h1 id=\"mousehole\"><a href=\"https:\/\/www.urlaubcornwall.de\/ferienhaeuser-fewos\/mousehole.html\">4) Hafen Mousehole, Westcornwall<\/a><\/h1>\n<p><strong>Mousehole, ein bezauberndes Dorf in der N\u00e4he von <a href=\"https:\/\/www.urlaubcornwall.de\/blog\/penzance-geschichte-sehenswuerdigkeiten-und-unterkunft\/\">Penzance<\/a> in Westcornwall, ist eine von Cornwalls beliebtester Urlaubsziele und war einst der Haupthafen der Mounts Bay.<\/strong><\/p>\n<p>Es gibt eine Reihe von M\u00f6glichkeiten, woher wohl der sonderbare Name kommt. Manche sagen, er r\u00fchrt vom w\u00f6rtlichen Mauseloch her und bezieht sich auf den urspr\u00fcnglich winzigen Hafen oder eine nahe gelegene Meeresh\u00f6hle.<\/p>\n<div class=\"snippet\"> <a class=\"featured-item\" href=\"https:\/\/www.urlaubcornwall.de\/ferienhaeuser\/cornwall.php\"> <span class=\"image-holder\" style=\"background-image: url('https:\/\/www.urlaubcornwall.de\/blog\/wp-content\/uploads\/2018\/12\/ferienhaus-cornwall-mit-hund.jpg');\"><\/span> <span class=\"featured-content\"> \n<h2 class=\"featured-title\">Ferienh\u00e4user in Cornwall zum Verlieben!<\/h2>\n<p class=\"featured-body\">Cornwall besitzt mehr K\u00fcstenlinien als jede andere Grafschaft und bietet einige der besten Str\u00e4nde, K\u00fcstenwanderwege und Klippenlandschaften, die man \u00fcberhaupt finden kann&#8230;.<\/p><\/span> <span class=\"featured-link-holder\"> <span class=\"featured-extra-info\"> \n<p>F\u00fcr Paare, Familien &#038; Gruppen<\/p>\n<\/span> \n<p class=\"featured-link\">DETAILS<\/p>\n<\/span> <\/a><\/div>\n<p>Mouseholes Hafen verf\u00fcgt \u00fcber einen kinderfreundlichen Strand, welcher zur Beliebtheit als Familienurlaubsort beitr\u00e4gt. Wohl eine der beliebtesten Attraktionen Mouseholes finden Sie zur Weihnachtszeit, wenn die Boote im Hafen und die engen, verschlungenen Str\u00e4\u00dfchen mit Weihnachtslichtern geschm\u00fcckt sind. Ein Anblick, der durchaus eine Reise wert ist!<\/p>\n<p><a href=\"https:\/\/www.urlaubcornwall.de\/blog\/wp-content\/uploads\/2014\/09\/Port-isaac_1.jpg\"><img loading=\"lazy\" class=\"aligncenter size-full wp-image-16786\" src=\"https:\/\/www.urlaubcornwall.de\/blog\/wp-content\/uploads\/2014\/09\/Port-isaac_1.jpg\" alt=\"port isaac\" height=\"354\" width=\"748\"\/><\/a><\/p>\n<h1 id=\"portisaac\"><a href=\"https:\/\/www.urlaubcornwall.de\/ferienhaeuser-fewos\/port-isaac.html\">5) Hafen Port Isaac, Nordcornwall<\/a><\/h1>\n<p><strong>Port Isaac ist eine wundersch\u00f6ne, urige Hafenstadt an Cornwalls Nordk\u00fcste bei Rock und Polzeath.<\/strong><\/p>\n<p>Es gibt einen betriebsamen Hafen und Fischmarkt am Strand, wo Sie k\u00f6stliche Krabben-Sandwiches bekommen k\u00f6nnen. Die Stadt selbst hat einige wundersch\u00f6ne Kunsthandwerks- und Geschenkel\u00e4den, wie auch eine gro\u00dfe Auswahl an Restaurants, Caf\u00e9s, Kneipen und Gasth\u00e4usern. Auf den es umgebenden Klippenwegen k\u00f6nnen Sie die atemberaubende K\u00fcstenlandschaft aufsaugen. Der n\u00e4chste Hafen, Port Gaverne, ist nur einen kurzen Spaziergang entfernt, ein winziger, urspr\u00fcnglicher Hafen, eine Meile den K\u00fcstenpfad entlang.<\/p>\n<div class=\"snippet\"> <a class=\"featured-item\" href=\" https:\/\/www.urlaubcornwall.de\/rundreisen\/cornwall-suedengland.php\"> <span class=\"image-holder\" style=\"background-image: url(' https:\/\/www.urlaubcornwall.de\/blog\/wp-content\/uploads\/2018\/11\/rundreise-cornwall.jpg ');\"><\/span> <span class=\"featured-content\"> \n<h2 class=\"featured-title\">Individuelle Rundreise in Cornwall &#038; S\u00fcdengland<\/h2>\n<p class=\"featured-body\"> Bei dieser Cornwall Rundreise entdecken Sie die H\u00f6hepunkte S\u00fcdenglands. Kultur, Geschichte, Landschaft und heutiges Leben werden Sie hierbei kennenlernen&#8230;<\/p>\n<\/span> <span class=\"featured-link-holder\"> <span class=\"featured-extra-info\"> \n<p>F\u00fcr Paare, Familien &#038; Gruppen<\/p>\n<\/span> \n<p class=\"featured-link\">DETAILS<\/p>\n<\/span> <\/a><\/div>\n","protected":false},"excerpt":{"rendered":"<p>Reiseziele Cornwall: Wir sind sehr verw\u00f6hnt hier in Cornwall, was die Wahl wundersch\u00f6ner H\u00e4fen angeht. Hier finden Sie also unsere Liste der 5 cornischen H\u00e4fen, die Sie auf Ihrer Rundreise nicht vers\u00e4umen sollten. Polperro | Padstow | Mevagissey | Mousehole | Port Isaac<\/p>\n","protected":false},"author":1,"featured_media":0,"parent":0,"menu_order":0,"comment_status":"closed","ping_status":"closed","template":"single-four.php","meta":[],"acf":[],"yoast_head":"<!-- This site is optimized with the Yoast SEO plugin v19.4 - https:\/\/yoast.com\/wordpress\/plugins\/seo\/ -->\n<title>F\u00fcnf der Besten \u2013 unsere beliebtesten H\u00e4fen in Cornwall - Urlaub &amp; Reisen<\/title>\n<meta name=\"robots\" content=\"index, follow, max-snippet:-1, max-image-preview:large, max-video-preview:-1\" \/>\n<link rel=\"canonical\" href=\"https:\/\/www.urlaubcornwall.de\/blog\/fuenf-der-besten-unsere-beliebtesten-haefen-in-cornwall\/\" \/>\n<meta property=\"og:locale\" content=\"en_US\" \/>\n<meta property=\"og:type\" content=\"article\" \/>\n<meta property=\"og:title\" content=\"F\u00fcnf der Besten \u2013 unsere beliebtesten H\u00e4fen in Cornwall - Urlaub &amp; Reisen\" \/>\n<meta property=\"og:description\" content=\"Reiseziele Cornwall: Wir sind sehr verw\u00f6hnt hier in Cornwall, was die Wahl wundersch\u00f6ner H\u00e4fen angeht. Hier finden Sie also unsere Liste der 5 cornischen H\u00e4fen, die Sie auf Ihrer Rundreise nicht vers\u00e4umen sollten. Polperro | Padstow | Mevagissey | Mousehole | Port Isaac\" \/>\n<meta property=\"og:url\" content=\"https:\/\/www.urlaubcornwall.de\/blog\/fuenf-der-besten-unsere-beliebtesten-haefen-in-cornwall\/\" \/>\n<meta property=\"og:site_name\" content=\"Urlaub &amp; Reisen\" \/>\n<meta property=\"article:modified_time\" content=\"2026-01-06T16:49:21+00:00\" \/>\n<meta property=\"og:image\" content=\"https:\/\/www.urlaubcornwall.de\/blog\/wp-content\/uploads\/2021\/10\/polperro_insta.jpg\" \/>\n<meta name=\"twitter:card\" content=\"summary\" \/>\n<meta name=\"twitter:label1\" content=\"Est. reading time\" \/>\n\t<meta name=\"twitter:data1\" content=\"5 minutes\" \/>\n<script type=\"application\/ld+json\" class=\"yoast-schema-graph\">{\"@context\":\"https:\/\/schema.org\",\"@graph\":[{\"@type\":\"WebSite\",\"@id\":\"https:\/\/www.urlaubcornwall.de\/blog\/#website\",\"url\":\"https:\/\/www.urlaubcornwall.de\/blog\/\",\"name\":\"Urlaub &amp; Reisen\",\"description\":\"Urlaub, Reisen, Cornwall und S\u00fcdengland: eine perfekte Kombination\",\"potentialAction\":[{\"@type\":\"SearchAction\",\"target\":{\"@type\":\"EntryPoint\",\"urlTemplate\":\"https:\/\/www.urlaubcornwall.de\/blog\/?s={search_term_string}\"},\"query-input\":\"required name=search_term_string\"}],\"inLanguage\":\"en-US\"},{\"@type\":\"WebPage\",\"@id\":\"https:\/\/www.urlaubcornwall.de\/blog\/fuenf-der-besten-unsere-beliebtesten-haefen-in-cornwall\/\",\"url\":\"https:\/\/www.urlaubcornwall.de\/blog\/fuenf-der-besten-unsere-beliebtesten-haefen-in-cornwall\/\",\"name\":\"F\u00fcnf der Besten \u2013 unsere beliebtesten H\u00e4fen in Cornwall - Urlaub &amp; Reisen\",\"isPartOf\":{\"@id\":\"https:\/\/www.urlaubcornwall.de\/blog\/#website\"},\"datePublished\":\"2014-09-16T10:37:30+00:00\",\"dateModified\":\"2026-01-06T16:49:21+00:00\",\"breadcrumb\":{\"@id\":\"https:\/\/www.urlaubcornwall.de\/blog\/fuenf-der-besten-unsere-beliebtesten-haefen-in-cornwall\/#breadcrumb\"},\"inLanguage\":\"en-US\",\"potentialAction\":[{\"@type\":\"ReadAction\",\"target\":[\"https:\/\/www.urlaubcornwall.de\/blog\/fuenf-der-besten-unsere-beliebtesten-haefen-in-cornwall\/\"]}]},{\"@type\":\"BreadcrumbList\",\"@id\":\"https:\/\/www.urlaubcornwall.de\/blog\/fuenf-der-besten-unsere-beliebtesten-haefen-in-cornwall\/#breadcrumb\",\"itemListElement\":[{\"@type\":\"ListItem\",\"position\":1,\"name\":\"Home\",\"item\":\"https:\/\/www.urlaubcornwall.de\/blog\/\"},{\"@type\":\"ListItem\",\"position\":2,\"name\":\"F\u00fcnf der Besten \u2013 unsere beliebtesten H\u00e4fen in Cornwall\"}]}]}<\/script>\n<!-- \/ Yoast SEO plugin. -->","yoast_head_json":{"title":"F\u00fcnf der Besten \u2013 unsere beliebtesten H\u00e4fen in Cornwall - Urlaub &amp; Reisen","robots":{"index":"index","follow":"follow","max-snippet":"max-snippet:-1","max-image-preview":"max-image-preview:large","max-video-preview":"max-video-preview:-1"},"canonical":"https:\/\/www.urlaubcornwall.de\/blog\/fuenf-der-besten-unsere-beliebtesten-haefen-in-cornwall\/","og_locale":"en_US","og_type":"article","og_title":"F\u00fcnf der Besten \u2013 unsere beliebtesten H\u00e4fen in Cornwall - Urlaub &amp; Reisen","og_description":"Reiseziele Cornwall: Wir sind sehr verw\u00f6hnt hier in Cornwall, was die Wahl wundersch\u00f6ner H\u00e4fen angeht. Hier finden Sie also unsere Liste der 5 cornischen H\u00e4fen, die Sie auf Ihrer Rundreise nicht vers\u00e4umen sollten. Polperro | Padstow | Mevagissey | Mousehole | Port Isaac","og_url":"https:\/\/www.urlaubcornwall.de\/blog\/fuenf-der-besten-unsere-beliebtesten-haefen-in-cornwall\/","og_site_name":"Urlaub &amp; Reisen","article_modified_time":"2026-01-06T16:49:21+00:00","og_image":[{"url":"https:\/\/www.urlaubcornwall.de\/blog\/wp-content\/uploads\/2021\/10\/polperro_insta.jpg"}],"twitter_card":"summary","twitter_misc":{"Est. reading time":"5 minutes"},"schema":{"@context":"https:\/\/schema.org","@graph":[{"@type":"WebSite","@id":"https:\/\/www.urlaubcornwall.de\/blog\/#website","url":"https:\/\/www.urlaubcornwall.de\/blog\/","name":"Urlaub &amp; Reisen","description":"Urlaub, Reisen, Cornwall und S\u00fcdengland: eine perfekte Kombination","potentialAction":[{"@type":"SearchAction","target":{"@type":"EntryPoint","urlTemplate":"https:\/\/www.urlaubcornwall.de\/blog\/?s={search_term_string}"},"query-input":"required name=search_term_string"}],"inLanguage":"en-US"},{"@type":"WebPage","@id":"https:\/\/www.urlaubcornwall.de\/blog\/fuenf-der-besten-unsere-beliebtesten-haefen-in-cornwall\/","url":"https:\/\/www.urlaubcornwall.de\/blog\/fuenf-der-besten-unsere-beliebtesten-haefen-in-cornwall\/","name":"F\u00fcnf der Besten \u2013 unsere beliebtesten H\u00e4fen in Cornwall - Urlaub &amp; Reisen","isPartOf":{"@id":"https:\/\/www.urlaubcornwall.de\/blog\/#website"},"datePublished":"2014-09-16T10:37:30+00:00","dateModified":"2026-01-06T16:49:21+00:00","breadcrumb":{"@id":"https:\/\/www.urlaubcornwall.de\/blog\/fuenf-der-besten-unsere-beliebtesten-haefen-in-cornwall\/#breadcrumb"},"inLanguage":"en-US","potentialAction":[{"@type":"ReadAction","target":["https:\/\/www.urlaubcornwall.de\/blog\/fuenf-der-besten-unsere-beliebtesten-haefen-in-cornwall\/"]}]},{"@type":"BreadcrumbList","@id":"https:\/\/www.urlaubcornwall.de\/blog\/fuenf-der-besten-unsere-beliebtesten-haefen-in-cornwall\/#breadcrumb","itemListElement":[{"@type":"ListItem","position":1,"name":"Home","item":"https:\/\/www.urlaubcornwall.de\/blog\/"},{"@type":"ListItem","position":2,"name":"F\u00fcnf der Besten \u2013 unsere beliebtesten H\u00e4fen in Cornwall"}]}]}},"_links":{"self":[{"href":"https:\/\/www.urlaubcornwall.de\/blog\/wp-json\/wp\/v2\/pages\/16649"}],"collection":[{"href":"https:\/\/www.urlaubcornwall.de\/blog\/wp-json\/wp\/v2\/pages"}],"about":[{"href":"https:\/\/www.urlaubcornwall.de\/blog\/wp-json\/wp\/v2\/types\/page"}],"author":[{"embeddable":true,"href":"https:\/\/www.urlaubcornwall.de\/blog\/wp-json\/wp\/v2\/users\/1"}],"replies":[{"embeddable":true,"href":"https:\/\/www.urlaubcornwall.de\/blog\/wp-json\/wp\/v2\/comments?post=16649"}],"version-history":[{"count":22,"href":"https:\/\/www.urlaubcornwall.de\/blog\/wp-json\/wp\/v2\/pages\/16649\/revisions"}],"predecessor-version":[{"id":51980,"href":"https:\/\/www.urlaubcornwall.de\/blog\/wp-json\/wp\/v2\/pages\/16649\/revisions\/51980"}],"wp:attachment":[{"href":"https:\/\/www.urlaubcornwall.de\/blog\/wp-json\/wp\/v2\/media?parent=16649"}],"curies":[{"name":"wp","href":"https:\/\/api.w.org\/{rel}","templated":true}]}}