{"id":15765,"date":"2014-06-10T12:23:20","date_gmt":"2014-06-10T12:23:20","guid":{"rendered":"https:\/\/www.urlaubcornwall.de\/blog\/?page_id=15765"},"modified":"2021-08-08T09:46:38","modified_gmt":"2021-08-08T09:46:38","slug":"ferienhaus-hastings-am-meer-das-strandhaus","status":"publish","type":"page","link":"https:\/\/www.urlaubcornwall.de\/blog\/ferienhaus-hastings-am-meer-das-strandhaus\/","title":{"rendered":"Ferienhaus Hastings am Meer- Das Strandhaus Sussex"},"content":{"rendered":"<p>Ein <a href=\"https:\/\/www.urlaubcornwall.de\/ferienhaueser\/sussex.php\">Ferienhaus in Sussex<\/a>, das den perfekten Familienurlaub in Hastings Old Town bietet, direkt am Meeresufer, in gro\u00dfartiger Lage zu Gesch\u00e4ften und Fischrestaurants.<\/p>\n<p><strong>2 Schlafzimmer , Schlafplatz f\u00fcr 4 , leider keine Haustiere erlaubt , Ferienhaus Hastings am Meer , East Sussex. Preisepanne \u00a3395-\u00a3775<\/strong><\/p>\n<p>Dieses denkmalgesch\u00fctzte, wetterfeste Haus \u00fcber f\u00fcnf Stockwerke befindet sich in der Konservierungsgegend von <a href=\"https:\/\/www.urlaubcornwall.de\/ferienhaeuser-fewos\/eng\/sussex\/hastings.html\">Old Hastings mit Blick<\/a> direkt zum Meer hin. Von den Erkerfenstern aus bietet sich Ihnen eine Blick von 180 Grad von Hastings East Cliff Bahnstrecke bis zum Beachy Head in der Ferne im Westen.<\/p>\n<p>Geschmackvoll pr\u00e4sentiert, bietet dieses Ferienhaus eine einzigartige Unterkunft direkt im Herzen dieses ganz besonderen, begehrenswerten Teils der Stadt. Im Erdgeschoss finden Sie eine umfassend ausgestattete K\u00fcche mit Esszimmer darunter im Untergeschoss. Das Wohnzimmer befindet sich auf dem ersten Stock, einfach, doch komfortabel eingerichtet, einen Strand- oder Meeresstil sauberen Wohnens widerspiegelnd.<\/p>\n<p>Die Schlafzimmer befinden sich im zweiten und dritten Stock. Das Hauptschlafzimmer im dritten Stock hat ein Doppelbett mit en-suite Badezimmer. Das zweite Schlafzimmer mit gro\u00dfartigem Meeresblick hat zwei Einzelbetten mit einem kleinen Duschraum im Flur.<\/p>\n<p style=\"text-align: center;\"><a class=\"tidycta\" href=\"https:\/\/www.urlaubcornwall.de\/ferienhaeuser-fewos\/eng\/sussex\/sussex.html\">Suche Ferienh\u00e4user in Sussex <\/a><\/p>\n<p><strong>M\u00f6glichkeiten &amp; Dienstleistungen<\/strong><\/p>\n<p>einschlie\u00dflich Gasheizung \u2013 Gaszentralheizung, WiFi<\/p>\n<p><strong>Verschiedenes<\/strong><\/p>\n<p>\u2022 4 Personen<br \/>\n\u2022 Geschirrsp\u00fclmaschine<br \/>\n\u2022 en-suite M\u00f6glichkeiten<br \/>\n\u2022 Internetzugang<br \/>\n\u2022 einschlie\u00dflich Bettzeug und Handt\u00fccher<br \/>\n\u2022 Fernseher und DVD<br \/>\n\u2022 Wasch- und Trockenm\u00f6glichkeiten<br \/>\n\u2022 Kinderreisebett<\/p>\n<p style=\"text-align: center;\"><strong>Bei uns finden Sie Ferienh\u00e4user in Hsstings zum Verlieben \u2013 so einfach ist das!<\/strong><\/p>\n<p style=\"text-align: center;\"><a class=\"tidycta\" href=\"https:\/\/www.urlaubcornwall.de\/ferienhaeuser\/sussex.php\">Suche Ferienh\u00e4user in Sussex <\/a><\/p>\n<p style=\"text-align: center;\">UrlaubCornwall.de hat eine einzigartige Sammlung pers\u00f6nlich inspizierter Ferienh\u00e4user und Ferienwohnungen in Sussex, <a href=\"https:\/\/www.urlaubcornwall.de\/ferienhaueser\/suedengland.php\">S\u00fcdengland<\/a> und nun auch im gesamten Gro\u00dfbritannien.<\/p>\n","protected":false},"excerpt":{"rendered":"<p>Ein Ferienhaus in Sussex, das den perfekten Familienurlaub in Hastings Old Town bietet, direkt am Meeresufer, in gro\u00dfartiger Lage zu Gesch\u00e4ften und Fischrestaurants. 2 Schlafzimmer , Schlafplatz f\u00fcr 4 , leider keine Haustiere erlaubt , Ferienhaus Hastings am Meer , East Sussex. Preisepanne \u00a3395-\u00a3775 Dieses denkmalgesch\u00fctzte, wetterfeste Haus \u00fcber f\u00fcnf Stockwerke befindet sich in der [&hellip;]<\/p>\n","protected":false},"author":1,"featured_media":0,"parent":0,"menu_order":0,"comment_status":"closed","ping_status":"closed","template":"single-two.php","meta":[],"acf":[],"yoast_head":"<!-- This site is optimized with the Yoast SEO plugin v19.4 - https:\/\/yoast.com\/wordpress\/plugins\/seo\/ -->\n<title>Ferienhaus Hastings am Meer- Das Strandhaus Sussex - Urlaub &amp; Reisen<\/title>\n<meta name=\"robots\" content=\"index, follow, max-snippet:-1, max-image-preview:large, max-video-preview:-1\" \/>\n<link rel=\"canonical\" href=\"https:\/\/www.urlaubcornwall.de\/blog\/ferienhaus-hastings-am-meer-das-strandhaus\/\" \/>\n<meta property=\"og:locale\" content=\"en_US\" \/>\n<meta property=\"og:type\" content=\"article\" \/>\n<meta property=\"og:title\" content=\"Ferienhaus Hastings am Meer- Das Strandhaus Sussex - Urlaub &amp; Reisen\" \/>\n<meta property=\"og:description\" content=\"Ein Ferienhaus in Sussex, das den perfekten Familienurlaub in Hastings Old Town bietet, direkt am Meeresufer, in gro\u00dfartiger Lage zu Gesch\u00e4ften und Fischrestaurants. 2 Schlafzimmer , Schlafplatz f\u00fcr 4 , leider keine Haustiere erlaubt , Ferienhaus Hastings am Meer , East Sussex. Preisepanne \u00a3395-\u00a3775 Dieses denkmalgesch\u00fctzte, wetterfeste Haus \u00fcber f\u00fcnf Stockwerke befindet sich in der [&hellip;]\" \/>\n<meta property=\"og:url\" content=\"https:\/\/www.urlaubcornwall.de\/blog\/ferienhaus-hastings-am-meer-das-strandhaus\/\" \/>\n<meta property=\"og:site_name\" content=\"Urlaub &amp; Reisen\" \/>\n<meta property=\"article:modified_time\" content=\"2021-08-08T09:46:38+00:00\" \/>\n<meta name=\"twitter:card\" content=\"summary\" \/>\n<meta name=\"twitter:label1\" content=\"Est. reading time\" \/>\n\t<meta name=\"twitter:data1\" content=\"1 minute\" \/>\n<script type=\"application\/ld+json\" class=\"yoast-schema-graph\">{\"@context\":\"https:\/\/schema.org\",\"@graph\":[{\"@type\":\"WebSite\",\"@id\":\"https:\/\/www.urlaubcornwall.de\/blog\/#website\",\"url\":\"https:\/\/www.urlaubcornwall.de\/blog\/\",\"name\":\"Urlaub &amp; Reisen\",\"description\":\"Urlaub, Reisen, Cornwall und S\u00fcdengland: eine perfekte Kombination\",\"potentialAction\":[{\"@type\":\"SearchAction\",\"target\":{\"@type\":\"EntryPoint\",\"urlTemplate\":\"https:\/\/www.urlaubcornwall.de\/blog\/?s={search_term_string}\"},\"query-input\":\"required name=search_term_string\"}],\"inLanguage\":\"en-US\"},{\"@type\":\"WebPage\",\"@id\":\"https:\/\/www.urlaubcornwall.de\/blog\/ferienhaus-hastings-am-meer-das-strandhaus\/\",\"url\":\"https:\/\/www.urlaubcornwall.de\/blog\/ferienhaus-hastings-am-meer-das-strandhaus\/\",\"name\":\"Ferienhaus Hastings am Meer- Das Strandhaus Sussex - Urlaub &amp; Reisen\",\"isPartOf\":{\"@id\":\"https:\/\/www.urlaubcornwall.de\/blog\/#website\"},\"datePublished\":\"2014-06-10T12:23:20+00:00\",\"dateModified\":\"2021-08-08T09:46:38+00:00\",\"breadcrumb\":{\"@id\":\"https:\/\/www.urlaubcornwall.de\/blog\/ferienhaus-hastings-am-meer-das-strandhaus\/#breadcrumb\"},\"inLanguage\":\"en-US\",\"potentialAction\":[{\"@type\":\"ReadAction\",\"target\":[\"https:\/\/www.urlaubcornwall.de\/blog\/ferienhaus-hastings-am-meer-das-strandhaus\/\"]}]},{\"@type\":\"BreadcrumbList\",\"@id\":\"https:\/\/www.urlaubcornwall.de\/blog\/ferienhaus-hastings-am-meer-das-strandhaus\/#breadcrumb\",\"itemListElement\":[{\"@type\":\"ListItem\",\"position\":1,\"name\":\"Home\",\"item\":\"https:\/\/www.urlaubcornwall.de\/blog\/\"},{\"@type\":\"ListItem\",\"position\":2,\"name\":\"Ferienhaus Hastings am Meer- Das Strandhaus Sussex\"}]}]}<\/script>\n<!-- \/ Yoast SEO plugin. -->","yoast_head_json":{"title":"Ferienhaus Hastings am Meer- Das Strandhaus Sussex - Urlaub &amp; Reisen","robots":{"index":"index","follow":"follow","max-snippet":"max-snippet:-1","max-image-preview":"max-image-preview:large","max-video-preview":"max-video-preview:-1"},"canonical":"https:\/\/www.urlaubcornwall.de\/blog\/ferienhaus-hastings-am-meer-das-strandhaus\/","og_locale":"en_US","og_type":"article","og_title":"Ferienhaus Hastings am Meer- Das Strandhaus Sussex - Urlaub &amp; Reisen","og_description":"Ein Ferienhaus in Sussex, das den perfekten Familienurlaub in Hastings Old Town bietet, direkt am Meeresufer, in gro\u00dfartiger Lage zu Gesch\u00e4ften und Fischrestaurants. 2 Schlafzimmer , Schlafplatz f\u00fcr 4 , leider keine Haustiere erlaubt , Ferienhaus Hastings am Meer , East Sussex. Preisepanne \u00a3395-\u00a3775 Dieses denkmalgesch\u00fctzte, wetterfeste Haus \u00fcber f\u00fcnf Stockwerke befindet sich in der [&hellip;]","og_url":"https:\/\/www.urlaubcornwall.de\/blog\/ferienhaus-hastings-am-meer-das-strandhaus\/","og_site_name":"Urlaub &amp; Reisen","article_modified_time":"2021-08-08T09:46:38+00:00","twitter_card":"summary","twitter_misc":{"Est. reading time":"1 minute"},"schema":{"@context":"https:\/\/schema.org","@graph":[{"@type":"WebSite","@id":"https:\/\/www.urlaubcornwall.de\/blog\/#website","url":"https:\/\/www.urlaubcornwall.de\/blog\/","name":"Urlaub &amp; Reisen","description":"Urlaub, Reisen, Cornwall und S\u00fcdengland: eine perfekte Kombination","potentialAction":[{"@type":"SearchAction","target":{"@type":"EntryPoint","urlTemplate":"https:\/\/www.urlaubcornwall.de\/blog\/?s={search_term_string}"},"query-input":"required name=search_term_string"}],"inLanguage":"en-US"},{"@type":"WebPage","@id":"https:\/\/www.urlaubcornwall.de\/blog\/ferienhaus-hastings-am-meer-das-strandhaus\/","url":"https:\/\/www.urlaubcornwall.de\/blog\/ferienhaus-hastings-am-meer-das-strandhaus\/","name":"Ferienhaus Hastings am Meer- Das Strandhaus Sussex - Urlaub &amp; Reisen","isPartOf":{"@id":"https:\/\/www.urlaubcornwall.de\/blog\/#website"},"datePublished":"2014-06-10T12:23:20+00:00","dateModified":"2021-08-08T09:46:38+00:00","breadcrumb":{"@id":"https:\/\/www.urlaubcornwall.de\/blog\/ferienhaus-hastings-am-meer-das-strandhaus\/#breadcrumb"},"inLanguage":"en-US","potentialAction":[{"@type":"ReadAction","target":["https:\/\/www.urlaubcornwall.de\/blog\/ferienhaus-hastings-am-meer-das-strandhaus\/"]}]},{"@type":"BreadcrumbList","@id":"https:\/\/www.urlaubcornwall.de\/blog\/ferienhaus-hastings-am-meer-das-strandhaus\/#breadcrumb","itemListElement":[{"@type":"ListItem","position":1,"name":"Home","item":"https:\/\/www.urlaubcornwall.de\/blog\/"},{"@type":"ListItem","position":2,"name":"Ferienhaus Hastings am Meer- Das Strandhaus Sussex"}]}]}},"_links":{"self":[{"href":"https:\/\/www.urlaubcornwall.de\/blog\/wp-json\/wp\/v2\/pages\/15765"}],"collection":[{"href":"https:\/\/www.urlaubcornwall.de\/blog\/wp-json\/wp\/v2\/pages"}],"about":[{"href":"https:\/\/www.urlaubcornwall.de\/blog\/wp-json\/wp\/v2\/types\/page"}],"author":[{"embeddable":true,"href":"https:\/\/www.urlaubcornwall.de\/blog\/wp-json\/wp\/v2\/users\/1"}],"replies":[{"embeddable":true,"href":"https:\/\/www.urlaubcornwall.de\/blog\/wp-json\/wp\/v2\/comments?post=15765"}],"version-history":[{"count":8,"href":"https:\/\/www.urlaubcornwall.de\/blog\/wp-json\/wp\/v2\/pages\/15765\/revisions"}],"predecessor-version":[{"id":42106,"href":"https:\/\/www.urlaubcornwall.de\/blog\/wp-json\/wp\/v2\/pages\/15765\/revisions\/42106"}],"wp:attachment":[{"href":"https:\/\/www.urlaubcornwall.de\/blog\/wp-json\/wp\/v2\/media?parent=15765"}],"curies":[{"name":"wp","href":"https:\/\/api.w.org\/{rel}","templated":true}]}}