{"id":15737,"date":"2014-06-10T11:16:21","date_gmt":"2014-06-10T11:16:21","guid":{"rendered":"https:\/\/www.urlaubcornwall.de\/blog\/?page_id=15737"},"modified":"2019-02-27T09:49:01","modified_gmt":"2019-02-27T09:49:01","slug":"ferienhaus-rye-appletree-cottage","status":"publish","type":"page","link":"https:\/\/www.urlaubcornwall.de\/blog\/ferienhaus-rye-appletree-cottage\/","title":{"rendered":"Ferienhaus Rye &#8211; Appletree Cottage"},"content":{"rendered":"<p>Eine gro\u00dfartige Ausgangsbasis, um den wundervollen Strand von Camber Sands oder die sch\u00f6nen G\u00e4rten herrschaftlicher Anwesen und Schl\u00f6sser Kents zu erkunden. Das Geb\u00e4ude befindet sich am Rande des Dorfes Peasmarsh, zwischen <a href=\"https:\/\/www.urlaubcornwall.de\/blog\/urlaub-in-rye-sussex-sehenswuerdigkeiten-unterkunft-und-geschichte\/\">Rye und Northiam<\/a>.<\/p>\n<p>Appletree Cottage ist ein denkmalgesch\u00fctztes Haus von ungef\u00e4hr 1760 und wurde j\u00fcngst restauriert. Mit Balkendecken, einer Inglenook Feuerstelle und gro\u00dfem Cottagegarten ist es ideal gelegen, um Gebiete von Kent, Sussex und die Str\u00e4nde der S\u00fcdk\u00fcste zu erkunden.<\/p>\n<p><strong>2 Schlafzimmer , Schlafplatz f\u00fcr 4 , leider keine Haustiere erlaubt , Ferienhaus Peasmarsh 4.5 Kilometer von Rye , East Sussex.<\/strong> <strong>Preisepanne \u00a3395-\u00a3695<\/strong><\/p>\n<p>Sie betreten das Geb\u00e4ude durch eine sogenannte Stallt\u00fcre, die direkt in die gut ausgestattete K\u00fcche f\u00fchrt. Der kombinierte Wohn- Essbereich hat eine gro\u00dfe offene Feuerstelle und bequeme Sofas, die dazu beitragen, dass dieser Raum mit seinen Balken ein wundersch\u00f6ner Ort ist, um nach einem Erkundungstag zu entspannen. Es gibt zwei lichte und luftige Doppelschlafzimmer mit Blick \u00fcber die G\u00e4rten. Das Badezimmer liegt im Erdgeschoss mit fest installierter Dusche \u00fcber der Badewanne. Das Geb\u00e4ude hat au\u00dferdem eine Freisitzm\u00f6glichkeit, geschickt vor der K\u00fcche gelegen, sowie einen \u00fcberdachten Bereich mit Blick \u00fcber den gro\u00dfen Garten.<\/p>\n<p>Appletree Cottage liegt herrlich l\u00e4ndlich und doch in geringer Reichweite zu Fu\u00df zu den Einkaufsl\u00e4den, wo Sie \u00f6rtliche Produkte und hausgemachte Kuchen kaufen k\u00f6nnen. Welche Richtung Sie auch immer einschlagen, Sie werden idyllische Spazierwege und Dorfkneipen finden.<\/p>\n<p><strong>M\u00f6glichkeiten &amp; Dienstleistungen<\/strong><\/p>\n<p>einschlie\u00dflich Gasheizung \u2013 Gaszentralheizung, WiFi<\/p>\n<p><strong>Verschiedenes<\/strong><\/p>\n<p>\u2022 4 Personen<br \/>\n\u2022 Grill<br \/>\n\u2022 problemloses Parken<br \/>\n\u2022 Garten<br \/>\n\u2022 Internetzugang<br \/>\n\u2022 einschlie\u00dflich Bettzeug und Handt\u00fccher<br \/>\n\u2022 Fernseher und DVD<br \/>\n\u2022 Wasch- und Trockenm\u00f6glichkeiten<br \/>\n\u2022 offene Feuerstelle<\/p>\n<p style=\"text-align: center;\"><strong>Bei uns finden Sie Ferienh\u00e4user in Uckfield zum Verlieben \u2013 so einfach ist das!<\/strong><\/p>\n<p style=\"text-align: center;\"><a class=\"tidycta\" href=\"https:\/\/www.urlaubcornwall.de\/ferienhaeuser\/sussex.php\">Suche Ferienh\u00e4user in Sussex <\/a><\/p>\n<p style=\"text-align: center;\">UrlaubCornwall.de hat eine einzigartige Sammlung pers\u00f6nlich inspizierter Ferienh\u00e4user und Ferienwohnungen in Sussex, <a href=\"https:\/\/www.urlaubcornwall.de\/ferienhaueser\/suedengland.php\">S\u00fcdengland<\/a> und nun auch im gesamten Gro\u00dfbritannien.<\/p>\n","protected":false},"excerpt":{"rendered":"<p>Eine gro\u00dfartige Ausgangsbasis, um den wundervollen Strand von Camber Sands oder die sch\u00f6nen G\u00e4rten herrschaftlicher Anwesen und Schl\u00f6sser Kents zu erkunden. Das Geb\u00e4ude befindet sich am Rande des Dorfes Peasmarsh, zwischen Rye und Northiam. Appletree Cottage ist ein denkmalgesch\u00fctztes Haus von ungef\u00e4hr 1760 und wurde j\u00fcngst restauriert. Mit Balkendecken, einer Inglenook Feuerstelle und gro\u00dfem Cottagegarten [&hellip;]<\/p>\n","protected":false},"author":1,"featured_media":0,"parent":0,"menu_order":0,"comment_status":"closed","ping_status":"closed","template":"single-two.php","meta":[],"acf":[],"yoast_head":"<!-- This site is optimized with the Yoast SEO plugin v19.4 - https:\/\/yoast.com\/wordpress\/plugins\/seo\/ -->\n<title>Ferienhaus Rye - Appletree Cottage - Urlaub &amp; Reisen<\/title>\n<meta name=\"robots\" content=\"index, follow, max-snippet:-1, max-image-preview:large, max-video-preview:-1\" \/>\n<link rel=\"canonical\" href=\"https:\/\/www.urlaubcornwall.de\/blog\/ferienhaus-rye-appletree-cottage\/\" \/>\n<meta property=\"og:locale\" content=\"en_US\" \/>\n<meta property=\"og:type\" content=\"article\" \/>\n<meta property=\"og:title\" content=\"Ferienhaus Rye - Appletree Cottage - Urlaub &amp; Reisen\" \/>\n<meta property=\"og:description\" content=\"Eine gro\u00dfartige Ausgangsbasis, um den wundervollen Strand von Camber Sands oder die sch\u00f6nen G\u00e4rten herrschaftlicher Anwesen und Schl\u00f6sser Kents zu erkunden. Das Geb\u00e4ude befindet sich am Rande des Dorfes Peasmarsh, zwischen Rye und Northiam. Appletree Cottage ist ein denkmalgesch\u00fctztes Haus von ungef\u00e4hr 1760 und wurde j\u00fcngst restauriert. Mit Balkendecken, einer Inglenook Feuerstelle und gro\u00dfem Cottagegarten [&hellip;]\" \/>\n<meta property=\"og:url\" content=\"https:\/\/www.urlaubcornwall.de\/blog\/ferienhaus-rye-appletree-cottage\/\" \/>\n<meta property=\"og:site_name\" content=\"Urlaub &amp; Reisen\" \/>\n<meta property=\"article:modified_time\" content=\"2019-02-27T09:49:01+00:00\" \/>\n<meta name=\"twitter:card\" content=\"summary\" \/>\n<meta name=\"twitter:label1\" content=\"Est. reading time\" \/>\n\t<meta name=\"twitter:data1\" content=\"2 minutes\" \/>\n<script type=\"application\/ld+json\" class=\"yoast-schema-graph\">{\"@context\":\"https:\/\/schema.org\",\"@graph\":[{\"@type\":\"WebSite\",\"@id\":\"https:\/\/www.urlaubcornwall.de\/blog\/#website\",\"url\":\"https:\/\/www.urlaubcornwall.de\/blog\/\",\"name\":\"Urlaub &amp; Reisen\",\"description\":\"Urlaub, Reisen, Cornwall und S\u00fcdengland: eine perfekte Kombination\",\"potentialAction\":[{\"@type\":\"SearchAction\",\"target\":{\"@type\":\"EntryPoint\",\"urlTemplate\":\"https:\/\/www.urlaubcornwall.de\/blog\/?s={search_term_string}\"},\"query-input\":\"required name=search_term_string\"}],\"inLanguage\":\"en-US\"},{\"@type\":\"WebPage\",\"@id\":\"https:\/\/www.urlaubcornwall.de\/blog\/ferienhaus-rye-appletree-cottage\/\",\"url\":\"https:\/\/www.urlaubcornwall.de\/blog\/ferienhaus-rye-appletree-cottage\/\",\"name\":\"Ferienhaus Rye - Appletree Cottage - Urlaub &amp; Reisen\",\"isPartOf\":{\"@id\":\"https:\/\/www.urlaubcornwall.de\/blog\/#website\"},\"datePublished\":\"2014-06-10T11:16:21+00:00\",\"dateModified\":\"2019-02-27T09:49:01+00:00\",\"breadcrumb\":{\"@id\":\"https:\/\/www.urlaubcornwall.de\/blog\/ferienhaus-rye-appletree-cottage\/#breadcrumb\"},\"inLanguage\":\"en-US\",\"potentialAction\":[{\"@type\":\"ReadAction\",\"target\":[\"https:\/\/www.urlaubcornwall.de\/blog\/ferienhaus-rye-appletree-cottage\/\"]}]},{\"@type\":\"BreadcrumbList\",\"@id\":\"https:\/\/www.urlaubcornwall.de\/blog\/ferienhaus-rye-appletree-cottage\/#breadcrumb\",\"itemListElement\":[{\"@type\":\"ListItem\",\"position\":1,\"name\":\"Home\",\"item\":\"https:\/\/www.urlaubcornwall.de\/blog\/\"},{\"@type\":\"ListItem\",\"position\":2,\"name\":\"Ferienhaus Rye &#8211; Appletree Cottage\"}]}]}<\/script>\n<!-- \/ Yoast SEO plugin. -->","yoast_head_json":{"title":"Ferienhaus Rye - Appletree Cottage - Urlaub &amp; Reisen","robots":{"index":"index","follow":"follow","max-snippet":"max-snippet:-1","max-image-preview":"max-image-preview:large","max-video-preview":"max-video-preview:-1"},"canonical":"https:\/\/www.urlaubcornwall.de\/blog\/ferienhaus-rye-appletree-cottage\/","og_locale":"en_US","og_type":"article","og_title":"Ferienhaus Rye - Appletree Cottage - Urlaub &amp; Reisen","og_description":"Eine gro\u00dfartige Ausgangsbasis, um den wundervollen Strand von Camber Sands oder die sch\u00f6nen G\u00e4rten herrschaftlicher Anwesen und Schl\u00f6sser Kents zu erkunden. Das Geb\u00e4ude befindet sich am Rande des Dorfes Peasmarsh, zwischen Rye und Northiam. Appletree Cottage ist ein denkmalgesch\u00fctztes Haus von ungef\u00e4hr 1760 und wurde j\u00fcngst restauriert. Mit Balkendecken, einer Inglenook Feuerstelle und gro\u00dfem Cottagegarten [&hellip;]","og_url":"https:\/\/www.urlaubcornwall.de\/blog\/ferienhaus-rye-appletree-cottage\/","og_site_name":"Urlaub &amp; Reisen","article_modified_time":"2019-02-27T09:49:01+00:00","twitter_card":"summary","twitter_misc":{"Est. reading time":"2 minutes"},"schema":{"@context":"https:\/\/schema.org","@graph":[{"@type":"WebSite","@id":"https:\/\/www.urlaubcornwall.de\/blog\/#website","url":"https:\/\/www.urlaubcornwall.de\/blog\/","name":"Urlaub &amp; Reisen","description":"Urlaub, Reisen, Cornwall und S\u00fcdengland: eine perfekte Kombination","potentialAction":[{"@type":"SearchAction","target":{"@type":"EntryPoint","urlTemplate":"https:\/\/www.urlaubcornwall.de\/blog\/?s={search_term_string}"},"query-input":"required name=search_term_string"}],"inLanguage":"en-US"},{"@type":"WebPage","@id":"https:\/\/www.urlaubcornwall.de\/blog\/ferienhaus-rye-appletree-cottage\/","url":"https:\/\/www.urlaubcornwall.de\/blog\/ferienhaus-rye-appletree-cottage\/","name":"Ferienhaus Rye - Appletree Cottage - Urlaub &amp; Reisen","isPartOf":{"@id":"https:\/\/www.urlaubcornwall.de\/blog\/#website"},"datePublished":"2014-06-10T11:16:21+00:00","dateModified":"2019-02-27T09:49:01+00:00","breadcrumb":{"@id":"https:\/\/www.urlaubcornwall.de\/blog\/ferienhaus-rye-appletree-cottage\/#breadcrumb"},"inLanguage":"en-US","potentialAction":[{"@type":"ReadAction","target":["https:\/\/www.urlaubcornwall.de\/blog\/ferienhaus-rye-appletree-cottage\/"]}]},{"@type":"BreadcrumbList","@id":"https:\/\/www.urlaubcornwall.de\/blog\/ferienhaus-rye-appletree-cottage\/#breadcrumb","itemListElement":[{"@type":"ListItem","position":1,"name":"Home","item":"https:\/\/www.urlaubcornwall.de\/blog\/"},{"@type":"ListItem","position":2,"name":"Ferienhaus Rye &#8211; Appletree Cottage"}]}]}},"_links":{"self":[{"href":"https:\/\/www.urlaubcornwall.de\/blog\/wp-json\/wp\/v2\/pages\/15737"}],"collection":[{"href":"https:\/\/www.urlaubcornwall.de\/blog\/wp-json\/wp\/v2\/pages"}],"about":[{"href":"https:\/\/www.urlaubcornwall.de\/blog\/wp-json\/wp\/v2\/types\/page"}],"author":[{"embeddable":true,"href":"https:\/\/www.urlaubcornwall.de\/blog\/wp-json\/wp\/v2\/users\/1"}],"replies":[{"embeddable":true,"href":"https:\/\/www.urlaubcornwall.de\/blog\/wp-json\/wp\/v2\/comments?post=15737"}],"version-history":[{"count":4,"href":"https:\/\/www.urlaubcornwall.de\/blog\/wp-json\/wp\/v2\/pages\/15737\/revisions"}],"predecessor-version":[{"id":36592,"href":"https:\/\/www.urlaubcornwall.de\/blog\/wp-json\/wp\/v2\/pages\/15737\/revisions\/36592"}],"wp:attachment":[{"href":"https:\/\/www.urlaubcornwall.de\/blog\/wp-json\/wp\/v2\/media?parent=15737"}],"curies":[{"name":"wp","href":"https:\/\/api.w.org\/{rel}","templated":true}]}}