{"id":15724,"date":"2014-06-10T10:09:17","date_gmt":"2014-06-10T10:09:17","guid":{"rendered":"https:\/\/www.urlaubcornwall.de\/blog\/?page_id=15724"},"modified":"2019-03-23T16:31:36","modified_gmt":"2019-03-23T16:31:36","slug":"ferienwohnung-eastbourne-keesha-house-apartment","status":"publish","type":"page","link":"https:\/\/www.urlaubcornwall.de\/blog\/ferienwohnung-eastbourne-keesha-house-apartment\/","title":{"rendered":"Ferienwohnung Eastbourne &#8211; Keesha House Apartment"},"content":{"rendered":"<p><strong>Ein Luxus-Ferienwohnung direkt im Herzen von Eastbourne:<\/strong> Eastbourne ist bekannt als Sonnenk\u00fcste mit dem besten Wetter Englands. Alles befindet sich in leichter Erreichbarkeit. Die unteren H\u00fcgel der South Downs erstrecken sich von Beachy Head bis hin zur herrlichen Promenade, welche sich wiederum \u00fcber fast zwei Meilen zum Victorian Pier Eastbournes hin reicht. Es ist eine Stadt mit Tradition.<\/p>\n<p><strong>1 Schlafzimmer, Schlafplatz f\u00fcr 4, leider keine Haustiere erlaubt, Ferienwohnung strandnah Eastbourne<\/strong>. <strong>Preisepanne \u00a3315-\u00a3515&nbsp;&nbsp; <\/strong><\/p>\n<p>Dieses hervorragende Appartement mit zwei Schlafr\u00e4umen befindet sich lediglich drei Minuten, sowohl vom Meer als auch dem Herzen der Stadt entfernt. Keesha House ist zudem ideal gelegen f\u00fcr die zahlreichen Caf\u00e9s, Restaurants und Galerien, die sich alle vor Ort befinden, w\u00e4hrend es gleichzeitig in friedvoller Umgebung nahe der Strandpromenade gelegen ist.<\/p>\n<p>Das Appartement befindet sich auf dem Erdgeschoss mit einem gro\u00dfz\u00fcgigen Wohnzimmer und einem K\u00fcchenbereich an der Frontseite des Hauses. Die hohen Decken dieses zeitgen\u00f6ssischen Appartements lassen es sehr ger\u00e4umig wirken und Erkerfenster sorgen f\u00fcr viel Lichteinfall. Das Hauptschlafzimmer kann entweder mit Doppelbett oder zwei Einzelbetten benutzt werden, w\u00e4hrend das zweite, etwas kleinere Schlafzimmer, mit einem Doppelbett ausgestattet ist. Das Badezimmer verf\u00fcgt \u00fcber ein Jacuzzi Bad, also echter Luxus!<\/p>\n<p>Es gibt kostenfreie Parkm\u00f6glichkeit hinter dem Appartement. Alternativ k\u00f6nnen wir f\u00fcr eine Parkm\u00f6glichkeit mit Coupon vor dem Haus sorgen, so dass Parken kein Problem f\u00fcr Sie darstellen wird.<\/p>\n<p style=\"text-align: center;\"><strong>Bei uns finden Sie Ferienh\u00e4user in Eastbourne zum Verlieben \u2013 so einfach ist das!<\/strong><\/p>\n<p style=\"text-align: center;\"><a class=\"tidycta\" href=\"https:\/\/www.urlaubcornwall.de\/ferienhaeuser-fewos\/eng\/sussex\/eastbourne.html\">Suche Ferienh\u00e4user in Sussex<\/a><\/p>\n<p style=\"text-align: center;\">UrlaubCornwall.de hat eine einzigartige Sammlung pers\u00f6nlich inspizierter Ferienh\u00e4user und Ferienwohnungen in Sussex, <a href=\"https:\/\/www.urlaubcornwall.de\/ferienhaueser\/suedengland.php\">S\u00fcdengland<\/a> und nun auch im gesamten Gro\u00dfbritannien.<\/p>\n\n","protected":false},"excerpt":{"rendered":"<p>Ein Luxus-Ferienwohnung direkt im Herzen von Eastbourne: Eastbourne ist bekannt als Sonnenk\u00fcste mit dem besten Wetter Englands. Alles befindet sich in leichter Erreichbarkeit. Die unteren H\u00fcgel der South Downs erstrecken sich von Beachy Head bis hin zur herrlichen Promenade, welche sich wiederum \u00fcber fast zwei Meilen zum Victorian Pier Eastbournes hin reicht. Es ist eine [&hellip;]<\/p>\n","protected":false},"author":1,"featured_media":0,"parent":0,"menu_order":0,"comment_status":"closed","ping_status":"closed","template":"single-two.php","meta":[],"acf":[],"yoast_head":"<!-- This site is optimized with the Yoast SEO plugin v19.4 - https:\/\/yoast.com\/wordpress\/plugins\/seo\/ -->\n<title>Ferienwohnung Eastbourne - Keesha House Apartment - Urlaub &amp; Reisen<\/title>\n<meta name=\"robots\" content=\"index, follow, max-snippet:-1, max-image-preview:large, max-video-preview:-1\" \/>\n<link rel=\"canonical\" href=\"https:\/\/www.urlaubcornwall.de\/blog\/ferienwohnung-eastbourne-keesha-house-apartment\/\" \/>\n<meta property=\"og:locale\" content=\"en_US\" \/>\n<meta property=\"og:type\" content=\"article\" \/>\n<meta property=\"og:title\" content=\"Ferienwohnung Eastbourne - Keesha House Apartment - Urlaub &amp; Reisen\" \/>\n<meta property=\"og:description\" content=\"Ein Luxus-Ferienwohnung direkt im Herzen von Eastbourne: Eastbourne ist bekannt als Sonnenk\u00fcste mit dem besten Wetter Englands. Alles befindet sich in leichter Erreichbarkeit. Die unteren H\u00fcgel der South Downs erstrecken sich von Beachy Head bis hin zur herrlichen Promenade, welche sich wiederum \u00fcber fast zwei Meilen zum Victorian Pier Eastbournes hin reicht. Es ist eine [&hellip;]\" \/>\n<meta property=\"og:url\" content=\"https:\/\/www.urlaubcornwall.de\/blog\/ferienwohnung-eastbourne-keesha-house-apartment\/\" \/>\n<meta property=\"og:site_name\" content=\"Urlaub &amp; Reisen\" \/>\n<meta property=\"article:modified_time\" content=\"2019-03-23T16:31:36+00:00\" \/>\n<meta name=\"twitter:card\" content=\"summary\" \/>\n<meta name=\"twitter:label1\" content=\"Est. reading time\" \/>\n\t<meta name=\"twitter:data1\" content=\"1 minute\" \/>\n<script type=\"application\/ld+json\" class=\"yoast-schema-graph\">{\"@context\":\"https:\/\/schema.org\",\"@graph\":[{\"@type\":\"WebSite\",\"@id\":\"https:\/\/www.urlaubcornwall.de\/blog\/#website\",\"url\":\"https:\/\/www.urlaubcornwall.de\/blog\/\",\"name\":\"Urlaub &amp; Reisen\",\"description\":\"Urlaub, Reisen, Cornwall und S\u00fcdengland: eine perfekte Kombination\",\"potentialAction\":[{\"@type\":\"SearchAction\",\"target\":{\"@type\":\"EntryPoint\",\"urlTemplate\":\"https:\/\/www.urlaubcornwall.de\/blog\/?s={search_term_string}\"},\"query-input\":\"required name=search_term_string\"}],\"inLanguage\":\"en-US\"},{\"@type\":\"WebPage\",\"@id\":\"https:\/\/www.urlaubcornwall.de\/blog\/ferienwohnung-eastbourne-keesha-house-apartment\/\",\"url\":\"https:\/\/www.urlaubcornwall.de\/blog\/ferienwohnung-eastbourne-keesha-house-apartment\/\",\"name\":\"Ferienwohnung Eastbourne - Keesha House Apartment - Urlaub &amp; Reisen\",\"isPartOf\":{\"@id\":\"https:\/\/www.urlaubcornwall.de\/blog\/#website\"},\"datePublished\":\"2014-06-10T10:09:17+00:00\",\"dateModified\":\"2019-03-23T16:31:36+00:00\",\"breadcrumb\":{\"@id\":\"https:\/\/www.urlaubcornwall.de\/blog\/ferienwohnung-eastbourne-keesha-house-apartment\/#breadcrumb\"},\"inLanguage\":\"en-US\",\"potentialAction\":[{\"@type\":\"ReadAction\",\"target\":[\"https:\/\/www.urlaubcornwall.de\/blog\/ferienwohnung-eastbourne-keesha-house-apartment\/\"]}]},{\"@type\":\"BreadcrumbList\",\"@id\":\"https:\/\/www.urlaubcornwall.de\/blog\/ferienwohnung-eastbourne-keesha-house-apartment\/#breadcrumb\",\"itemListElement\":[{\"@type\":\"ListItem\",\"position\":1,\"name\":\"Home\",\"item\":\"https:\/\/www.urlaubcornwall.de\/blog\/\"},{\"@type\":\"ListItem\",\"position\":2,\"name\":\"Ferienwohnung Eastbourne &#8211; Keesha House Apartment\"}]}]}<\/script>\n<!-- \/ Yoast SEO plugin. -->","yoast_head_json":{"title":"Ferienwohnung Eastbourne - Keesha House Apartment - Urlaub &amp; Reisen","robots":{"index":"index","follow":"follow","max-snippet":"max-snippet:-1","max-image-preview":"max-image-preview:large","max-video-preview":"max-video-preview:-1"},"canonical":"https:\/\/www.urlaubcornwall.de\/blog\/ferienwohnung-eastbourne-keesha-house-apartment\/","og_locale":"en_US","og_type":"article","og_title":"Ferienwohnung Eastbourne - Keesha House Apartment - Urlaub &amp; Reisen","og_description":"Ein Luxus-Ferienwohnung direkt im Herzen von Eastbourne: Eastbourne ist bekannt als Sonnenk\u00fcste mit dem besten Wetter Englands. Alles befindet sich in leichter Erreichbarkeit. Die unteren H\u00fcgel der South Downs erstrecken sich von Beachy Head bis hin zur herrlichen Promenade, welche sich wiederum \u00fcber fast zwei Meilen zum Victorian Pier Eastbournes hin reicht. Es ist eine [&hellip;]","og_url":"https:\/\/www.urlaubcornwall.de\/blog\/ferienwohnung-eastbourne-keesha-house-apartment\/","og_site_name":"Urlaub &amp; Reisen","article_modified_time":"2019-03-23T16:31:36+00:00","twitter_card":"summary","twitter_misc":{"Est. reading time":"1 minute"},"schema":{"@context":"https:\/\/schema.org","@graph":[{"@type":"WebSite","@id":"https:\/\/www.urlaubcornwall.de\/blog\/#website","url":"https:\/\/www.urlaubcornwall.de\/blog\/","name":"Urlaub &amp; Reisen","description":"Urlaub, Reisen, Cornwall und S\u00fcdengland: eine perfekte Kombination","potentialAction":[{"@type":"SearchAction","target":{"@type":"EntryPoint","urlTemplate":"https:\/\/www.urlaubcornwall.de\/blog\/?s={search_term_string}"},"query-input":"required name=search_term_string"}],"inLanguage":"en-US"},{"@type":"WebPage","@id":"https:\/\/www.urlaubcornwall.de\/blog\/ferienwohnung-eastbourne-keesha-house-apartment\/","url":"https:\/\/www.urlaubcornwall.de\/blog\/ferienwohnung-eastbourne-keesha-house-apartment\/","name":"Ferienwohnung Eastbourne - Keesha House Apartment - Urlaub &amp; Reisen","isPartOf":{"@id":"https:\/\/www.urlaubcornwall.de\/blog\/#website"},"datePublished":"2014-06-10T10:09:17+00:00","dateModified":"2019-03-23T16:31:36+00:00","breadcrumb":{"@id":"https:\/\/www.urlaubcornwall.de\/blog\/ferienwohnung-eastbourne-keesha-house-apartment\/#breadcrumb"},"inLanguage":"en-US","potentialAction":[{"@type":"ReadAction","target":["https:\/\/www.urlaubcornwall.de\/blog\/ferienwohnung-eastbourne-keesha-house-apartment\/"]}]},{"@type":"BreadcrumbList","@id":"https:\/\/www.urlaubcornwall.de\/blog\/ferienwohnung-eastbourne-keesha-house-apartment\/#breadcrumb","itemListElement":[{"@type":"ListItem","position":1,"name":"Home","item":"https:\/\/www.urlaubcornwall.de\/blog\/"},{"@type":"ListItem","position":2,"name":"Ferienwohnung Eastbourne &#8211; Keesha House Apartment"}]}]}},"_links":{"self":[{"href":"https:\/\/www.urlaubcornwall.de\/blog\/wp-json\/wp\/v2\/pages\/15724"}],"collection":[{"href":"https:\/\/www.urlaubcornwall.de\/blog\/wp-json\/wp\/v2\/pages"}],"about":[{"href":"https:\/\/www.urlaubcornwall.de\/blog\/wp-json\/wp\/v2\/types\/page"}],"author":[{"embeddable":true,"href":"https:\/\/www.urlaubcornwall.de\/blog\/wp-json\/wp\/v2\/users\/1"}],"replies":[{"embeddable":true,"href":"https:\/\/www.urlaubcornwall.de\/blog\/wp-json\/wp\/v2\/comments?post=15724"}],"version-history":[{"count":6,"href":"https:\/\/www.urlaubcornwall.de\/blog\/wp-json\/wp\/v2\/pages\/15724\/revisions"}],"predecessor-version":[{"id":36755,"href":"https:\/\/www.urlaubcornwall.de\/blog\/wp-json\/wp\/v2\/pages\/15724\/revisions\/36755"}],"wp:attachment":[{"href":"https:\/\/www.urlaubcornwall.de\/blog\/wp-json\/wp\/v2\/media?parent=15724"}],"curies":[{"name":"wp","href":"https:\/\/api.w.org\/{rel}","templated":true}]}}