{"id":15677,"date":"2014-06-09T08:57:59","date_gmt":"2014-06-09T08:57:59","guid":{"rendered":"https:\/\/www.urlaubcornwall.de\/blog\/?page_id=15677"},"modified":"2021-09-02T12:12:11","modified_gmt":"2021-09-02T12:12:11","slug":"ferienhaus-wareham-brook-cottage-corfe-castle","status":"publish","type":"page","link":"https:\/\/www.urlaubcornwall.de\/blog\/ferienhaus-wareham-brook-cottage-corfe-castle\/","title":{"rendered":"Ferienhaus Wareham &#8211; Brook Cottage, Corfe Castle"},"content":{"rendered":"<p><strong>3 Schlafzimmer, Schlafplatz f\u00fcr 6 + 2 Kinderbetten , leider keine Haustiere erlaubt, Ferienhaus Wareham in der N\u00e4he Corfe Castle, Dorset<\/strong><\/p>\n<p>Am Beginn des beliebten Dorset Dorfes Corfe Castle gelegen, ist Brook Cottage ein halb frei stehendes, denkmalgesch\u00fctztes Geb\u00e4ude. Dieses Bilderbuch- Ferienhaus entz\u00fcckt sowohl mit seinem Inneren als auch Au\u00dfenbereich, mit direktem Blick auf die sich im Besitz des National Trust befindliche Burg.<\/p>\n<p style=\"text-align: center;\"><a class=\"tidycta\" href=\"https:\/\/www.urlaubcornwall.de\/ferienhaeuser-fewos\/eng\/dorset\/wareham.html\">Suche Ferienh\u00e4user Wareham<\/a><\/p>\n<p>Der charmante Wohn-\/ Essbereich hat beheizte <a href=\"https:\/\/www.urlaubcornwall.de\/ferienhaeuser-fewos\/eng\/dorset\/isle-of-purbeck.html\">Purbeck<\/a> Steinb\u00f6den und ist ausgestattet mit gem\u00fctlichen Sofas und St\u00fchlen, einem w\u00e4rmenden Gasofen mit Kohleeffekt, Smart Fernseher, Balken und einem soliden Kiefernesstisch \u2013 dem Treffpunkt f\u00fcr die gesamte Familie. Die gut ausgestattete K\u00fcche hat einen gro\u00dfen K\u00fchl-\/Gefrierschrank und einen Range Backofen. Die gem\u00fctlichen Schlafzimmer befinden sich auf zwei Ebenen, die erreicht werden \u00fcber die original geschwungene Treppe (bitte achten Sie auf Kleinkinder und \u00e4ltere Menschen). Jedes der Schlafzimmer ist individuell eingerichtet, indem h\u00fcbsche Farben, Bettzeug und attraktive M\u00f6blierung Individualit\u00e4t verleihen.<\/p>\n<p>Die ber\u00fchmte Swanage Dampfeisenbahnstrecke, die sich hervorragend dazu eignet, in dieser historischen Ecke Dorsets umher zu reisen, f\u00fchrt am gro\u00dfen, eingegrenzten Garten und Freisitz entlang. Es gibt viele Str\u00e4nde, Radwege und spektakul\u00e4re Spazierwege zu genie\u00dfen, allesamt direkt vor Ihrer Haust\u00fcre. Brook Cottage ist die perfekte Ausgangsbasis, um die atemberaubende Studland Halbinsel zu erkunden.<\/p>\n<p><strong>M\u00f6glichkeiten &amp; Dienstleistungen<\/strong><\/p>\n<p>einschlie\u00dflich Gasheizung \u2013 Gaszentralheizung, Kinderreisebett, WiFi<\/p>\n<p><strong>Verschiedenes<\/strong><\/p>\n<p>\u2022 Parkm\u00f6glichkeit an der Stra\u00dfe f\u00fcr 1 Auto; zus\u00e4tzliche Parkm\u00f6glichkeit an der Stra\u00dfe<br \/>\n\u2022 Gartenm\u00f6bel und Grill<br \/>\n\u2022 Einkaufsm\u00f6glichkeit 100 m<br \/>\n\u2022 Kneipe 100 m<br \/>\n\u2022 Nichtraucher<br \/>\n\u2022 leider keine Tiere erlaubt<br \/>\n\u2022 Ankunft\/Abreise Samstag<\/p>\n<p style=\"text-align: center;\"><a class=\"tidycta\" href=\"https:\/\/www.urlaubcornwall.de\/ferienhaeuser-fewos\/eng\/dorset\/wareham.html\">Suche Ferienh\u00e4user Wareham<\/a><\/p>\n<p>Um UrlaubCornwall.de einzigartige Kollektion nach Ihrem idealen Ferienhaus zu durchsuchen. <a href=\"https:\/\/www.urlaubcornwall.de\/ferienhaeuser-fewos\/eng\/dorset\/dorset.html\"><span style=\"text-decoration: underline;\">Klicken Sie hier<\/span> &gt;&gt;<\/a><\/p>\n","protected":false},"excerpt":{"rendered":"<p>3 Schlafzimmer, Schlafplatz f\u00fcr 6 + 2 Kinderbetten , leider keine Haustiere erlaubt, Ferienhaus Wareham in der N\u00e4he Corfe Castle, Dorset Am Beginn des beliebten Dorset Dorfes Corfe Castle gelegen, ist Brook Cottage ein halb frei stehendes, denkmalgesch\u00fctztes Geb\u00e4ude. Dieses Bilderbuch- Ferienhaus entz\u00fcckt sowohl mit seinem Inneren als auch Au\u00dfenbereich, mit direktem Blick auf die [&hellip;]<\/p>\n","protected":false},"author":1,"featured_media":0,"parent":0,"menu_order":0,"comment_status":"closed","ping_status":"closed","template":"single-two.php","meta":[],"acf":[],"yoast_head":"<!-- This site is optimized with the Yoast SEO plugin v19.4 - https:\/\/yoast.com\/wordpress\/plugins\/seo\/ -->\n<title>Ferienhaus Wareham - Brook Cottage, Corfe Castle - Urlaub &amp; Reisen<\/title>\n<meta name=\"robots\" content=\"index, follow, max-snippet:-1, max-image-preview:large, max-video-preview:-1\" \/>\n<link rel=\"canonical\" href=\"https:\/\/www.urlaubcornwall.de\/blog\/ferienhaus-wareham-brook-cottage-corfe-castle\/\" \/>\n<meta property=\"og:locale\" content=\"en_US\" \/>\n<meta property=\"og:type\" content=\"article\" \/>\n<meta property=\"og:title\" content=\"Ferienhaus Wareham - Brook Cottage, Corfe Castle - Urlaub &amp; Reisen\" \/>\n<meta property=\"og:description\" content=\"3 Schlafzimmer, Schlafplatz f\u00fcr 6 + 2 Kinderbetten , leider keine Haustiere erlaubt, Ferienhaus Wareham in der N\u00e4he Corfe Castle, Dorset Am Beginn des beliebten Dorset Dorfes Corfe Castle gelegen, ist Brook Cottage ein halb frei stehendes, denkmalgesch\u00fctztes Geb\u00e4ude. Dieses Bilderbuch- Ferienhaus entz\u00fcckt sowohl mit seinem Inneren als auch Au\u00dfenbereich, mit direktem Blick auf die [&hellip;]\" \/>\n<meta property=\"og:url\" content=\"https:\/\/www.urlaubcornwall.de\/blog\/ferienhaus-wareham-brook-cottage-corfe-castle\/\" \/>\n<meta property=\"og:site_name\" content=\"Urlaub &amp; Reisen\" \/>\n<meta property=\"article:modified_time\" content=\"2021-09-02T12:12:11+00:00\" \/>\n<meta name=\"twitter:card\" content=\"summary\" \/>\n<meta name=\"twitter:label1\" content=\"Est. reading time\" \/>\n\t<meta name=\"twitter:data1\" content=\"1 minute\" \/>\n<script type=\"application\/ld+json\" class=\"yoast-schema-graph\">{\"@context\":\"https:\/\/schema.org\",\"@graph\":[{\"@type\":\"WebSite\",\"@id\":\"https:\/\/www.urlaubcornwall.de\/blog\/#website\",\"url\":\"https:\/\/www.urlaubcornwall.de\/blog\/\",\"name\":\"Urlaub &amp; Reisen\",\"description\":\"Urlaub, Reisen, Cornwall und S\u00fcdengland: eine perfekte Kombination\",\"potentialAction\":[{\"@type\":\"SearchAction\",\"target\":{\"@type\":\"EntryPoint\",\"urlTemplate\":\"https:\/\/www.urlaubcornwall.de\/blog\/?s={search_term_string}\"},\"query-input\":\"required name=search_term_string\"}],\"inLanguage\":\"en-US\"},{\"@type\":\"WebPage\",\"@id\":\"https:\/\/www.urlaubcornwall.de\/blog\/ferienhaus-wareham-brook-cottage-corfe-castle\/\",\"url\":\"https:\/\/www.urlaubcornwall.de\/blog\/ferienhaus-wareham-brook-cottage-corfe-castle\/\",\"name\":\"Ferienhaus Wareham - Brook Cottage, Corfe Castle - Urlaub &amp; Reisen\",\"isPartOf\":{\"@id\":\"https:\/\/www.urlaubcornwall.de\/blog\/#website\"},\"datePublished\":\"2014-06-09T08:57:59+00:00\",\"dateModified\":\"2021-09-02T12:12:11+00:00\",\"breadcrumb\":{\"@id\":\"https:\/\/www.urlaubcornwall.de\/blog\/ferienhaus-wareham-brook-cottage-corfe-castle\/#breadcrumb\"},\"inLanguage\":\"en-US\",\"potentialAction\":[{\"@type\":\"ReadAction\",\"target\":[\"https:\/\/www.urlaubcornwall.de\/blog\/ferienhaus-wareham-brook-cottage-corfe-castle\/\"]}]},{\"@type\":\"BreadcrumbList\",\"@id\":\"https:\/\/www.urlaubcornwall.de\/blog\/ferienhaus-wareham-brook-cottage-corfe-castle\/#breadcrumb\",\"itemListElement\":[{\"@type\":\"ListItem\",\"position\":1,\"name\":\"Home\",\"item\":\"https:\/\/www.urlaubcornwall.de\/blog\/\"},{\"@type\":\"ListItem\",\"position\":2,\"name\":\"Ferienhaus Wareham &#8211; Brook Cottage, Corfe Castle\"}]}]}<\/script>\n<!-- \/ Yoast SEO plugin. -->","yoast_head_json":{"title":"Ferienhaus Wareham - Brook Cottage, Corfe Castle - Urlaub &amp; Reisen","robots":{"index":"index","follow":"follow","max-snippet":"max-snippet:-1","max-image-preview":"max-image-preview:large","max-video-preview":"max-video-preview:-1"},"canonical":"https:\/\/www.urlaubcornwall.de\/blog\/ferienhaus-wareham-brook-cottage-corfe-castle\/","og_locale":"en_US","og_type":"article","og_title":"Ferienhaus Wareham - Brook Cottage, Corfe Castle - Urlaub &amp; Reisen","og_description":"3 Schlafzimmer, Schlafplatz f\u00fcr 6 + 2 Kinderbetten , leider keine Haustiere erlaubt, Ferienhaus Wareham in der N\u00e4he Corfe Castle, Dorset Am Beginn des beliebten Dorset Dorfes Corfe Castle gelegen, ist Brook Cottage ein halb frei stehendes, denkmalgesch\u00fctztes Geb\u00e4ude. Dieses Bilderbuch- Ferienhaus entz\u00fcckt sowohl mit seinem Inneren als auch Au\u00dfenbereich, mit direktem Blick auf die [&hellip;]","og_url":"https:\/\/www.urlaubcornwall.de\/blog\/ferienhaus-wareham-brook-cottage-corfe-castle\/","og_site_name":"Urlaub &amp; Reisen","article_modified_time":"2021-09-02T12:12:11+00:00","twitter_card":"summary","twitter_misc":{"Est. reading time":"1 minute"},"schema":{"@context":"https:\/\/schema.org","@graph":[{"@type":"WebSite","@id":"https:\/\/www.urlaubcornwall.de\/blog\/#website","url":"https:\/\/www.urlaubcornwall.de\/blog\/","name":"Urlaub &amp; Reisen","description":"Urlaub, Reisen, Cornwall und S\u00fcdengland: eine perfekte Kombination","potentialAction":[{"@type":"SearchAction","target":{"@type":"EntryPoint","urlTemplate":"https:\/\/www.urlaubcornwall.de\/blog\/?s={search_term_string}"},"query-input":"required name=search_term_string"}],"inLanguage":"en-US"},{"@type":"WebPage","@id":"https:\/\/www.urlaubcornwall.de\/blog\/ferienhaus-wareham-brook-cottage-corfe-castle\/","url":"https:\/\/www.urlaubcornwall.de\/blog\/ferienhaus-wareham-brook-cottage-corfe-castle\/","name":"Ferienhaus Wareham - Brook Cottage, Corfe Castle - Urlaub &amp; Reisen","isPartOf":{"@id":"https:\/\/www.urlaubcornwall.de\/blog\/#website"},"datePublished":"2014-06-09T08:57:59+00:00","dateModified":"2021-09-02T12:12:11+00:00","breadcrumb":{"@id":"https:\/\/www.urlaubcornwall.de\/blog\/ferienhaus-wareham-brook-cottage-corfe-castle\/#breadcrumb"},"inLanguage":"en-US","potentialAction":[{"@type":"ReadAction","target":["https:\/\/www.urlaubcornwall.de\/blog\/ferienhaus-wareham-brook-cottage-corfe-castle\/"]}]},{"@type":"BreadcrumbList","@id":"https:\/\/www.urlaubcornwall.de\/blog\/ferienhaus-wareham-brook-cottage-corfe-castle\/#breadcrumb","itemListElement":[{"@type":"ListItem","position":1,"name":"Home","item":"https:\/\/www.urlaubcornwall.de\/blog\/"},{"@type":"ListItem","position":2,"name":"Ferienhaus Wareham &#8211; Brook Cottage, Corfe Castle"}]}]}},"_links":{"self":[{"href":"https:\/\/www.urlaubcornwall.de\/blog\/wp-json\/wp\/v2\/pages\/15677"}],"collection":[{"href":"https:\/\/www.urlaubcornwall.de\/blog\/wp-json\/wp\/v2\/pages"}],"about":[{"href":"https:\/\/www.urlaubcornwall.de\/blog\/wp-json\/wp\/v2\/types\/page"}],"author":[{"embeddable":true,"href":"https:\/\/www.urlaubcornwall.de\/blog\/wp-json\/wp\/v2\/users\/1"}],"replies":[{"embeddable":true,"href":"https:\/\/www.urlaubcornwall.de\/blog\/wp-json\/wp\/v2\/comments?post=15677"}],"version-history":[{"count":5,"href":"https:\/\/www.urlaubcornwall.de\/blog\/wp-json\/wp\/v2\/pages\/15677\/revisions"}],"predecessor-version":[{"id":42496,"href":"https:\/\/www.urlaubcornwall.de\/blog\/wp-json\/wp\/v2\/pages\/15677\/revisions\/42496"}],"wp:attachment":[{"href":"https:\/\/www.urlaubcornwall.de\/blog\/wp-json\/wp\/v2\/media?parent=15677"}],"curies":[{"name":"wp","href":"https:\/\/api.w.org\/{rel}","templated":true}]}}