{"id":15466,"date":"2014-06-04T16:56:39","date_gmt":"2014-06-04T16:56:39","guid":{"rendered":"https:\/\/www.urlaubcornwall.de\/blog\/?page_id=15466"},"modified":"2021-08-09T08:07:16","modified_gmt":"2021-08-09T08:07:16","slug":"tresco-sonderangebote","status":"publish","type":"page","link":"https:\/\/www.urlaubcornwall.de\/blog\/tresco-sonderangebote\/","title":{"rendered":"Tresco Sonderangebote &#8211; Isles of Scilly"},"content":{"rendered":"<p><img loading=\"lazy\" class=\"aligncenter size-full wp-image-32064\" src=\"https:\/\/www.urlaubcornwall.de\/blog\/wp-content\/uploads\/2016\/05\/tresco-1.jpg\" alt=\"tresco strand scilly isles\" width=\"750\" height=\"476\"\/><\/p>\n<p><strong>Wir sind Experten, was die Scilly Inseln und Cornwall \u2013 <\/strong>betrifft und Ihnen gerne dabei behilflich, die Scilly Inseln auf einer Rundreise durch Cornwall mit einzubeziehen.<\/p>\n<p>Als Insel ultimativen Luxus und Eleganz, ist <a href=\"https:\/\/www.urlaubcornwall.de\/Scilly-Inseln.php\"><span style=\"text-decoration: underline;\"><strong>Tresco<\/strong><\/span><\/a> die zweitgr\u00f6\u00dfte der Scilly Inseln und ein subtropisches Juwel. Es ist die einzige der Inseln, die in privater Hand ist; die Besitzer sind Lucy und Robert Dorrien-Smith. Sie finden ein bisschen von allem auf dieser Insel \u2013 dramatische Felsvorspr\u00fcnge und romantische Burgruinen bis hin zu abgeschiedenen versteckten Sandstr\u00e4nden und, nat\u00fcrlich, die weltber\u00fchmten Tresco Abbey G\u00e4rten, die in den 1830ern von Augustus Smith geschaffen wurden.<\/p>\n<p><strong>Bitte f\u00fcllen Sie unser nachfolgendes <span style=\"text-decoration: underline;\"><a href=\"http:\/\/www.urlaubcornwall.de\/anfrage.php\">Anfrageformular<\/a><\/span> mit Ihrem Reisewunsch aus und wir erstellen Ihnen gerne ein individuelles und unverbindliches Angebot.<\/strong><\/p>\n<p><a href=\"https:\/\/www.urlaubcornwall.de\/blog\/2012\/08\/das-new-inn-auf-tresco-bed-and-breakfast-der-spitzenklasse-auf-den-scilly-inseln\/\"><span style=\"text-decoration: underline;\"><strong>Der New Inn<\/strong><\/span><\/a> befindet sich im Zentrum sozialen Lebens auf Tresco und ist die einzige und absolut beste Kneipe der Insel! Die Zimmer sind komfortabel eingerichtet, viele verf\u00fcgen \u00fcber Meeresblick.<\/p>\n<div id=\"attachment_15467\" style=\"width: 749px\" class=\"wp-caption aligncenter\"><a href=\"https:\/\/www.urlaubcornwall.de\/blog\/wp-content\/uploads\/2014\/06\/New_Inn_Tresco_2_1.jpg\"><img aria-describedby=\"caption-attachment-15467\" loading=\"lazy\" class=\"wp-image-15467 size-full\" src=\"https:\/\/www.urlaubcornwall.de\/blog\/wp-content\/uploads\/2014\/06\/New_Inn_Tresco_2_1.jpg\" alt=\"New Inn Tresco\" width=\"739\" height=\"368\" srcset=\"https:\/\/www.urlaubcornwall.de\/blog\/wp-content\/uploads\/2014\/06\/New_Inn_Tresco_2_1.jpg 739w, https:\/\/www.urlaubcornwall.de\/blog\/wp-content\/uploads\/2014\/06\/New_Inn_Tresco_2_1-300x149.jpg 300w\" sizes=\"(max-width: 739px) 100vw, 739px\" \/><\/a><p id=\"caption-attachment-15467\" class=\"wp-caption-text\"><strong>New Inn Hotel und B&amp;B, Scilly Inseln<\/strong><\/p><\/div>\n<p>UrlaubCornwall.de Scilly Anfrage: Bitte f\u00fcllen Sie unser nachfolgendes <a href=\"http:\/\/www.urlaubcornwall.de\/anfrage.php\">Anfrageformular<\/a> mit Ihrem Reisewunsch aus und wir erstellen Ihnen gerne ein individuelles und unverbindliches Angebot.<\/p>\n","protected":false},"excerpt":{"rendered":"<p>Wir sind Experten, was die Scilly Inseln und Cornwall \u2013 betrifft und Ihnen gerne dabei behilflich, die Scilly Inseln auf einer Rundreise durch Cornwall mit einzubeziehen. Als Insel ultimativen Luxus und Eleganz, ist Tresco die zweitgr\u00f6\u00dfte der Scilly Inseln und ein subtropisches Juwel. Es ist die einzige der Inseln, die in privater Hand ist; die [&hellip;]<\/p>\n","protected":false},"author":1,"featured_media":0,"parent":0,"menu_order":0,"comment_status":"closed","ping_status":"closed","template":"single-four.php","meta":[],"acf":[],"yoast_head":"<!-- This site is optimized with the Yoast SEO plugin v19.4 - https:\/\/yoast.com\/wordpress\/plugins\/seo\/ -->\n<title>Tresco Sonderangebote - Isles of Scilly - Urlaub &amp; Reisen<\/title>\n<meta name=\"robots\" content=\"index, follow, max-snippet:-1, max-image-preview:large, max-video-preview:-1\" \/>\n<link rel=\"canonical\" href=\"https:\/\/www.urlaubcornwall.de\/blog\/tresco-sonderangebote\/\" \/>\n<meta property=\"og:locale\" content=\"en_US\" \/>\n<meta property=\"og:type\" content=\"article\" \/>\n<meta property=\"og:title\" content=\"Tresco Sonderangebote - Isles of Scilly - Urlaub &amp; Reisen\" \/>\n<meta property=\"og:description\" content=\"Wir sind Experten, was die Scilly Inseln und Cornwall \u2013 betrifft und Ihnen gerne dabei behilflich, die Scilly Inseln auf einer Rundreise durch Cornwall mit einzubeziehen. Als Insel ultimativen Luxus und Eleganz, ist Tresco die zweitgr\u00f6\u00dfte der Scilly Inseln und ein subtropisches Juwel. Es ist die einzige der Inseln, die in privater Hand ist; die [&hellip;]\" \/>\n<meta property=\"og:url\" content=\"https:\/\/www.urlaubcornwall.de\/blog\/tresco-sonderangebote\/\" \/>\n<meta property=\"og:site_name\" content=\"Urlaub &amp; Reisen\" \/>\n<meta property=\"article:modified_time\" content=\"2021-08-09T08:07:16+00:00\" \/>\n<meta property=\"og:image\" content=\"https:\/\/www.urlaubcornwall.de\/blog\/wp-content\/uploads\/2016\/05\/tresco-1.jpg\" \/>\n<meta name=\"twitter:card\" content=\"summary\" \/>\n<meta name=\"twitter:label1\" content=\"Est. reading time\" \/>\n\t<meta name=\"twitter:data1\" content=\"1 minute\" \/>\n<script type=\"application\/ld+json\" class=\"yoast-schema-graph\">{\"@context\":\"https:\/\/schema.org\",\"@graph\":[{\"@type\":\"WebSite\",\"@id\":\"https:\/\/www.urlaubcornwall.de\/blog\/#website\",\"url\":\"https:\/\/www.urlaubcornwall.de\/blog\/\",\"name\":\"Urlaub &amp; Reisen\",\"description\":\"Urlaub, Reisen, Cornwall und S\u00fcdengland: eine perfekte Kombination\",\"potentialAction\":[{\"@type\":\"SearchAction\",\"target\":{\"@type\":\"EntryPoint\",\"urlTemplate\":\"https:\/\/www.urlaubcornwall.de\/blog\/?s={search_term_string}\"},\"query-input\":\"required name=search_term_string\"}],\"inLanguage\":\"en-US\"},{\"@type\":\"WebPage\",\"@id\":\"https:\/\/www.urlaubcornwall.de\/blog\/tresco-sonderangebote\/\",\"url\":\"https:\/\/www.urlaubcornwall.de\/blog\/tresco-sonderangebote\/\",\"name\":\"Tresco Sonderangebote - Isles of Scilly - Urlaub &amp; Reisen\",\"isPartOf\":{\"@id\":\"https:\/\/www.urlaubcornwall.de\/blog\/#website\"},\"datePublished\":\"2014-06-04T16:56:39+00:00\",\"dateModified\":\"2021-08-09T08:07:16+00:00\",\"breadcrumb\":{\"@id\":\"https:\/\/www.urlaubcornwall.de\/blog\/tresco-sonderangebote\/#breadcrumb\"},\"inLanguage\":\"en-US\",\"potentialAction\":[{\"@type\":\"ReadAction\",\"target\":[\"https:\/\/www.urlaubcornwall.de\/blog\/tresco-sonderangebote\/\"]}]},{\"@type\":\"BreadcrumbList\",\"@id\":\"https:\/\/www.urlaubcornwall.de\/blog\/tresco-sonderangebote\/#breadcrumb\",\"itemListElement\":[{\"@type\":\"ListItem\",\"position\":1,\"name\":\"Home\",\"item\":\"https:\/\/www.urlaubcornwall.de\/blog\/\"},{\"@type\":\"ListItem\",\"position\":2,\"name\":\"Tresco Sonderangebote &#8211; Isles of Scilly\"}]}]}<\/script>\n<!-- \/ Yoast SEO plugin. -->","yoast_head_json":{"title":"Tresco Sonderangebote - Isles of Scilly - Urlaub &amp; Reisen","robots":{"index":"index","follow":"follow","max-snippet":"max-snippet:-1","max-image-preview":"max-image-preview:large","max-video-preview":"max-video-preview:-1"},"canonical":"https:\/\/www.urlaubcornwall.de\/blog\/tresco-sonderangebote\/","og_locale":"en_US","og_type":"article","og_title":"Tresco Sonderangebote - Isles of Scilly - Urlaub &amp; Reisen","og_description":"Wir sind Experten, was die Scilly Inseln und Cornwall \u2013 betrifft und Ihnen gerne dabei behilflich, die Scilly Inseln auf einer Rundreise durch Cornwall mit einzubeziehen. Als Insel ultimativen Luxus und Eleganz, ist Tresco die zweitgr\u00f6\u00dfte der Scilly Inseln und ein subtropisches Juwel. Es ist die einzige der Inseln, die in privater Hand ist; die [&hellip;]","og_url":"https:\/\/www.urlaubcornwall.de\/blog\/tresco-sonderangebote\/","og_site_name":"Urlaub &amp; Reisen","article_modified_time":"2021-08-09T08:07:16+00:00","og_image":[{"url":"https:\/\/www.urlaubcornwall.de\/blog\/wp-content\/uploads\/2016\/05\/tresco-1.jpg"}],"twitter_card":"summary","twitter_misc":{"Est. reading time":"1 minute"},"schema":{"@context":"https:\/\/schema.org","@graph":[{"@type":"WebSite","@id":"https:\/\/www.urlaubcornwall.de\/blog\/#website","url":"https:\/\/www.urlaubcornwall.de\/blog\/","name":"Urlaub &amp; Reisen","description":"Urlaub, Reisen, Cornwall und S\u00fcdengland: eine perfekte Kombination","potentialAction":[{"@type":"SearchAction","target":{"@type":"EntryPoint","urlTemplate":"https:\/\/www.urlaubcornwall.de\/blog\/?s={search_term_string}"},"query-input":"required name=search_term_string"}],"inLanguage":"en-US"},{"@type":"WebPage","@id":"https:\/\/www.urlaubcornwall.de\/blog\/tresco-sonderangebote\/","url":"https:\/\/www.urlaubcornwall.de\/blog\/tresco-sonderangebote\/","name":"Tresco Sonderangebote - Isles of Scilly - Urlaub &amp; Reisen","isPartOf":{"@id":"https:\/\/www.urlaubcornwall.de\/blog\/#website"},"datePublished":"2014-06-04T16:56:39+00:00","dateModified":"2021-08-09T08:07:16+00:00","breadcrumb":{"@id":"https:\/\/www.urlaubcornwall.de\/blog\/tresco-sonderangebote\/#breadcrumb"},"inLanguage":"en-US","potentialAction":[{"@type":"ReadAction","target":["https:\/\/www.urlaubcornwall.de\/blog\/tresco-sonderangebote\/"]}]},{"@type":"BreadcrumbList","@id":"https:\/\/www.urlaubcornwall.de\/blog\/tresco-sonderangebote\/#breadcrumb","itemListElement":[{"@type":"ListItem","position":1,"name":"Home","item":"https:\/\/www.urlaubcornwall.de\/blog\/"},{"@type":"ListItem","position":2,"name":"Tresco Sonderangebote &#8211; Isles of Scilly"}]}]}},"_links":{"self":[{"href":"https:\/\/www.urlaubcornwall.de\/blog\/wp-json\/wp\/v2\/pages\/15466"}],"collection":[{"href":"https:\/\/www.urlaubcornwall.de\/blog\/wp-json\/wp\/v2\/pages"}],"about":[{"href":"https:\/\/www.urlaubcornwall.de\/blog\/wp-json\/wp\/v2\/types\/page"}],"author":[{"embeddable":true,"href":"https:\/\/www.urlaubcornwall.de\/blog\/wp-json\/wp\/v2\/users\/1"}],"replies":[{"embeddable":true,"href":"https:\/\/www.urlaubcornwall.de\/blog\/wp-json\/wp\/v2\/comments?post=15466"}],"version-history":[{"count":36,"href":"https:\/\/www.urlaubcornwall.de\/blog\/wp-json\/wp\/v2\/pages\/15466\/revisions"}],"predecessor-version":[{"id":42142,"href":"https:\/\/www.urlaubcornwall.de\/blog\/wp-json\/wp\/v2\/pages\/15466\/revisions\/42142"}],"wp:attachment":[{"href":"https:\/\/www.urlaubcornwall.de\/blog\/wp-json\/wp\/v2\/media?parent=15466"}],"curies":[{"name":"wp","href":"https:\/\/api.w.org\/{rel}","templated":true}]}}