{"id":14911,"date":"2014-04-20T12:39:18","date_gmt":"2014-04-20T12:39:18","guid":{"rendered":"https:\/\/www.urlaubcornwall.de\/blog\/?page_id=14911"},"modified":"2020-02-11T10:30:20","modified_gmt":"2020-02-11T10:30:20","slug":"luxus-ferienhaeuser-in-falmouth-falmouth-ferienhaeuser","status":"publish","type":"page","link":"https:\/\/www.urlaubcornwall.de\/blog\/luxus-ferienhaeuser-in-falmouth-falmouth-ferienhaeuser\/","title":{"rendered":"Luxus-Ferienh\u00e4user in Falmouth | Falmouth Ferienh\u00e4user"},"content":{"rendered":"<p><strong>Auf einen Blick<\/strong><\/p>\n<p>Luxus-Unterkunft Falmouth, Sudkuste Cornwall &#8211; Schlafplatz f\u00fcr 2<\/p>\n<p>Preisspanne von \u00a3405 f\u00fcr ein langes Wochenende im Winter bis zu \u00a3894 pro Woche im Sommer.<\/p>\n<p><a href=\" https:\/\/www.boutique-retreats.co.uk?utm_referral=urlaubcornwall.de\" rel=\"nofollow\"><span style=\"text-decoration: underline;\"><strong>Pr\u00fcfen Sie die Verf\u00fcgbarkeit mit Boutique Retreats<\/strong><\/span><strong>&gt;&gt;<\/strong><\/a><\/p>\n<p><strong>Details<\/strong><\/p>\n<p>\u2022 perfekter R\u00fcckzugsort f\u00fcr Flitterw\u00f6chler<br \/>\n\u2022 perfekt f\u00fcr Jacht- und Wassersportbegeisterte<br \/>\n\u2022 herrlich am Wasser gelegen in Falmouth<br \/>\n\u2022 Parkm\u00f6glichkeit, Meeresblick, hundefreundlich<br \/>\n\u2022 K\u00fcstenwanderweg<br \/>\n\u2022 Kneipe zu Fu\u00df erreichbar<br \/>\n\u2022 Sandstrand Gyllyngvase zu Fu\u00df erreichbar<br \/>\n\u2022 perfekt f\u00fcr Paare<\/p>\n<p>Benannt nach dem Schiffskapit\u00e4n des 19. Jahrhunderts, der das urspr\u00fcngliche Haus erbaute, ist Captain White&#8217;s Reward ein herrliches Regency Appartement, wo sich schicke zeitgen\u00f6ssische mit glorreichen urspr\u00fcnglichen Elementen vereinen.<\/p>\n<p><strong>Wohnen<\/strong><\/p>\n<p>In Gelb und Blau gehalten, werden das gl\u00e4nzende Wasser und die Sonnenstrahlen widergespiegelt; Retro Anglepoise Lampen, hohe Decken, urspr\u00fcnglich erhaltene Simse und Bilderreihen kr\u00f6nen im h\u00fcbschen Wohnzimmer hervorragende Meereskunst, und Sie werden begeistert sein von den riesigen Erkerfenstern, die dem Blick zu den Jachten hin, die auf dem Penryn River und in der Bucht von Falmouth schaukeln, einen Rahmen verleihen. Kiefer\u00f6den und blaue W\u00e4nde stellen den Hintergrund dar f\u00fcr weiche L\u00e4ufer und ein stilvolles Sofa. Der Esstisch verf\u00fcgt \u00fcber wundersch\u00f6n gepolsterte St\u00fchle, so dass Sie \u00fcber einer Mahlzeit gem\u00fctlich verweilen k\u00f6nnen.<br \/>\nSpeisen<\/p>\n<p>Die bescheidene Eleganz dieser K\u00fcche zeugt von Luxus. Mit dem Siemens Induktionsherd, Ofen und Mikrowelle, k\u00f6nnen Sie eine leckere cornische Speise zaubern, und die Sp\u00fclmaschine nimmt Ihnen die Arbeit danach ab.<\/p>\n<p><strong>Schlafen<\/strong><\/p>\n<p>Das Schlafzimmer befindet sich an der Hinterseite des Appartements mit einem gro\u00dfen Fenster, sanft umrahmt von h\u00f6lzernen venetianischen L\u00e4den. Ein Kingsize-Bett, eine luxuri\u00f6se Taschenfederkernmatratze und ebensolches Bettzeug werden Ihnen den Abschied erschweren.<\/p>\n<p><strong>K\u00f6rperpflege<\/strong><\/p>\n<p>Der e-Suite Nassraum hat eine kr\u00e4ftige Dusche. Sollten Sie also nach einem abenteuerlichen Ausflug m\u00fcde zur\u00fcckkehren, so lassen Sie sich unter dieser Herrlichkeit ein paar Minuten lang berieseln, und Sie werden sich wie neu geboren f\u00fchlen. Das tiefe Victorianische Waschbecken wurde w\u00e4hrend Renovierungsarbeiten erhalten, und die kannelierte Glaswand geht weit zur\u00fcck in vergangene Zeiten.<\/p>\n<p><strong>Garten<\/strong><\/p>\n<p>Von Captain White&#8217;s Reward aus schauen Sie an der Vorderseite des Appartements \u00fcber einen gemeinschaftlichen Rasen, der von B\u00e4umen und B\u00fcschen eingegrenzt wird. Dieser bekommt die Morgensonne ab und bildet ein erholsames Pl\u00e4tzchen, um da zu sitzen und mit einem Kaffee und einem guten Buch Zeit verstreichen zu lassen.<\/p>\n<p><strong>Parkm\u00f6glichkeit<\/strong><\/p>\n<p>Es gibt eine private Parkm\u00f6glichkeit an der R\u00fcckseite des Hauses, von der aus ein Pfad zur Haust\u00fcr f\u00fchrt.<\/p>\n<p><strong>M\u00f6glichkeiten, au\u00dfer Haus zu speisen<\/strong><\/p>\n<p>Sie haben Gl\u00fcck&#8230;..es gibt eine Menge sch\u00f6ner Speisem\u00f6glichkeiten ganz in der N\u00e4he des Captain White&#8217;s Reward! Sie finden zahlreiche Restaurants und Bars am Discovery Quay neben dem Maritime Museum, oder probieren Sie die <a href=\"https:\/\/www.urlaubcornwall.de\/blog\/merchants-manor-restaurant-in-falmouth\/\"><span style=\"text-decoration: underline;\"><strong>Brasserie bei Merchants Manor<\/strong><\/span><\/a> aus. Diese bietet ausgezeichnete Speisen und Mitnahmeservice f\u00fcr all diejenigen, die essen, dabei am Wasser sitzen und die Jachten betrachten wollen! Au\u00dferdem gibt es jede Menge Bars und Restaurants in den nahegelegenen Stra\u00dfen und Gassen Falmouths, die es allesamt wert sind, gefunden und ausprobiert zu werden.<\/p>\n<p><a href=\"http:\/\/www.boutique-retreats.co.uk\/luxury-cottages-cornwall\/falmouth\/captain%20white%27s%20reward-56.html#2nd-tab\" target=\"_blank\" rel=\"nofollow noopener noreferrer\"><span style=\"text-decoration: underline;\"><strong>Pr\u00fcfen Sie die Verf\u00fcgbarkeit mit Boutique Retreats<\/strong><\/span><strong>&gt;&gt;<\/strong><\/a><\/p>\n<p><strong>M\u00f6chten Sie alle atemberaubende Unterk\u00fcnfte sehen, die Boutique Retreats zu bieten hat? <\/strong><\/p>\n<p><strong><a href=\"https:\/\/www.boutique-retreats.co.uk?utm_referral=urlaubcornwall.de\" rel=\"nofollow\"><span style=\"text-decoration: underline;\">Klicken Sie hier<\/span>&gt;&gt;<\/a><\/strong><\/p>\n","protected":false},"excerpt":{"rendered":"<p>Auf einen Blick Luxus-Unterkunft Falmouth, Sudkuste Cornwall &#8211; Schlafplatz f\u00fcr 2 Preisspanne von \u00a3405 f\u00fcr ein langes Wochenende im Winter bis zu \u00a3894 pro Woche im Sommer. Pr\u00fcfen Sie die Verf\u00fcgbarkeit mit Boutique Retreats&gt;&gt; Details \u2022 perfekter R\u00fcckzugsort f\u00fcr Flitterw\u00f6chler \u2022 perfekt f\u00fcr Jacht- und Wassersportbegeisterte \u2022 herrlich am Wasser gelegen in Falmouth \u2022 Parkm\u00f6glichkeit, [&hellip;]<\/p>\n","protected":false},"author":1,"featured_media":0,"parent":0,"menu_order":0,"comment_status":"closed","ping_status":"closed","template":"single-two.php","meta":[],"acf":[],"yoast_head":"<!-- This site is optimized with the Yoast SEO plugin v19.4 - https:\/\/yoast.com\/wordpress\/plugins\/seo\/ -->\n<title>Luxus-Ferienh\u00e4user in Falmouth | Falmouth Ferienh\u00e4user - Urlaub &amp; Reisen<\/title>\n<meta name=\"robots\" content=\"index, follow, max-snippet:-1, max-image-preview:large, max-video-preview:-1\" \/>\n<link rel=\"canonical\" href=\"https:\/\/www.urlaubcornwall.de\/blog\/luxus-ferienhaeuser-in-falmouth-falmouth-ferienhaeuser\/\" \/>\n<meta property=\"og:locale\" content=\"en_US\" \/>\n<meta property=\"og:type\" content=\"article\" \/>\n<meta property=\"og:title\" content=\"Luxus-Ferienh\u00e4user in Falmouth | Falmouth Ferienh\u00e4user - Urlaub &amp; Reisen\" \/>\n<meta property=\"og:description\" content=\"Auf einen Blick Luxus-Unterkunft Falmouth, Sudkuste Cornwall &#8211; Schlafplatz f\u00fcr 2 Preisspanne von \u00a3405 f\u00fcr ein langes Wochenende im Winter bis zu \u00a3894 pro Woche im Sommer. Pr\u00fcfen Sie die Verf\u00fcgbarkeit mit Boutique Retreats&gt;&gt; Details \u2022 perfekter R\u00fcckzugsort f\u00fcr Flitterw\u00f6chler \u2022 perfekt f\u00fcr Jacht- und Wassersportbegeisterte \u2022 herrlich am Wasser gelegen in Falmouth \u2022 Parkm\u00f6glichkeit, [&hellip;]\" \/>\n<meta property=\"og:url\" content=\"https:\/\/www.urlaubcornwall.de\/blog\/luxus-ferienhaeuser-in-falmouth-falmouth-ferienhaeuser\/\" \/>\n<meta property=\"og:site_name\" content=\"Urlaub &amp; Reisen\" \/>\n<meta property=\"article:modified_time\" content=\"2020-02-11T10:30:20+00:00\" \/>\n<meta name=\"twitter:card\" content=\"summary\" \/>\n<meta name=\"twitter:label1\" content=\"Est. reading time\" \/>\n\t<meta name=\"twitter:data1\" content=\"3 minutes\" \/>\n<script type=\"application\/ld+json\" class=\"yoast-schema-graph\">{\"@context\":\"https:\/\/schema.org\",\"@graph\":[{\"@type\":\"WebSite\",\"@id\":\"https:\/\/www.urlaubcornwall.de\/blog\/#website\",\"url\":\"https:\/\/www.urlaubcornwall.de\/blog\/\",\"name\":\"Urlaub &amp; Reisen\",\"description\":\"Urlaub, Reisen, Cornwall und S\u00fcdengland: eine perfekte Kombination\",\"potentialAction\":[{\"@type\":\"SearchAction\",\"target\":{\"@type\":\"EntryPoint\",\"urlTemplate\":\"https:\/\/www.urlaubcornwall.de\/blog\/?s={search_term_string}\"},\"query-input\":\"required name=search_term_string\"}],\"inLanguage\":\"en-US\"},{\"@type\":\"WebPage\",\"@id\":\"https:\/\/www.urlaubcornwall.de\/blog\/luxus-ferienhaeuser-in-falmouth-falmouth-ferienhaeuser\/\",\"url\":\"https:\/\/www.urlaubcornwall.de\/blog\/luxus-ferienhaeuser-in-falmouth-falmouth-ferienhaeuser\/\",\"name\":\"Luxus-Ferienh\u00e4user in Falmouth | Falmouth Ferienh\u00e4user - Urlaub &amp; Reisen\",\"isPartOf\":{\"@id\":\"https:\/\/www.urlaubcornwall.de\/blog\/#website\"},\"datePublished\":\"2014-04-20T12:39:18+00:00\",\"dateModified\":\"2020-02-11T10:30:20+00:00\",\"breadcrumb\":{\"@id\":\"https:\/\/www.urlaubcornwall.de\/blog\/luxus-ferienhaeuser-in-falmouth-falmouth-ferienhaeuser\/#breadcrumb\"},\"inLanguage\":\"en-US\",\"potentialAction\":[{\"@type\":\"ReadAction\",\"target\":[\"https:\/\/www.urlaubcornwall.de\/blog\/luxus-ferienhaeuser-in-falmouth-falmouth-ferienhaeuser\/\"]}]},{\"@type\":\"BreadcrumbList\",\"@id\":\"https:\/\/www.urlaubcornwall.de\/blog\/luxus-ferienhaeuser-in-falmouth-falmouth-ferienhaeuser\/#breadcrumb\",\"itemListElement\":[{\"@type\":\"ListItem\",\"position\":1,\"name\":\"Home\",\"item\":\"https:\/\/www.urlaubcornwall.de\/blog\/\"},{\"@type\":\"ListItem\",\"position\":2,\"name\":\"Luxus-Ferienh\u00e4user in Falmouth | Falmouth Ferienh\u00e4user\"}]}]}<\/script>\n<!-- \/ Yoast SEO plugin. -->","yoast_head_json":{"title":"Luxus-Ferienh\u00e4user in Falmouth | Falmouth Ferienh\u00e4user - Urlaub &amp; Reisen","robots":{"index":"index","follow":"follow","max-snippet":"max-snippet:-1","max-image-preview":"max-image-preview:large","max-video-preview":"max-video-preview:-1"},"canonical":"https:\/\/www.urlaubcornwall.de\/blog\/luxus-ferienhaeuser-in-falmouth-falmouth-ferienhaeuser\/","og_locale":"en_US","og_type":"article","og_title":"Luxus-Ferienh\u00e4user in Falmouth | Falmouth Ferienh\u00e4user - Urlaub &amp; Reisen","og_description":"Auf einen Blick Luxus-Unterkunft Falmouth, Sudkuste Cornwall &#8211; Schlafplatz f\u00fcr 2 Preisspanne von \u00a3405 f\u00fcr ein langes Wochenende im Winter bis zu \u00a3894 pro Woche im Sommer. Pr\u00fcfen Sie die Verf\u00fcgbarkeit mit Boutique Retreats&gt;&gt; Details \u2022 perfekter R\u00fcckzugsort f\u00fcr Flitterw\u00f6chler \u2022 perfekt f\u00fcr Jacht- und Wassersportbegeisterte \u2022 herrlich am Wasser gelegen in Falmouth \u2022 Parkm\u00f6glichkeit, [&hellip;]","og_url":"https:\/\/www.urlaubcornwall.de\/blog\/luxus-ferienhaeuser-in-falmouth-falmouth-ferienhaeuser\/","og_site_name":"Urlaub &amp; Reisen","article_modified_time":"2020-02-11T10:30:20+00:00","twitter_card":"summary","twitter_misc":{"Est. reading time":"3 minutes"},"schema":{"@context":"https:\/\/schema.org","@graph":[{"@type":"WebSite","@id":"https:\/\/www.urlaubcornwall.de\/blog\/#website","url":"https:\/\/www.urlaubcornwall.de\/blog\/","name":"Urlaub &amp; Reisen","description":"Urlaub, Reisen, Cornwall und S\u00fcdengland: eine perfekte Kombination","potentialAction":[{"@type":"SearchAction","target":{"@type":"EntryPoint","urlTemplate":"https:\/\/www.urlaubcornwall.de\/blog\/?s={search_term_string}"},"query-input":"required name=search_term_string"}],"inLanguage":"en-US"},{"@type":"WebPage","@id":"https:\/\/www.urlaubcornwall.de\/blog\/luxus-ferienhaeuser-in-falmouth-falmouth-ferienhaeuser\/","url":"https:\/\/www.urlaubcornwall.de\/blog\/luxus-ferienhaeuser-in-falmouth-falmouth-ferienhaeuser\/","name":"Luxus-Ferienh\u00e4user in Falmouth | Falmouth Ferienh\u00e4user - Urlaub &amp; Reisen","isPartOf":{"@id":"https:\/\/www.urlaubcornwall.de\/blog\/#website"},"datePublished":"2014-04-20T12:39:18+00:00","dateModified":"2020-02-11T10:30:20+00:00","breadcrumb":{"@id":"https:\/\/www.urlaubcornwall.de\/blog\/luxus-ferienhaeuser-in-falmouth-falmouth-ferienhaeuser\/#breadcrumb"},"inLanguage":"en-US","potentialAction":[{"@type":"ReadAction","target":["https:\/\/www.urlaubcornwall.de\/blog\/luxus-ferienhaeuser-in-falmouth-falmouth-ferienhaeuser\/"]}]},{"@type":"BreadcrumbList","@id":"https:\/\/www.urlaubcornwall.de\/blog\/luxus-ferienhaeuser-in-falmouth-falmouth-ferienhaeuser\/#breadcrumb","itemListElement":[{"@type":"ListItem","position":1,"name":"Home","item":"https:\/\/www.urlaubcornwall.de\/blog\/"},{"@type":"ListItem","position":2,"name":"Luxus-Ferienh\u00e4user in Falmouth | Falmouth Ferienh\u00e4user"}]}]}},"_links":{"self":[{"href":"https:\/\/www.urlaubcornwall.de\/blog\/wp-json\/wp\/v2\/pages\/14911"}],"collection":[{"href":"https:\/\/www.urlaubcornwall.de\/blog\/wp-json\/wp\/v2\/pages"}],"about":[{"href":"https:\/\/www.urlaubcornwall.de\/blog\/wp-json\/wp\/v2\/types\/page"}],"author":[{"embeddable":true,"href":"https:\/\/www.urlaubcornwall.de\/blog\/wp-json\/wp\/v2\/users\/1"}],"replies":[{"embeddable":true,"href":"https:\/\/www.urlaubcornwall.de\/blog\/wp-json\/wp\/v2\/comments?post=14911"}],"version-history":[{"count":10,"href":"https:\/\/www.urlaubcornwall.de\/blog\/wp-json\/wp\/v2\/pages\/14911\/revisions"}],"predecessor-version":[{"id":39423,"href":"https:\/\/www.urlaubcornwall.de\/blog\/wp-json\/wp\/v2\/pages\/14911\/revisions\/39423"}],"wp:attachment":[{"href":"https:\/\/www.urlaubcornwall.de\/blog\/wp-json\/wp\/v2\/media?parent=14911"}],"curies":[{"name":"wp","href":"https:\/\/api.w.org\/{rel}","templated":true}]}}